000
CDUS44 KEWX 260801
CLIATT


CLIMATE REPORT
NATIONAL WEATHER SERVICE AUSTIN/SAN ANTONIO, TX
259 AM CDT TUE JUL 26 2016


...................................

...THE AUSTIN CAMP MABRY CLIMATE SUMMARY FOR JULY 25 2016...

CLIMATE NORMAL PERIOD 1981 TO 2010
CLIMATE RECORD PERIOD 1897 TO 2016


WEATHER ITEM   OBSERVED TIME   RECORD YEAR NORMAL DEPARTURE LAST
                VALUE   (LST)  VALUE       VALUE  FROM      YEAR
                                                  NORMAL
..................................................................
TEMPERATURE (F)
 YESTERDAY
  MAXIMUM        102    250 PM 105    2011  97      5       98
                                      1923
  MINIMUM         76   1157 PM  65    1924  75      1       75
  AVERAGE         89                        86      3

PRECIPITATION (IN)
  YESTERDAY        0.76          1.22 1908   0.05   0.71     0.00
  MONTH TO DATE    0.80                      1.54  -0.74      T
  SINCE JUN 1      3.41                      5.87  -2.46     8.89
  SINCE JAN 1     22.87                     19.40   3.47    39.14

SNOWFALL (IN)
  YESTERDAY        0.0
  MONTH TO DATE    0.0
  SINCE JUN 1      0.0
  SINCE JUL 1      0.0
  SNOW DEPTH       0

DEGREE DAYS
 HEATING
  YESTERDAY        0                         0      0        0
  MONTH TO DATE    0                         0      0        0
  SINCE JUN 1      0                         0      0        0
  SINCE JUL 1      0                         0      0        0

 COOLING
  YESTERDAY       24                        21      3       22
  MONTH TO DATE  598                       494    104      504
  SINCE JUN 1   1147                      1010    137      994
  SINCE JAN 1   1762                      1623    139     1595
..................................................................


WIND (MPH)
  HIGHEST WIND SPEED    21   HIGHEST WIND DIRECTION     N (360)
  HIGHEST GUST SPEED    33   HIGHEST GUST DIRECTION     N (360)
  AVERAGE WIND SPEED     3.2


SKY COVER
  AVERAGE SKY COVER 0.1


WEATHER CONDITIONS
 THE FOLLOWING WEATHER WAS RECORDED YESTERDAY.
  THUNDERSTORM
  HEAVY RAIN
  RAIN
  LIGHT RAIN
  FOG


RELATIVE HUMIDITY (PERCENT)
 HIGHEST    94          1000 PM
 LOWEST     37           300 PM
 AVERAGE    66

..........................................................


THE AUSTIN CAMP MABRY CLIMATE NORMALS FOR TODAY
                         NORMAL    RECORD    YEAR
 MAXIMUM TEMPERATURE (F)   97       109      1954
 MINIMUM TEMPERATURE (F)   75        67      1924


SUNRISE AND SUNSET
JULY 26 2016..........SUNRISE   646 AM CDT   SUNSET   828 PM CDT
JULY 27 2016..........SUNRISE   647 AM CDT   SUNSET   828 PM CDT


-  INDICATES NEGATIVE NUMBERS.
R  INDICATES RECORD WAS SET OR TIED.
MM INDICATES DATA IS MISSING.
T  INDICATES TRACE AMOUNT.




$$
