000
CDUS44 KEWX 250721
CLIATT


CLIMATE REPORT
NATIONAL WEATHER SERVICE AUSTIN/SAN ANTONIO, TX
120 AM CST SUN JAN 25 2015


...................................

...THE AUSTIN CAMP MABRY CLIMATE SUMMARY FOR JANUARY 24 2015...

CLIMATE NORMAL PERIOD 1981 TO 2010
CLIMATE RECORD PERIOD 1897 TO 2015


WEATHER ITEM   OBSERVED TIME   RECORD YEAR NORMAL DEPARTURE LAST
                VALUE   (LST)  VALUE       VALUE  FROM      YEAR
                                                  NORMAL
..................................................................
TEMPERATURE (F)
 YESTERDAY
  MAXIMUM         63    417 PM  81    2013  62      1       40
                                      1971
                                      1950
  MINIMUM         36    754 AM  12    1963  42     -6       26
  AVERAGE         50                        52     -2

PRECIPITATION (IN)
  YESTERDAY        0.00          1.23 1921   0.07  -0.07     0.05
  MONTH TO DATE    4.71                      1.74   2.97     0.38
  SINCE DEC 1      5.77                      4.14   1.63     1.10
  SINCE JAN 1      4.71                      1.74   2.97     0.38

SNOWFALL (IN)
  YESTERDAY        0.0
  MONTH TO DATE    T
  SINCE DEC 1      T
  SINCE JUL 1      T
  SNOW DEPTH       0

DEGREE DAYS
 HEATING
  YESTERDAY       15                        13      2       32
  MONTH TO DATE  464                       334    130      325
  SINCE DEC 1    773                       734     39      793
  SINCE JUL 1   1063                       946    117     1067

 COOLING
  YESTERDAY        0                         0      0        0
  MONTH TO DATE    0                         0      0        0
  SINCE DEC 1      9                        13     -4       15
  SINCE JAN 1      0                         0      0        0
..................................................................


WIND (MPH)
  HIGHEST WIND SPEED    13   HIGHEST WIND DIRECTION    NW (300)
  HIGHEST GUST SPEED    21   HIGHEST GUST DIRECTION    NW (300)
  AVERAGE WIND SPEED     3.5


SKY COVER
  AVERAGE SKY COVER 0.0


WEATHER CONDITIONS
 THE FOLLOWING WEATHER WAS RECORDED YESTERDAY.
  NO SIGNIFICANT WEATHER WAS OBSERVED.


RELATIVE HUMIDITY (PERCENT)
 HIGHEST    92           200 AM
 LOWEST     32           300 PM
 AVERAGE    62

..........................................................


THE AUSTIN CAMP MABRY CLIMATE NORMALS FOR TODAY
                         NORMAL    RECORD    YEAR
 MAXIMUM TEMPERATURE (F)   62        87      1971
                                             1918
 MINIMUM TEMPERATURE (F)   42        20      1940
                                             1926


SUNRISE AND SUNSET
JANUARY 25 2015.......SUNRISE   725 AM CST   SUNSET   601 PM CST
JANUARY 26 2015.......SUNRISE   725 AM CST   SUNSET   602 PM CST


-  INDICATES NEGATIVE NUMBERS.
R  INDICATES RECORD WAS SET OR TIED.
MM INDICATES DATA IS MISSING.
T  INDICATES TRACE AMOUNT.




$$
