000
CDUS44 KEWX 201045
CLIATT


CLIMATE REPORT
NATIONAL WEATHER SERVICE AUSTIN/SAN ANTONIO, TX
444 AM CST MON FEB 20 2017


...................................

...THE AUSTIN CAMP MABRY CLIMATE SUMMARY FOR FEBRUARY 19 2017...

CLIMATE NORMAL PERIOD 1981 TO 2010
CLIMATE RECORD PERIOD 1897 TO 2017


WEATHER ITEM   OBSERVED TIME   RECORD YEAR NORMAL DEPARTURE LAST
                VALUE   (LST)  VALUE       VALUE  FROM      YEAR
                                                  NORMAL
..................................................................
TEMPERATURE (F)
 YESTERDAY
  MAXIMUM         81    255 PM  93    1986  66     15       81
  MINIMUM         61   1159 PM  24    1978  46     15       64
  AVERAGE         71                        56     15

PRECIPITATION (IN)
  YESTERDAY        0.09          2.00 1932   0.07   0.02     0.00
  MONTH TO DATE    0.97                      1.36  -0.39      T
  SINCE DEC 1      7.64                      5.98   1.66     3.34
  SINCE JAN 1      5.10                      3.58   1.52     0.34

SNOWFALL (IN)
  YESTERDAY        0.0
  MONTH TO DATE    0.0
  SINCE DEC 1      0.0
  SINCE JUL 1      0.0
  SNOW DEPTH       0

DEGREE DAYS
 HEATING
  YESTERDAY        0                        10    -10        0
  MONTH TO DATE   84                       217   -133      120
  SINCE DEC 1    698                      1045   -347      785
  SINCE JUL 1    758                      1257   -499      945

 COOLING
  YESTERDAY        6                         1      5        8
  MONTH TO DATE   60                        14     46       15
  SINCE DEC 1    122                        36     86       43
  SINCE JAN 1     82                        23     59       23
..................................................................


WIND (MPH)
  HIGHEST WIND SPEED    20   HIGHEST WIND DIRECTION     W (280)
  HIGHEST GUST SPEED    37   HIGHEST GUST DIRECTION     W (290)
  AVERAGE WIND SPEED     8.2


SKY COVER
  AVERAGE SKY COVER 1.0


WEATHER CONDITIONS
 THE FOLLOWING WEATHER WAS RECORDED YESTERDAY.
  THUNDERSTORM
  HEAVY RAIN
  RAIN
  LIGHT RAIN
  FOG
  HAZE


RELATIVE HUMIDITY (PERCENT)
 HIGHEST    90           500 AM
 LOWEST     62           300 PM
 AVERAGE    76

..........................................................


THE AUSTIN CAMP MABRY CLIMATE NORMALS FOR TODAY
                         NORMAL    RECORD    YEAR
 MAXIMUM TEMPERATURE (F)   66        97      1986
 MINIMUM TEMPERATURE (F)   46        27      1908


SUNRISE AND SUNSET
FEBRUARY 20 2017......SUNRISE   706 AM CST   SUNSET   623 PM CST
FEBRUARY 21 2017......SUNRISE   705 AM CST   SUNSET   624 PM CST


-  INDICATES NEGATIVE NUMBERS.
R  INDICATES RECORD WAS SET OR TIED.
MM INDICATES DATA IS MISSING.
T  INDICATES TRACE AMOUNT.




$$
