000
CDUS44 KEWX 022351
CLIATT


CLIMATE REPORT
NATIONAL WEATHER SERVICE AUSTIN/SAN ANTONIO, TX
543 PM CST MON MAR 2 2015


...................................

...THE AUSTIN CAMP MABRY CLIMATE SUMMARY FOR MARCH 2 2015...
VALID TODAY AS OF 0500 PM LOCAL TIME.

CLIMATE NORMAL PERIOD 1981 TO 2010
CLIMATE RECORD PERIOD 1897 TO 2015


WEATHER ITEM   OBSERVED TIME   RECORD YEAR NORMAL DEPARTURE LAST
                VALUE   (LST)  VALUE       VALUE  FROM      YEAR
                                                  NORMAL
..................................................................
TEMPERATURE (F)
 TODAY
  MAXIMUM         45    359 PM  88    1904  69    -24       73
  MINIMUM         38    746 AM  19    1980  48    -10       28
  AVERAGE         42                        58    -16       51

PRECIPITATION (IN)
  TODAY            0.02          1.47 1936   0.08  -0.06     0.08
  MONTH TO DATE    0.11                      0.16  -0.05     0.08
  SINCE MAR 1      0.11                      0.16  -0.05     0.08
  SINCE JAN 1      5.63                      4.40   1.23     0.91

SNOWFALL (IN)
  TODAY            0.0
  MONTH TO DATE    0.0
  SINCE MAR 1      0.0
  SINCE JUL 1      T
  SNOW DEPTH       0

DEGREE DAYS
 HEATING
  TODAY           23                         8     15       14
  MONTH TO DATE   49                        16     33       14
  SINCE MAR 1     49                        16     33       14
  SINCE JUL 1   1532                      1353    179     1510

 COOLING
  TODAY            0                         1     -1        0
  MONTH TO DATE    0                         2     -2        3
  SINCE MAR 1      0                         2     -2        3
  SINCE JAN 1     11                        29    -18       44
..................................................................


WIND (MPH)
  HIGHEST WIND SPEED    10   HIGHEST WIND DIRECTION     N (360)
  HIGHEST GUST SPEED    15   HIGHEST GUST DIRECTION     N (10)
  AVERAGE WIND SPEED     4.7


SKY COVER
  AVERAGE SKY COVER 1.0


WEATHER CONDITIONS
 THE FOLLOWING WEATHER WAS RECORDED TODAY.
  LIGHT RAIN
  FOG


RELATIVE HUMIDITY (PERCENT)
 HIGHEST   100           600 AM
 LOWEST     89          1200 PM
 AVERAGE    95

..........................................................


THE AUSTIN CAMP MABRY CLIMATE NORMALS FOR TOMORROW
                         NORMAL    RECORD    YEAR
 MAXIMUM TEMPERATURE (F)   69        89      1901
 MINIMUM TEMPERATURE (F)   48        18      1943


SUNRISE AND SUNSET
MARCH  2 2015.........SUNRISE   656 AM CST   SUNSET   630 PM CST
MARCH  3 2015.........SUNRISE   655 AM CST   SUNSET   631 PM CST


-  INDICATES NEGATIVE NUMBERS.
R  INDICATES RECORD WAS SET OR TIED.
MM INDICATES DATA IS MISSING.
T  INDICATES TRACE AMOUNT.




$$
