359
CDUS44 KEWX 240718
CLIATT


CLIMATE REPORT
NATIONAL WEATHER SERVICE AUSTIN/SAN ANTONIO, TX
217 AM CDT TUE OCT 24 2017


...................................

...THE AUSTIN CAMP MABRY CLIMATE SUMMARY FOR OCTOBER 23 2017...

CLIMATE NORMAL PERIOD 1981 TO 2010
CLIMATE RECORD PERIOD 1897 TO 2017


WEATHER ITEM   OBSERVED TIME   RECORD YEAR NORMAL DEPARTURE LAST
                VALUE   (LST)  VALUE       VALUE  FROM      YEAR
                                                  NORMAL
..................................................................
TEMPERATURE (F)
 YESTERDAY
  MAXIMUM         82    344 PM  94    2003  80      2       84
  MINIMUM         50    505 AM  36    1923  59     -9       55
  AVERAGE         66                        69     -3

PRECIPITATION (IN)
  YESTERDAY        0.00          4.12 1953   0.14  -0.14      T
  MONTH TO DATE    1.38                      2.94  -1.56     0.17
  SINCE SEP 1      3.41                      5.93  -2.52     2.26
  SINCE JAN 1     29.91                     28.02   1.89    33.20

SNOWFALL (IN)
  YESTERDAY        0.0
  MONTH TO DATE    0.0
  SINCE SEP 1      0.0
  SINCE JUL 1      0.0
  SNOW DEPTH       0

DEGREE DAYS
 HEATING
  YESTERDAY        0                         1     -1        0
  MONTH TO DATE    0                        12    -12        1
  SINCE SEP 1      0                        14    -14        1
  SINCE JUL 1      0                        14    -14        1

 COOLING
  YESTERDAY        1                         5     -4        5
  MONTH TO DATE  227                       183     44      255
  SINCE SEP 1    680                       633     47      786
  SINCE JAN 1   3506                      3027    479     3280
..................................................................


WIND (MPH)
  HIGHEST WIND SPEED     7   HIGHEST WIND DIRECTION     S (200)
  HIGHEST GUST SPEED    12   HIGHEST GUST DIRECTION     S (200)
  AVERAGE WIND SPEED     1.7


SKY COVER
  AVERAGE SKY COVER 0.0


WEATHER CONDITIONS
 THE FOLLOWING WEATHER WAS RECORDED YESTERDAY.
  NO SIGNIFICANT WEATHER WAS OBSERVED.


RELATIVE HUMIDITY (PERCENT)
 HIGHEST    93           700 AM
 LOWEST     28           300 PM
 AVERAGE    61

..........................................................


THE AUSTIN CAMP MABRY CLIMATE NORMALS FOR TODAY
                         NORMAL    RECORD    YEAR
 MAXIMUM TEMPERATURE (F)   80        94      1933
 MINIMUM TEMPERATURE (F)   58        33      1924


SUNRISE AND SUNSET
OCTOBER 24 2017.......SUNRISE   739 AM CDT   SUNSET   650 PM CDT
OCTOBER 25 2017.......SUNRISE   740 AM CDT   SUNSET   649 PM CDT


-  INDICATES NEGATIVE NUMBERS.
R  INDICATES RECORD WAS SET OR TIED.
MM INDICATES DATA IS MISSING.
T  INDICATES TRACE AMOUNT.




$$
