000
CDUS44 KEWX 292252
CLIATT


CLIMATE REPORT
NATIONAL WEATHER SERVICE AUSTIN/SAN ANTONIO, TX
551 PM CDT WED JUL 29 2015


...................................

...THE AUSTIN CAMP MABRY CLIMATE SUMMARY FOR JULY 29 2015...
VALID TODAY AS OF 551 PM LOCAL TIME.

CLIMATE NORMAL PERIOD 1981 TO 2010
CLIMATE RECORD PERIOD 1897 TO 2015


WEATHER ITEM   OBSERVED TIME   RECORD YEAR NORMAL DEPARTURE LAST
                VALUE   (LST)  VALUE       VALUE  FROM      YEAR
                                                  NORMAL
..................................................................
TEMPERATURE (F)
 TODAY
  MAXIMUM        101    315 PM 105    1925  97      4       97
  MINIMUM         76    549 AM  62    1903  75      1       76
  AVERAGE         89                        86      3       87

PRECIPITATION (IN)
  TODAY            0.00          4.81 1903   0.06  -0.06     0.00
  MONTH TO DATE    T                         1.77  -1.77     5.58
  SINCE JUN 1      8.89                      6.10   2.79     8.66
  SINCE JAN 1     39.14                     19.63  19.51    19.74

SNOWFALL (IN)
  TODAY            0.0
  MONTH TO DATE    0.0
  SINCE JUN 1      0.0
  SINCE JUL 1      0.0
  SNOW DEPTH       0

DEGREE DAYS
 HEATING
  TODAY            0                         0      0        0
  MONTH TO DATE    0                         0      0        0
  SINCE JUN 1      0                         0      0        0
  SINCE JUL 1      0                         0      0        0

 COOLING
  TODAY           24                        21      3       22
  MONTH TO DATE  598                       578     20      564
  SINCE JUN 1   1088                      1094     -6     1083
  SINCE JAN 1   1689                      1707    -18     1657
..................................................................


WIND (MPH)
  HIGHEST WIND SPEED    12   HIGHEST WIND DIRECTION     S (160)
  HIGHEST GUST SPEED    18   HIGHEST GUST DIRECTION    SE (150)
  AVERAGE WIND SPEED     5.3


SKY COVER
  AVERAGE SKY COVER 0.4


WEATHER CONDITIONS
 THE FOLLOWING WEATHER WAS RECORDED TODAY.
  NO SIGNIFICANT WEATHER WAS OBSERVED.


RELATIVE HUMIDITY (PERCENT)
 HIGHEST    88           400 AM
 LOWEST     33           400 PM
 AVERAGE    61

..........................................................


THE AUSTIN CAMP MABRY CLIMATE NORMALS FOR TOMORROW
                         NORMAL    RECORD    YEAR
 MAXIMUM TEMPERATURE (F)   97       104      1957
                                             1925
                                             1923
 MINIMUM TEMPERATURE (F)   75        67      1900


SUNRISE AND SUNSET
JULY 29 2015..........SUNRISE   647 AM CDT   SUNSET   827 PM CDT
JULY 30 2015..........SUNRISE   648 AM CDT   SUNSET   826 PM CDT


-  INDICATES NEGATIVE NUMBERS.
R  INDICATES RECORD WAS SET OR TIED.
MM INDICATES DATA IS MISSING.
T  INDICATES TRACE AMOUNT.




$$
