000
CDUS44 KEWX 212252
CLIATT


CLIMATE REPORT
NATIONAL WEATHER SERVICE AUSTIN/SAN ANTONIO, TX
551 PM CDT MON AUG 21 2017


...................................

...THE AUSTIN CAMP MABRY CLIMATE SUMMARY FOR AUGUST 21 2017...
VALID TODAY AS OF 551 PM LOCAL TIME.

CLIMATE NORMAL PERIOD 1981 TO 2010
CLIMATE RECORD PERIOD 1897 TO 2017


WEATHER ITEM   OBSERVED TIME   RECORD YEAR NORMAL DEPARTURE LAST
                VALUE   (LST)  VALUE       VALUE  FROM      YEAR
                                                  NORMAL
..................................................................
TEMPERATURE (F)
 TODAY
  MAXIMUM         99    354 PM 107    1925  97      2       82
  MINIMUM         78    653 AM  62    1940  75      3       73
  AVERAGE         89                        86      3       78

PRECIPITATION (IN)
  TODAY            0.00          1.61 1931   0.08  -0.08     0.11
  MONTH TO DATE    2.44                      1.38   1.06     6.54
  SINCE JUN 1      5.72                      7.59  -1.87    11.09
  SINCE JAN 1     18.50                     21.12  -2.62    30.55

SNOWFALL (IN)
  TODAY            0.0
  MONTH TO DATE    0.0
  SINCE JUN 1      0.0
  SINCE JUL 1      0.0
  SNOW DEPTH       0

DEGREE DAYS
 HEATING
  TODAY            0                         0      0        0
  MONTH TO DATE    0                         0      0        0
  SINCE JUN 1      0                         0      0        0
  SINCE JUL 1      0                         0      0        0

 COOLING
  TODAY           24                        21      3       13
  MONTH TO DATE  476                       441     35      423
  SINCE JUN 1   1802                      1577    225     1693
  SINCE JAN 1   2664                      2190    474     2308
..................................................................


WIND (MPH)
  HIGHEST WIND SPEED    10   HIGHEST WIND DIRECTION    SE (150)
  HIGHEST GUST SPEED    17   HIGHEST GUST DIRECTION     S (160)
  AVERAGE WIND SPEED     3.8


SKY COVER
  AVERAGE SKY COVER 0.4


WEATHER CONDITIONS
 THE FOLLOWING WEATHER WAS RECORDED TODAY.
  NO SIGNIFICANT WEATHER WAS OBSERVED.


RELATIVE HUMIDITY (PERCENT)
 HIGHEST    85           500 AM
 LOWEST     33           400 PM
 AVERAGE    59

..........................................................


THE AUSTIN CAMP MABRY CLIMATE NORMALS FOR TOMORROW
                         NORMAL    RECORD    YEAR
 MAXIMUM TEMPERATURE (F)   97       105      2011
                                             1925
                                             1917
 MINIMUM TEMPERATURE (F)   75        60      1901


SUNRISE AND SUNSET
AUGUST 21 2017........SUNRISE   701 AM CDT   SUNSET   806 PM CDT
AUGUST 22 2017........SUNRISE   702 AM CDT   SUNSET   805 PM CDT


-  INDICATES NEGATIVE NUMBERS.
R  INDICATES RECORD WAS SET OR TIED.
MM INDICATES DATA IS MISSING.
T  INDICATES TRACE AMOUNT.




$$
