000
CDUS44 KEWX 030736
CLIATT


CLIMATE REPORT
NATIONAL WEATHER SERVICE AUSTIN/SAN ANTONIO, TX
135 AM CST SAT DEC 3 2016


...................................

...THE AUSTIN CAMP MABRY CLIMATE SUMMARY FOR DECEMBER 2 2016...

CLIMATE NORMAL PERIOD 1981 TO 2010
CLIMATE RECORD PERIOD 1897 TO 2016


WEATHER ITEM   OBSERVED TIME   RECORD YEAR NORMAL DEPARTURE LAST
                VALUE   (LST)  VALUE       VALUE  FROM      YEAR
                                                  NORMAL
..................................................................
TEMPERATURE (F)
 YESTERDAY
  MAXIMUM         64   1235 PM  84    2007  66     -2       68
  MINIMUM         51   1159 PM  27    1985  45      6       42
  AVERAGE         58                        55      3

PRECIPITATION (IN)
  YESTERDAY        0.22          2.49 1965   0.07   0.15     0.00
  MONTH TO DATE    0.22                      0.15   0.07     0.00
  SINCE DEC 1      0.22                      0.15   0.07     0.00
  SINCE JAN 1     36.53                     32.07   4.46    56.96

SNOWFALL (IN)
  YESTERDAY        0.0
  MONTH TO DATE    0.0
  SINCE DEC 1      0.0
  SINCE JUL 1      0.0
  SNOW DEPTH       0

DEGREE DAYS
 HEATING
  YESTERDAY        7                        11     -4       10
  MONTH TO DATE   19                        21     -2       22
  SINCE DEC 1     19                        21     -2       22
  SINCE JUL 1     79                       233   -154      182

 COOLING
  YESTERDAY        0                         1     -1        0
  MONTH TO DATE    0                         2     -2        0
  SINCE DEC 1      0                         2     -2        0
  SINCE JAN 1   3450                      3128    322     3364
..................................................................


WIND (MPH)
  HIGHEST WIND SPEED    10   HIGHEST WIND DIRECTION     E (100)
  HIGHEST GUST SPEED    17   HIGHEST GUST DIRECTION     E (100)
  AVERAGE WIND SPEED     3.5


SKY COVER
  AVERAGE SKY COVER 0.8


WEATHER CONDITIONS
 THE FOLLOWING WEATHER WAS RECORDED YESTERDAY.
  HEAVY RAIN
  RAIN
  LIGHT RAIN
  FOG


RELATIVE HUMIDITY (PERCENT)
 HIGHEST    90           200 PM
 LOWEST     63          1200 PM
 AVERAGE    77

..........................................................


THE AUSTIN CAMP MABRY CLIMATE NORMALS FOR TODAY
                         NORMAL    RECORD    YEAR
 MAXIMUM TEMPERATURE (F)   65        86      1995
 MINIMUM TEMPERATURE (F)   45        22      1929


SUNRISE AND SUNSET
DECEMBER  3 2016......SUNRISE   712 AM CST   SUNSET   530 PM CST
DECEMBER  4 2016......SUNRISE   712 AM CST   SUNSET   530 PM CST


-  INDICATES NEGATIVE NUMBERS.
R  INDICATES RECORD WAS SET OR TIED.
MM INDICATES DATA IS MISSING.
T  INDICATES TRACE AMOUNT.




$$
