000
CDUS44 KEWX 250715
CLIATT


CLIMATE REPORT
NATIONAL WEATHER SERVICE AUSTIN/SAN ANTONIO, TX
215 AM CDT WED MAY 25 2016


...................................

...THE AUSTIN CAMP MABRY CLIMATE SUMMARY FOR MAY 24 2016...

CLIMATE NORMAL PERIOD 1981 TO 2010
CLIMATE RECORD PERIOD 1897 TO 2016


WEATHER ITEM   OBSERVED TIME   RECORD YEAR NORMAL DEPARTURE LAST
                VALUE   (LST)  VALUE       VALUE  FROM      YEAR
                                                  NORMAL
..................................................................
TEMPERATURE (F)
 YESTERDAY
  MAXIMUM         87    339 PM 104    1925  88     -1       82
  MINIMUM         74    517 AM  50    1913  69      5       64
  AVERAGE         81                        78      3

PRECIPITATION (IN)
  YESTERDAY        0.00          4.00 1908   0.15  -0.15     0.76
  MONTH TO DATE    4.70                      3.29   1.41    11.52
  SINCE MAR 1     15.33                      8.14   7.19    18.66
  SINCE JAN 1     17.01                     12.38   4.63    24.18

SNOWFALL (IN)
  YESTERDAY        0.0
  MONTH TO DATE    0.0
  SINCE MAR 1      T
  SINCE JUL 1      T
  SNOW DEPTH       0

DEGREE DAYS
 HEATING
  YESTERDAY        0                         0      0        0
  MONTH TO DATE    1                         0      1        0
  SINCE MAR 1     84                       200   -116      215
  SINCE JUL 1   1081                      1537   -456     1698

 COOLING
  YESTERDAY       16                        13      3        8
  MONTH TO DATE  206                       260    -54      239
  SINCE MAR 1    489                       485      4      506
  SINCE JAN 1    528                       512     16      517
..................................................................


WIND (MPH)
  HIGHEST WIND SPEED    13   HIGHEST WIND DIRECTION    SE (140)
  HIGHEST GUST SPEED    22   HIGHEST GUST DIRECTION    SE (140)
  AVERAGE WIND SPEED     7.7


SKY COVER
  AVERAGE SKY COVER 0.8


WEATHER CONDITIONS
 THE FOLLOWING WEATHER WAS RECORDED YESTERDAY.
  NO SIGNIFICANT WEATHER WAS OBSERVED.


RELATIVE HUMIDITY (PERCENT)
 HIGHEST    87           100 AM
 LOWEST     65           100 PM
 AVERAGE    76

..........................................................


THE AUSTIN CAMP MABRY CLIMATE NORMALS FOR TODAY
                         NORMAL    RECORD    YEAR
 MAXIMUM TEMPERATURE (F)   89       100      2011
 MINIMUM TEMPERATURE (F)   69        49      1913


SUNRISE AND SUNSET
MAY 25 2016...........SUNRISE   631 AM CDT   SUNSET   824 PM CDT
MAY 26 2016...........SUNRISE   631 AM CDT   SUNSET   825 PM CDT


-  INDICATES NEGATIVE NUMBERS.
R  INDICATES RECORD WAS SET OR TIED.
MM INDICATES DATA IS MISSING.
T  INDICATES TRACE AMOUNT.




$$
