000
CDUS43 KABR 252253
CLIATY


CLIMATE REPORT
NATIONAL WEATHER SERVICE ABERDEEN SD
549 PM CDT FRI JUL 25 2014


...................................

...THE WATERTOWN SD CLIMATE SUMMARY FOR JULY 25 2014...
VALID TODAY AS OF 0500 PM LOCAL TIME.

CLIMATE NORMAL PERIOD 1981 TO 2010
CLIMATE RECORD PERIOD 1898 TO 2014


WEATHER ITEM   OBSERVED TIME   RECORD YEAR NORMAL DEPARTURE LAST
                VALUE   (LST)  VALUE       VALUE  FROM      YEAR
                                                  NORMAL
..................................................................
TEMPERATURE (F)
 TODAY
  MAXIMUM         80    242 PM 105    1931  83     -3       79
  MINIMUM         64    547 AM  43    1904  60      4       59
  AVERAGE         72                        71      1       69

PRECIPITATION (IN)
  TODAY            0.27          2.61 1953   0.09   0.18     0.00
  MONTH TO DATE    1.22                      2.43  -1.21     2.61
  SINCE JUN 1      5.82                      6.01  -0.19     8.12
  SINCE JAN 1     10.69                     12.86  -2.17    16.11

SNOWFALL (IN)
  TODAY            0.0
  MONTH TO DATE    0.0
  SINCE OCT 1     28.2
  SINCE JUL 1      0.0
  SNOW DEPTH       0

DEGREE DAYS
 HEATING
  TODAY            0                         1     -1        0
  MONTH TO DATE   26                        12     14        2
  SINCE JUN 1     89                        90     -1       90
  SINCE JUL 1     26                        12     14        2

 COOLING
  TODAY            7                         7      0        4
  MONTH TO DATE  111                       168    -57      192
  SINCE JUN 1    172                       264    -92      281
  SINCE JAN 1    213                       286    -73      303
..................................................................


WIND (MPH)
  HIGHEST WIND SPEED    22   HIGHEST WIND DIRECTION     S (200)
  HIGHEST GUST SPEED    28   HIGHEST GUST DIRECTION     S (200)
  AVERAGE WIND SPEED    11.2


SKY COVER
  POSSIBLE SUNSHINE  MM
  AVERAGE SKY COVER 0.4


WEATHER CONDITIONS
 THE FOLLOWING WEATHER WAS RECORDED TODAY.
  THUNDERSTORM
  HEAVY RAIN
  RAIN
  LIGHT RAIN
  FOG


RELATIVE HUMIDITY (PERCENT)
 HIGHEST    93           500 AM
 LOWEST     67           100 PM
 AVERAGE    80

..........................................................


THE WATERTOWN SD CLIMATE NORMALS FOR TOMORROW
                         NORMAL    RECORD    YEAR
 MAXIMUM TEMPERATURE (F)   83       106      1930
 MINIMUM TEMPERATURE (F)   60        45      1911


SUNRISE AND SUNSET
JULY 25 2014..........SUNRISE   607 AM CDT   SUNSET   903 PM CDT
JULY 26 2014..........SUNRISE   608 AM CDT   SUNSET   902 PM CDT


-  INDICATES NEGATIVE NUMBERS.
R  INDICATES RECORD WAS SET OR TIED.
MM INDICATES DATA IS MISSING.
T  INDICATES TRACE AMOUNT.




$$
