000
CDUS43 KABR 261031
CLIATY


CLIMATE REPORT
NATIONAL WEATHER SERVICE ABERDEEN SD
531 AM CDT SUN MAR 26 2017


...................................

...THE WATERTOWN SD CLIMATE SUMMARY FOR MARCH 25 2017...

CLIMATE NORMAL PERIOD 1981 TO 2010
CLIMATE RECORD PERIOD 1898 TO 2017


WEATHER ITEM   OBSERVED TIME   RECORD YEAR NORMAL DEPARTURE LAST
                VALUE   (LST)  VALUE       VALUE  FROM      YEAR
                                                  NORMAL
..................................................................
TEMPERATURE (F)
 YESTERDAY
  MAXIMUM         38    218 PM  81    1939  43     -5       49
  MINIMUM         30   1224 AM  -7    1913  24      6       29
  AVERAGE         34                        33      1       39

PRECIPITATION (IN)
  YESTERDAY        0.00          1.06 1942   0.04  -0.04      T
  MONTH TO DATE    0.33                      0.84  -0.51     0.08
  SINCE MAR 1      0.33                      0.84  -0.51     0.08
  SINCE JAN 1      1.11                      1.92  -0.81     1.11

SNOWFALL (IN)
  YESTERDAY        0.0
  MONTH TO DATE   11.3
  SINCE OCT 1     39.1
  SINCE JUL 1     39.1
  SNOW DEPTH       0

DEGREE DAYS
 HEATING
  YESTERDAY       31                        32     -1       26
  MONTH TO DATE  944                       924     20      651
  SINCE MAR 1    944                       924     20      651
  SINCE JUL 1   6545                      7335   -790     5970

 COOLING
  YESTERDAY        0                         0      0        0
  MONTH TO DATE    0                         0      0        0
  SINCE MAR 1      0                         0      0        0
  SINCE JAN 1      0                         0      0        0
..................................................................


WIND (MPH)
  HIGHEST WIND SPEED    14   HIGHEST WIND DIRECTION     E (70)
  HIGHEST GUST SPEED    18   HIGHEST GUST DIRECTION     E (90)
  AVERAGE WIND SPEED     8.1


SKY COVER
  POSSIBLE SUNSHINE  MM
  AVERAGE SKY COVER 1.0


WEATHER CONDITIONS
 THE FOLLOWING WEATHER WAS RECORDED YESTERDAY.
  FOG


RELATIVE HUMIDITY (PERCENT)
 HIGHEST   100           900 AM
 LOWEST     82           200 PM
 AVERAGE    91

..........................................................


THE WATERTOWN SD CLIMATE NORMALS FOR TODAY
                         NORMAL    RECORD    YEAR
 MAXIMUM TEMPERATURE (F)   44        73      1918
                                             1905
 MINIMUM TEMPERATURE (F)   24        -6      1964


SUNRISE AND SUNSET
MARCH 26 2017.........SUNRISE   720 AM CDT   SUNSET   749 PM CDT
MARCH 27 2017.........SUNRISE   718 AM CDT   SUNSET   750 PM CDT


-  INDICATES NEGATIVE NUMBERS.
R  INDICATES RECORD WAS SET OR TIED.
MM INDICATES DATA IS MISSING.
T  INDICATES TRACE AMOUNT.




$$
