000
CDUS43 KABR 281443
CLIATY


CLIMATE REPORT
NATIONAL WEATHER SERVICE ABERDEEN SD
842 AM CST WED JAN 28 2015


...................................

...THE WATERTOWN SD CLIMATE SUMMARY FOR JANUARY 27 2015...

CLIMATE NORMAL PERIOD 1981 TO 2010
CLIMATE RECORD PERIOD 1898 TO 2015


WEATHER ITEM   OBSERVED TIME   RECORD YEAR NORMAL DEPARTURE LAST
                VALUE   (LST)  VALUE       VALUE  FROM      YEAR
                                                  NORMAL
..................................................................
TEMPERATURE (F)
 YESTERDAY
  MAXIMUM         37   1231 PM  55    1989  23     14       -7
  MINIMUM         24    613 AM -29    1915   3     21      -16
  AVERAGE         31                        13     18      -11

PRECIPITATION (IN)
  YESTERDAY        0.00          0.55 1944   0.01  -0.01      T
  MONTH TO DATE    0.40                      0.45  -0.05     0.26
  SINCE DEC 1      1.04                      0.98   0.06     0.87
  SINCE JAN 1      0.40                      0.45  -0.05     0.26

SNOWFALL (IN)
  YESTERDAY        0.0
  MONTH TO DATE    4.0
  SINCE OCT 1     18.2
  SINCE JUL 1     18.2
  SNOW DEPTH       0

DEGREE DAYS
 HEATING
  YESTERDAY       34                        52    -18       76
  MONTH TO DATE 1315                      1418   -103     1489
  SINCE DEC 1   2647                      2937   -290     3249
  SINCE JUL 1   4728                      4877   -149     5087

 COOLING
  YESTERDAY        0                         0      0        0
  MONTH TO DATE    0                         0      0        0
  SINCE DEC 1      0                         0      0        0
  SINCE JAN 1      0                         0      0        0
..................................................................


WIND (MPH)
  HIGHEST WIND SPEED    18   HIGHEST WIND DIRECTION     S (160)
  HIGHEST GUST SPEED    25   HIGHEST GUST DIRECTION    SE (150)
  AVERAGE WIND SPEED     9.7


SKY COVER
  POSSIBLE SUNSHINE  MM
  AVERAGE SKY COVER 0.1


WEATHER CONDITIONS
 THE FOLLOWING WEATHER WAS RECORDED YESTERDAY.
  FOG


RELATIVE HUMIDITY (PERCENT)
 HIGHEST   100           200 AM
 LOWEST     82          1200 PM
 AVERAGE    91

..........................................................


THE WATERTOWN SD CLIMATE NORMALS FOR TODAY
                         NORMAL    RECORD    YEAR
 MAXIMUM TEMPERATURE (F)   23        49      1931
 MINIMUM TEMPERATURE (F)    3       -29      1915


SUNRISE AND SUNSET
JANUARY 28 2015.......SUNRISE   753 AM CST   SUNSET   531 PM CST
JANUARY 29 2015.......SUNRISE   752 AM CST   SUNSET   532 PM CST


-  INDICATES NEGATIVE NUMBERS.
R  INDICATES RECORD WAS SET OR TIED.
MM INDICATES DATA IS MISSING.
T  INDICATES TRACE AMOUNT.




$$
