000
CDUS43 KABR 281040
CLIATY


CLIMATE REPORT
NATIONAL WEATHER SERVICE ABERDEEN SD
539 AM CDT FRI AUG 28 2015


...................................

...THE WATERTOWN SD CLIMATE SUMMARY FOR AUGUST 27 2015...

CLIMATE NORMAL PERIOD 1981 TO 2010
CLIMATE RECORD PERIOD 1898 TO 2015


WEATHER ITEM   OBSERVED TIME   RECORD YEAR NORMAL DEPARTURE LAST
                VALUE   (LST)  VALUE       VALUE  FROM      YEAR
                                                  NORMAL
..................................................................
TEMPERATURE (F)
 YESTERDAY
  MAXIMUM         75    513 PM 100    1973  78     -3       74
  MINIMUM         62    604 AM  38    1914  55      7       54
  AVERAGE         69                        66      3       64

PRECIPITATION (IN)
  YESTERDAY        0.02          1.42 1927   0.08  -0.06     0.00
  MONTH TO DATE    5.44                      2.44   3.00     2.68
  SINCE JUN 1     11.94                      9.04   2.90     8.53
  SINCE JAN 1     17.94                     15.89   2.05    13.40

DEGREE DAYS
 HEATING
  YESTERDAY        0                         2     -2        1
  MONTH TO DATE   49                        32     17       19
  SINCE JUN 1     89                       127    -38      117
  SINCE JUL 1     62                        49     13       54

 COOLING
  YESTERDAY        4                         4      0        0
  MONTH TO DATE  125                       137    -12       99
  SINCE JUN 1    445                       439      6      281
  SINCE JAN 1    453                       461     -8      322
..................................................................


WIND (MPH)
  HIGHEST WIND SPEED    22   HIGHEST WIND DIRECTION    SW (240)
  HIGHEST GUST SPEED    26   HIGHEST GUST DIRECTION    SW (230)
  AVERAGE WIND SPEED     6.8


SKY COVER
  POSSIBLE SUNSHINE  MM
  AVERAGE SKY COVER 0.3


WEATHER CONDITIONS
 THE FOLLOWING WEATHER WAS RECORDED YESTERDAY.
  LIGHT RAIN


RELATIVE HUMIDITY (PERCENT)
 HIGHEST    93           500 AM
 LOWEST     79          1200 PM
 AVERAGE    86

..........................................................


THE WATERTOWN SD CLIMATE NORMALS FOR TODAY
                         NORMAL    RECORD    YEAR
 MAXIMUM TEMPERATURE (F)   78        98      1984
 MINIMUM TEMPERATURE (F)   55        32      1965


SUNRISE AND SUNSET
AUGUST 28 2015........SUNRISE   646 AM CDT   SUNSET   813 PM CDT
AUGUST 29 2015........SUNRISE   647 AM CDT   SUNSET   811 PM CDT


-  INDICATES NEGATIVE NUMBERS.
R  INDICATES RECORD WAS SET OR TIED.
MM INDICATES DATA IS MISSING.
T  INDICATES TRACE AMOUNT.




$$
