000
CDUS43 KABR 232238
CLIATY


CLIMATE REPORT
NATIONAL WEATHER SERVICE ABERDEEN SD
537 PM CDT WED AUG 23 2017


...................................

...THE WATERTOWN SD CLIMATE SUMMARY FOR AUGUST 23 2017...
VALID TODAY AS OF 0500 PM LOCAL TIME.

CLIMATE NORMAL PERIOD 1981 TO 2010
CLIMATE RECORD PERIOD 1898 TO 2017


WEATHER ITEM   OBSERVED TIME   RECORD YEAR NORMAL DEPARTURE LAST
                VALUE   (LST)  VALUE       VALUE  FROM      YEAR
                                                  NORMAL
..................................................................
TEMPERATURE (F)
 TODAY
  MAXIMUM         76    321 PM  98    1936  79     -3       83
  MINIMUM         47    532 AM  37    1927  56     -9       66
  AVERAGE         62                        68     -6       75

PRECIPITATION (IN)
  TODAY            0.00          1.90 1955   0.10  -0.10     0.00
                                      2001
  MONTH TO DATE    2.95                      2.10   0.85     6.97
  SINCE JUN 1      9.90                      8.70   1.20    10.98
  SINCE JAN 1     14.85                     15.55  -0.70    16.63

SNOWFALL (IN)
  TODAY            0.0
  MONTH TO DATE    0.0
  SINCE OCT 1     40.7
  SINCE JUL 1      0.0
  SNOW DEPTH       0

DEGREE DAYS
 HEATING
  TODAY            3                         2      1        0
  MONTH TO DATE   26                        24      2        5
  SINCE JUN 1     75                       119    -44       42
  SINCE JUL 1     27                        41    -14       17

 COOLING
  TODAY            0                         4     -4       10
  MONTH TO DATE   20                       121   -101      178
  SINCE JUN 1    350                       423    -73      622
  SINCE JAN 1    361                       445    -84      646
..................................................................


WIND (MPH)
  HIGHEST WIND SPEED    15   HIGHEST WIND DIRECTION     S (160)
  HIGHEST GUST SPEED    20   HIGHEST GUST DIRECTION    SE (150)
  AVERAGE WIND SPEED     5.3


SKY COVER
  POSSIBLE SUNSHINE  MM
  AVERAGE SKY COVER 0.0


WEATHER CONDITIONS
 THE FOLLOWING WEATHER WAS RECORDED TODAY.
  NO SIGNIFICANT WEATHER WAS OBSERVED.


RELATIVE HUMIDITY (PERCENT)
 HIGHEST   100           600 AM
 LOWEST     46          1100 AM
 AVERAGE    73

..........................................................


THE WATERTOWN SD CLIMATE NORMALS FOR TOMORROW
                         NORMAL    RECORD    YEAR
 MAXIMUM TEMPERATURE (F)   79       105      1936
 MINIMUM TEMPERATURE (F)   56        34      1934


SUNRISE AND SUNSET
AUGUST 23 2017........SUNRISE   640 AM CDT   SUNSET   821 PM CDT
AUGUST 24 2017........SUNRISE   642 AM CDT   SUNSET   819 PM CDT


-  INDICATES NEGATIVE NUMBERS.
R  INDICATES RECORD WAS SET OR TIED.
MM INDICATES DATA IS MISSING.
T  INDICATES TRACE AMOUNT.




$$
