000
CDUS43 KABR 221035
CLIATY


CLIMATE REPORT
NATIONAL WEATHER SERVICE ABERDEEN SD
534 AM CDT SUN OCT 22 2017


...................................

...THE WATERTOWN SD CLIMATE SUMMARY FOR OCTOBER 21 2017...

CLIMATE NORMAL PERIOD 1981 TO 2010
CLIMATE RECORD PERIOD 1898 TO 2017


WEATHER ITEM   OBSERVED TIME   RECORD YEAR NORMAL DEPARTURE LAST
                VALUE   (LST)  VALUE       VALUE  FROM      YEAR
                                                  NORMAL
..................................................................
TEMPERATURE (F)
 YESTERDAY
  MAXIMUM         65   1205 AM  83    1947  54     11       63
  MINIMUM         41   1159 PM   7    1930  33      8       34
  AVERAGE         53                        43     10       49

PRECIPITATION (IN)
  YESTERDAY        T             0.52 1959   0.06  -0.06     0.00
  MONTH TO DATE    2.16                      1.43   0.73     1.48
  SINCE SEP 1      7.56                      4.07   3.49     3.54
  SINCE JAN 1     22.77                     20.30   2.47    20.18

SNOWFALL (IN)
  YESTERDAY        0.0
  MONTH TO DATE    0.0
  SINCE OCT 1      0.0
  SINCE JUL 1      0.0
  SNOW DEPTH       0

DEGREE DAYS
 HEATING
  YESTERDAY       12                        22    -10       16
  MONTH TO DATE  301                       367    -66      301
  SINCE SEP 1    452                       586   -134      419
  SINCE JUL 1    480                       643   -163      445

 COOLING
  YESTERDAY        0                         0      0        0
  MONTH TO DATE    0                         0      0        0
  SINCE SEP 1     65                        39     26       36
  SINCE JAN 1    440                       513    -73      721
..................................................................


WIND (MPH)
  HIGHEST WIND SPEED    26   HIGHEST WIND DIRECTION     W (280)
  HIGHEST GUST SPEED    35   HIGHEST GUST DIRECTION     W (290)
  AVERAGE WIND SPEED    13.9


SKY COVER
  POSSIBLE SUNSHINE  MM
  AVERAGE SKY COVER 0.5


WEATHER CONDITIONS
 THE FOLLOWING WEATHER WAS RECORDED YESTERDAY.
  LIGHT RAIN


RELATIVE HUMIDITY (PERCENT)
 HIGHEST    97           700 AM
 LOWEST     61           200 PM
 AVERAGE    79

..........................................................


THE WATERTOWN SD CLIMATE NORMALS FOR TODAY
                         NORMAL    RECORD    YEAR
 MAXIMUM TEMPERATURE (F)   54        78      1915
 MINIMUM TEMPERATURE (F)   32        13      1936


SUNRISE AND SUNSET
OCTOBER 22 2017.......SUNRISE   754 AM CDT   SUNSET   632 PM CDT
OCTOBER 23 2017.......SUNRISE   755 AM CDT   SUNSET   630 PM CDT


-  INDICATES NEGATIVE NUMBERS.
R  INDICATES RECORD WAS SET OR TIED.
MM INDICATES DATA IS MISSING.
T  INDICATES TRACE AMOUNT.




$$
