000
CDUS43 KABR 061041
CLIATY


CLIMATE REPORT
NATIONAL WEATHER SERVICE ABERDEEN SD
540 AM CDT FRI MAY 6 2016


...................................

...THE WATERTOWN SD CLIMATE SUMMARY FOR MAY 5 2016...

CLIMATE NORMAL PERIOD 1981 TO 2010
CLIMATE RECORD PERIOD 1898 TO 2016


WEATHER ITEM   OBSERVED TIME   RECORD YEAR NORMAL DEPARTURE LAST
                VALUE   (LST)  VALUE       VALUE  FROM      YEAR
                                                  NORMAL
..................................................................
TEMPERATURE (F)
 YESTERDAY
  MAXIMUM         83    421 PM  91    1909  65     18       75
  MINIMUM         41    544 AM  23    1944  41      0       50
  AVERAGE         62                        53      9       63

PRECIPITATION (IN)
  YESTERDAY        0.00          1.57 1949   0.08  -0.08      T
  MONTH TO DATE    0.00                      0.41  -0.41     0.05
  SINCE MAR 1      2.52                      3.54  -1.02     0.79
  SINCE JAN 1      3.55                      4.62  -1.07     1.44

DEGREE DAYS
 HEATING
  YESTERDAY        3                        13    -10        2
  MONTH TO DATE   55                        67    -12       26
  SINCE MAR 1   1406                      1807   -401     1508
  SINCE JUL 1   6725                      8218  -1493     7900

 COOLING
  YESTERDAY        0                         0      0        0
  MONTH TO DATE    0                         0      0        0
  SINCE MAR 1      0                         2     -2        0
  SINCE JAN 1      0                         2     -2        0
..................................................................


WIND (MPH)
  HIGHEST WIND SPEED    20   HIGHEST WIND DIRECTION    SW (210)
  HIGHEST GUST SPEED    25   HIGHEST GUST DIRECTION     S (200)
  AVERAGE WIND SPEED     9.2


SKY COVER
  POSSIBLE SUNSHINE  MM
  AVERAGE SKY COVER 0.0


WEATHER CONDITIONS
 THE FOLLOWING WEATHER WAS RECORDED YESTERDAY.
  NO SIGNIFICANT WEATHER WAS OBSERVED.


RELATIVE HUMIDITY (PERCENT)
 HIGHEST    76           200 AM
 LOWEST     24           200 PM
 AVERAGE    50

..........................................................


THE WATERTOWN SD CLIMATE NORMALS FOR TODAY
                         NORMAL    RECORD    YEAR
 MAXIMUM TEMPERATURE (F)   65        90      1918
 MINIMUM TEMPERATURE (F)   41        17      1976


SUNRISE AND SUNSET
MAY  6 2016...........SUNRISE   610 AM CDT   SUNSET   841 PM CDT
MAY  7 2016...........SUNRISE   609 AM CDT   SUNSET   842 PM CDT


-  INDICATES NEGATIVE NUMBERS.
R  INDICATES RECORD WAS SET OR TIED.
MM INDICATES DATA IS MISSING.
T  INDICATES TRACE AMOUNT.




$$
