000
CDUS41 KGYX 050836
CLIAUG


CLIMATE REPORT
NATIONAL WEATHER SERVICE GRAY ME
436 AM EDT WED AUG 5 2015


...................................

...THE AUGUSTA CLIMATE SUMMARY FOR AUGUST 4 2015...

CLIMATE NORMAL PERIOD 1981 TO 2010
CLIMATE RECORD PERIOD 1948 TO 2015


WEATHER ITEM   OBSERVED TIME   RECORD YEAR NORMAL DEPARTURE LAST
                VALUE   (LST)  VALUE       VALUE  FROM      YEAR
                                                  NORMAL
..................................................................
TEMPERATURE (F)
 YESTERDAY
  MAXIMUM         81    206 PM  MM      MM  80      1       81
  MINIMUM         61   1150 PM  MM      MM  60      1       57
  AVERAGE         71                        70      1       69

PRECIPITATION (IN)
  YESTERDAY        0.11         MM      MM   0.11   0.00      T
  MONTH TO DATE    0.72                      0.46   0.26      T
  SINCE JUN 1      8.95                      7.44   1.51    11.28
  SINCE JAN 1     18.63                     23.33  -4.70    25.40

DEGREE DAYS
 HEATING
  YESTERDAY        0                         0      0        0
  MONTH TO DATE    0                         0      0        0
  SINCE JUN 1    169                       110     59       78
  SINCE JUL 1     18                        16      2        2

 COOLING
  YESTERDAY        6                         5      1        4
  MONTH TO DATE   24                        20      4       10
  SINCE JUN 1    184                       241    -57      234
  SINCE JAN 1    218                       250    -32      234
..................................................................


WIND (MPH)
  HIGHEST WIND SPEED    15   HIGHEST WIND DIRECTION    NW (310)
  HIGHEST GUST SPEED    22   HIGHEST GUST DIRECTION     S (170)
  AVERAGE WIND SPEED     3.3


SKY COVER
  AVERAGE SKY COVER 0.3


WEATHER CONDITIONS
 THE FOLLOWING WEATHER WAS RECORDED YESTERDAY.
  THUNDERSTORM
  RAIN
  LIGHT RAIN
  FOG


RELATIVE HUMIDITY (PERCENT)
 HIGHEST    93          1200 AM
 LOWEST     54           200 PM
 AVERAGE    74

..........................................................


THE AUGUSTA CLIMATE NORMALS FOR TODAY
                         NORMAL
 MAXIMUM TEMPERATURE (F)   79
 MINIMUM TEMPERATURE (F)   60


SUNRISE AND SUNSET
AUGUST  5 2015........SUNRISE   531 AM EDT   SUNSET   759 PM EDT
AUGUST  6 2015........SUNRISE   532 AM EDT   SUNSET   758 PM EDT


-  INDICATES NEGATIVE NUMBERS.
R  INDICATES RECORD WAS SET OR TIED.
MM INDICATES DATA IS MISSING.
T  INDICATES TRACE AMOUNT.




$$
