000
CDUS41 KGYX 152144
CLIAUG


CLIMATE REPORT
NATIONAL WEATHER SERVICE GRAY ME
444 PM EST FRI DEC 15 2017


...................................

...THE AUGUSTA CLIMATE SUMMARY FOR DECEMBER 15 2017...
VALID TODAY AS OF 0400 PM LOCAL TIME.

CLIMATE NORMAL PERIOD 1981 TO 2010
CLIMATE RECORD PERIOD 1948 TO 2017


WEATHER ITEM   OBSERVED TIME   RECORD YEAR NORMAL DEPARTURE LAST
                VALUE   (LST)  VALUE       VALUE  FROM      YEAR
                                                  NORMAL
..................................................................
TEMPERATURE (F)
 TODAY
  MAXIMUM         21    227 PM  52    2008  34    -13       24
  MINIMUM          6    707 AM  -3    2016  19    -13       -3
                                      1980
  AVERAGE         14                        26    -12       11

PRECIPITATION (IN)
  TODAY            0.00          1.36 1954   0.11  -0.11      T
  MONTH TO DATE    1.46                      1.76  -0.30     1.82
  SINCE DEC 1      1.46                      1.76  -0.30     1.82
  SINCE JAN 1     39.07                     40.40  -1.33    33.10

DEGREE DAYS
 HEATING
  TODAY           51                        39     12       54
  MONTH TO DATE  528                       540    -12      575
  SINCE DEC 1    528                       540    -12      575
  SINCE JUL 1   1764                      2088   -324     1893

 COOLING
  TODAY            0                         0      0        0
  MONTH TO DATE    0                         0      0        0
  SINCE DEC 1      0                         0      0        0
  SINCE JAN 1    446                       388     58      530
..................................................................


WIND (MPH)
  HIGHEST WIND SPEED    12   HIGHEST WIND DIRECTION     W (280)
  HIGHEST GUST SPEED    17   HIGHEST GUST DIRECTION     W (270)
  AVERAGE WIND SPEED     4.2


SKY COVER
  AVERAGE SKY COVER 0.0


WEATHER CONDITIONS
 THE FOLLOWING WEATHER WAS RECORDED TODAY.
  NO SIGNIFICANT WEATHER WAS OBSERVED.


RELATIVE HUMIDITY (PERCENT)
 HIGHEST    63           700 AM
 LOWEST     41           200 PM
 AVERAGE    52

..........................................................


THE AUGUSTA CLIMATE NORMALS FOR TOMORROW
                         NORMAL    RECORD    YEAR
 MAXIMUM TEMPERATURE (F)   33        53      1982
 MINIMUM TEMPERATURE (F)   18        -9      2016


SUNRISE AND SUNSET
DECEMBER 15 2017......SUNRISE   708 AM EST   SUNSET   401 PM EST
DECEMBER 16 2017......SUNRISE   709 AM EST   SUNSET   401 PM EST


-  INDICATES NEGATIVE NUMBERS.
R  INDICATES RECORD WAS SET OR TIED.
MM INDICATES DATA IS MISSING.
T  INDICATES TRACE AMOUNT.




$$
