000
CDUS41 KGYX 042141
CLIAUG


CLIMATE REPORT
NATIONAL WEATHER SERVICE GRAY ME
441 PM EST SUN DEC 4 2016


...................................

...THE AUGUSTA CLIMATE SUMMARY FOR DECEMBER 4 2016...
VALID TODAY AS OF 0400 PM LOCAL TIME.

CLIMATE NORMAL PERIOD 1981 TO 2010
CLIMATE RECORD PERIOD 1948 TO 2016


WEATHER ITEM   OBSERVED TIME   RECORD YEAR NORMAL DEPARTURE LAST
                VALUE   (LST)  VALUE       VALUE  FROM      YEAR
                                                  NORMAL
..................................................................
TEMPERATURE (F)
 TODAY
  MAXIMUM         37    101 PM  65    1982  38     -1       42
  MINIMUM         30   1226 AM   3    1976  24      6       28
  AVERAGE         34                        31      3       35

PRECIPITATION (IN)
  TODAY            0.00          3.00 1990   0.13  -0.13      T
  MONTH TO DATE    1.24                      0.49   0.75     0.75
  SINCE DEC 1      1.24                      0.49   0.75     0.75
  SINCE JAN 1     32.52                     39.13  -6.61    35.23

DEGREE DAYS
 HEATING
  TODAY           31                        34     -3       30
  MONTH TO DATE  110                       135    -25      121
  SINCE DEC 1    110                       135    -25      121
  SINCE JUL 1   1428                      1683   -255     1499

 COOLING
  TODAY            0                         0      0        0
  MONTH TO DATE    0                         0      0        0
  SINCE DEC 1      0                         0      0        0
  SINCE JAN 1    530                       388    142      457
..................................................................


WIND (MPH)
  HIGHEST WIND SPEED    17   HIGHEST WIND DIRECTION    NW (330)
  HIGHEST GUST SPEED    23   HIGHEST GUST DIRECTION     N (350)
  AVERAGE WIND SPEED     9.0


SKY COVER
  AVERAGE SKY COVER 0.7


WEATHER CONDITIONS
 THE FOLLOWING WEATHER WAS RECORDED TODAY.
  NO SIGNIFICANT WEATHER WAS OBSERVED.


RELATIVE HUMIDITY (PERCENT)
 HIGHEST    69          1200 AM
 LOWEST     47           200 PM
 AVERAGE    58

..........................................................


THE AUGUSTA CLIMATE NORMALS FOR TOMORROW
                         NORMAL    RECORD    YEAR
 MAXIMUM TEMPERATURE (F)   37        57      2001
 MINIMUM TEMPERATURE (F)   23         4      1991


SUNRISE AND SUNSET
DECEMBER  4 2016......SUNRISE   659 AM EST   SUNSET   400 PM EST
DECEMBER  5 2016......SUNRISE   700 AM EST   SUNSET   400 PM EST


-  INDICATES NEGATIVE NUMBERS.
R  INDICATES RECORD WAS SET OR TIED.
MM INDICATES DATA IS MISSING.
T  INDICATES TRACE AMOUNT.




$$
