000
CDUS41 KGYX 022041
CLIAUG


CLIMATE REPORT
NATIONAL WEATHER SERVICE GRAY ME
441 PM EDT THU JUL 2 2015


...................................

...THE AUGUSTA CLIMATE SUMMARY FOR JULY 2 2015...
VALID TODAY AS OF 0400 PM LOCAL TIME.

CLIMATE NORMAL PERIOD 1981 TO 2010
CLIMATE RECORD PERIOD 1948 TO 2015


WEATHER ITEM   OBSERVED TIME   RECORD YEAR NORMAL DEPARTURE LAST
                VALUE   (LST)  VALUE       VALUE  FROM      YEAR
                                                  NORMAL
..................................................................
TEMPERATURE (F)
 TODAY
  MAXIMUM         75    248 PM  MM      MM  78     -3       88
  MINIMUM         57    443 AM  MM      MM  59     -2       67
  AVERAGE         66                        68     -2       78

PRECIPITATION (IN)
  TODAY            0.00         MM      MM   0.10  -0.10     0.58
  MONTH TO DATE    0.25                      0.20   0.05     0.58
  SINCE JUN 1      5.71                      3.76   1.95     5.49
  SINCE JAN 1     15.39                     19.65  -4.26    19.61

DEGREE DAYS
 HEATING
  TODAY            0                         1     -1        0
  MONTH TO DATE    3                         2      1        0
  SINCE JUN 1    154                        96     58       76
  SINCE JUL 1      3                         2      1        0

 COOLING
  TODAY            1                         4     -3       13
  MONTH TO DATE    1                         8     -7       24
  SINCE JUN 1     34                        72    -38       83
  SINCE JAN 1     68                        81    -13       83
..................................................................


WIND (MPH)
  HIGHEST WIND SPEED    15   HIGHEST WIND DIRECTION     W (280)
  HIGHEST GUST SPEED    24   HIGHEST GUST DIRECTION    NW (300)
  AVERAGE WIND SPEED     5.8


SKY COVER
  AVERAGE SKY COVER 0.3


WEATHER CONDITIONS
 THE FOLLOWING WEATHER WAS RECORDED TODAY.
  FOG
  FOG W/VISIBILITY <= 1/4 MILE


RELATIVE HUMIDITY (PERCENT)
 HIGHEST   100          1200 AM
 LOWEST     44           200 PM
 AVERAGE    72

..........................................................


THE AUGUSTA CLIMATE NORMALS FOR TOMORROW
                         NORMAL
 MAXIMUM TEMPERATURE (F)   78
 MINIMUM TEMPERATURE (F)   59


SUNRISE AND SUNSET
JULY  2 2015..........SUNRISE   459 AM EDT   SUNSET   827 PM EDT
JULY  3 2015..........SUNRISE   500 AM EDT   SUNSET   827 PM EDT


-  INDICATES NEGATIVE NUMBERS.
R  INDICATES RECORD WAS SET OR TIED.
MM INDICATES DATA IS MISSING.
T  INDICATES TRACE AMOUNT.




$$
