553
CDUS41 KGYX 300803
CLIAUG


CLIMATE REPORT
NATIONAL WEATHER SERVICE GRAY ME
403 AM EDT TUE AUG 30 2016


...................................

...THE AUGUSTA CLIMATE SUMMARY FOR AUGUST 29 2016...

CLIMATE NORMAL PERIOD 1981 TO 2010
CLIMATE RECORD PERIOD 1948 TO 2016


WEATHER ITEM   OBSERVED TIME   RECORD YEAR NORMAL DEPARTURE LAST
                VALUE   (LST)  VALUE       VALUE  FROM      YEAR
                                                  NORMAL
..................................................................
TEMPERATURE (F)
 YESTERDAY
  MAXIMUM         78   1034 AM  92    1953  76      2       77
  MINIMUM         60   1159 PM  40    1957  56      4       57
  AVERAGE         69                        66      3       67

PRECIPITATION (IN)
  YESTERDAY        0.00          1.50 2009   0.10  -0.10     0.00
  MONTH TO DATE    2.31                      3.11  -0.80     4.55
  SINCE JUN 1      8.01                     10.09  -2.08    12.78
  SINCE JAN 1     21.58                     25.98  -4.40    22.46

DEGREE DAYS
 HEATING
  YESTERDAY        0                         2     -2        0
  MONTH TO DATE    4                        21    -17        0
  SINCE JUN 1    103                       131    -28      169
  SINCE JUL 1     25                        37    -12       18

 COOLING
  YESTERDAY        4                         3      1        2
  MONTH TO DATE  194                       121     73      150
  SINCE JUN 1    435                       342     93      310
  SINCE JAN 1    450                       351     99      344
..................................................................


WIND (MPH)
  HIGHEST WIND SPEED    24   HIGHEST WIND DIRECTION    NW (320)
  HIGHEST GUST SPEED    33   HIGHEST GUST DIRECTION    NW (300)
  AVERAGE WIND SPEED     9.6


SKY COVER
  AVERAGE SKY COVER 0.2


WEATHER CONDITIONS
 THE FOLLOWING WEATHER WAS RECORDED YESTERDAY.
  FOG


RELATIVE HUMIDITY (PERCENT)
 HIGHEST   100           500 AM
 LOWEST     43           200 PM
 AVERAGE    72

..........................................................


THE AUGUSTA CLIMATE NORMALS FOR TODAY
                         NORMAL    RECORD    YEAR
 MAXIMUM TEMPERATURE (F)   76        95      1953
 MINIMUM TEMPERATURE (F)   56        43      1982


SUNRISE AND SUNSET
AUGUST 30 2016........SUNRISE   600 AM EDT   SUNSET   718 PM EDT
AUGUST 31 2016........SUNRISE   601 AM EDT   SUNSET   716 PM EDT


-  INDICATES NEGATIVE NUMBERS.
R  INDICATES RECORD WAS SET OR TIED.
MM INDICATES DATA IS MISSING.
T  INDICATES TRACE AMOUNT.




$$
