000
CDUS41 KGYX 240829
CLIAUG


CLIMATE REPORT
NATIONAL WEATHER SERVICE GRAY ME
429 AM EDT THU JUL 24 2014


...................................

...THE AUGUSTA CLIMATE SUMMARY FOR JULY 23 2014...

CLIMATE NORMAL PERIOD 1981 TO 2010
CLIMATE RECORD PERIOD 1948 TO 2014


WEATHER ITEM   OBSERVED TIME   NORMAL DEPARTURE LAST
                VALUE   (LST)  VALUE  FROM      YEAR
                                      NORMAL
......................................................
TEMPERATURE (F)
 YESTERDAY
  MAXIMUM         87    136 PM  80      7       69
  MINIMUM         65    349 AM  60      5       59
  AVERAGE         76            70      6       64

PRECIPITATION (IN)
  YESTERDAY        0.54          0.11   0.43     0.95
  MONTH TO DATE    4.73          2.50   2.23     2.75
  SINCE JUN 1      9.64          6.06   3.58     9.56
  SINCE JAN 1     23.76         21.95   1.81    21.05

DEGREE DAYS
 HEATING
  YESTERDAY        0             0      0        1
  MONTH TO DATE    2            12    -10        3
  SINCE JUN 1     78           106    -28       81
  SINCE JUL 1      2            12    -10        3

 COOLING
  YESTERDAY       11             5      6        0
  MONTH TO DATE  144           110     34      184
  SINCE JUN 1    203           174     29      261
  SINCE JAN 1    203           183     20      276
......................................................


WIND (MPH)
  HIGHEST WIND SPEED    22   HIGHEST WIND DIRECTION    NW (330)
  HIGHEST GUST SPEED    27   HIGHEST GUST DIRECTION    NW (330)
  AVERAGE WIND SPEED     4.9


SKY COVER
  AVERAGE SKY COVER 0.3


WEATHER CONDITIONS
 THE FOLLOWING WEATHER WAS RECORDED YESTERDAY.
  THUNDERSTORM
  HEAVY RAIN
  RAIN
  LIGHT RAIN
  FOG
  HAZE


RELATIVE HUMIDITY (PERCENT)
 HIGHEST   100           100 AM
 LOWEST     57          1100 AM
 AVERAGE    79

..........................................................


THE AUGUSTA CLIMATE NORMALS FOR TODAY
                         NORMAL
 MAXIMUM TEMPERATURE (F)   80
 MINIMUM TEMPERATURE (F)   60


SUNRISE AND SUNSET
JULY 24 2014..........SUNRISE   518 AM EDT   SUNSET   813 PM EDT
JULY 25 2014..........SUNRISE   519 AM EDT   SUNSET   812 PM EDT


-  INDICATES NEGATIVE NUMBERS.
R  INDICATES RECORD WAS SET OR TIED.
MM INDICATES DATA IS MISSING.
T  INDICATES TRACE AMOUNT.




$$
