000
CDUS41 KGYX 250902
CLIAUG


CLIMATE REPORT
NATIONAL WEATHER SERVICE GRAY ME
402 AM EST THU DEC 25 2014


...................................

...THE AUGUSTA CLIMATE SUMMARY FOR DECEMBER 24 2014...

CLIMATE NORMAL PERIOD 1981 TO 2010
CLIMATE RECORD PERIOD 1948 TO 2014


WEATHER ITEM   OBSERVED TIME   RECORD YEAR NORMAL DEPARTURE LAST
                VALUE   (LST)  VALUE       VALUE  FROM      YEAR
                                                  NORMAL
..................................................................
TEMPERATURE (F)
 YESTERDAY
  MAXIMUM         34   1159 PM  MM      MM  31      3       31
  MINIMUM         33   1142 PM  MM      MM  15     18        8
  AVERAGE         34                        23     11       20

PRECIPITATION (IN)
  YESTERDAY        0.56         MM      MM   0.10   0.46     0.00
  MONTH TO DATE    4.03                      2.62   1.41     2.15
  SINCE DEC 1      4.03                      2.62   1.41     2.15
  SINCE JAN 1     42.53                     41.26   1.27    41.88

DEGREE DAYS
 HEATING
  YESTERDAY       31                        42    -11       45
  MONTH TO DATE  873                       906    -33     1019
  SINCE DEC 1    873                       906    -33     1019
  SINCE JUL 1   2362                      2454    -92     2528

 COOLING
  YESTERDAY        0                         0      0        0
  MONTH TO DATE    0                         0      0        0
  SINCE DEC 1      0                         0      0        0
  SINCE JAN 1    371                       388    -17      428
..................................................................


WIND (MPH)
  HIGHEST WIND SPEED    12   HIGHEST WIND DIRECTION    NE (30)
  HIGHEST GUST SPEED    14   HIGHEST GUST DIRECTION    NE (30)
  AVERAGE WIND SPEED     7.3


SKY COVER
  AVERAGE SKY COVER 1.0


WEATHER CONDITIONS
 THE FOLLOWING WEATHER WAS RECORDED YESTERDAY.
  RAIN
  LIGHT RAIN
  FOG
  FOG W/VISIBILITY <= 1/4 MILE


RELATIVE HUMIDITY (PERCENT)
 HIGHEST   100          1000 AM
 LOWEST     96          1200 AM
 AVERAGE    98

..........................................................


THE AUGUSTA CLIMATE NORMALS FOR TODAY
                         NORMAL
 MAXIMUM TEMPERATURE (F)   31
 MINIMUM TEMPERATURE (F)   15


SUNRISE AND SUNSET
DECEMBER 25 2014......SUNRISE   714 AM EST   SUNSET   405 PM EST
DECEMBER 26 2014......SUNRISE   714 AM EST   SUNSET   406 PM EST


-  INDICATES NEGATIVE NUMBERS.
R  INDICATES RECORD WAS SET OR TIED.
MM INDICATES DATA IS MISSING.
T  INDICATES TRACE AMOUNT.




$$
