000
CDUS41 KGYX 222044
CLIAUG


CLIMATE REPORT
NATIONAL WEATHER SERVICE GRAY ME
444 PM EDT WED MAR 22 2017


...................................

...THE AUGUSTA CLIMATE SUMMARY FOR MARCH 22 2017...
VALID TODAY AS OF 0400 PM LOCAL TIME.

CLIMATE NORMAL PERIOD 1981 TO 2010
CLIMATE RECORD PERIOD 1948 TO 2017


WEATHER ITEM   OBSERVED TIME   RECORD YEAR NORMAL DEPARTURE LAST
                VALUE   (LST)  VALUE       VALUE  FROM      YEAR
                                                  NORMAL
..................................................................
TEMPERATURE (F)
 TODAY
  MAXIMUM         35   1210 AM  84    2012  42     -7       42
  MINIMUM         19    259 PM   8    1986  25     -6       24
  AVERAGE         27                        34     -7       33

PRECIPITATION (IN)
  TODAY            T             2.40 1994   0.12  -0.12     0.00
  MONTH TO DATE    2.88                      2.30   0.58     2.36
  SINCE MAR 1      2.88                      2.30   0.58     2.36
  SINCE JAN 1      9.36                      7.34   2.02     8.23

DEGREE DAYS
 HEATING
  TODAY           38                        31      7       32
  MONTH TO DATE  885                       764    121      683
  SINCE MAR 1    885                       764    121      683
  SINCE JUL 1   5697                      6107   -410     5362

 COOLING
  TODAY            0                         0      0        0
  MONTH TO DATE    0                         0      0        0
  SINCE MAR 1      0                         0      0        0
  SINCE JAN 1      0                         0      0        0
..................................................................


WIND (MPH)
  HIGHEST WIND SPEED    29   HIGHEST WIND DIRECTION     N (340)
  HIGHEST GUST SPEED    37   HIGHEST GUST DIRECTION    NW (320)
  AVERAGE WIND SPEED    11.4


SKY COVER
  AVERAGE SKY COVER 0.6


WEATHER CONDITIONS
 THE FOLLOWING WEATHER WAS RECORDED TODAY.
  LIGHT SNOW
  FOG
  HAZE


RELATIVE HUMIDITY (PERCENT)
 HIGHEST    85           600 AM
 LOWEST     41          1100 AM
 AVERAGE    63

..........................................................


THE AUGUSTA CLIMATE NORMALS FOR TOMORROW
                         NORMAL    RECORD    YEAR
 MAXIMUM TEMPERATURE (F)   43        66      1979
 MINIMUM TEMPERATURE (F)   26         7      2015


SUNRISE AND SUNSET
MARCH 22 2017.........SUNRISE   638 AM EDT   SUNSET   654 PM EDT
MARCH 23 2017.........SUNRISE   636 AM EDT   SUNSET   656 PM EDT


-  INDICATES NEGATIVE NUMBERS.
R  INDICATES RECORD WAS SET OR TIED.
MM INDICATES DATA IS MISSING.
T  INDICATES TRACE AMOUNT.




$$
