000
CDUS41 KGYX 210802
CLIAUG


CLIMATE REPORT
NATIONAL WEATHER SERVICE GRAY ME
402 AM EDT THU AUG 21 2014


...................................

...THE AUGUSTA CLIMATE SUMMARY FOR AUGUST 20 2014...

CLIMATE NORMAL PERIOD 1981 TO 2010
CLIMATE RECORD PERIOD 1948 TO 2014


WEATHER ITEM   OBSERVED TIME   NORMAL DEPARTURE LAST
                VALUE   (LST)  VALUE  FROM      YEAR
                                      NORMAL
......................................................
TEMPERATURE (F)
 YESTERDAY
  MAXIMUM         79    339 PM  78      1       84
  MINIMUM         53    500 AM  58     -5       64
  AVERAGE         66            68     -2       74

PRECIPITATION (IN)
  YESTERDAY        0.00          0.10  -0.10     0.00
  MONTH TO DATE    4.83          2.19   2.64     4.42
  SINCE JUN 1     16.11          9.17   6.94    14.32
  SINCE JAN 1     30.23         25.06   5.17    25.81

DEGREE DAYS
 HEATING
  YESTERDAY        0             1     -1        0
  MONTH TO DATE   11             9      2        3
  SINCE JUN 1     89           119    -30       87
  SINCE JUL 1     13            25    -12        9

 COOLING
  YESTERDAY        1             4     -3        9
  MONTH TO DATE   49            92    -43       43
  SINCE JUN 1    273           313    -40      330
  SINCE JAN 1    273           322    -49      345
......................................................


WIND (MPH)
  HIGHEST WIND SPEED     8   HIGHEST WIND DIRECTION    NE (40)
  HIGHEST GUST SPEED    13   HIGHEST GUST DIRECTION     S (200)
  AVERAGE WIND SPEED     2.5


SKY COVER
  AVERAGE SKY COVER 0.1


WEATHER CONDITIONS
 THE FOLLOWING WEATHER WAS RECORDED YESTERDAY.
  FOG


RELATIVE HUMIDITY (PERCENT)
 HIGHEST   100           400 AM
 LOWEST     42           100 PM
 AVERAGE    71

..........................................................


THE AUGUSTA CLIMATE NORMALS FOR TODAY
                         NORMAL
 MAXIMUM TEMPERATURE (F)   78
 MINIMUM TEMPERATURE (F)   58


SUNRISE AND SUNSET
AUGUST 21 2014........SUNRISE   549 AM EDT   SUNSET   735 PM EDT
AUGUST 22 2014........SUNRISE   550 AM EDT   SUNSET   733 PM EDT


-  INDICATES NEGATIVE NUMBERS.
R  INDICATES RECORD WAS SET OR TIED.
MM INDICATES DATA IS MISSING.
T  INDICATES TRACE AMOUNT.




$$
