000
CDUS41 KGYX 192042
CLIAUG


CLIMATE REPORT
NATIONAL WEATHER SERVICE GRAY ME
442 PM EDT THU OCT 19 2017


...................................

...THE AUGUSTA CLIMATE SUMMARY FOR OCTOBER 19 2017...
VALID TODAY AS OF 0400 PM LOCAL TIME.

CLIMATE NORMAL PERIOD 1981 TO 2010
CLIMATE RECORD PERIOD 1948 TO 2017


WEATHER ITEM   OBSERVED TIME   RECORD YEAR NORMAL DEPARTURE LAST
                VALUE   (LST)  VALUE       VALUE  FROM      YEAR
                                                  NORMAL
..................................................................
TEMPERATURE (F)
 TODAY
  MAXIMUM         69    101 PM  80    1963  56     13       73
  MINIMUM         42    532 AM  21    1974  39      3       50
  AVERAGE         56                        47      9       62

PRECIPITATION (IN)
  TODAY            0.00          1.24 2007   0.15  -0.15     0.01
  MONTH TO DATE    0.66                      2.62  -1.96     0.82
  SINCE SEP 1      3.64                      6.36  -2.72     1.95
  SINCE JAN 1     28.83                     32.54  -3.71    23.53

DEGREE DAYS
 HEATING
  TODAY            9                        18     -9        3
  MONTH TO DATE  160                       277   -117      211
  SINCE SEP 1    235                       455   -220      315
  SINCE JUL 1    276                       497   -221      340

 COOLING
  TODAY            0                         0      0        0
  MONTH TO DATE    7                         0      7        0
  SINCE SEP 1     86                        30     56       73
  SINCE JAN 1    446                       387     59      530
..................................................................


WIND (MPH)
  HIGHEST WIND SPEED    16   HIGHEST WIND DIRECTION     S (170)
  HIGHEST GUST SPEED    30   HIGHEST GUST DIRECTION     S (200)
  AVERAGE WIND SPEED     6.2


SKY COVER
  AVERAGE SKY COVER 0.0


WEATHER CONDITIONS
 THE FOLLOWING WEATHER WAS RECORDED TODAY.
  FOG


RELATIVE HUMIDITY (PERCENT)
 HIGHEST   100           200 AM
 LOWEST     44           100 PM
 AVERAGE    72

..........................................................


THE AUGUSTA CLIMATE NORMALS FOR TOMORROW
                         NORMAL    RECORD    YEAR
 MAXIMUM TEMPERATURE (F)   56        77      1963
 MINIMUM TEMPERATURE (F)   38        27      2008


SUNRISE AND SUNSET
OCTOBER 19 2017.......SUNRISE   659 AM EDT   SUNSET   548 PM EDT
OCTOBER 20 2017.......SUNRISE   701 AM EDT   SUNSET   546 PM EDT


-  INDICATES NEGATIVE NUMBERS.
R  INDICATES RECORD WAS SET OR TIED.
MM INDICATES DATA IS MISSING.
T  INDICATES TRACE AMOUNT.




$$
