000
CDUS41 KGYX 300807
CLIAUG


CLIMATE REPORT
NATIONAL WEATHER SERVICE GRAY ME
407 AM EDT SAT JUL 30 2016


...................................

...THE AUGUSTA CLIMATE SUMMARY FOR JULY 29 2016...

CLIMATE NORMAL PERIOD 1981 TO 2010
CLIMATE RECORD PERIOD 1948 TO 2016


WEATHER ITEM   OBSERVED TIME   RECORD YEAR NORMAL DEPARTURE LAST
                VALUE   (LST)  VALUE       VALUE  FROM      YEAR
                                                  NORMAL
..................................................................
TEMPERATURE (F)
 YESTERDAY
  MAXIMUM         82    401 PM  95    1949  80      2       84
  MINIMUM         65    452 AM  48    1987  60      5       62
  AVERAGE         74                        70      4       73

PRECIPITATION (IN)
  YESTERDAY        0.00          0.93 1981   0.12  -0.12     0.13
  MONTH TO DATE    1.96                      3.18  -1.22     2.28
  SINCE JUN 1      5.70                      6.74  -1.04     7.74
  SINCE JAN 1     19.27                     22.63  -3.36    17.42

DEGREE DAYS
 HEATING
  YESTERDAY        0                         0      0        0
  MONTH TO DATE   21                        12      9       18
  SINCE JUN 1     99                       106     -7      169
  SINCE JUL 1     21                        12      9       18

 COOLING
  YESTERDAY        9                         5      4        8
  MONTH TO DATE  196                       140     56      108
  SINCE JUN 1    231                       204     27      141
  SINCE JAN 1    246                       213     33      175
..................................................................


WIND (MPH)
  HIGHEST WIND SPEED    10   HIGHEST WIND DIRECTION     N (20)
  HIGHEST GUST SPEED    13   HIGHEST GUST DIRECTION    NE (30)
  AVERAGE WIND SPEED     4.8


SKY COVER
  AVERAGE SKY COVER 0.3


WEATHER CONDITIONS
 THE FOLLOWING WEATHER WAS RECORDED YESTERDAY.
  FOG


RELATIVE HUMIDITY (PERCENT)
 HIGHEST   100           100 AM
 LOWEST     43           400 PM
 AVERAGE    72

..........................................................


THE AUGUSTA CLIMATE NORMALS FOR TODAY
                         NORMAL    RECORD    YEAR
 MAXIMUM TEMPERATURE (F)   80        98      1949
 MINIMUM TEMPERATURE (F)   60        47      1956


SUNRISE AND SUNSET
JULY 30 2016..........SUNRISE   525 AM EDT   SUNSET   806 PM EDT
JULY 31 2016..........SUNRISE   526 AM EDT   SUNSET   804 PM EDT


-  INDICATES NEGATIVE NUMBERS.
R  INDICATES RECORD WAS SET OR TIED.
MM INDICATES DATA IS MISSING.
T  INDICATES TRACE AMOUNT.




$$
