000
CDUS44 KEWX 212225
CLIAUS


CLIMATE REPORT
NATIONAL WEATHER SERVICE AUSTIN/SAN ANTONIO, TX
524 PM CDT TUE OCT 21 2014

...................................

...THE AUSTIN BERGSTROM CLIMATE SUMMARY FOR OCTOBER 21 2014...
VALID TODAY AS OF 0500 PM LOCAL TIME.

CLIMATE NORMAL PERIOD 1981 TO 2010
CLIMATE RECORD PERIOD 1943 TO 2014


WEATHER ITEM   OBSERVED TIME   RECORD YEAR NORMAL DEPARTURE LAST
                VALUE   (LST)  VALUE       VALUE  FROM      YEAR
                                                  NORMAL
..................................................................
TEMPERATURE (F)
 TODAY
  MAXIMUM         82    351 PM  92    1953  81      1       79
  MINIMUM         53    540 AM  36    1976  54     -1       55
  AVERAGE         68                        68      0       67

PRECIPITATION (IN)
  TODAY            0.00          1.23 1984   0.17  -0.17     0.25
  MONTH TO DATE    1.75                      2.59  -0.84     6.30
  SINCE SEP 1      4.97                      5.13  -0.16    11.30
  SINCE JAN 1     20.52                     28.23  -7.71    30.52

SNOWFALL (IN)
  TODAY            0.0
  MONTH TO DATE    0.0
  SINCE SEP 1      0.0
  SINCE JUL 1      0.0
  SNOW DEPTH       0

DEGREE DAYS
 HEATING
  TODAY            0                         2     -2        0
  MONTH TO DATE    0                        23    -23       28
  SINCE SEP 1      1                        25    -24       28
  SINCE JUL 1      1                        25    -24       28

 COOLING
  TODAY            3                         4     -1        2
  MONTH TO DATE  169                       139     30      145
  SINCE SEP 1    611                       527     84      619
  SINCE JAN 1   2771                      2667    104     2958
..................................................................


WIND (MPH)
  HIGHEST WIND SPEED    14   HIGHEST WIND DIRECTION     E (80)
  HIGHEST GUST SPEED    19   HIGHEST GUST DIRECTION    NE (40)
  AVERAGE WIND SPEED     3.9


SKY COVER
  AVERAGE SKY COVER 0.2


WEATHER CONDITIONS
 THE FOLLOWING WEATHER WAS RECORDED TODAY.
  FOG


RELATIVE HUMIDITY (PERCENT)
 HIGHEST   100           300 AM
 LOWEST     31           300 PM
 AVERAGE    66

..........................................................


THE AUSTIN BERGSTROM CLIMATE NORMALS FOR TOMORROW
                         NORMAL    RECORD    YEAR
 MAXIMUM TEMPERATURE (F)   81        92      2003
 MINIMUM TEMPERATURE (F)   54        41      1999


SUNRISE AND SUNSET
OCTOBER 21 2014.......SUNRISE   737 AM CDT   SUNSET   653 PM CDT
OCTOBER 22 2014.......SUNRISE   737 AM CDT   SUNSET   652 PM CDT


-  INDICATES NEGATIVE NUMBERS.
R  INDICATES RECORD WAS SET OR TIED.
MM INDICATES DATA IS MISSING.
T  INDICATES TRACE AMOUNT.


$$
