000
CDUS44 KEWX 242348
CLIAUS


CLIMATE REPORT
NATIONAL WEATHER SERVICE AUSTIN/SAN ANTONIO, TX
547 PM CST WED DEC 24 2014


...................................

...THE AUSTIN BERGSTROM CLIMATE SUMMARY FOR DECEMBER 24 2014...
VALID TODAY AS OF 547 PM LOCAL TIME.

CLIMATE NORMAL PERIOD 1981 TO 2010
CLIMATE RECORD PERIOD 1943 TO 2014


WEATHER ITEM   OBSERVED TIME   RECORD YEAR NORMAL DEPARTURE LAST
                VALUE   (LST)  VALUE       VALUE  FROM      YEAR
                                                  NORMAL
..................................................................
TEMPERATURE (F)
 TODAY
  MAXIMUM         57    359 PM  82    1977  63     -6       58
                                      1964
  MINIMUM         41    759 AM  14    1989  36      5       24
  AVERAGE         49                        49      0       41

PRECIPITATION (IN)
  TODAY            0.00          1.48 1975   0.07  -0.07     0.00
  MONTH TO DATE    1.85                      1.72   0.13     0.86
  SINCE DEC 1      1.85                      1.72   0.13     0.86
  SINCE JAN 1     29.20                     34.62  -5.42    37.04

SNOWFALL (IN)
  TODAY            0.0
  MONTH TO DATE    0.0
  SINCE DEC 1      0.0
  SINCE JUL 1      0.0
  SNOW DEPTH       0

DEGREE DAYS
 HEATING
  TODAY           16                        16      0       24
  MONTH TO DATE  223                       350   -127      405
  SINCE DEC 1    223                       350   -127      405
  SINCE JUL 1    561                       635    -74      730

 COOLING
  TODAY            0                         0      0        0
  MONTH TO DATE    4                         5     -1        5
  SINCE DEC 1      4                         5     -1        5
  SINCE JAN 1   2832                      2746     86     3045
..................................................................


WIND (MPH)
  HIGHEST WIND SPEED    24   HIGHEST WIND DIRECTION    NW (320)
  HIGHEST GUST SPEED    31   HIGHEST GUST DIRECTION    NW (300)
  AVERAGE WIND SPEED    10.9


SKY COVER
  AVERAGE SKY COVER 0.3


WEATHER CONDITIONS
 THE FOLLOWING WEATHER WAS RECORDED TODAY.
  NO SIGNIFICANT WEATHER WAS OBSERVED.


RELATIVE HUMIDITY (PERCENT)
 HIGHEST    65          1200 AM
 LOWEST     38           500 PM
 AVERAGE    52

..........................................................


THE AUSTIN BERGSTROM CLIMATE NORMALS FOR TOMORROW
                         NORMAL    RECORD    YEAR
 MAXIMUM TEMPERATURE (F)   63        91      1955
 MINIMUM TEMPERATURE (F)   36        11      1983


SUNRISE AND SUNSET
DECEMBER 24 2014......SUNRISE   724 AM CST   SUNSET   536 PM CST
DECEMBER 25 2014......SUNRISE   725 AM CST   SUNSET   537 PM CST


-  INDICATES NEGATIVE NUMBERS.
R  INDICATES RECORD WAS SET OR TIED.
MM INDICATES DATA IS MISSING.
T  INDICATES TRACE AMOUNT.




$$
