000
CDUS44 KEWX 240718
CLIAUS


CLIMATE REPORT
NATIONAL WEATHER SERVICE AUSTIN/SAN ANTONIO, TX
212 AM CDT SAT JUN 24 2017


...................................

...THE AUSTIN BERGSTROM CLIMATE SUMMARY FOR JUNE 23 2017...

CLIMATE NORMAL PERIOD 1981 TO 2010
CLIMATE RECORD PERIOD 1943 TO 2017


WEATHER ITEM   OBSERVED TIME   RECORD YEAR NORMAL DEPARTURE LAST
                VALUE   (LST)  VALUE       VALUE  FROM      YEAR
                                                  NORMAL
..................................................................
TEMPERATURE (F)
 YESTERDAY
  MAXIMUM        102    401 PM 103    1953  93      9       94
  MINIMUM         77    509 AM  63    2002  71      6       73
  AVERAGE         90                        82      8       84

PRECIPITATION (IN)
  YESTERDAY        0.00          0.85 1977   0.16  -0.16     0.00
  MONTH TO DATE    1.93                      3.50  -1.57     2.05
  SINCE JUN 1      1.93                      3.50  -1.57     2.05
  SINCE JAN 1     16.71                     17.11  -0.40    30.34

SNOWFALL (IN)
  YESTERDAY        0.0
  MONTH TO DATE    0.0
  SINCE JUN 1      0.0
  SINCE JUL 1      T
  SNOW DEPTH       0

DEGREE DAYS
 HEATING
  YESTERDAY        0                         0      0        0
  MONTH TO DATE    0                         0      0        0
  SINCE JUN 1      0                         0      0        0
  SINCE JUL 1    960                      1903   -943     1380

 COOLING
  YESTERDAY       25                        17      8       19
  MONTH TO DATE  432                       361     71      388
  SINCE JUN 1    432                       361     71      388
  SINCE JAN 1   1217                       868    349      892
..................................................................


WIND (MPH)
  HIGHEST WIND SPEED    18   HIGHEST WIND DIRECTION    SE (150)
  HIGHEST GUST SPEED    24   HIGHEST GUST DIRECTION     S (170)
  AVERAGE WIND SPEED    10.5


SKY COVER
  AVERAGE SKY COVER 0.5


WEATHER CONDITIONS
 THE FOLLOWING WEATHER WAS RECORDED YESTERDAY.
  FOG


RELATIVE HUMIDITY (PERCENT)
 HIGHEST    94           500 AM
 LOWEST     37           300 PM
 AVERAGE    66

..........................................................


THE AUSTIN BERGSTROM CLIMATE NORMALS FOR TODAY
                         NORMAL    RECORD    YEAR
 MAXIMUM TEMPERATURE (F)   93       104      2009
 MINIMUM TEMPERATURE (F)   71        65      2005
                                             2002


SUNRISE AND SUNSET
JUNE 24 2017..........SUNRISE   630 AM CDT   SUNSET   836 PM CDT
JUNE 25 2017..........SUNRISE   631 AM CDT   SUNSET   836 PM CDT


-  INDICATES NEGATIVE NUMBERS.
R  INDICATES RECORD WAS SET OR TIED.
MM INDICATES DATA IS MISSING.
T  INDICATES TRACE AMOUNT.




$$
