000
CDUS44 KEWX 210820
CLIAUS


CLIMATE REPORT
NATIONAL WEATHER SERVICE AUSTIN/SAN ANTONIO, TX
216 AM CST SUN JAN 21 2018


...................................

...THE AUSTIN BERGSTROM CLIMATE SUMMARY FOR JANUARY 20 2018...

CLIMATE NORMAL PERIOD 1981 TO 2010
CLIMATE RECORD PERIOD 1943 TO 2018


WEATHER ITEM   OBSERVED TIME   RECORD YEAR NORMAL DEPARTURE LAST
                VALUE   (LST)  VALUE       VALUE  FROM      YEAR
                                                  NORMAL
..................................................................
TEMPERATURE (F)
 YESTERDAY
  MAXIMUM         64    424 PM  82    1972  62      2       78
                                      1954
  MINIMUM         48   1006 PM  15    2008  36     12       47
  AVERAGE         56                        49      7       63

PRECIPITATION (IN)
  YESTERDAY        T             1.52 1968   0.07  -0.07     0.00
  MONTH TO DATE    0.19                      1.48  -1.29     4.65
  SINCE DEC 1      3.84                      3.69   0.15     7.76
  SINCE JAN 1      0.19                      1.48  -1.29     4.65

SNOWFALL (IN)
  YESTERDAY        0.0
  MONTH TO DATE    T
  SINCE DEC 1      1.3
  SINCE JUL 1      1.3
  SNOW DEPTH       0

DEGREE DAYS
 HEATING
  YESTERDAY        9                        16     -7        2
  MONTH TO DATE  425                       320    105      201
  SINCE DEC 1    879                       782     97      553
  SINCE JUL 1   1086                      1067     19      647

 COOLING
  YESTERDAY        0                         0      0        0
  MONTH TO DATE    0                         0      0       22
  SINCE DEC 1     12                        10      2       64
  SINCE JAN 1      0                         0      0       22
..................................................................


WIND (MPH)
  HIGHEST WIND SPEED    20   HIGHEST WIND DIRECTION     S (180)
  HIGHEST GUST SPEED    25   HIGHEST GUST DIRECTION     S (180)
  AVERAGE WIND SPEED     7.4


SKY COVER
  AVERAGE SKY COVER 0.9


WEATHER CONDITIONS
 THE FOLLOWING WEATHER WAS RECORDED YESTERDAY.
  LIGHT RAIN
  FOG


RELATIVE HUMIDITY (PERCENT)
 HIGHEST   100          1200 AM
 LOWEST     84           200 PM
 AVERAGE    92

..........................................................


THE AUSTIN BERGSTROM CLIMATE NORMALS FOR TODAY
                         NORMAL    RECORD    YEAR
 MAXIMUM TEMPERATURE (F)   62        84      2017
 MINIMUM TEMPERATURE (F)   37        17      1985


SUNRISE AND SUNSET
JANUARY 21 2018.......SUNRISE   726 AM CST   SUNSET   558 PM CST
JANUARY 22 2018.......SUNRISE   726 AM CST   SUNSET   559 PM CST


-  INDICATES NEGATIVE NUMBERS.
R  INDICATES RECORD WAS SET OR TIED.
MM INDICATES DATA IS MISSING.
T  INDICATES TRACE AMOUNT.




$$
