000
CDUS43 KGRB 262155
CLIAUW


CLIMATE REPORT
NATIONAL WEATHER SERVICE GREEN BAY
454 PM CDT WED APR 26 2017


...................................

...THE WAUSAU WI CLIMATE SUMMARY FOR APRIL 26 2017...
VALID TODAY AS OF 0400 PM LOCAL TIME.

CLIMATE NORMAL PERIOD 1981 TO 2010
CLIMATE RECORD PERIOD 1896 TO 2017


WEATHER ITEM   OBSERVED TIME   RECORD YEAR NORMAL DEPARTURE LAST
                VALUE   (LST)  VALUE       VALUE  FROM      YEAR
                                                  NORMAL
..................................................................
TEMPERATURE (F)
 TODAY
  MAXIMUM         60    153 PM  84    1962  60      0       51
                                      1915
  MINIMUM         52    723 AM  23    1958  38     14       37
  AVERAGE         56                        49      7       44

PRECIPITATION (IN)
  TODAY            0.48          1.04 1902   0.10   0.38     0.00
  MONTH TO DATE    5.05                      2.30   2.75     2.31
  SINCE MAR 1      7.23                      4.06   3.17     7.26
  SINCE JAN 1     11.17                      6.00   5.17     8.69

SNOWFALL (IN)
  TODAY            0.0           0.8  1950   0.1             0.0
  MONTH TO DATE    0.4                       3.8             5.8
  SINCE MAR 1      5.4                      13.8            19.0
  SINCE JUL 1     59.2                      59.1            43.4
  SNOW DEPTH       0

DEGREE DAYS
 HEATING
  TODAY            9                        16     -7       21
  MONTH TO DATE  448                       569   -121      541
  SINCE MAR 1   1533                      1654   -121     1349
  SINCE JUL 1   6759                      7790  -1031     6472

 COOLING
  TODAY            0                         0      0        0
  MONTH TO DATE    0                         0      0        2
  SINCE JAN 1      0                         0      0        2
..................................................................


WIND (MPH)
  HIGHEST WIND SPEED    17   HIGHEST WIND DIRECTION     W (260)
  HIGHEST GUST SPEED    21   HIGHEST GUST DIRECTION     W (260)
  AVERAGE WIND SPEED     8.3


SKY COVER
  POSSIBLE SUNSHINE  MM
  AVERAGE SKY COVER 1.0


WEATHER CONDITIONS
 THE FOLLOWING WEATHER WAS RECORDED TODAY.
  HEAVY RAIN
  RAIN
  LIGHT RAIN
  FOG


RELATIVE HUMIDITY (PERCENT)
 HIGHEST   100           400 AM
 LOWEST     93          1200 AM
 AVERAGE    97

..........................................................


THE WAUSAU WI CLIMATE NORMALS FOR TOMORROW
                         NORMAL    RECORD    YEAR
 MAXIMUM TEMPERATURE (F)   61        85      1986
 MINIMUM TEMPERATURE (F)   38        21      1946
                                             1934


SUNRISE AND SUNSET
APRIL 26 2017.........SUNRISE   555 AM CDT   SUNSET   758 PM CDT
APRIL 27 2017.........SUNRISE   554 AM CDT   SUNSET   759 PM CDT


-  INDICATES NEGATIVE NUMBERS.
R  INDICATES RECORD WAS SET OR TIED.
MM INDICATES DATA IS MISSING.
T  INDICATES TRACE AMOUNT.




$$
