000
CDUS43 KGRB 130624
CLIAUW


CLIMATE REPORT
NATIONAL WEATHER SERVICE GREEN BAY
124 AM CDT SUN JUL 13 2014


...................................

...THE WAUSAU WI CLIMATE SUMMARY FOR JULY 12 2014...

CLIMATE NORMAL PERIOD 1981 TO 2010
CLIMATE RECORD PERIOD 1896 TO 2014


WEATHER ITEM   OBSERVED TIME   RECORD YEAR NORMAL DEPARTURE LAST
                VALUE   (LST)  VALUE       VALUE  FROM      YEAR
                                                  NORMAL
..................................................................
TEMPERATURE (F)
 YESTERDAY
  MAXIMUM         77   1224 PM 105    1936  80     -3       82
  MINIMUM         61   1022 PM  43    1940  59      2       57
                                      1904
  AVERAGE         69                        70     -1

PRECIPITATION (IN)
  YESTERDAY        0.12          2.18 1927   0.11   0.01     0.00
  MONTH TO DATE    1.59                      1.43   0.16     2.46
  SINCE JUN 1      7.10                      5.74   1.36     8.27
  SINCE JAN 1     18.54                     15.65   2.89    22.74

SNOWFALL (IN)
  YESTERDAY        0.0           0.0    MM   0.0    0.0      0.0
  MONTH TO DATE    0.0                       0.0    0.0      0.0
  SINCE JUN 1      0.0                       0.0    0.0      0.0
  SINCE JUL 1      0.0                       0.0    0.0      0.0
  SNOW DEPTH       0

DEGREE DAYS
 HEATING
  YESTERDAY        0                         1     -1        0
  MONTH TO DATE   15                        12      3        3
  SINCE JUN 1     37                       101    -64       89
  SINCE JUL 1     15                        12      3        3

 COOLING
  YESTERDAY        4                         5     -1        5
  MONTH TO DATE   31                        60    -29       76
  SINCE JUN 1    141                       145     -4      160
  SINCE JAN 1    166                       164      2      197
..................................................................


WIND (MPH)
  HIGHEST WIND SPEED    14   HIGHEST WIND DIRECTION    SW (230)
  HIGHEST GUST SPEED    19   HIGHEST GUST DIRECTION    SW (240)
  AVERAGE WIND SPEED     4.6


SKY COVER
  POSSIBLE SUNSHINE  MM
  AVERAGE SKY COVER 0.5


WEATHER CONDITIONS
 THE FOLLOWING WEATHER WAS RECORDED YESTERDAY.
  LIGHT RAIN
  FOG


RELATIVE HUMIDITY (PERCENT)
 HIGHEST   100           800 PM
 LOWEST     74          1100 AM
 AVERAGE    87

..........................................................


THE WAUSAU WI CLIMATE NORMALS FOR TODAY
                         NORMAL    RECORD    YEAR
 MAXIMUM TEMPERATURE (F)   80       107      1936
 MINIMUM TEMPERATURE (F)   59        40      1904


SUNRISE AND SUNSET
JULY 13 2014..........SUNRISE   525 AM CDT   SUNSET   843 PM CDT
JULY 14 2014..........SUNRISE   525 AM CDT   SUNSET   843 PM CDT


-  INDICATES NEGATIVE NUMBERS.
R  INDICATES RECORD WAS SET OR TIED.
MM INDICATES DATA IS MISSING.
T  INDICATES TRACE AMOUNT.




$$
