000
CDUS43 KGRB 040657
CLIAUW

CLIMATE REPORT
NATIONAL WEATHER SERVICE GREEN BAY
154 AM CDT FRI SEP 4 2015

...................................

...THE WAUSAU WI CLIMATE SUMMARY FOR SEPTEMBER 3 2015...

CLIMATE NORMAL PERIOD 1981 TO 2010
CLIMATE RECORD PERIOD 1896 TO 2015

WEATHER ITEM   OBSERVED TIME   RECORD YEAR NORMAL DEPARTURE LAST
                VALUE   (LST)  VALUE       VALUE  FROM      YEAR
                                                  NORMAL
..................................................................
TEMPERATURE (F)
 YESTERDAY
  MAXIMUM         79    336 PM  95    1929  74      5       77
  MINIMUM         63   1054 PM  33    1946  53     10       53
  AVERAGE         71                        64      7

PRECIPITATION (IN)
  YESTERDAY        T             1.44 1913   0.13  -0.13     0.56
  MONTH TO DATE    0.66                      0.39   0.27     0.70
  SINCE SEP 1      0.66                      0.39   0.27     0.70
  SINCE JAN 1     22.65                     22.60   0.05    27.35

SNOWFALL (IN)
  YESTERDAY        0.0           0.0    MM   0.0    0.0      0.0
  MONTH TO DATE    0.0                       0.0    0.0      0.0
  SINCE JUL 1      0.0                       0.0    0.0      0.0
  SNOW DEPTH       0

DEGREE DAYS
 HEATING
  YESTERDAY        0                         4     -4        0
  MONTH TO DATE    0                        10    -10        0
  SINCE SEP 1      0                        10    -10        0
  SINCE JUL 1     62                        76    -14       54

COOLING
  YESTERDAY        6                         2      4        0
  MONTH TO DATE   28                         6     22        1
  SINCE SEP 1     28                         6     22        1
  SINCE JAN 1    366                       381    -15      327
..................................................................

WIND (MPH)
  HIGHEST WIND SPEED    13   HIGHEST WIND DIRECTION     E (110)
  HIGHEST GUST SPEED    15   HIGHEST GUST DIRECTION     E (110)
  AVERAGE WIND SPEED     4.2

SKY COVER
  POSSIBLE SUNSHINE  MM
  AVERAGE SKY COVER 0.7

WEATHER CONDITIONS
 THE FOLLOWING WEATHER WAS RECORDED YESTERDAY.
  LIGHT RAIN
  FOG

RELATIVE HUMIDITY (PERCENT)
 HIGHEST   100           500 AM
 LOWEST     62           300 PM
 AVERAGE    81
..........................................................

THE WAUSAU WI CLIMATE NORMALS FOR TODAY
                         NORMAL    RECORD    YEAR
 MAXIMUM TEMPERATURE (F)   74        90      1922
 MINIMUM TEMPERATURE (F)   53        37      1974

SUNRISE AND SUNSET
SEPTEMBER  4 2015.....SUNRISE   624 AM CDT   SUNSET   730 PM CDT
SEPTEMBER  5 2015.....SUNRISE   625 AM CDT   SUNSET   729 PM CDT

-  INDICATES NEGATIVE NUMBERS.
R  INDICATES RECORD WAS SET OR TIED.
MM INDICATES DATA IS MISSING.
T  INDICATES TRACE AMOUNT.

$$
