000
CDUS43 KGRB 270639
CLIAUW


CLIMATE REPORT
NATIONAL WEATHER SERVICE GREEN BAY
138 AM CDT WED AUG 27 2014


...................................

...THE WAUSAU WI CLIMATE SUMMARY FOR AUGUST 26 2014...

CLIMATE NORMAL PERIOD 1981 TO 2010
CLIMATE RECORD PERIOD 1896 TO 2014


WEATHER ITEM   OBSERVED TIME   RECORD YEAR NORMAL DEPARTURE LAST
                VALUE   (LST)  VALUE       VALUE  FROM      YEAR
                                                  NORMAL
..................................................................
TEMPERATURE (F)
 YESTERDAY
  MAXIMUM         72    337 PM  93    1953  76     -4       88
  MINIMUM         59   1159 PM  36    1915  56      3       68
  AVERAGE         66                        66      0

PRECIPITATION (IN)
  YESTERDAY        0.00          1.69 2013   0.13  -0.13     1.69
  MONTH TO DATE    4.97                      3.53   1.44     3.28
  SINCE JUN 1     13.08                     11.67   1.41    12.91
  SINCE JAN 1     24.52                     21.58   2.94    27.38

SNOWFALL (IN)
  YESTERDAY        0.0           0.0    MM   0.0    0.0      0.0
  MONTH TO DATE    0.0                       0.0    0.0      0.0
  SINCE JUN 1      0.0                       0.0    0.0      0.0
  SINCE JUL 1      0.0                       0.0    0.0      0.0
  SNOW DEPTH       0

DEGREE DAYS
 HEATING
  YESTERDAY        0                         2     -2        0
  MONTH TO DATE   11                        31    -20       26
  SINCE JUN 1     72                       143    -71      142
  SINCE JUL 1     50                        54     -4       56

 COOLING
  YESTERDAY        1                         3     -2       13
  MONTH TO DATE   94                       103     -9       93
  SINCE JUN 1    288                       344    -56      362
  SINCE JAN 1    313                       363    -50      399
..................................................................


WIND (MPH)
  HIGHEST WIND SPEED    15   HIGHEST WIND DIRECTION     W (290)
  HIGHEST GUST SPEED    20   HIGHEST GUST DIRECTION     N (350)
  AVERAGE WIND SPEED     7.2


SKY COVER
  POSSIBLE SUNSHINE  MM
  AVERAGE SKY COVER 0.1


WEATHER CONDITIONS
 THE FOLLOWING WEATHER WAS RECORDED YESTERDAY.
  NO SIGNIFICANT WEATHER WAS OBSERVED.


RELATIVE HUMIDITY (PERCENT)
 HIGHEST    87          1100 PM
 LOWEST     49           400 PM
 AVERAGE    68

..........................................................


THE WAUSAU WI CLIMATE NORMALS FOR TODAY
                         NORMAL    RECORD    YEAR
 MAXIMUM TEMPERATURE (F)   76        97      1973
 MINIMUM TEMPERATURE (F)   55        36      1915


SUNRISE AND SUNSET
AUGUST 27 2014........SUNRISE   615 AM CDT   SUNSET   744 PM CDT
AUGUST 28 2014........SUNRISE   616 AM CDT   SUNSET   743 PM CDT


-  INDICATES NEGATIVE NUMBERS.
R  INDICATES RECORD WAS SET OR TIED.
MM INDICATES DATA IS MISSING.
T  INDICATES TRACE AMOUNT.




$$
