000
CDUS43 KGRB 232136
CLIAUW


CLIMATE REPORT
NATIONAL WEATHER SERVICE GREEN BAY
435 PM CDT WED AUG 23 2017


...................................

...THE WAUSAU WI CLIMATE SUMMARY FOR AUGUST 23 2017...
VALID TODAY AS OF 0400 PM LOCAL TIME.

CLIMATE NORMAL PERIOD 1981 TO 2010
CLIMATE RECORD PERIOD 1896 TO 2017


WEATHER ITEM   OBSERVED TIME   RECORD YEAR NORMAL DEPARTURE LAST
                VALUE   (LST)  VALUE       VALUE  FROM      YEAR
                                                  NORMAL
..................................................................
TEMPERATURE (F)
 TODAY
  MAXIMUM         70    259 PM  96    1948  77     -7       80
  MINIMUM         52    550 AM  38    1897  56     -4       59
  AVERAGE         61                        66     -5       70

PRECIPITATION (IN)
  TODAY            0.00          1.81 1978   0.13  -0.13     0.03
  MONTH TO DATE    2.54                      3.13  -0.59     3.36
  SINCE JUN 1     12.45                     11.27   1.18    13.18
  SINCE JAN 1     28.24                     21.18   7.06    24.84

SNOWFALL (IN)
  TODAY            0.0           0.0    MM   0.0             0.0
  MONTH TO DATE    0.0                       0.0             0.0
  SINCE JUN 1      0.0                       0.0             0.0
  SINCE JUL 1      0.0                       0.0             0.0
  SNOW DEPTH       0

DEGREE DAYS
 HEATING
  TODAY            4                         2      2        0
  MONTH TO DATE   23                        25     -2        8
  SINCE JUN 1     80                       137    -57       47
  SINCE JUL 1     26                        48    -22       17

 COOLING
  TODAY            0                         3     -3        5
  MONTH TO DATE   41                        94    -53      138
  SINCE JAN 1    271                       354    -83      460
..................................................................


WIND (MPH)
  HIGHEST WIND SPEED    16   HIGHEST WIND DIRECTION    NW (310)
  HIGHEST GUST SPEED    24   HIGHEST GUST DIRECTION    NW (300)
  AVERAGE WIND SPEED     8.4


SKY COVER
  POSSIBLE SUNSHINE  MM
  AVERAGE SKY COVER 0.3


WEATHER CONDITIONS
 THE FOLLOWING WEATHER WAS RECORDED TODAY.
  NO SIGNIFICANT WEATHER WAS OBSERVED.


RELATIVE HUMIDITY (PERCENT)
 HIGHEST    93           600 AM
 LOWEST     40           300 PM
 AVERAGE    67

..........................................................


THE WAUSAU WI CLIMATE NORMALS FOR TOMORROW
                         NORMAL    RECORD    YEAR
 MAXIMUM TEMPERATURE (F)   77        99      1948
 MINIMUM TEMPERATURE (F)   56        35      1942


SUNRISE AND SUNSET
AUGUST 23 2017........SUNRISE   610 AM CDT   SUNSET   751 PM CDT
AUGUST 24 2017........SUNRISE   611 AM CDT   SUNSET   749 PM CDT


-  INDICATES NEGATIVE NUMBERS.
R  INDICATES RECORD WAS SET OR TIED.
MM INDICATES DATA IS MISSING.
T  INDICATES TRACE AMOUNT.




$$
