000
CDUS43 KGRB 260817
CLIAUW

CLIMATE REPORT
NATIONAL WEATHER SERVICE GREEN BAY
215 AM CST WED NOV 26 2014

...................................

...THE WAUSAU WI CLIMATE SUMMARY FOR NOVEMBER 25 2014...

CLIMATE NORMAL PERIOD 1981 TO 2010
CLIMATE RECORD PERIOD 1896 TO 2014

WEATHER ITEM   OBSERVED TIME   RECORD YEAR NORMAL DEPARTURE LAST
                VALUE   (LST)  VALUE       VALUE  FROM      YEAR
                                                  NORMAL
..................................................................
TEMPERATURE (F)
 YESTERDAY
  MAXIMUM         22   1208 AM  56    1998  35    -13       35
                                      1914
  MINIMUM          9   1042 PM -15    1950  20    -11       23
  AVERAGE         16                        28    -12

PRECIPITATION (IN)
  YESTERDAY        0.06          0.83 1952   0.06   0.00     0.00
  MONTH TO DATE    2.25                      1.71   0.54     2.19
  SINCE SEP 1     12.79                      8.55   4.24     9.25
  SINCE JAN 1     39.44                     30.76   8.68    36.88

SNOWFALL (IN)
  YESTERDAY        0.5           4.0  1897   0.3    0.2      0.0
  MONTH TO DATE   17.1                       5.2   11.9      3.3
  SINCE JUL 1     18.8                       6.6   12.2      3.3
  SNOW DEPTH       5

DEGREE DAYS
 HEATING
  YESTERDAY       49                        38     11       36
  MONTH TO DATE  976                       782    194      802
  SINCE SEP 1   1790                      1600    190     1526
  SINCE JUL 1   1844                      1666    178     1582

COOLING
  YESTERDAY        0                         0      0        0
  MONTH TO DATE    0                         0      0        0
  SINCE SEP 1     12                        32    -20       56
  SINCE JAN 1    338                       407    -69      506
..................................................................

WIND (MPH)
  HIGHEST WIND SPEED    16   HIGHEST WIND DIRECTION    NW (300)
  HIGHEST GUST SPEED    22   HIGHEST GUST DIRECTION    NW (310)
  AVERAGE WIND SPEED     8.8

SKY COVER
  POSSIBLE SUNSHINE  MM
  AVERAGE SKY COVER 0.5

WEATHER CONDITIONS
 THE FOLLOWING WEATHER WAS RECORDED YESTERDAY.
  LIGHT SNOW
  FOG

RELATIVE HUMIDITY (PERCENT)
 HIGHEST    92           700 PM
 LOWEST     67          1000 AM
 AVERAGE    80
..........................................................

THE WAUSAU WI CLIMATE NORMALS FOR TODAY
                         NORMAL    RECORD    YEAR
 MAXIMUM TEMPERATURE (F)   34        59      1914
 MINIMUM TEMPERATURE (F)   20        -8      1977

SUNRISE AND SUNSET
NOVEMBER 26 2014......SUNRISE   710 AM CST   SUNSET   421 PM CST
NOVEMBER 27 2014......SUNRISE   711 AM CST   SUNSET   421 PM CST

-  INDICATES NEGATIVE NUMBERS.
R  INDICATES RECORD WAS SET OR TIED.
MM INDICATES DATA IS MISSING.
T  INDICATES TRACE AMOUNT.

$$
