000
CDUS43 KGRB 252150
CLIAUW


CLIMATE REPORT
NATIONAL WEATHER SERVICE GREEN BAY
449 PM CDT WED MAY 25 2016


...................................

...THE WAUSAU WI CLIMATE SUMMARY FOR MAY 25 2016...
VALID TODAY AS OF 0400 PM LOCAL TIME.

CLIMATE NORMAL PERIOD 1981 TO 2010
CLIMATE RECORD PERIOD 1896 TO 2016


WEATHER ITEM   OBSERVED TIME   RECORD YEAR NORMAL DEPARTURE LAST
                VALUE   (LST)  VALUE       VALUE  FROM      YEAR
                                                  NORMAL
..................................................................
TEMPERATURE (F)
 TODAY
  MAXIMUM         79    150 PM  88    1972  70      9       74
  MINIMUM         55    424 AM  30    1913  47      8       55
                                      1897
  AVERAGE         67                        58      9       65

PRECIPITATION (IN)
  TODAY            0.00          1.92 1939   0.12  -0.12     0.25
  MONTH TO DATE    0.78                      2.73  -1.95     2.95
  SINCE MAR 1      8.12                      7.22   0.90     6.92
  SINCE JAN 1      9.55                      9.16   0.39     7.67

SNOWFALL (IN)
  TODAY            0.0           T    1925   0.0             0.0
  MONTH TO DATE    T                         0.2              T
  SINCE MAR 1     19.0                      14.3             9.7
  SINCE JUL 1     43.4                      59.6            53.7
  SNOW DEPTH       0

DEGREE DAYS
 HEATING
  TODAY            0                         7     -7        0
  MONTH TO DATE  237                       269    -32      213
  SINCE MAR 1   1660                      1985   -325     1814
  SINCE JUL 1   6783                      8121  -1338     8394

 COOLING
  TODAY            2                         1      1        0
  MONTH TO DATE   23                         8     15        8
  SINCE JAN 1     25                        10     15        8
..................................................................


WIND (MPH)
  HIGHEST WIND SPEED    18   HIGHEST WIND DIRECTION    SE (120)
  HIGHEST GUST SPEED    25   HIGHEST GUST DIRECTION    SE (140)
  AVERAGE WIND SPEED     7.3


SKY COVER
  POSSIBLE SUNSHINE  MM
  AVERAGE SKY COVER 0.5


WEATHER CONDITIONS
 THE FOLLOWING WEATHER WAS RECORDED TODAY.
  FOG


RELATIVE HUMIDITY (PERCENT)
 HIGHEST    90           200 AM
 LOWEST     54           200 PM
 AVERAGE    72

..........................................................


THE WAUSAU WI CLIMATE NORMALS FOR TOMORROW
                         NORMAL    RECORD    YEAR
 MAXIMUM TEMPERATURE (F)   70        91      1967
 MINIMUM TEMPERATURE (F)   47        30      1905


SUNRISE AND SUNSET
MAY 25 2016...........SUNRISE   520 AM CDT   SUNSET   832 PM CDT
MAY 26 2016...........SUNRISE   519 AM CDT   SUNSET   833 PM CDT


-  INDICATES NEGATIVE NUMBERS.
R  INDICATES RECORD WAS SET OR TIED.
MM INDICATES DATA IS MISSING.
T  INDICATES TRACE AMOUNT.




$$
