000
CDUS43 KGRB 240627
CLIAUW


CLIMATE REPORT
NATIONAL WEATHER SERVICE GREEN BAY
127 AM CDT TUE OCT 24 2017


...................................

...THE WAUSAU WI CLIMATE SUMMARY FOR OCTOBER 23 2017...

CLIMATE NORMAL PERIOD 1981 TO 2010
CLIMATE RECORD PERIOD 1896 TO 2017


WEATHER ITEM   OBSERVED TIME   RECORD YEAR NORMAL DEPARTURE LAST
                VALUE   (LST)  VALUE       VALUE  FROM      YEAR
                                                  NORMAL
..................................................................
TEMPERATURE (F)
 YESTERDAY
  MAXIMUM         56    103 PM  80    1899  52      4       59
  MINIMUM         35    326 AM  14    1936  34      1       33
  AVERAGE         46                        43      3

PRECIPITATION (IN)
  YESTERDAY        0.13          0.97 1995   0.08   0.05      T
  MONTH TO DATE    3.40                      2.33   1.07     1.64
  SINCE SEP 1      5.35                      6.23  -0.88     6.41
  SINCE JAN 1     34.67                     28.44   6.23    31.76

SNOWFALL (IN)
  YESTERDAY        0.0           2.0  1979   0.0    0.0      0.0
  MONTH TO DATE    0.0                       0.8   -0.8      0.0
  SINCE JUL 1      0.0                       0.8   -0.8      0.0
  SNOW DEPTH       0

DEGREE DAYS
 HEATING
  YESTERDAY       19                        22     -3       19
  MONTH TO DATE  232                       404   -172      284
  SINCE SEP 1    388                       631   -243      381
  SINCE JUL 1    446                       697   -251      403

 COOLING
  YESTERDAY        0                         0      0        0
  MONTH TO DATE    1                         0      1        1
  SINCE SEP 1     67                        30     37       25
  SINCE JAN 1    339                       405    -66      512
..................................................................


WIND (MPH)
  HIGHEST WIND SPEED    20   HIGHEST WIND DIRECTION    NW (330)
  HIGHEST GUST SPEED    28   HIGHEST GUST DIRECTION    NW (330)
  AVERAGE WIND SPEED     7.0


SKY COVER
  POSSIBLE SUNSHINE  MM
  AVERAGE SKY COVER 0.7


WEATHER CONDITIONS
 THE FOLLOWING WEATHER WAS RECORDED YESTERDAY.
  LIGHT RAIN
  FOG
  FOG W/VISIBILITY <= 1/4 MILE


RELATIVE HUMIDITY (PERCENT)
 HIGHEST   100          1200 AM
 LOWEST     59           200 PM
 AVERAGE    80

..........................................................


THE WAUSAU WI CLIMATE NORMALS FOR TODAY
                         NORMAL    RECORD    YEAR
 MAXIMUM TEMPERATURE (F)   52        76      1989
 MINIMUM TEMPERATURE (F)   34        18      1981
                                             1917


SUNRISE AND SUNSET
OCTOBER 24 2017.......SUNRISE   726 AM CDT   SUNSET   558 PM CDT
OCTOBER 25 2017.......SUNRISE   728 AM CDT   SUNSET   557 PM CDT


-  INDICATES NEGATIVE NUMBERS.
R  INDICATES RECORD WAS SET OR TIED.
MM INDICATES DATA IS MISSING.
T  INDICATES TRACE AMOUNT.




$$
