000
CDUS43 KGRB 230644
CLIAUW


CLIMATE REPORT
NATIONAL WEATHER SERVICE GREEN BAY
1243 AM CST TUE JAN 23 2018


...................................

...THE WAUSAU WI CLIMATE SUMMARY FOR JANUARY 22 2018...

CLIMATE NORMAL PERIOD 1981 TO 2010
CLIMATE RECORD PERIOD 1896 TO 2018


WEATHER ITEM   OBSERVED TIME   RECORD YEAR NORMAL DEPARTURE LAST
                VALUE   (LST)  VALUE       VALUE  FROM      YEAR
                                                  NORMAL
..................................................................
TEMPERATURE (F)
 YESTERDAY
  MAXIMUM         35    203 AM  48    1964  23     12       37
  MINIMUM         26   1159 PM -28    1963   6     20       33
  AVERAGE         31                        14     17

PRECIPITATION (IN)
  YESTERDAY        0.50          1.21 1933   0.03   0.47     0.00
  MONTH TO DATE    0.96                      0.74   0.22     1.83
  SINCE DEC 1      2.12                      2.10   0.02     4.49
  SINCE JAN 1      0.96                      0.74   0.22     1.83

SNOWFALL (IN)
  YESTERDAY        4.7           5.0  1929   0.4    4.3      0.0
  MONTH TO DATE    9.0                       9.6   -0.6     11.8
  SINCE JUL 1     26.9                      31.8   -4.9     39.0
  SNOW DEPTH      MM

DEGREE DAYS
 HEATING
  YESTERDAY       34                        51    -17       30
  MONTH TO DATE 1113                      1116     -3     1098
  SINCE DEC 1   2643                      2543    100     2515
  SINCE JUL 1   4328                      4402    -74     3793

 COOLING
  YESTERDAY        0                         0      0        0
  MONTH TO DATE    0                         0      0        0
  SINCE DEC 1      0                         0      0        0
  SINCE JAN 1      0                         0      0        0
..................................................................


WIND (MPH)
  HIGHEST WIND SPEED    20   HIGHEST WIND DIRECTION    NE (60)
  HIGHEST GUST SPEED    29   HIGHEST GUST DIRECTION    NE (60)
  AVERAGE WIND SPEED    10.7


SKY COVER
  POSSIBLE SUNSHINE  MM
  AVERAGE SKY COVER 1.0


WEATHER CONDITIONS
 THE FOLLOWING WEATHER WAS RECORDED YESTERDAY.
  SNOW
  LIGHT SNOW
  FOG
  FOG W/VISIBILITY <= 1/4 MILE


RELATIVE HUMIDITY (PERCENT)
 HIGHEST   100           500 PM
 LOWEST     82          1200 AM
 AVERAGE    91

..........................................................


THE WAUSAU WI CLIMATE NORMALS FOR TODAY
                         NORMAL    RECORD    YEAR
 MAXIMUM TEMPERATURE (F)   23        49      1942
 MINIMUM TEMPERATURE (F)    6       -34      1963


SUNRISE AND SUNSET
JANUARY 23 2018.......SUNRISE   727 AM CST   SUNSET   454 PM CST
JANUARY 24 2018.......SUNRISE   726 AM CST   SUNSET   455 PM CST


-  INDICATES NEGATIVE NUMBERS.
R  INDICATES RECORD WAS SET OR TIED.
MM INDICATES DATA IS MISSING.
T  INDICATES TRACE AMOUNT.




$$
