000
CDUS42 KGSP 010630
CLIAVL

CLIMATE REPORT
NATIONAL WEATHER SERVICE GREENVILLE-SPARTANBURG SC
130 AM EST SUN FEB 1 2015


...................................

...THE ASHEVILLE NC CLIMATE SUMMARY FOR JANUARY 31 2015...

CLIMATE NORMAL PERIOD 1981 TO 2010
CLIMATE RECORD PERIOD 1869 TO 2015


WEATHER ITEM   OBSERVED TIME   RECORD YEAR NORMAL DEPARTURE LAST
                VALUE   (LST)  VALUE       VALUE  FROM      YEAR
                                                  NORMAL
..................................................................
TEMPERATURE (F)
 YESTERDAY
  MAXIMUM         47    510 PM  78    1975  49     -2       54
  MINIMUM         23    757 AM   1    1966  27     -4       14
  AVERAGE         35                        38     -3       34

PRECIPITATION (IN)
  YESTERDAY        0.00          2.03 1957   0.12  -0.12     0.00
  MONTH TO DATE    3.06                      3.67  -0.61     2.33
  SINCE DEC 1      5.46                      7.26  -1.80    10.00
  SINCE JAN 1      3.06                      3.67  -0.61     2.33

SNOWFALL (IN)
  YESTERDAY        0.0           4.5  1908   0.1             0.0
  MONTH TO DATE    T                         4.1             1.3
  SINCE DEC 1      T                         5.0             1.3
  SINCE JUL 1      3.2                       5.1             1.5
  SNOW DEPTH       0

DEGREE DAYS
 HEATING
  YESTERDAY       30                        27      3       31
  MONTH TO DATE  861                       864     -3     1059
  SINCE DEC 1   1500                      1660   -160     1756
  SINCE JUL 1   2415                      2527   -112     2639

 COOLING
  YESTERDAY        0                         0      0        0
  MONTH TO DATE    0                         0      0        0
  SINCE DEC 1      0                         0      0        0
  SINCE JAN 1      0                         0      0        0
..................................................................


WIND (MPH)
  HIGHEST WIND SPEED    20   HIGHEST WIND DIRECTION     N (350)
  HIGHEST GUST SPEED    28   HIGHEST GUST DIRECTION     N (360)
  AVERAGE WIND SPEED     6.3


SKY COVER
  POSSIBLE SUNSHINE  MM
  AVERAGE SKY COVER 0.1


WEATHER CONDITIONS
 THE FOLLOWING WEATHER WAS RECORDED YESTERDAY.
  NO SIGNIFICANT WEATHER WAS OBSERVED.


RELATIVE HUMIDITY (PERCENT)
 HIGHEST    65           800 AM
 LOWEST     12           200 PM
 AVERAGE    39

..........................................................


THE ASHEVILLE NC CLIMATE NORMALS FOR TODAY
                         NORMAL    RECORD    YEAR
 MAXIMUM TEMPERATURE (F)   49        74      1950
 MINIMUM TEMPERATURE (F)   28         4      1909


SUNRISE AND SUNSET
FEBRUARY  1 2015......SUNRISE   730 AM EST   SUNSET   558 PM EST
FEBRUARY  2 2015......SUNRISE   729 AM EST   SUNSET   559 PM EST


-  INDICATES NEGATIVE NUMBERS.
R  INDICATES RECORD WAS SET OR TIED.
MM INDICATES DATA IS MISSING.
T  INDICATES TRACE AMOUNT.

$$
