000
CDUS42 KGSP 120646 CCA
CLIAVL

CLIMATE REPORT...CORRECTED FOR SNOW DEPTH
NATIONAL WEATHER SERVICE GREENVILLE-SPARTANBURG SC
140 AM EST TUE DEC 12 2017


...................................

...THE ASHEVILLE NC CLIMATE SUMMARY FOR DECEMBER 11 2017...

CLIMATE NORMAL PERIOD 1981 TO 2010
CLIMATE RECORD PERIOD 1869 TO 2017


WEATHER ITEM   OBSERVED TIME   RECORD YEAR NORMAL DEPARTURE LAST
                VALUE   (LST)  VALUE       VALUE  FROM      YEAR
                                                  NORMAL
..................................................................
TEMPERATURE (F)
 YESTERDAY
  MAXIMUM         52    310 PM  73    2007  50      2       44
                                      1931
  MINIMUM         22    545 AM   5    1957  30     -8       21
  AVERAGE         37                        40     -3       33

PRECIPITATION (IN)
  YESTERDAY        0.00          2.13 1983   0.13  -0.13     0.00
  MONTH TO DATE    1.52                      1.43   0.09     1.85
  SINCE DEC 1      1.52                      1.43   0.09     1.85
  SINCE JAN 1     53.15                     43.41   9.74    32.94

SNOWFALL (IN)
  YESTERDAY        0.0           5.8  1915   0.1             0.0
  MONTH TO DATE    9.8                       0.2             0.0
  SINCE DEC 1      9.8                       0.2             0.0
  SINCE JUL 1      9.8                       0.3             0.0
  SNOW DEPTH       5

DEGREE DAYS
 HEATING
  YESTERDAY       28                        25      3       32
  MONTH TO DATE  246                       260    -14      271
  SINCE DEC 1    246                       260    -14      271
  SINCE JUL 1    964                      1127   -163      842

 COOLING
  YESTERDAY        0                         0      0        0
  MONTH TO DATE    0                         0      0        0
  SINCE DEC 1      0                         0      0        0
  SINCE JAN 1   1042                       863    179     1317
..................................................................


WIND (MPH)
  HIGHEST WIND SPEED    12   HIGHEST WIND DIRECTION     N (350)
  HIGHEST GUST SPEED    15   HIGHEST GUST DIRECTION     N (350)
  AVERAGE WIND SPEED     3.2


SKY COVER
  POSSIBLE SUNSHINE  MM
  AVERAGE SKY COVER 0.0


WEATHER CONDITIONS
 THE FOLLOWING WEATHER WAS RECORDED YESTERDAY.
  NO SIGNIFICANT WEATHER WAS OBSERVED.


RELATIVE HUMIDITY (PERCENT)
 HIGHEST    89          1000 PM
 LOWEST     36           400 PM
 AVERAGE    63

..........................................................


THE ASHEVILLE NC CLIMATE NORMALS FOR TODAY
                         NORMAL    RECORD    YEAR
 MAXIMUM TEMPERATURE (F)   50        74      1971
 MINIMUM TEMPERATURE (F)   30         0      1962


SUNRISE AND SUNSET
DECEMBER 12 2017......SUNRISE   730 AM EST   SUNSET   518 PM EST
DECEMBER 13 2017......SUNRISE   731 AM EST   SUNSET   518 PM EST


-  INDICATES NEGATIVE NUMBERS.
R  INDICATES RECORD WAS SET OR TIED.
MM INDICATES DATA IS MISSING.
T  INDICATES TRACE AMOUNT.

$$

OUTLAW
