000
CDUS42 KGSP 020646
CLIAVL

CLIMATE REPORT
NATIONAL WEATHER SERVICE GREENVILLE-SPARTANBURG SC
236 AM EDT TUE JUN 2 2015


...................................

...THE ASHEVILLE NC CLIMATE SUMMARY FOR JUNE 1 2015...

CLIMATE NORMAL PERIOD 1981 TO 2010
CLIMATE RECORD PERIOD 1869 TO 2015


WEATHER ITEM   OBSERVED TIME   RECORD YEAR NORMAL DEPARTURE LAST
                VALUE   (LST)  VALUE       VALUE  FROM      YEAR
                                                  NORMAL
..................................................................
TEMPERATURE (F)
 YESTERDAY
  MAXIMUM         81    225 PM  93    1945  78      3       72
                                      1895
  MINIMUM         60    550 AM  37    1984  56      4       58
                                      1889
  AVERAGE         71                        67      4       65

PRECIPITATION (IN)
  YESTERDAY        0.16          3.89 1987   0.14   0.02      T
  MONTH TO DATE    0.16                      0.14   0.02      T
  SINCE JUN 1      0.16                      0.14   0.02      T
  SINCE JAN 1     14.41                     18.39  -3.98    16.51

SNOWFALL (IN)
  YESTERDAY        0.0           0.0    MM   0.0             0.0
  MONTH TO DATE    0.0                       0.0             0.0
  SINCE JUN 1      0.0                       0.0             0.0
  SINCE JUL 1     13.3                       9.9             9.8
  SNOW DEPTH       0

DEGREE DAYS
 HEATING
  YESTERDAY        0                         1     -1        0
  MONTH TO DATE    0                         1     -1        0
  SINCE JUN 1      0                         1     -1        0
  SINCE JUL 1   3983                      4182   -199     4294

 COOLING
  YESTERDAY        6                         4      2        0
  MONTH TO DATE    6                         4      2        0
  SINCE JUN 1      6                         4      2        0
  SINCE JAN 1    128                        62     66       81
..................................................................


WIND (MPH)
  HIGHEST WIND SPEED    21   HIGHEST WIND DIRECTION     S (190)
  HIGHEST GUST SPEED    26   HIGHEST GUST DIRECTION     S (190)
  AVERAGE WIND SPEED     6.0


SKY COVER
  POSSIBLE SUNSHINE  MM
  AVERAGE SKY COVER 0.5


WEATHER CONDITIONS
 THE FOLLOWING WEATHER WAS RECORDED YESTERDAY.
  THUNDERSTORM
  RAIN
  LIGHT RAIN


RELATIVE HUMIDITY (PERCENT)
 HIGHEST    90          1200 AM
 LOWEST     51           200 PM
 AVERAGE    71

..........................................................


THE ASHEVILLE NC CLIMATE NORMALS FOR TODAY
                         NORMAL    RECORD    YEAR
 MAXIMUM TEMPERATURE (F)   79        94      1895
 MINIMUM TEMPERATURE (F)   56        35      1966


SUNRISE AND SUNSET
JUNE  2 2015..........SUNRISE   616 AM EDT   SUNSET   841 PM EDT
JUNE  3 2015..........SUNRISE   616 AM EDT   SUNSET   841 PM EDT


-  INDICATES NEGATIVE NUMBERS.
R  INDICATES RECORD WAS SET OR TIED.
MM INDICATES DATA IS MISSING.
T  INDICATES TRACE AMOUNT.




$$
