000
CDUS42 KGSP 292030
CLIAVL

CLIMATE REPORT
NATIONAL WEATHER SERVICE GREENVILLE-SPARTANBURG SC
430 PM EDT TUE JUL 29 2014


...................................

...THE ASHEVILLE NC CLIMATE SUMMARY FOR JULY 29 2014...
VALID TODAY AS OF 0430 PM LOCAL TIME.

CLIMATE NORMAL PERIOD 1981 TO 2010
CLIMATE RECORD PERIOD 1869 TO 2014


WEATHER ITEM   OBSERVED TIME   RECORD YEAR NORMAL DEPARTURE LAST
                VALUE   (LST)  VALUE       VALUE  FROM      YEAR
                                                  NORMAL
..................................................................
TEMPERATURE (F)
 TODAY
  MAXIMUM         76    231 PM  98    1952  84     -8       81
  MINIMUM         58    544 AM  55    1911  64     -6       62
                                      1895
  AVERAGE         67                        74     -7       72

PRECIPITATION (IN)
  TODAY            0.00          1.80 1876   0.13  -0.13     0.00
  MONTH TO DATE    4.75                      4.03   0.72    13.44
  SINCE JUN 1     10.14                      8.68   1.46    22.41
  SINCE JAN 1     26.65                     26.93  -0.28    51.53

SNOWFALL (IN)
  TODAY            0.0           0.0    MM   0.0    0.0      0.0
  MONTH TO DATE    0.0                       0.0    0.0      0.0
  SINCE JUN 1      0.0                       0.0    0.0      0.0
  SINCE JUL 1      0.0                       0.0    0.0      0.0
  SNOW DEPTH       0

DEGREE DAYS
 HEATING
  TODAY            0                         0      0        0
  MONTH TO DATE    1                         0      1        0
  SINCE JUN 1      1                        14    -13        0
  SINCE JUL 1      1                         0      1        0

 COOLING
  TODAY            2                         9     -7        7
  MONTH TO DATE  207                       257    -50      260
  SINCE JUN 1    433                       434     -1      462
  SINCE JAN 1    514                       492     22      513
..................................................................


WIND (MPH)
  HIGHEST WIND SPEED    14   HIGHEST WIND DIRECTION     N (340)
  HIGHEST GUST SPEED    18   HIGHEST GUST DIRECTION    NW (320)
  AVERAGE WIND SPEED     7.1


SKY COVER
  POSSIBLE SUNSHINE  MM
  AVERAGE SKY COVER 0.2


WEATHER CONDITIONS
 THE FOLLOWING WEATHER WAS RECORDED TODAY.
  NO SIGNIFICANT WEATHER WAS OBSERVED.


RELATIVE HUMIDITY (PERCENT)
 HIGHEST    93           500 AM
 LOWEST     46           200 PM
 AVERAGE    70

..........................................................


THE ASHEVILLE NC CLIMATE NORMALS FOR TOMORROW
                         NORMAL    RECORD    YEAR
 MAXIMUM TEMPERATURE (F)   84        93      1954
 MINIMUM TEMPERATURE (F)   64        54      1897
                                             1895


SUNRISE AND SUNSET
JULY 29 2014..........SUNRISE   636 AM EDT   SUNSET   836 PM EDT
JULY 30 2014..........SUNRISE   637 AM EDT   SUNSET   836 PM EDT


-  INDICATES NEGATIVE NUMBERS.
R  INDICATES RECORD WAS SET OR TIED.
MM INDICATES DATA IS MISSING.
T  INDICATES TRACE AMOUNT.

$$

OUTLAW
