027
CDUS42 KGSP 220633
CLIAVL

CLIMATE REPORT
NATIONAL WEATHER SERVICE GREENVILLE-SPARTANBURG SC
133 AM EST SUN JAN 22 2017


...................................

...THE ASHEVILLE NC CLIMATE SUMMARY FOR JANUARY 21 2017...

CLIMATE NORMAL PERIOD 1981 TO 2010
CLIMATE RECORD PERIOD 1869 TO 2017


WEATHER ITEM   OBSERVED TIME   RECORD YEAR NORMAL DEPARTURE LAST
                VALUE   (LST)  VALUE       VALUE  FROM      YEAR
                                                  NORMAL
..................................................................
TEMPERATURE (F)
 YESTERDAY
  MAXIMUM         54    509 PM  72    1927  48      6       47
  MINIMUM         45    800 AM -16    1985  27     18       30
  AVERAGE         50                        37     13       39

PRECIPITATION (IN)
  YESTERDAY        0.29          1.62 1959   0.12   0.17     0.03
  MONTH TO DATE    1.92                      2.46  -0.54     1.72
  SINCE DEC 1      4.23                      6.05  -1.82    10.48
  SINCE JAN 1      1.92                      2.46  -0.54     1.72

SNOWFALL (IN)
  YESTERDAY        0.0           4.6  1983   0.2             0.0
  MONTH TO DATE    7.0                       2.9             0.3
  SINCE DEC 1      7.0                       3.8             0.3
  SINCE JUL 1      7.0                       3.9             0.3
  SNOW DEPTH       0

DEGREE DAYS
 HEATING
  YESTERDAY       15                        28    -13       26
  MONTH TO DATE  421                       588   -167      635
  SINCE DEC 1   1128                      1382   -254     1056
  SINCE JUL 1   1699                      2249   -550     1731

 COOLING
  YESTERDAY        0                         0      0        0
  MONTH TO DATE    0                         0      0        0
  SINCE DEC 1      0                         0      0        0
  SINCE JAN 1      0                         0      0        0
..................................................................


WIND (MPH)
  HIGHEST WIND SPEED    13   HIGHEST WIND DIRECTION    SE (120)
  HIGHEST GUST SPEED    16   HIGHEST GUST DIRECTION    SE (120)
  AVERAGE WIND SPEED     1.3


SKY COVER
  POSSIBLE SUNSHINE  MM
  AVERAGE SKY COVER 0.8


WEATHER CONDITIONS
 THE FOLLOWING WEATHER WAS RECORDED YESTERDAY.
  HEAVY RAIN
  RAIN
  LIGHT RAIN
  FOG
  FOG W/VISIBILITY <= 1/4 MILE


RELATIVE HUMIDITY (PERCENT)
 HIGHEST    96           300 PM
 LOWEST     83           500 PM
 AVERAGE    90

..........................................................


THE ASHEVILLE NC CLIMATE NORMALS FOR TODAY
                         NORMAL    RECORD    YEAR
 MAXIMUM TEMPERATURE (F)   48        73      1932
 MINIMUM TEMPERATURE (F)   27         0      1970


SUNRISE AND SUNSET
JANUARY 22 2017.......SUNRISE   736 AM EST   SUNSET   548 PM EST
JANUARY 23 2017.......SUNRISE   735 AM EST   SUNSET   549 PM EST


-  INDICATES NEGATIVE NUMBERS.
R  INDICATES RECORD WAS SET OR TIED.
MM INDICATES DATA IS MISSING.
T  INDICATES TRACE AMOUNT.

$$

OUTLAW
