000
CDUS42 KGSP 302040
CLIAVL

CLIMATE REPORT
NATIONAL WEATHER SERVICE GREENVILLE-SPARTANBURG SC
440 PM EDT MON MAY 30 2016


...................................

...THE ASHEVILLE NC CLIMATE SUMMARY FOR MAY 30 2016...
VALID TODAY AS OF 0440 PM LOCAL TIME.

CLIMATE NORMAL PERIOD 1981 TO 2010
CLIMATE RECORD PERIOD 1869 TO 2016


WEATHER ITEM   OBSERVED TIME   RECORD YEAR NORMAL DEPARTURE LAST
                VALUE   (LST)  VALUE       VALUE  FROM      YEAR
                                                  NORMAL
..................................................................
TEMPERATURE (F)
 TODAY
  MAXIMUM         85    325 PM  91    1969  78      7       79
  MINIMUM         56    531 AM  40    1893  55      1       60
  AVERAGE         71                        67      4       70

PRECIPITATION (IN)
  TODAY            0.00          4.18 1889   0.13  -0.13     0.01
  MONTH TO DATE    1.83                      3.53  -1.70     1.35
  SINCE MAR 1      5.89                     10.69  -4.80     8.41
  SINCE JAN 1     14.87                     18.12  -3.25    14.25

SNOWFALL (IN)
  TODAY            0.0           0.0    MM   0.0    0.0      0.0
  MONTH TO DATE    0.0                       0.0    0.0      0.0
  SINCE MAR 1      T                         2.6   -2.6       T
  SINCE JUL 1     13.9                       9.9    4.0     13.3
  SNOW DEPTH       0

DEGREE DAYS
 HEATING
  TODAY            0                         1     -1        0
  MONTH TO DATE   93                       108    -15       43
  SINCE MAR 1    709                       963   -254      674
  SINCE JUL 1   3456                      4180   -724     3983

 COOLING
  TODAY            6                         3      3        5
  MONTH TO DATE   50                        50      0       97
  SINCE MAR 1     66                        58      8      116
  SINCE JAN 1     66                        58      8      116
..................................................................


WIND (MPH)
  HIGHEST WIND SPEED    20   HIGHEST WIND DIRECTION    NW (330)
  HIGHEST GUST SPEED    25   HIGHEST GUST DIRECTION    NW (330)
  AVERAGE WIND SPEED     6.8


SKY COVER
  POSSIBLE SUNSHINE  MM
  AVERAGE SKY COVER 0.1


WEATHER CONDITIONS
 THE FOLLOWING WEATHER WAS RECORDED TODAY.
  NO SIGNIFICANT WEATHER WAS OBSERVED.


RELATIVE HUMIDITY (PERCENT)
 HIGHEST    93           200 AM
 LOWEST     34           300 PM
 AVERAGE    64

..........................................................


THE ASHEVILLE NC CLIMATE NORMALS FOR TOMORROW
                         NORMAL    RECORD    YEAR
 MAXIMUM TEMPERATURE (F)   78        91      1895
 MINIMUM TEMPERATURE (F)   56        34      1984


SUNRISE AND SUNSET
MAY 30 2016...........SUNRISE   617 AM EDT   SUNSET   839 PM EDT
MAY 31 2016...........SUNRISE   617 AM EDT   SUNSET   840 PM EDT


-  INDICATES NEGATIVE NUMBERS.
R  INDICATES RECORD WAS SET OR TIED.
MM INDICATES DATA IS MISSING.
T  INDICATES TRACE AMOUNT.

$$

OUTLAW
