000
CDUS42 KGSP 290640 RRA
CLIAVL

CLIMATE REPORT
NATIONAL WEATHER SERVICE GREENVILLE-SPARTANBURG SC
234 AM EDT WED MAR 29 2017


...................................

...THE ASHEVILLE NC CLIMATE SUMMARY FOR MARCH 28 2017...

CLIMATE NORMAL PERIOD 1981 TO 2010
CLIMATE RECORD PERIOD 1869 TO 2017


WEATHER ITEM   OBSERVED TIME   RECORD YEAR NORMAL DEPARTURE LAST
                VALUE   (LST)  VALUE       VALUE  FROM      YEAR
                                                  NORMAL
..................................................................
TEMPERATURE (F)
 YESTERDAY
  MAXIMUM         73    415 PM  86    1907  62     11       63
  MINIMUM         52    711 AM  11    1887  38     14       48
  AVERAGE         63                        50     13       56

PRECIPITATION (IN)
  YESTERDAY        0.15          1.55 1980   0.12   0.03      T
  MONTH TO DATE    2.41                      3.45  -1.04     1.19
  SINCE MAR 1      2.41                      3.45  -1.04     1.19
  SINCE JAN 1      6.83                     10.88  -4.05    10.17

SNOWFALL (IN)
  YESTERDAY        0.0           0.5  1947   0.1             0.0
  MONTH TO DATE    2.1                       1.8              T
  SINCE MAR 1      2.1                       1.8              T
  SINCE JUL 1      9.4                       9.1            13.9
  SNOW DEPTH       0

DEGREE DAYS
 HEATING
  YESTERDAY        2                        15    -13        9
  MONTH TO DATE  491                       511    -20      329
  SINCE MAR 1    491                       511    -20      329
  SINCE JUL 1   2885                      3728   -843     3076

 COOLING
  YESTERDAY        0                         0      0        0
  MONTH TO DATE    0                         0      0        0
  SINCE MAR 1      0                         0      0        0
  SINCE JAN 1      0                         0      0        0
..................................................................


WIND (MPH)
  HIGHEST WIND SPEED    18   HIGHEST WIND DIRECTION     N (340)
  HIGHEST GUST SPEED    24   HIGHEST GUST DIRECTION     N (350)
  AVERAGE WIND SPEED     7.0


SKY COVER
  POSSIBLE SUNSHINE  MM
  AVERAGE SKY COVER 0.5


WEATHER CONDITIONS
 THE FOLLOWING WEATHER WAS RECORDED YESTERDAY.
  THUNDERSTORM
  HEAVY RAIN
  RAIN
  LIGHT RAIN
  FOG
  FOG W/VISIBILITY <= 1/4 MILE


RELATIVE HUMIDITY (PERCENT)
 HIGHEST   100           700 AM
 LOWEST     41           400 PM
 AVERAGE    71

..........................................................


THE ASHEVILLE NC CLIMATE NORMALS FOR TODAY
                         NORMAL    RECORD    YEAR
 MAXIMUM TEMPERATURE (F)   63        84      1907
 MINIMUM TEMPERATURE (F)   38        19      1982
                                             1887


SUNRISE AND SUNSET
MARCH 29 2017.........SUNRISE   721 AM EDT   SUNSET   750 PM EDT
MARCH 30 2017.........SUNRISE   719 AM EDT   SUNSET   750 PM EDT


-  INDICATES NEGATIVE NUMBERS.
R  INDICATES RECORD WAS SET OR TIED.
MM INDICATES DATA IS MISSING.
T  INDICATES TRACE AMOUNT.




$$
