000
CDUS42 KGSP 170638
CLIAVL

CLIMATE REPORT
NATIONAL WEATHER SERVICE GREENVILLE-SPARTANBURG SC
138 AM EST SAT FEB 17 2018


...................................

...THE ASHEVILLE NC CLIMATE SUMMARY FOR FEBRUARY 16 2018...

CLIMATE NORMAL PERIOD 1981 TO 2010
CLIMATE RECORD PERIOD 1869 TO 2018


WEATHER ITEM   OBSERVED TIME   RECORD YEAR NORMAL DEPARTURE LAST
                VALUE   (LST)  VALUE       VALUE  FROM      YEAR
                                                  NORMAL
..................................................................
TEMPERATURE (F)
 YESTERDAY
  MAXIMUM         77R  1234 PM  72    2001  51     26       52
                                      1976
  MINIMUM         46   1159 PM   2    1905  30     16       30
  AVERAGE         62                        40     22       41

PRECIPITATION (IN)
  YESTERDAY        T             3.36 1990   0.14  -0.14     0.00
  MONTH TO DATE    4.60                      2.15   2.45     0.44
  SINCE DEC 1     11.11                      9.41   1.70     6.47
  SINCE JAN 1      8.64                      5.82   2.82     4.16

SNOWFALL (IN)
  YESTERDAY        0.0           8.3  1969   0.0             0.0
  MONTH TO DATE    T                         1.3             0.0
  SINCE DEC 1     10.8                       6.3             7.3
  SINCE JUL 1     10.8                       6.4             7.3
  SNOW DEPTH       0

DEGREE DAYS
 HEATING
  YESTERDAY        3                        24    -21       24
  MONTH TO DATE  304                       413   -109      304
  SINCE DEC 1   2027                      2073    -46     1646
  SINCE JUL 1   2745                      2940   -195     2217

 COOLING
  YESTERDAY        0                         0      0        0
  MONTH TO DATE    0                         0      0        0
  SINCE DEC 1      0                         0      0        0
  SINCE JAN 1      0                         0      0        0
..................................................................


WIND (MPH)
  HIGHEST WIND SPEED    30   HIGHEST WIND DIRECTION    NW (330)
  HIGHEST GUST SPEED    39   HIGHEST GUST DIRECTION    NW (330)
  AVERAGE WIND SPEED    10.4


SKY COVER
  POSSIBLE SUNSHINE  MM
  AVERAGE SKY COVER 0.6


WEATHER CONDITIONS
 THE FOLLOWING WEATHER WAS RECORDED YESTERDAY.
  LIGHT RAIN


RELATIVE HUMIDITY (PERCENT)
 HIGHEST    93           100 AM
 LOWEST     46           100 PM
 AVERAGE    70

..........................................................


THE ASHEVILLE NC CLIMATE NORMALS FOR TODAY
                         NORMAL    RECORD    YEAR
 MAXIMUM TEMPERATURE (F)   51        76      1927
 MINIMUM TEMPERATURE (F)   30        -3      1958


SUNRISE AND SUNSET
FEBRUARY 17 2018......SUNRISE   714 AM EST   SUNSET   614 PM EST
FEBRUARY 18 2018......SUNRISE   713 AM EST   SUNSET   615 PM EST


-  INDICATES NEGATIVE NUMBERS.
R  INDICATES RECORD WAS SET OR TIED.
MM INDICATES DATA IS MISSING.
T  INDICATES TRACE AMOUNT.

$$

OUTLAW
