000
CDUS42 KGSP 300633
CLIAVL

CLIMATE REPORT
NATIONAL WEATHER SERVICE GREENVILLE-SPARTANBURG SC
232 AM EDT MON MAR 30 2015


...................................

...THE ASHEVILLE NC CLIMATE SUMMARY FOR MARCH 29 2015...

CLIMATE NORMAL PERIOD 1981 TO 2010
CLIMATE RECORD PERIOD 1869 TO 2015


WEATHER ITEM   OBSERVED TIME   RECORD YEAR NORMAL DEPARTURE LAST
                VALUE   (LST)  VALUE       VALUE  FROM      YEAR
                                                  NORMAL
..................................................................
TEMPERATURE (F)
 YESTERDAY
  MAXIMUM         55    356 PM  84    1907  63     -8       63
  MINIMUM         25    647 AM  19    1982  38    -13       38
                                      1887
  AVERAGE         40                        50    -10       51

PRECIPITATION (IN)
  YESTERDAY        0.00          3.66 1991   0.13  -0.13     0.38
  MONTH TO DATE    1.89                      3.58  -1.69     2.30
  SINCE MAR 1      1.89                      3.58  -1.69     2.30
  SINCE JAN 1      7.73                     11.01  -3.28     7.65

SNOWFALL (IN)
  YESTERDAY        0.0           0.5  1941   0.0             0.0
  MONTH TO DATE    T                         1.8             0.4
  SINCE MAR 1      T                         1.8             0.4
  SINCE JUL 1     13.3                       9.1             9.8
  SNOW DEPTH       0

DEGREE DAYS
 HEATING
  YESTERDAY       25                        15     10       14
  MONTH TO DATE  401                       526   -125      597
  SINCE MAR 1    401                       526   -125      597
  SINCE JUL 1   3710                      3743    -33     3916

 COOLING
  YESTERDAY        0                         0      0        0
  MONTH TO DATE    0                         0      0        0
  SINCE MAR 1      0                         0      0        0
  SINCE JAN 1      0                         0      0        0
..................................................................


WIND (MPH)
  HIGHEST WIND SPEED    17   HIGHEST WIND DIRECTION     S (200)
  HIGHEST GUST SPEED    23   HIGHEST GUST DIRECTION     S (200)
  AVERAGE WIND SPEED     8.6


SKY COVER
  POSSIBLE SUNSHINE  MM
  AVERAGE SKY COVER 0.0


WEATHER CONDITIONS
 THE FOLLOWING WEATHER WAS RECORDED YESTERDAY.
  NO SIGNIFICANT WEATHER WAS OBSERVED.


RELATIVE HUMIDITY (PERCENT)
 HIGHEST    50           700 AM
 LOWEST     19           200 PM
 AVERAGE    35

..........................................................


THE ASHEVILLE NC CLIMATE NORMALS FOR TODAY
                         NORMAL    RECORD    YEAR
 MAXIMUM TEMPERATURE (F)   63        83      1985
 MINIMUM TEMPERATURE (F)   39        15      1964


SUNRISE AND SUNSET
MARCH 30 2015.........SUNRISE   720 AM EDT   SUNSET   750 PM EDT
MARCH 31 2015.........SUNRISE   719 AM EDT   SUNSET   751 PM EDT


-  INDICATES NEGATIVE NUMBERS.
R  INDICATES RECORD WAS SET OR TIED.
MM INDICATES DATA IS MISSING.
T  INDICATES TRACE AMOUNT.

$$
