000
CDUS41 KBGM 240523
CLIAVP


CLIMATE REPORT
NATIONAL WEATHER SERVICE BINGHAMTON NY
1222 AM EST TUE JAN 24 2017


...................................

...THE AVOCA PA CLIMATE SUMMARY FOR JANUARY 23 2017...

CLIMATE NORMAL PERIOD 1981 TO 2010
CLIMATE RECORD PERIOD 1901 TO 2017


WEATHER ITEM   OBSERVED TIME   RECORD YEAR NORMAL DEPARTURE LAST
                VALUE   (LST)  VALUE       VALUE  FROM      YEAR
                                                  NORMAL
..................................................................
TEMPERATURE (F)
 YESTERDAY
  MAXIMUM         48   1216 AM  68    1906  33     15       28
  MINIMUM         33    743 PM  -8    1936  18     15       18
  AVERAGE         41                        26     15       23

PRECIPITATION (IN)
  YESTERDAY        0.73          1.02 1915   0.08   0.65     0.19
  MONTH TO DATE    2.85                      1.73   1.12     1.78
  SINCE DEC 1      4.91                      4.41   0.50     4.33
  SINCE JAN 1      2.85                      1.73   1.12     1.78

SNOWFALL (IN)
  YESTERDAY        T             8.5  1966   0.4   -0.4      1.8
  MONTH TO DATE    1.9                      10.7   -8.8      4.1
  SINCE DEC 1      8.8                      18.1   -9.3      4.9
  SINCE JUL 1     14.5                      21.1   -6.6      4.9

DEGREE DAYS
 HEATING
  YESTERDAY       24                        39    -15       42
  MONTH TO DATE  739                       896   -157      871
  SINCE DEC 1   1733                      1961   -228     1499
  SINCE JUL 1   2751                      3274   -523     2407

 COOLING
  YESTERDAY        0                         0      0        0
  MONTH TO DATE    0                         0      0        0
  SINCE DEC 1      0                         0      0        0
  SINCE JAN 1      0                         0      0        0
..................................................................


WIND (MPH)
  HIGHEST WIND SPEED    22   HIGHEST WIND DIRECTION    NE (60)
  HIGHEST GUST SPEED    34   HIGHEST GUST DIRECTION    NE (40)
  AVERAGE WIND SPEED    11.1


SKY COVER
  AVERAGE SKY COVER 1.0



RELATIVE HUMIDITY (PERCENT)
 HIGHEST    92          1000 PM
 LOWEST     70           100 PM
 AVERAGE    81

..........................................................


THE AVOCA PA CLIMATE NORMALS FOR TODAY
                         NORMAL    RECORD    YEAR
 MAXIMUM TEMPERATURE (F)   33        62      1967
 MINIMUM TEMPERATURE (F)   18        -8      2011


SUNRISE AND SUNSET
JANUARY 24 2017.......SUNRISE   721 AM EST   SUNSET   510 PM EST
JANUARY 25 2017.......SUNRISE   720 AM EST   SUNSET   511 PM EST


-  INDICATES NEGATIVE NUMBERS.
R  INDICATES RECORD WAS SET OR TIED.
MM INDICATES DATA IS MISSING.
T  INDICATES TRACE AMOUNT.




$$
