000
CDUS43 KGRR 252128
CLIAZO


CLIMATE REPORT
NATIONAL WEATHER SERVICE GRAND RAPIDS, MI
528 PM EDT WED MAY 25 2016


...................................

...THE KALAMAZOO MI CLIMATE SUMMARY FOR MAY 25 2016...
VALID TODAY AS OF 0500 PM LOCAL TIME.

CLIMATE NORMAL PERIOD 1981 TO 2010
CLIMATE RECORD PERIOD 1998 TO 2016


WEATHER ITEM   OBSERVED TIME   NORMAL DEPARTURE LAST
                VALUE   (LST)  VALUE  FROM      YEAR
                                      NORMAL
......................................................
TEMPERATURE (F)
 TODAY
  MAXIMUM         85    359 PM  73     12       82
  MINIMUM         63    404 AM  51     12       66
  AVERAGE         74            62     12       74

PRECIPITATION (IN)
  TODAY            0.00          0.12  -0.12     0.07
  MONTH TO DATE    2.84          3.16  -0.32     2.69
  SINCE MAR 1      8.93          8.49   0.44     5.05
  SINCE JAN 1     10.49         11.73  -1.24     6.58

DEGREE DAYS
 HEATING
  TODAY            0             5     -5        0
  MONTH TO DATE  229           198     31      131
  SINCE MAR 1   1439          1568   -129     1546
  SINCE JUL 1   5487          6341   -854     6832

 COOLING
  TODAY            9             2      7        9
  MONTH TO DATE   11            24    -13       46
  SINCE MAR 1     13            28    -15       46
  SINCE JAN 1     13            28    -15       46
......................................................


WIND (MPH)
  RESULTANT WIND SPEED   6   RESULTANT WIND DIRECTION   S (170)
  HIGHEST WIND SPEED    17   HIGHEST WIND DIRECTION     S (190)
  HIGHEST GUST SPEED    23   HIGHEST GUST DIRECTION     S (190)
  AVERAGE WIND SPEED     6.6


SKY COVER
  AVERAGE SKY COVER 0.1


WEATHER CONDITIONS
 THE FOLLOWING WEATHER WAS RECORDED TODAY.
  NO SIGNIFICANT WEATHER WAS OBSERVED.


RELATIVE HUMIDITY (PERCENT)
 HIGHEST    68           700 AM
 LOWEST     40           200 PM
 AVERAGE    54

..........................................................


THE KALAMAZOO MI CLIMATE NORMALS FOR TOMORROW
                         NORMAL
 MAXIMUM TEMPERATURE (F)   73
 MINIMUM TEMPERATURE (F)   51


SUNRISE AND SUNSET
MAY 25 2016...........SUNRISE   612 AM EDT   SUNSET   907 PM EDT
MAY 26 2016...........SUNRISE   612 AM EDT   SUNSET   908 PM EDT


-  INDICATES NEGATIVE NUMBERS.
R  INDICATES RECORD WAS SET OR TIED.
MM INDICATES DATA IS MISSING.
T  INDICATES TRACE AMOUNT.




$$
