000
CDUS43 KGRR 220520
CLIAZO


CLIMATE REPORT
NATIONAL WEATHER SERVICE GRAND RAPIDS, MI
119 AM EDT MON SEP 22 2014


...................................

...THE KALAMAZOO MI CLIMATE SUMMARY FOR SEPTEMBER 21 2014...

CLIMATE NORMAL PERIOD 1981 TO 2010
CLIMATE RECORD PERIOD 1998 TO 2014


WEATHER ITEM   OBSERVED TIME   NORMAL DEPARTURE LAST
                VALUE   (LST)  VALUE  FROM      YEAR
                                      NORMAL
......................................................
TEMPERATURE (F)
 YESTERDAY
  MAXIMUM         69    300 AM  71     -2       68
  MINIMUM         45   1153 PM  50     -5       54
  AVERAGE         57            60     -3       61

PRECIPITATION (IN)
  YESTERDAY        0.36          0.14   0.22     0.01
  MONTH TO DATE    2.57          2.78  -0.21     1.56
  SINCE SEP 1      2.57          2.78  -0.21     1.56
  SINCE JAN 1     19.36         26.37  -7.01    30.65

DEGREE DAYS
 HEATING
  YESTERDAY        8             6      2        4
  MONTH TO DATE  104            61     43       58
  SINCE SEP 1    104            61     43       58
  SINCE JUL 1    136            77     59       95

 COOLING
  YESTERDAY        0             1     -1        0
  MONTH TO DATE   58            49      9       81
  SINCE SEP 1     58            49      9       81
  SINCE JAN 1    609           660    -51      709
......................................................


WIND (MPH)
  RESULTANT WIND SPEED  11   RESULTANT WIND DIRECTION  NW (310)
  HIGHEST WIND SPEED    30   HIGHEST WIND DIRECTION     W (290)
  HIGHEST GUST SPEED    39   HIGHEST GUST DIRECTION    NW (300)
  AVERAGE WIND SPEED    15.0


SKY COVER
  AVERAGE SKY COVER 0.8


WEATHER CONDITIONS
 THE FOLLOWING WEATHER WAS RECORDED YESTERDAY.
  HEAVY RAIN
  LIGHT RAIN
  FOG
  HAZE


RELATIVE HUMIDITY (PERCENT)
 HIGHEST    93          1200 AM
 LOWEST     67           400 PM
 AVERAGE    80

..........................................................


THE KALAMAZOO MI CLIMATE NORMALS FOR TODAY
                         NORMAL
 MAXIMUM TEMPERATURE (F)   70
 MINIMUM TEMPERATURE (F)   49


SUNRISE AND SUNSET
SEPTEMBER 22 2014.....SUNRISE   730 AM EDT   SUNSET   739 PM EDT
SEPTEMBER 23 2014.....SUNRISE   731 AM EDT   SUNSET   738 PM EDT


-  INDICATES NEGATIVE NUMBERS.
R  INDICATES RECORD WAS SET OR TIED.
MM INDICATES DATA IS MISSING.
T  INDICATES TRACE AMOUNT.




$$
