000
CDUS43 KGRR 222125
CLIAZO


CLIMATE REPORT
NATIONAL WEATHER SERVICE GRAND RAPIDS, MI
525 PM EDT FRI MAY 22 2015


...................................

...THE KALAMAZOO MI CLIMATE SUMMARY FOR MAY 22 2015...
VALID TODAY AS OF 0500 PM LOCAL TIME.

CLIMATE NORMAL PERIOD 1981 TO 2010
CLIMATE RECORD PERIOD 1998 TO 2015


WEATHER ITEM   OBSERVED TIME   NORMAL DEPARTURE LAST
                VALUE   (LST)  VALUE  FROM      YEAR
                                      NORMAL
......................................................
TEMPERATURE (F)
 TODAY
  MAXIMUM         70    308 PM  72     -2       70
  MINIMUM         49    604 AM  50     -1       51
  AVERAGE         60            61     -1       61

PRECIPITATION (IN)
  TODAY            0.01          0.13  -0.12     0.00
  MONTH TO DATE    2.62          2.80  -0.18     1.94
  SINCE MAR 1      4.98          8.13  -3.15     5.21
  SINCE JAN 1      6.51         11.37  -4.86     7.74

DEGREE DAYS
 HEATING
  TODAY            5             6     -1        4
  MONTH TO DATE  124           182    -58      209
  SINCE MAR 1   1539          1552    -13     1869
  SINCE JUL 1   6825          6325    500     7037

 COOLING
  TODAY            0             2     -2        0
  MONTH TO DATE   37            18     19       23
  SINCE MAR 1     37            22     15       23
  SINCE JAN 1     37            22     15       23
......................................................


WIND (MPH)
  RESULTANT WIND SPEED   3   RESULTANT WIND DIRECTION   N (350)
  HIGHEST WIND SPEED    18   HIGHEST WIND DIRECTION     W (270)
  HIGHEST GUST SPEED    27   HIGHEST GUST DIRECTION    NW (310)
  AVERAGE WIND SPEED     6.3


SKY COVER
  AVERAGE SKY COVER 0.3


WEATHER CONDITIONS
 THE FOLLOWING WEATHER WAS RECORDED TODAY.
  LIGHT RAIN


RELATIVE HUMIDITY (PERCENT)
 HIGHEST    63           400 AM
 LOWEST     24           900 AM
 AVERAGE    44

..........................................................


THE KALAMAZOO MI CLIMATE NORMALS FOR TOMORROW
                         NORMAL
 MAXIMUM TEMPERATURE (F)   72
 MINIMUM TEMPERATURE (F)   50


SUNRISE AND SUNSET
MAY 22 2015...........SUNRISE   615 AM EDT   SUNSET   903 PM EDT
MAY 23 2015...........SUNRISE   614 AM EDT   SUNSET   904 PM EDT


-  INDICATES NEGATIVE NUMBERS.
R  INDICATES RECORD WAS SET OR TIED.
MM INDICATES DATA IS MISSING.
T  INDICATES TRACE AMOUNT.




$$
