000
CDUS43 KGRR 232133
CLIAZO


CLIMATE REPORT
NATIONAL WEATHER SERVICE GRAND RAPIDS, MI
527 PM EDT SAT SEP 23 2017


...................................

...THE KALAMAZOO MI CLIMATE SUMMARY FOR SEPTEMBER 23 2017...
VALID TODAY AS OF 0500 PM LOCAL TIME.

CLIMATE NORMAL PERIOD 1981 TO 2010
CLIMATE RECORD PERIOD 1998 TO 2017


WEATHER ITEM   OBSERVED TIME   NORMAL DEPARTURE LAST
                VALUE   (LST)  VALUE  FROM      YEAR
                                      NORMAL
......................................................
TEMPERATURE (F)
 TODAY
  MAXIMUM         95    315 PM  70     25       73
  MINIMUM         64    451 AM  49     15       61
  AVERAGE         80            59     21       67

PRECIPITATION (IN)
  TODAY            0.00          0.12  -0.12     0.37
  MONTH TO DATE    1.78          3.03  -1.25     1.87
  SINCE SEP 1      1.78          3.03  -1.25     1.87
  SINCE JAN 1     22.81         26.62  -3.81    29.58

DEGREE DAYS
 HEATING
  TODAY            0             6     -6        0
  MONTH TO DATE   59            73    -14        6
  SINCE SEP 1     59            73    -14        6
  SINCE JUL 1     77            89    -12        7

 COOLING
  TODAY           15             1     14        2
  MONTH TO DATE   98            51     47       99
  SINCE SEP 1     98            51     47       99
  SINCE JAN 1    714           662     52      893
......................................................


WIND (MPH)
  RESULTANT WIND SPEED   2   RESULTANT WIND DIRECTION  SE (140)
  HIGHEST WIND SPEED     9   HIGHEST WIND DIRECTION    SE (140)
  HIGHEST GUST SPEED    14   HIGHEST GUST DIRECTION    SE (130)
  AVERAGE WIND SPEED     2.5


SKY COVER
  AVERAGE SKY COVER 0.0


WEATHER CONDITIONS
 THE FOLLOWING WEATHER WAS RECORDED TODAY.
  FOG
  HAZE


RELATIVE HUMIDITY (PERCENT)
 HIGHEST    87           200 AM
 LOWEST     22           400 PM
 AVERAGE    55

..........................................................


THE KALAMAZOO MI CLIMATE NORMALS FOR TOMORROW
                         NORMAL
 MAXIMUM TEMPERATURE (F)   69
 MINIMUM TEMPERATURE (F)   49


SUNRISE AND SUNSET
SEPTEMBER 23 2017.....SUNRISE   731 AM EDT   SUNSET   737 PM EDT
SEPTEMBER 24 2017.....SUNRISE   732 AM EDT   SUNSET   735 PM EDT


-  INDICATES NEGATIVE NUMBERS.
R  INDICATES RECORD WAS SET OR TIED.
MM INDICATES DATA IS MISSING.
T  INDICATES TRACE AMOUNT.




$$

JAM
