000
CDUS43 KGRR 160515
CLIAZO


CLIMATE REPORT
NATIONAL WEATHER SERVICE GRAND RAPIDS, MI
115 AM EDT WED APR 16 2014


...................................

...THE KALAMAZOO MI CLIMATE SUMMARY FOR APRIL 15 2014...

CLIMATE NORMAL PERIOD 1981 TO 2010
CLIMATE RECORD PERIOD 9999 TO 9999


WEATHER ITEM   OBSERVED TIME   NORMAL DEPARTURE LAST
                VALUE   (LST)  VALUE  FROM      YEAR
                                      NORMAL
......................................................
TEMPERATURE (F)
 YESTERDAY
  MAXIMUM         35    304 PM  60    -25       66
  MINIMUM         23    644 AM  38    -15       45
  AVERAGE         29            49    -20       56

PRECIPITATION (IN)
  YESTERDAY        T             0.10  -0.10     0.45
  MONTH TO DATE    1.28          1.45  -0.17     2.60
  SINCE MAR 1      2.53          3.70  -1.17     3.28
  SINCE JAN 1      5.06          6.94  -1.88     7.94

DEGREE DAYS
 HEATING
  YESTERDAY       36            16     20        9
  MONTH TO DATE  298           285     13      329
  SINCE MAR 1   1457          1169    288     1349
  SINCE JUL 1   6625          5942    683     5899

 COOLING
  YESTERDAY        0             0      0        0
  MONTH TO DATE    0             0      0        0
  SINCE MAR 1      0             0      0        0
  SINCE JAN 1      0             0      0        0
......................................................


WIND (MPH)
  RESULTANT WIND SPEED  14   RESULTANT WIND DIRECTION  NW (330)
  HIGHEST WIND SPEED    28   HIGHEST WIND DIRECTION     N (340)
  HIGHEST GUST SPEED    35   HIGHEST GUST DIRECTION    NW (320)
  AVERAGE WIND SPEED    14.2


SKY COVER
  AVERAGE SKY COVER 0.5


WEATHER CONDITIONS
 THE FOLLOWING WEATHER WAS RECORDED YESTERDAY.
  LIGHT SNOW
  FOG
  HAZE


RELATIVE HUMIDITY (PERCENT)
 HIGHEST    84           100 AM
 LOWEST     28           500 PM
 AVERAGE    56

..........................................................


THE KALAMAZOO MI CLIMATE NORMALS FOR TODAY
                         NORMAL
 MAXIMUM TEMPERATURE (F)   60
 MINIMUM TEMPERATURE (F)   39


SUNRISE AND SUNSET
APRIL 16 2014.........SUNRISE   700 AM EDT   SUNSET   825 PM EDT
APRIL 17 2014.........SUNRISE   658 AM EDT   SUNSET   826 PM EDT


-  INDICATES NEGATIVE NUMBERS.
R  INDICATES RECORD WAS SET OR TIED.
MM INDICATES DATA IS MISSING.
T  INDICATES TRACE AMOUNT.




$$
