000
CDUS43 KGRR 080556
CLIAZO


CLIMATE REPORT
NATIONAL WEATHER SERVICE GRAND RAPIDS, MI
1256 AM EST THU DEC 8 2016


...................................

...THE KALAMAZOO MI CLIMATE SUMMARY FOR DECEMBER 7 2016...

CLIMATE NORMAL PERIOD 1981 TO 2010
CLIMATE RECORD PERIOD 1998 TO 2016


WEATHER ITEM   OBSERVED TIME   NORMAL DEPARTURE LAST
                VALUE   (LST)  VALUE  FROM      YEAR
                                      NORMAL
......................................................
TEMPERATURE (F)
 YESTERDAY
  MAXIMUM         36    132 PM  37     -1       38
  MINIMUM         29   1159 PM  25      4       25
  AVERAGE         33            31      2       32

PRECIPITATION (IN)
  YESTERDAY        0.00          0.08  -0.08     0.00
  MONTH TO DATE    0.56          0.57  -0.01     0.10
  SINCE DEC 1      0.56          0.57  -0.01     0.10
  SINCE JAN 1     37.04         34.33   2.71    29.00

DEGREE DAYS
 HEATING
  YESTERDAY       32            34     -2       33
  MONTH TO DATE  207           227    -20      196
  SINCE DEC 1    207           227    -20      196
  SINCE JUL 1   1107          1554   -447     1261

 COOLING
  YESTERDAY        0             0      0        0
  MONTH TO DATE    0             0      0        0
  SINCE DEC 1      0             0      0        0
  SINCE JAN 1    912           675    237      657
......................................................


WIND (MPH)
  RESULTANT WIND SPEED  13   RESULTANT WIND DIRECTION   W (250)
  HIGHEST WIND SPEED    23   HIGHEST WIND DIRECTION     W (260)
  HIGHEST GUST SPEED    30   HIGHEST GUST DIRECTION     W (270)
  AVERAGE WIND SPEED    13.6


SKY COVER
  AVERAGE SKY COVER 0.8


WEATHER CONDITIONS
 THE FOLLOWING WEATHER WAS RECORDED YESTERDAY.
  NO SIGNIFICANT WEATHER WAS OBSERVED.


RELATIVE HUMIDITY (PERCENT)
 HIGHEST    69           400 AM
 LOWEST     56           200 PM
 AVERAGE    63

..........................................................


THE KALAMAZOO MI CLIMATE NORMALS FOR TODAY
                         NORMAL
 MAXIMUM TEMPERATURE (F)   37
 MINIMUM TEMPERATURE (F)   25


SUNRISE AND SUNSET
DECEMBER  8 2016......SUNRISE   759 AM EST   SUNSET   510 PM EST
DECEMBER  9 2016......SUNRISE   800 AM EST   SUNSET   510 PM EST


-  INDICATES NEGATIVE NUMBERS.
R  INDICATES RECORD WAS SET OR TIED.
MM INDICATES DATA IS MISSING.
T  INDICATES TRACE AMOUNT.




$$
