402
CDUS43 KGRR 282127
CLIAZO


CLIMATE REPORT
NATIONAL WEATHER SERVICE GRAND RAPIDS, MI
525 PM EDT SUN MAY 28 2017


...................................

...THE KALAMAZOO MI CLIMATE SUMMARY FOR MAY 28 2017...
VALID TODAY AS OF 0500 PM LOCAL TIME.

CLIMATE NORMAL PERIOD 1981 TO 2010
CLIMATE RECORD PERIOD 1998 TO 2017


WEATHER ITEM   OBSERVED TIME   NORMAL DEPARTURE LAST
                VALUE   (LST)  VALUE  FROM      YEAR
                                      NORMAL
......................................................
TEMPERATURE (F)
 TODAY
  MAXIMUM         78    338 PM  74      4       85
  MINIMUM         55    507 AM  52      3       70
  AVERAGE         67            63      4       78

PRECIPITATION (IN)
  TODAY            0.00          0.11  -0.11     0.05
  MONTH TO DATE    3.64          3.50   0.14     3.33
  SINCE MAR 1     10.43          8.83   1.60     9.42
  SINCE JAN 1     15.15         12.07   3.08    10.98

DEGREE DAYS
 HEATING
  TODAY            0             5     -5        0
  MONTH TO DATE  227           213     14      229
  SINCE MAR 1   1465          1583   -118     1439
  SINCE JUL 1   5361          6356   -995     5487

 COOLING
  TODAY            2             2      0       13
  MONTH TO DATE   27            30     -3       43
  SINCE MAR 1     38            34      4       45
  SINCE JAN 1     38            34      4       45
......................................................


WIND (MPH)
  RESULTANT WIND SPEED   1   RESULTANT WIND DIRECTION   S (200)
  HIGHEST WIND SPEED    14   HIGHEST WIND DIRECTION    NW (310)
  HIGHEST GUST SPEED    18   HIGHEST GUST DIRECTION    NW (310)
  AVERAGE WIND SPEED     3.1


SKY COVER
  AVERAGE SKY COVER 0.4


WEATHER CONDITIONS
 THE FOLLOWING WEATHER WAS RECORDED TODAY.
  FOG


RELATIVE HUMIDITY (PERCENT)
 HIGHEST    93           500 AM
 LOWEST     50           200 PM
 AVERAGE    72

..........................................................


THE KALAMAZOO MI CLIMATE NORMALS FOR TOMORROW
                         NORMAL
 MAXIMUM TEMPERATURE (F)   74
 MINIMUM TEMPERATURE (F)   52


SUNRISE AND SUNSET
MAY 28 2017...........SUNRISE   610 AM EDT   SUNSET   909 PM EDT
MAY 29 2017...........SUNRISE   610 AM EDT   SUNSET   910 PM EDT


-  INDICATES NEGATIVE NUMBERS.
R  INDICATES RECORD WAS SET OR TIED.
MM INDICATES DATA IS MISSING.
T  INDICATES TRACE AMOUNT.




$$

63
