000
CDUS43 KGRR 252134
CLIAZO


CLIMATE REPORT
NATIONAL WEATHER SERVICE GRAND RAPIDS, MI
534 PM EDT MON JUL 25 2016


...................................

...THE KALAMAZOO MI CLIMATE SUMMARY FOR JULY 25 2016...
VALID TODAY AS OF 0500 PM LOCAL TIME.

CLIMATE NORMAL PERIOD 1981 TO 2010
CLIMATE RECORD PERIOD 1998 TO 2016


WEATHER ITEM   OBSERVED TIME   NORMAL DEPARTURE LAST
                VALUE   (LST)  VALUE  FROM      YEAR
                                      NORMAL
......................................................
TEMPERATURE (F)
 TODAY
  MAXIMUM         86    200 PM  83      3       86
  MINIMUM         73    215 AM  62     11       66
  AVERAGE         80            73      7       76

PRECIPITATION (IN)
  TODAY            0.03          0.12  -0.09     0.00
  MONTH TO DATE    4.79          2.97   1.82     4.11
  SINCE JUN 1      6.69          6.55   0.14     7.86
  SINCE JAN 1     17.67         18.99  -1.32    17.57

DEGREE DAYS
 HEATING
  TODAY            0             0      0        0
  MONTH TO DATE    1             0      1        9
  SINCE JUN 1     29            48    -19       30
  SINCE JUL 1      1             0      1        9

 COOLING
  TODAY           15             8      7       11
  MONTH TO DATE  232           197     35      127
  SINCE JUN 1    401           342     59      207
  SINCE JAN 1    468           383     85      274
......................................................


WIND (MPH)
  RESULTANT WIND SPEED   8   RESULTANT WIND DIRECTION   W (280)
  HIGHEST WIND SPEED    15   HIGHEST WIND DIRECTION     W (270)
  HIGHEST GUST SPEED    20   HIGHEST GUST DIRECTION    SW (210)
  AVERAGE WIND SPEED     9.0


SKY COVER
  AVERAGE SKY COVER 0.4


WEATHER CONDITIONS
 THE FOLLOWING WEATHER WAS RECORDED TODAY.
  THUNDERSTORM
  LIGHT RAIN


RELATIVE HUMIDITY (PERCENT)
 HIGHEST    84           200 AM
 LOWEST     48           100 PM
 AVERAGE    66

..........................................................


THE KALAMAZOO MI CLIMATE NORMALS FOR TOMORROW
                         NORMAL
 MAXIMUM TEMPERATURE (F)   83
 MINIMUM TEMPERATURE (F)   62


SUNRISE AND SUNSET
JULY 25 2016..........SUNRISE   629 AM EDT   SUNSET   908 PM EDT
JULY 26 2016..........SUNRISE   630 AM EDT   SUNSET   907 PM EDT


-  INDICATES NEGATIVE NUMBERS.
R  INDICATES RECORD WAS SET OR TIED.
MM INDICATES DATA IS MISSING.
T  INDICATES TRACE AMOUNT.




$$

jam
