000
CDUS43 KGRR 300523
CLIAZO


CLIMATE REPORT
NATIONAL WEATHER SERVICE GRAND RAPIDS, MI
120 AM EDT SAT APR 30 2016


...................................

...THE KALAMAZOO MI CLIMATE SUMMARY FOR APRIL 29 2016...

CLIMATE NORMAL PERIOD 1981 TO 2010
CLIMATE RECORD PERIOD 1998 TO 2016


WEATHER ITEM   OBSERVED TIME   NORMAL DEPARTURE LAST
                VALUE   (LST)  VALUE  FROM      YEAR
                                      NORMAL
......................................................
TEMPERATURE (F)
 YESTERDAY
  MAXIMUM         54    423 PM  65    -11       65
  MINIMUM         44    920 AM  43      1       36
  AVERAGE         49            54     -5       51

PRECIPITATION (IN)
  YESTERDAY        0.05          0.14  -0.09      T
  MONTH TO DATE    2.71          2.93  -0.22     2.03
  SINCE MAR 1      5.67          5.18   0.49     2.36
  SINCE JAN 1      7.23          8.42  -1.19     3.89

DEGREE DAYS
 HEATING
  YESTERDAY       16            11      5       14
  MONTH TO DATE  493           474     19      429
  SINCE MAR 1   1195          1358   -163     1398
  SINCE JUL 1   5243          6131   -888     6684

 COOLING
  YESTERDAY        0             0      0        0
  MONTH TO DATE    2             0      2        0
  SINCE MAR 1      2             0      2        0
  SINCE JAN 1      2             0      2        0
......................................................


WIND (MPH)
  RESULTANT WIND SPEED   3   RESULTANT WIND DIRECTION  NE (50)
  HIGHEST WIND SPEED    10   HIGHEST WIND DIRECTION    NE (30)
  HIGHEST GUST SPEED    15   HIGHEST GUST DIRECTION    NE (50)
  AVERAGE WIND SPEED     3.1


SKY COVER
  AVERAGE SKY COVER 1.0


WEATHER CONDITIONS
 THE FOLLOWING WEATHER WAS RECORDED YESTERDAY.
  LIGHT RAIN
  HAZE


RELATIVE HUMIDITY (PERCENT)
 HIGHEST    83           900 AM
 LOWEST     59           300 PM
 AVERAGE    71

..........................................................


THE KALAMAZOO MI CLIMATE NORMALS FOR TODAY
                         NORMAL
 MAXIMUM TEMPERATURE (F)   65
 MINIMUM TEMPERATURE (F)   43


SUNRISE AND SUNSET
APRIL 30 2016.........SUNRISE   638 AM EDT   SUNSET   841 PM EDT
MAY  1 2016...........SUNRISE   637 AM EDT   SUNSET   842 PM EDT


-  INDICATES NEGATIVE NUMBERS.
R  INDICATES RECORD WAS SET OR TIED.
MM INDICATES DATA IS MISSING.
T  INDICATES TRACE AMOUNT.




$$
