000
CDUS43 KGRR 012228
CLIAZO


CLIMATE REPORT
NATIONAL WEATHER SERVICE GRAND RAPIDS, MI
526 PM EST SUN FEB 1 2015


...................................

...THE KALAMAZOO MI CLIMATE SUMMARY FOR FEBRUARY 1 2015...
VALID TODAY AS OF 0500 PM LOCAL TIME.

CLIMATE NORMAL PERIOD 1981 TO 2010
CLIMATE RECORD PERIOD 1998 TO 2015


WEATHER ITEM   OBSERVED TIME   RECORD YEAR NORMAL DEPARTURE LAST
                VALUE   (LST)  VALUE       VALUE  FROM      YEAR
                                                  NORMAL
..................................................................
TEMPERATURE (F)
 TODAY
  MAXIMUM         30    301 AM  MM      MM  31     -1       30
  MINIMUM         18    459 PM  MM      MM  18      0       23
  AVERAGE         24                        25     -1       27

PRECIPITATION (IN)
  TODAY            0.43         MM      MM   0.04   0.39     0.31
  MONTH TO DATE    0.43                      0.04   0.39     0.31
  SINCE DEC 1      2.45                      3.81  -1.36     2.89
  SINCE JAN 1      1.39                      1.83  -0.44     1.43

DEGREE DAYS
 HEATING
  TODAY           41                        40      1       38
  MONTH TO DATE   41                        40      1       38
  SINCE DEC 1   2361                      2421    -60     2511
  SINCE JUL 1   3891                      3748    143     3868

 COOLING
  TODAY            0                         0      0        0
  MONTH TO DATE    0                         0      0        0
  SINCE DEC 1      0                         0      0        0
  SINCE JAN 1      0                         0      0        0
..................................................................


WIND (MPH)
  RESULTANT WIND SPEED   8   RESULTANT WIND DIRECTION  NE (60)
  HIGHEST WIND SPEED    20   HIGHEST WIND DIRECTION    NE (50)
  HIGHEST GUST SPEED    28   HIGHEST GUST DIRECTION    NE (50)
  AVERAGE WIND SPEED     8.0



WEATHER CONDITIONS
 THE FOLLOWING WEATHER WAS RECORDED TODAY.
  HEAVY SNOW
  SNOW
  LIGHT SNOW
  FOG
  FOG W/VISIBILITY <= 1/4 MILE


RELATIVE HUMIDITY (PERCENT)
 HIGHEST    92           400 AM
 LOWEST     77           300 PM
 AVERAGE    85

..........................................................




SUNRISE AND SUNSET
FEBRUARY  1 2015......SUNRISE   756 AM EST   SUNSET   556 PM EST
FEBRUARY  2 2015......SUNRISE   755 AM EST   SUNSET   558 PM EST


-  INDICATES NEGATIVE NUMBERS.
R  INDICATES RECORD WAS SET OR TIED.
MM INDICATES DATA IS MISSING.
T  INDICATES TRACE AMOUNT.




$$

CAS
