000
CDUS43 KGRR 290515
CLIAZO


CLIMATE REPORT
NATIONAL WEATHER SERVICE GRAND RAPIDS, MI
114 AM EDT FRI AUG 29 2014


...................................

...THE KALAMAZOO MI CLIMATE SUMMARY FOR AUGUST 28 2014...

CLIMATE NORMAL PERIOD 1981 TO 2010
CLIMATE RECORD PERIOD 1998 TO 2014


WEATHER ITEM   OBSERVED TIME   NORMAL DEPARTURE LAST
                VALUE   (LST)  VALUE  FROM      YEAR
                                      NORMAL
......................................................
TEMPERATURE (F)
 YESTERDAY
  MAXIMUM         78    430 PM  79     -1       83
  MINIMUM         55    537 AM  59     -4       68
  AVERAGE         67            69     -2       76

PRECIPITATION (IN)
  YESTERDAY        0.00          0.13  -0.13      T
  MONTH TO DATE    1.32          3.42  -2.10     4.20
  SINCE JUN 1      8.14         10.70  -2.56    14.03
  SINCE JAN 1     16.56         23.14  -6.58    29.09

DEGREE DAYS
 HEATING
  YESTERDAY        0             1     -1        0
  MONTH TO DATE    9             4      5       20
  SINCE JUN 1     51            57     -6       76
  SINCE JUL 1     32             9     23       37

 COOLING
  YESTERDAY        2             5     -3       11
  MONTH TO DATE  178           173      5      134
  SINCE JUN 1    469           558    -89      514
  SINCE JAN 1    523           599    -76      594
......................................................


WIND (MPH)
  RESULTANT WIND SPEED   3   RESULTANT WIND DIRECTION   E (70)
  HIGHEST WIND SPEED     8   HIGHEST WIND DIRECTION     S (190)
  HIGHEST GUST SPEED    13   HIGHEST GUST DIRECTION     S (160)
  AVERAGE WIND SPEED     4.1


SKY COVER
  AVERAGE SKY COVER 0.3


WEATHER CONDITIONS
 THE FOLLOWING WEATHER WAS RECORDED YESTERDAY.
  NO SIGNIFICANT WEATHER WAS OBSERVED.


RELATIVE HUMIDITY (PERCENT)
 HIGHEST    86           500 AM
 LOWEST     50           200 PM
 AVERAGE    68

..........................................................


THE KALAMAZOO MI CLIMATE NORMALS FOR TODAY
                         NORMAL
 MAXIMUM TEMPERATURE (F)   79
 MINIMUM TEMPERATURE (F)   58


SUNRISE AND SUNSET
AUGUST 29 2014........SUNRISE   704 AM EDT   SUNSET   821 PM EDT
AUGUST 30 2014........SUNRISE   705 AM EDT   SUNSET   819 PM EDT


-  INDICATES NEGATIVE NUMBERS.
R  INDICATES RECORD WAS SET OR TIED.
MM INDICATES DATA IS MISSING.
T  INDICATES TRACE AMOUNT.




$$
