000
CDUS43 KGRR 022128
CLIAZO


CLIMATE REPORT
NATIONAL WEATHER SERVICE GRAND RAPIDS, MI
526 PM EDT THU JUL 2 2015


...................................

...THE KALAMAZOO MI CLIMATE SUMMARY FOR JULY 2 2015...
VALID TODAY AS OF 0500 PM LOCAL TIME.

CLIMATE NORMAL PERIOD 1981 TO 2010
CLIMATE RECORD PERIOD 1998 TO 2015


WEATHER ITEM   OBSERVED TIME   NORMAL DEPARTURE LAST
                VALUE   (LST)  VALUE  FROM      YEAR
                                      NORMAL
......................................................
TEMPERATURE (F)
 TODAY
  MAXIMUM         75    359 PM  83     -8       74
  MINIMUM         52    226 AM  61     -9       58
  AVERAGE         64            72     -8       66

PRECIPITATION (IN)
  TODAY            0.00          0.10  -0.10      T
  MONTH TO DATE    0.00          0.19  -0.19     1.31
  SINCE JUN 1      3.75          3.77  -0.02     5.18
  SINCE JAN 1     13.46         16.21  -2.75    13.60

DEGREE DAYS
 HEATING
  TODAY            1             0      1        0
  MONTH TO DATE    3             0      3        0
  SINCE JUN 1     24            48    -24       19
  SINCE JUL 1      3             0      3        0

 COOLING
  TODAY            0             7     -7        1
  MONTH TO DATE    0            14    -14       10
  SINCE JUN 1     80           159    -79      190
  SINCE JAN 1    147           200    -53      244
......................................................


WIND (MPH)
  RESULTANT WIND SPEED   4   RESULTANT WIND DIRECTION  NE (60)
  HIGHEST WIND SPEED    12   HIGHEST WIND DIRECTION     E (90)
  HIGHEST GUST SPEED    18   HIGHEST GUST DIRECTION     E (100)
  AVERAGE WIND SPEED     4.9


SKY COVER
  AVERAGE SKY COVER 0.5


WEATHER CONDITIONS
 THE FOLLOWING WEATHER WAS RECORDED TODAY.
  FOG
  FOG W/VISIBILITY <= 1/4 MILE
  HAZE


RELATIVE HUMIDITY (PERCENT)
 HIGHEST    93          1200 AM
 LOWEST     43           400 PM
 AVERAGE    68

..........................................................


THE KALAMAZOO MI CLIMATE NORMALS FOR TOMORROW
                         NORMAL
 MAXIMUM TEMPERATURE (F)   83
 MINIMUM TEMPERATURE (F)   62


SUNRISE AND SUNSET
JULY  2 2015..........SUNRISE   610 AM EDT   SUNSET   922 PM EDT
JULY  3 2015..........SUNRISE   611 AM EDT   SUNSET   922 PM EDT


-  INDICATES NEGATIVE NUMBERS.
R  INDICATES RECORD WAS SET OR TIED.
MM INDICATES DATA IS MISSING.
T  INDICATES TRACE AMOUNT.




$$

63
