000
CDUS41 KBOX 020605
CLIBDL


CLIMATE REPORT
NATIONAL WEATHER SERVICE TAUNTON MA
201 AM EDT SUN AUG 2 2015


...................................

...THE HARTFORD CT CLIMATE SUMMARY FOR AUGUST 1 2015...

CLIMATE NORMAL PERIOD 1981 TO 2010
CLIMATE RECORD PERIOD 1904 TO 2015


WEATHER ITEM   OBSERVED TIME   RECORD YEAR NORMAL DEPARTURE LAST
                VALUE   (LST)  VALUE       VALUE  FROM      YEAR
                                                  NORMAL
..................................................................
TEMPERATURE (F)
 YESTERDAY
  MAXIMUM         89    123 PM 100    1917  85      4       87
  MINIMUM         63    506 AM  51    1987  63      0       65
  AVERAGE         76                        74      2       76

PRECIPITATION (IN)
  YESTERDAY        T             2.98 1929   0.15  -0.15     0.32
  MONTH TO DATE    T                         0.15  -0.15     0.32
  SINCE JUN 1      9.76                      8.68   1.08     6.52
  SINCE JAN 1     23.33                     26.49  -3.16    28.53

SNOWFALL (IN)
  YESTERDAY        0.0           0.0  2002   0.0    0.0      0.0
                                      2001
                                      2000
  MONTH TO DATE    0.0                       0.0    0.0      0.0
  SINCE JUN 1      0.0                       0.0    0.0      0.0
  SINCE JUL 1      0.0                       0.0    0.0      0.0
  SNOW DEPTH       0

DEGREE DAYS
 HEATING
  YESTERDAY        0                         0      0        0
  MONTH TO DATE    0                         0      0        0
  SINCE JUN 1     49                        43      6        6
  SINCE JUL 1      1                         3     -2        0

 COOLING
  YESTERDAY       11                         9      2       11
  MONTH TO DATE   11                         9      2       11
  SINCE JUN 1    427                       422      5      463
  SINCE JAN 1    544                       461     83      495
..................................................................


WIND (MPH)
  RESULTANT WIND SPEED   3   RESULTANT WIND DIRECTION   W (280)
  HIGHEST WIND SPEED    24   HIGHEST WIND DIRECTION    NW (310)
  HIGHEST GUST SPEED    30   HIGHEST GUST DIRECTION    NW (310)
  AVERAGE WIND SPEED     5.4


SKY COVER
  POSSIBLE SUNSHINE  MM
  AVERAGE SKY COVER 0.3


WEATHER CONDITIONS
 THE FOLLOWING WEATHER WAS RECORDED YESTERDAY.
  NO SIGNIFICANT WEATHER WAS OBSERVED.


RELATIVE HUMIDITY (PERCENT)
 HIGHEST    81           300 AM
 LOWEST     34           100 PM
 AVERAGE    58

..........................................................


THE HARTFORD CT CLIMATE NORMALS FOR TODAY
                         NORMAL    RECORD    YEAR
 MAXIMUM TEMPERATURE (F)   84       101      1975
 MINIMUM TEMPERATURE (F)   63        50      1947


SUNRISE AND SUNSET
AUGUST  2 2015........SUNRISE   545 AM EDT   SUNSET   808 PM EDT
AUGUST  3 2015........SUNRISE   546 AM EDT   SUNSET   807 PM EDT


-  INDICATES NEGATIVE NUMBERS.
R  INDICATES RECORD WAS SET OR TIED.
MM INDICATES DATA IS MISSING.
T  INDICATES TRACE AMOUNT.




$$
