000
CDUS41 KBOX 280600
CLIBDL


CLIMATE REPORT
NATIONAL WEATHER SERVICE TAUNTON MA
157 AM EDT SAT MAR 28 2015


...................................

...THE HARTFORD CT CLIMATE SUMMARY FOR MARCH 27 2015...

CLIMATE NORMAL PERIOD 1981 TO 2010
CLIMATE RECORD PERIOD 1904 TO 2015


WEATHER ITEM   OBSERVED TIME   RECORD YEAR NORMAL DEPARTURE LAST
                VALUE   (LST)  VALUE       VALUE  FROM      YEAR
                                                  NORMAL
..................................................................
TEMPERATURE (F)
 YESTERDAY
  MAXIMUM         45    228 PM  82    1998  52     -7       46
  MINIMUM         38   1159 PM  16    1960  31      7       19
  AVERAGE         42                        42      0       33

PRECIPITATION (IN)
  YESTERDAY        0.14          1.41 1978   0.13   0.01     0.00
  MONTH TO DATE    2.52                      3.14  -0.62     1.21
  SINCE MAR 1      2.52                      3.14  -0.62     1.21
  SINCE JAN 1      8.70                      9.26  -0.56     8.58

SNOWFALL (IN)
  YESTERDAY        0.0           5.0  1959   0.1   -0.1      0.0
  MONTH TO DATE    8.1                       5.9    2.2       T
  SINCE MAR 1      8.1                       5.9    2.2       T
  SINCE JUL 1     62.9                      38.6   24.3     50.1
  SNOW DEPTH       0

DEGREE DAYS
 HEATING
  YESTERDAY       23                        23      0       32
  MONTH TO DATE  886                       754    132      944
  SINCE MAR 1    886                       754    132      944
  SINCE JUL 1   5531                      5192    339     5623

 COOLING
  YESTERDAY        0                         0      0        0
  MONTH TO DATE    0                         0      0        0
  SINCE MAR 1      0                         0      0        0
  SINCE JAN 1      0                         0      0        0
..................................................................


WIND (MPH)
  RESULTANT WIND SPEED   5   RESULTANT WIND DIRECTION   N (340)
  HIGHEST WIND SPEED    13   HIGHEST WIND DIRECTION    NW (310)
  HIGHEST GUST SPEED    15   HIGHEST GUST DIRECTION    NW (330)
  AVERAGE WIND SPEED     5.8


SKY COVER
  POSSIBLE SUNSHINE  MM
  AVERAGE SKY COVER 0.9


WEATHER CONDITIONS
 THE FOLLOWING WEATHER WAS RECORDED YESTERDAY.
  LIGHT RAIN


RELATIVE HUMIDITY (PERCENT)
 HIGHEST    89           100 AM
 LOWEST     58           400 PM
 AVERAGE    74

..........................................................


THE HARTFORD CT CLIMATE NORMALS FOR TODAY
                         NORMAL    RECORD    YEAR
 MAXIMUM TEMPERATURE (F)   52        84      1998
 MINIMUM TEMPERATURE (F)   32         8      1923


SUNRISE AND SUNSET
MARCH 28 2015.........SUNRISE   641 AM EDT   SUNSET   712 PM EDT
MARCH 29 2015.........SUNRISE   639 AM EDT   SUNSET   713 PM EDT


-  INDICATES NEGATIVE NUMBERS.
R  INDICATES RECORD WAS SET OR TIED.
MM INDICATES DATA IS MISSING.
T  INDICATES TRACE AMOUNT.




$$
