000
CDUS41 KOKX 260621
CLIBDR


CLIMATE REPORT
NATIONAL WEATHER SERVICE NEW YORK NY
121 AM EST FRI DEC 26 2014


...................................

...THE BRIDGEPORT CT CLIMATE SUMMARY FOR DECEMBER 25 2014...

CLIMATE NORMAL PERIOD 1981 TO 2010
CLIMATE RECORD PERIOD 1948 TO 2014


WEATHER ITEM   OBSERVED TIME   RECORD YEAR NORMAL DEPARTURE LAST
                VALUE   (LST)  VALUE       VALUE  FROM      YEAR
                                                  NORMAL
..................................................................
TEMPERATURE (F)
 YESTERDAY
  MAXIMUM         54   1226 PM  59    1964  40     14       29
  MINIMUM         43   1159 PM  -4    1980  26     17       19
  AVERAGE         49                        32     17       24

PRECIPITATION (IN)
  YESTERDAY        0.17          0.84 2005   0.11   0.06     0.00
  MONTH TO DATE    5.57                      2.74   2.83     3.02
  SINCE DEC 1      5.57                      2.74   2.83     3.02
  SINCE JAN 1     46.13                     42.15   3.98    35.35

SNOWFALL (IN)
  YESTERDAY        0.0           2.7  2002   0.3   -0.3      0.0
  MONTH TO DATE    0.7                       3.7   -3.0     10.9
  SINCE OCT 1      0.9                       4.4   -3.5     11.0
  SINCE JUL 1      0.9                       4.4   -3.5     11.0
  SNOW DEPTH       0

DEGREE DAYS
 HEATING
  YESTERDAY       16                        33    -17       41
  MONTH TO DATE  635                       721    -86      734
  SINCE DEC 1    635                       721    -86      734
  SINCE JUL 1   1541                      1695   -154     1687

 COOLING
  YESTERDAY        0                         0      0        0
  MONTH TO DATE    0                         0      0        0
  SINCE DEC 1      0                         0      0        0
  SINCE JAN 1    884                       825     59     1003
..................................................................


WIND (MPH)
  HIGHEST WIND SPEED    28   HIGHEST WIND DIRECTION     W (290)
  HIGHEST GUST SPEED    40   HIGHEST GUST DIRECTION     W (290)
  AVERAGE WIND SPEED    13.7


SKY COVER
  AVERAGE SKY COVER 0.6


WEATHER CONDITIONS
 THE FOLLOWING WEATHER WAS RECORDED YESTERDAY.
  LIGHT RAIN
  FOG


RELATIVE HUMIDITY (PERCENT)
 HIGHEST   100          1200 AM
 LOWEST     41           300 PM
 AVERAGE    71

..........................................................


THE BRIDGEPORT CT CLIMATE NORMALS FOR TODAY
                         NORMAL    RECORD    YEAR
 MAXIMUM TEMPERATURE (F)   39        62      1982
 MINIMUM TEMPERATURE (F)   25        -4      1980


SUNRISE AND SUNSET
DECEMBER 26 2014......SUNRISE   717 AM EST   SUNSET   430 PM EST
DECEMBER 27 2014......SUNRISE   717 AM EST   SUNSET   430 PM EST


-  INDICATES NEGATIVE NUMBERS.
R  INDICATES RECORD WAS SET OR TIED.
MM INDICATES DATA IS MISSING.
T  INDICATES TRACE AMOUNT.




$$
