000
CDUS41 KOKX 220618
CLIBDR


CLIMATE REPORT
NATIONAL WEATHER SERVICE NEW YORK NY
118 AM EST THU FEB 22 2018


...................................

...THE BRIDGEPORT CT CLIMATE SUMMARY FOR FEBRUARY 21 2018...

CLIMATE NORMAL PERIOD 1981 TO 2010
CLIMATE RECORD PERIOD 1948 TO 2018


WEATHER ITEM   OBSERVED TIME   RECORD YEAR NORMAL DEPARTURE LAST
                VALUE   (LST)  VALUE       VALUE  FROM      YEAR
                                                  NORMAL
..................................................................
TEMPERATURE (F)
 YESTERDAY
  MAXIMUM         67R   816 PM  59    2002  41     26       45
  MINIMUM         44   1239 AM   1    1950  26     18       27
  AVERAGE         56                        34     22       36

PRECIPITATION (IN)
  YESTERDAY        T             1.40 1951   0.10  -0.10     0.00
  MONTH TO DATE    5.30                      2.00   3.30     1.52
  SINCE DEC 1      9.49                      8.43   1.06     8.23
  SINCE JAN 1      7.80                      5.10   2.70     4.80

SNOWFALL (IN)
  YESTERDAY        0.0           5.5  2005   0.3   -0.3      0.0
  MONTH TO DATE    5.3                       6.1   -0.8     12.8
  SINCE OCT 1     25.4                      19.6    5.8     29.8
  SINCE JUL 1     25.4                      19.6    5.8     29.8
  SNOW DEPTH       0

DEGREE DAYS
 HEATING
  YESTERDAY        9                        32    -23       29
  MONTH TO DATE  595                       697   -102      605
  SINCE DEC 1   2689                      2699    -10     2305
  SINCE JUL 1   3444                      3673   -229     3033

 COOLING
  YESTERDAY        0                         0      0        0
  MONTH TO DATE    0                         0      0        0
  SINCE DEC 1      0                         0      0        0
  SINCE JAN 1      0                         0      0        0
..................................................................


WIND (MPH)
  HIGHEST WIND SPEED    16   HIGHEST WIND DIRECTION     N (340)
  HIGHEST GUST SPEED    21   HIGHEST GUST DIRECTION     N (350)
  AVERAGE WIND SPEED     6.6


SKY COVER
  AVERAGE SKY COVER 0.7


WEATHER CONDITIONS
 THE FOLLOWING WEATHER WAS RECORDED YESTERDAY.
  LIGHT RAIN
  FOG
  FOG W/VISIBILITY <= 1/4 MILE
  HAZE


RELATIVE HUMIDITY (PERCENT)
 HIGHEST   100           100 AM
 LOWEST     56           900 PM
 AVERAGE    78

..........................................................


THE BRIDGEPORT CT CLIMATE NORMALS FOR TODAY
                         NORMAL    RECORD    YEAR
 MAXIMUM TEMPERATURE (F)   41        64      1991
 MINIMUM TEMPERATURE (F)   26         6      1963


SUNRISE AND SUNSET
FEBRUARY 22 2018......SUNRISE   637 AM EST   SUNSET   535 PM EST
FEBRUARY 23 2018......SUNRISE   636 AM EST   SUNSET   536 PM EST


-  INDICATES NEGATIVE NUMBERS.
R  INDICATES RECORD WAS SET OR TIED.
MM INDICATES DATA IS MISSING.
T  INDICATES TRACE AMOUNT.




$$
