603
CDAK48 PABE 071246
CLIBET

CLIMATE REPORT
NATIONAL WEATHER SERVICE BETHEL, AK
346 AM AKST SUN FEB 7 2016

...................................
...THE BETHEL AP CLIMATE SUMMARY FOR FEBRUARY 6 2016...

CLIMATE NORMAL PERIOD  1981 TO  2010
CLIMATE RECORD PERIOD  1923 TO  2016

WEATHER ITEM   OBSERVED TIME    RECORD YEAR NORMAL DEPARTURE LAST
               VALUE    (LST)   VALUE       VALUE  FROM      YEAR
                                                   NORMAL
...................................................................
TEMPERATURE
YESTERDAY
 MAXIMUM            34  0647 PM    42  1929     16      18      7
 MINIMUM            24  0808 AM   -35  1925      3      21     -3
 AVERAGE            29                           9      20      2

PRECIPITATION
(INCHES)
 YESTERDAY        0.02           0.64  1932   0.02    0.00   0.00
 MONTH TO DATE    0.03                        0.15   -0.12   0.02
 SINCE DEC 1      1.50                        2.05   -0.55   2.12
 SINCE JAN 1      0.26                        0.93   -0.67   0.53

SNOWFALL
(INCHES)
 YESTERDAY         0.2            3.4  1994    0.2     0.0    0.0
 MONTH TO DATE     0.3                         1.4    -1.1    0.6
 SINCE DEC 1      16.1                        22.4    -6.3    8.3
 SINCE JUL 1      25.5                        40.3   -14.8   20.5
 SNOW DEPTH (IN)     2                                          2

DEGREE DAYS
 HEATING
  YESTERDAY         36                          56     -20     63
  MONTH TO DATE    256                         338     -82    362
  SINCE DEC 1     3172                        3844    -672   3528
  SINCE JUL 1     6460                        7574   -1114   6808

 COOLING
  YESTERDAY          0                           0       0      0
  MONTH TO DATE      0                           0       0      0
  SINCE DEC 1        0                           0       0      0
  SINCE JAN 1        0                           0       0      0
...................................................................

WIND (MPH)
 HIGHEST WIND SPEED    21     HIGHEST WIND DIRECTION    110
 HIGHEST GUST SPEED    26     HIGHEST GUST DIRECTION    140
 AVERAGE WIND SPEED  13.6

WEATHER CONDITIONS
 THE FOLLOWING WEATHER WAS RECORDED YESTERDAY.
 FOG
 SNOW

...................................................................

THE BETHEL CLIMATE NORMALS FOR TODAY
                           NORMAL    RECORD   YEAR
 MAXIMUM TEMPERATURE (F)     16        42     1947
 MINIMUM TEMPERATURE (F)      3       -37     1955

SUNRISE AND SUNSET
 FEB 7 2016..........SUNRISE  9:51 AM      SUNSET  6:14 PM
 FEB 8 2016..........SUNRISE  9:48 AM      SUNSET  6:17 PM

-  INDICATES NEGATIVE NUMBERS.
R  INDICATES RECORD HAS BEEN SET OR TIED.
MM INDICATES DATA IS MISSING.
T  INDICATES TRACE OF PRECIPITATION.

&&
-------------------------------------------------------------------

AMOUNT OF DAYLIGHT TODAY  (HOUR:MIN)........8 HOURS 23 MINUTES
GAIN SINCE YESTERDAY (HOUR:MIN:SEC)....+0:05:22

$$
CR FEB 16
