000
CDAK48 PABE 182335
CLIBET

CLIMATE REPORT
NATIONAL WEATHER SERVICE BETHEL, AK
235 PM AKST THU DEC 18 2014

...................................
...THE BETHEL AP CLIMATE SUMMARY FOR DECEMBER 18 2014...
VALID TODAY AS OF 2:00 PM LOCAL TIME

CLIMATE NORMAL PERIOD  1981 TO  2010
CLIMATE RECORD PERIOD  1923 TO  2014

WEATHER ITEM   OBSERVED TIME    RECORD YEAR NORMAL DEPARTURE LAST
               VALUE    (LST)   VALUE       VALUE  FROM      YEAR
                                                   NORMAL
...................................................................
TEMPERATURE
TODAY
 MAXIMUM            20  0159 PM    40  1998     17       3     20
 MINIMUM            13  0538 AM   -32  2001      3      10      9
 AVERAGE            17                          10       7     15

PRECIPITATION
(INCHES)
 TODAY            0.00           0.45  1968   0.03   -0.03   0.19
 MONTH TO DATE    0.64                        0.68   -0.04   0.61
 SINCE DEC 1      0.64                        0.68   -0.04   0.61
 SINCE JAN 1     14.87                       18.10   -3.23  20.32

SNOWFALL
(INCHES)
 TODAY             0.0            4.0  1928    0.3    -0.3    1.9
 MONTH TO DATE     3.3                         6.9    -3.6    2.2
 SINCE DEC 1       3.3                         6.9    -3.6    2.2
 SINCE JUL 1      15.5                        24.8    -9.3    9.1
 SNOW DEPTH (IN)     2                                          2

DEGREE DAYS
 HEATING
  TODAY             48                          55      -7     50
  MONTH TO DATE    839                         960    -121    829
  SINCE DEC 1      839                         960    -121    828
  SINCE JUL 1     4114                        4690    -576   4180

 COOLING
  TODAY              0                           0       0      0
  MONTH TO DATE      0                           0       0      0
  SINCE DEC 1        0                           0       0      0
  SINCE JAN 1        0                           0       0     18
...................................................................

WIND (MPH)
 HIGHEST WIND SPEED    13     HIGHEST WIND DIRECTION     50
 HIGHEST GUST SPEED    16     HIGHEST GUST DIRECTION     50
 AVERAGE WIND SPEED    MM

SKY COVER
  POSSIBLE SUNSHINE  MM            AVERAGE SKY COVER MM

WEATHER CONDITIONS
 THE FOLLOWING WEATHER WAS RECORDED TODAY.
 NO SIGNIFICANT WEATHER WAS OBSERVED.

RELATIVE HUMIDITY
 HIGHEST RH     MM PERCENT       MM
 LOWEST  RH     MM PERCENT       MM
 AVERAGE RH     MM PERCENT       MM
...................................................................

THE BETHEL CLIMATE NORMALS FOR TOMORROW
                        NORMAL    RECORD   YEAR
 MAXIMUM TEMPERATURE      16        41     2000
 MINIMUM TEMPERATURE       3       -33     2001

SUNRISE AND SUNSET
 DEC 18 2014..........SUNRISE 10:56 AM      SUNSET  4:33 PM
 DEC 19 2014..........SUNRISE 10:57 AM      SUNSET  4:33 PM

-  INDICATES NEGATIVE NUMBERS.
R  INDICATES RECORD HAS BEEN SET OR TIED.
MM INDICATES DATA IS MISSING.
T  INDICATES TRACE OF PRECIPITATION.

&&
-------------------------------------------------------------------

AMOUNT OF DAYLIGHT TODAY  (HOUR:MIN)........5 HOURS 37 MINUTES
GAIN/LOSS SINCE YESTERDAY (HOUR:MIN:SEC)....-0:00:41

$$
FONTENOT
