152
CDAK48 PAFC 171251
CLIBET


CLIMATE REPORT
NATIONAL WEATHER SERVICE ANCHORAGE, AK
351 AM AKST WED JAN 17 2018


...................................

...THE BETHEL CLIMATE SUMMARY FOR JANUARY 16 2018...

CLIMATE NORMAL PERIOD 1981 TO 2010
CLIMATE RECORD PERIOD 1948 TO 2018


WEATHER ITEM   OBSERVED TIME   RECORD YEAR NORMAL DEPARTURE LAST
                VALUE   (LST)  VALUE       VALUE  FROM      YEAR
                                                  NORMAL
..................................................................
TEMPERATURE (F)
 YESTERDAY
  MAXIMUM         30        MM  47    1963  12     18       -7
  MINIMUM         21        MM -50    1947   0     21      -20
  AVERAGE         26                         6     20      -13

PRECIPITATION (IN)
  YESTERDAY        0.00          0.52 1933   0.02  -0.02      T
  MONTH TO DATE    0.29                      0.44  -0.15     0.37
  SINCE SEP 1     10.07                      7.56   2.51     5.51
  SINCE JAN 1      0.29                      0.44  -0.15     0.37

SNOWFALL (IN)
  YESTERDAY        0.0           2.9  1993   0.3   -0.3       T
  MONTH TO DATE    1.2                       5.4   -4.2      1.6
  SINCE SEP 1     19.6                      34.7  -15.1     12.7
  SINCE JUL 1     19.6                      34.7  -15.1     12.7
  SNOW DEPTH       1

DEGREE DAYS
 HEATING
  YESTERDAY       39                        59    -20       78
  MONTH TO DATE  704                       939   -235      855
  SINCE DEC 1   1940                      2633   -693     2444
  SINCE JUL 1   5106                      6356  -1250     5672

 COOLING
  YESTERDAY        0                         0      0        0
  MONTH TO DATE    0                         0      0        0
  SINCE DEC 1      0                         0      0        0
  SINCE JAN 1      0                         0      0        0
..................................................................


WIND (MPH)
  RESULTANT WIND SPEED   6   RESULTANT WIND DIRECTION   N (340)
  HIGHEST WIND SPEED    13   HIGHEST WIND DIRECTION    NW (310)
  HIGHEST GUST SPEED    MM   HIGHEST GUST DIRECTION    MM
  AVERAGE WIND SPEED     7.2



WEATHER CONDITIONS
 THE FOLLOWING WEATHER WAS RECORDED YESTERDAY.
  NO SIGNIFICANT WEATHER WAS OBSERVED.


RELATIVE HUMIDITY (PERCENT)
 HIGHEST   100
 LOWEST     84
 AVERAGE    92

..........................................................


THE BETHEL CLIMATE NORMALS FOR TODAY
                         NORMAL    RECORD    YEAR
 MAXIMUM TEMPERATURE (F)   12        48      1963
 MINIMUM TEMPERATURE (F)    0       -51      1947


SUNRISE AND SUNSET
JANUARY 17 2018.......SUNRISE  1037 AM AKST  SUNSET   518 PM AKST
JANUARY 18 2018.......SUNRISE  1035 AM AKST  SUNSET   521 PM AKST


-  INDICATES NEGATIVE NUMBERS.
R  INDICATES RECORD WAS SET OR TIED.
MM INDICATES DATA IS MISSING.
T  INDICATES TRACE AMOUNT.




$$
