000
CDAK48 PABE 280059
CLIBET


CLIMATE REPORT
NATIONAL WEATHER SERVICE ANCHORAGE, AK
458 PM AKDT SAT MAY 27 2017


...................................

...THE BETHEL CLIMATE SUMMARY FOR MAY 27 2017...
VALID TODAY AS OF 0400 PM LOCAL TIME.

CLIMATE NORMAL PERIOD 1981 TO 2010
CLIMATE RECORD PERIOD 1948 TO 2017


WEATHER ITEM   OBSERVED TIME   RECORD YEAR NORMAL DEPARTURE LAST
                VALUE   (LST)  VALUE       VALUE  FROM      YEAR
                                                  NORMAL
..................................................................
TEMPERATURE (F)
 TODAY
  MAXIMUM         50        MM  78    2016  55     -5       78
  MINIMUM         30        MM  25    2001  37     -7       46
  AVERAGE         40                        46     -6       62

PRECIPITATION (IN)
  TODAY            0.01          0.42 2003   0.04  -0.03     0.00
  MONTH TO DATE    2.25                      0.97   1.28     1.44
  SINCE MAR 1      3.02                      2.42   0.60     2.84
  SINCE JAN 1      4.91                      3.92   0.99     3.23

SNOWFALL (IN)
  TODAY            0.0           0.8  1999   0.0    0.0      0.0
  MONTH TO DATE    T                         2.0   -2.0      0.0
  SINCE MAR 1      3.8                      15.9  -12.1      2.9
  SINCE JUL 1     31.2                      61.7  -30.5     29.9
  SNOW DEPTH       0

DEGREE DAYS
 HEATING
  TODAY           25                        19      6        3
  MONTH TO DATE  562                       644    -82      415
  SINCE MAR 1   3253                      3331    -78     2425
  SINCE JUL 1  11513                     12069   -556     9682

 COOLING
  TODAY            0                         0      0        0
  MONTH TO DATE    0                         0      0        0
  SINCE MAR 1      0                         0      0        0
  SINCE JAN 1      0                         0      0        0
..................................................................


WIND (MPH)
  RESULTANT WIND SPEED   7   RESULTANT WIND DIRECTION   S (160)
  HIGHEST WIND SPEED    10   HIGHEST WIND DIRECTION    SE (140)
  HIGHEST GUST SPEED    MM   HIGHEST GUST DIRECTION    MM
  AVERAGE WIND SPEED     7.7



WEATHER CONDITIONS
 THE FOLLOWING WEATHER WAS RECORDED TODAY.
  FOG


RELATIVE HUMIDITY (PERCENT)
 HIGHEST   100
 LOWEST     56
 AVERAGE    78

..........................................................


THE BETHEL CLIMATE NORMALS FOR TOMORROW
                         NORMAL    RECORD    YEAR
 MAXIMUM TEMPERATURE (F)   55        75      2013
 MINIMUM TEMPERATURE (F)   38        25      1934
                                             1925


SUNRISE AND SUNSET
MAY 27 2017...........SUNRISE   536 AM AKDT  SUNSET  1154 PM AKDT
MAY 28 2017...........SUNRISE   534 AM AKDT  SUNSET  1156 PM AKDT


-  INDICATES NEGATIVE NUMBERS.
R  INDICATES RECORD WAS SET OR TIED.
MM INDICATES DATA IS MISSING.
T  INDICATES TRACE AMOUNT.




$$
