311
CDAK48 PABE 231230
CLIBET

CLIMATE REPORT
NATIONAL WEATHER SERVICE BETHEL, AK
431 AM AKDT SAT JUL 23 2016

...................................
...THE BETHEL AP CLIMATE SUMMARY FOR JULY 22 2016...

CLIMATE NORMAL PERIOD  1981 TO  2010
CLIMATE RECORD PERIOD  1923 TO  2016

WEATHER ITEM   OBSERVED TIME    RECORD YEAR NORMAL DEPARTURE LAST
               VALUE    (LST)   VALUE       VALUE  FROM      YEAR
                                                   NORMAL
...................................................................
TEMPERATURE
YESTERDAY
 MAXIMUM            57  0546 PM    79  1980     63      -6     58
 MINIMUM            51  1159 PM    38  1942     49       2     47
 AVERAGE            54                          56      -2     53

PRECIPITATION
(INCHES)
 YESTERDAY        0.43           0.76  2004   0.08    0.35   0.04
 MONTH TO DATE    1.47                        1.52   -0.05   1.66
 SINCE JUN 1      2.94                        3.24   -0.30   1.94
 SINCE JAN 1      6.20                        7.33   -1.13   6.34

SNOWFALL
(INCHES)
 YESTERDAY         0.0            0.0  2016    0.0     0.0    0.0
 MONTH TO DATE     0.0                         0.0     0.0    0.0
 SINCE JUN 1       0.0                         0.0     0.0    0.0
 SINCE JUL 1       0.0                         0.0     0.0    0.0
 SNOW DEPTH (IN)     0                                          0

DEGREE DAYS
 HEATING
  YESTERDAY         11                           9       2     12
  MONTH TO DATE    123                         198     -75    160
  SINCE JUN 1      395                         575    -180    398
  SINCE JUL 1      123                         198     -75    160

 COOLING
  YESTERDAY          0                           0       0      0
  MONTH TO DATE     12                           0      12      1
  SINCE JUN 1       13                           0      13     11
  SINCE JAN 1       13                           0      13     11
...................................................................

WIND (MPH)
 HIGHEST WIND SPEED    20     HIGHEST WIND DIRECTION    290
 HIGHEST GUST SPEED    25     HIGHEST GUST DIRECTION    300
 AVERAGE WIND SPEED   8.5

WEATHER CONDITIONS
 THE FOLLOWING WEATHER WAS RECORDED YESTERDAY.
 FOG
 RAIN

...................................................................

THE BETHEL CLIMATE NORMALS FOR TODAY
                           NORMAL    RECORD   YEAR
 MAXIMUM TEMPERATURE (F)     63        81     1966
 MINIMUM TEMPERATURE (F)     49        39     1937

SUNRISE AND SUNSET
 JUL 23 2016..........SUNRISE  6:03 AM      SUNSET 11:44 PM
 JUL 24 2016..........SUNRISE  6:06 AM      SUNSET 11:41 PM

-  INDICATES NEGATIVE NUMBERS.
R  INDICATES RECORD HAS BEEN SET OR TIED.
MM INDICATES DATA IS MISSING.
T  INDICATES TRACE OF PRECIPITATION.

&&
-------------------------------------------------------------------

AMOUNT OF DAYLIGHT TODAY  (HOUR:MIN)........17 HOURS 41 MINUTES
LOSS SINCE YESTERDAY (HOUR:MIN:SEC)....-0:04:37

$$
CR JUL 16
