000
CDAK48 PABE 260940
CLIBET


CLIMATE REPORT
NATIONAL WEATHER SERVICE ANCHORAGE, AK
140 AM AKDT WED JUL 26 2017


...................................

...THE BETHEL CLIMATE SUMMARY FOR JULY 25 2017...

CLIMATE NORMAL PERIOD 1981 TO 2010
CLIMATE RECORD PERIOD 1948 TO 2017


WEATHER ITEM   OBSERVED TIME   RECORD YEAR NORMAL DEPARTURE LAST
                VALUE   (LST)  VALUE       VALUE  FROM      YEAR
                                                  NORMAL
..................................................................
TEMPERATURE (F)
 YESTERDAY
  MAXIMUM         65    206 PM  83    1968  63      2       74
  MINIMUM         51    729 AM  40    2014  49      2       53
                                      1969
                                      1936
  AVERAGE         58                        56      2       64

PRECIPITATION (IN)
  YESTERDAY        0.21          1.22 1966   0.09   0.12      T
  MONTH TO DATE    2.96                      1.78   1.18     1.80
  SINCE JUN 1      4.35                      3.50   0.85     3.23
  SINCE JAN 1      9.32                      7.59   1.73     6.47

SNOWFALL (IN)
  YESTERDAY        0.0          MM      MM   0.0    0.0      0.0
  MONTH TO DATE    0.0                       0.0    0.0      0.0
  SINCE JUN 1      0.0                       T      0.0      0.0
  SINCE JUL 1      0.0                       0.0    0.0      0.0
  SNOW DEPTH       0

DEGREE DAYS
 HEATING
  YESTERDAY        7                         9     -2        1
  MONTH TO DATE  168                       225    -57      122
  SINCE JUN 1    443                       603   -160      395
  SINCE JUL 1    168                       225    -57      122

 COOLING
  YESTERDAY        0                         0      0        0
  MONTH TO DATE    3                         0      3       12
  SINCE JUN 1      3                         1      2       13
  SINCE JAN 1      3                         1      2       13
..................................................................


WIND (MPH)
  RESULTANT WIND SPEED   7   RESULTANT WIND DIRECTION   W (260)
  HIGHEST WIND SPEED    20   HIGHEST WIND DIRECTION     W (280)
  HIGHEST GUST SPEED    23   HIGHEST GUST DIRECTION     W (280)
  AVERAGE WIND SPEED     9.2



WEATHER CONDITIONS
 THE FOLLOWING WEATHER WAS RECORDED YESTERDAY.
  RAIN
  LIGHT RAIN
  FOG


RELATIVE HUMIDITY (PERCENT)
 HIGHEST   100
 LOWEST     72
 AVERAGE    86

..........................................................


THE BETHEL CLIMATE NORMALS FOR TODAY
                         NORMAL    RECORD    YEAR
 MAXIMUM TEMPERATURE (F)   62        80      2013
 MINIMUM TEMPERATURE (F)   49        37      1925


SUNRISE AND SUNSET
JULY 26 2017..........SUNRISE   609 AM AKDT  SUNSET  1137 PM AKDT
JULY 27 2017..........SUNRISE   612 AM AKDT  SUNSET  1134 PM AKDT


-  INDICATES NEGATIVE NUMBERS.
R  INDICATES RECORD WAS SET OR TIED.
MM INDICATES DATA IS MISSING.
T  INDICATES TRACE AMOUNT.




$$
