857
CDAK48 PAFC 200023
CLIBET


CLIMATE REPORT
NATIONAL WEATHER SERVICE ANCHORAGE, AK
423 PM AKDT TUE SEP 19 2017


...................................

...THE BETHEL CLIMATE SUMMARY FOR SEPTEMBER 19 2017...
VALID TODAY AS OF 0400 PM LOCAL TIME.

CLIMATE NORMAL PERIOD 1981 TO 2010
CLIMATE RECORD PERIOD 1948 TO 2017


WEATHER ITEM   OBSERVED TIME   RECORD YEAR NORMAL DEPARTURE LAST
                VALUE   (LST)  VALUE       VALUE  FROM      YEAR
                                                  NORMAL
..................................................................
TEMPERATURE (F)
 TODAY
  MAXIMUM         47        MM  71    2010  51     -4       53
  MINIMUM         33   1200 AM  25    1972  38     -5       47
  AVERAGE         40                        44     -4       50

PRECIPITATION (IN)
  TODAY            0.10          0.86 1924   0.09   0.01     0.36
  MONTH TO DATE    1.78                      1.81  -0.03     2.90
  SINCE SEP 1      1.78                      1.81  -0.03     2.90
  SINCE JAN 1     16.71                     13.23   3.48    13.82

SNOWFALL (IN)
  TODAY            0.0          MM      MM   0.1   -0.1      0.0
  MONTH TO DATE    0.0                       0.2   -0.2      0.0
  SINCE SEP 1      0.0                       0.2   -0.2      0.0
  SINCE JUL 1      0.0                       0.2   -0.2      0.0
  SNOW DEPTH       0

DEGREE DAYS
 HEATING
  TODAY           25                        21      4       15
  MONTH TO DATE  321                       323     -2      267
  SINCE SEP 1    321                       323     -2      267
  SINCE JUL 1    872                       959    -87      629

 COOLING
  TODAY            0                         0      0        0
  MONTH TO DATE    0                         0      0        0
  SINCE SEP 1      0                         0      0        0
  SINCE JAN 1      6                         4      2       13
..................................................................


WIND (MPH)
  RESULTANT WIND SPEED  14   RESULTANT WIND DIRECTION   S (200)
  HIGHEST WIND SPEED    20   HIGHEST WIND DIRECTION     S (200)
  HIGHEST GUST SPEED    25   HIGHEST GUST DIRECTION     S (190)
  AVERAGE WIND SPEED    13.9



WEATHER CONDITIONS
 THE FOLLOWING WEATHER WAS RECORDED TODAY.
  LIGHT RAIN


RELATIVE HUMIDITY (PERCENT)
 HIGHEST   100
 LOWEST     89
 AVERAGE    95

..........................................................


THE BETHEL CLIMATE NORMALS FOR TOMORROW
                         NORMAL    RECORD    YEAR
 MAXIMUM TEMPERATURE (F)   51        64      1926
 MINIMUM TEMPERATURE (F)   37        24      1987
                                             1939


SUNRISE AND SUNSET
SEPTEMBER 19 2017.....SUNRISE   825 AM AKDT  SUNSET   855 PM AKDT
SEPTEMBER 20 2017.....SUNRISE   828 AM AKDT  SUNSET   852 PM AKDT


-  INDICATES NEGATIVE NUMBERS.
R  INDICATES RECORD WAS SET OR TIED.
MM INDICATES DATA IS MISSING.
T  INDICATES TRACE AMOUNT.




$$
