000
CDAK48 PABE 222219
CLIBET

CLIMATE REPORT
NATIONAL WEATHER SERVICE BETHEL, AK
219 PM AKDT FRI AUG 22 2014

...................................
...THE BETHEL AP CLIMATE SUMMARY FOR AUGUST 22 2014...
VALID TODAY AS OF 2:00 PM LOCAL TIME

CLIMATE NORMAL PERIOD  1981 TO  2010
CLIMATE RECORD PERIOD  1923 TO  2014

WEATHER ITEM   OBSERVED TIME    RECORD YEAR NORMAL DEPARTURE LAST
               VALUE    (LST)   VALUE       VALUE  FROM      YEAR
                                                   NORMAL
...................................................................
TEMPERATURE
TODAY
 MAXIMUM            61  0114 PM    80  1923     59       2     56
 MINIMUM            49  0550 AM    35  1998     47       2     50
 AVERAGE            55                          53       2     53

PRECIPITATION
(INCHES)
 TODAY            0.00           0.99  1986   0.11   -0.11      T
 MONTH TO DATE    1.71                        2.32   -0.61   2.41
 SINCE JUN 1      5.96                        6.40   -0.44   6.31
 SINCE JAN 1      9.00                       10.49   -1.49   9.61

SNOWFALL
(INCHES)
 TODAY             0.0            0.0  2014    0.0     0.0    0.0
 MONTH TO DATE     0.0                         0.0     0.0    0.0
 SINCE JUN 1       0.0                         0.0     0.0    0.0
 SINCE JUL 1       0.0                         0.0     0.0    0.0
 SNOW DEPTH (IN)     0                                          0

DEGREE DAYS
 HEATING
  TODAY             10                          12      -2     12
  MONTH TO DATE    134                         241    -107    191
  SINCE JUN 1      827                         902     -75    744
  SINCE JUL 1      407                         525    -118    456

 COOLING
  TODAY              0                           0       0      0
  MONTH TO DATE      0                           0       0      0
  SINCE JUN 1        0                           0       0     18
  SINCE JAN 1        0                           0       0     18
...................................................................

WIND (MPH)
 HIGHEST WIND SPEED    12     HIGHEST WIND DIRECTION    180
 HIGHEST GUST SPEED    14     HIGHEST GUST DIRECTION    180
 AVERAGE WIND SPEED    MM

SKY COVER
  POSSIBLE SUNSHINE  MM            AVERAGE SKY COVER MM

WEATHER CONDITIONS
 THE FOLLOWING WEATHER WAS RECORDED TODAY.
NO SIGNIFICANT WEATHER WAS OBSERVED.

RELATIVE HUMIDITY
 HIGHEST RH     MM PERCENT       MM
 LOWEST  RH     MM PERCENT       MM
 AVERAGE RH     MM PERCENT       MM
...................................................................

THE BETHEL CLIMATE NORMALS FOR TOMORROW
                        NORMAL    RECORD   YEAR
 MAXIMUM TEMPERATURE      59        75     1987
 MINIMUM TEMPERATURE      46        32     1924

SUNRISE AND SUNSET
 AUG 22 2014..........SUNRISE  7:17 AM      SUNSET 10:23 PM
 AUG 23 2014..........SUNRISE  7:19 AM      SUNSET 10:20 PM

-  INDICATES NEGATIVE NUMBERS.
R  INDICATES RECORD HAS BEEN SET OR TIED.
MM INDICATES DATA IS MISSING.
T  INDICATES TRACE OF PRECIPITATION.

&&
-------------------------------------------------------------------

AMOUNT OF DAYLIGHT TODAY  (HOUR:MIN)........15 HOURS 6 MINUTES
GAIN/LOSS SINCE YESTERDAY (HOUR:MIN:SEC)....-0:05:30

$$
DPA AUG 14
