000
CDUS41 KCTP 231542
CLIBFD


CLIMATE REPORT
NATIONAL WEATHER SERVICE STATE COLLEGE PA
1042 AM EST THU FEB 23 2017


...................................

...THE BRADFORD CLIMATE SUMMARY FOR FEBRUARY 22 2017...

CLIMATE NORMAL PERIOD 1981 TO 2010
CLIMATE RECORD PERIOD 1957 TO 2017


WEATHER ITEM   OBSERVED TIME   RECORD YEAR NORMAL DEPARTURE LAST
                VALUE   (LST)  VALUE       VALUE  FROM      YEAR
                                                  NORMAL
..................................................................
TEMPERATURE (F)
 YESTERDAY
  MAXIMUM         58R  1119 AM  57    1975  34     24       38
  MINIMUM         39   1234 AM -12    1963  16     23       19
  AVERAGE         49                        25     24       29

PRECIPITATION (IN)
  YESTERDAY        0.10          1.02 1974   0.08   0.02     0.00
  MONTH TO DATE    2.02                      1.81   0.21     2.38
  SINCE DEC 1      9.83                      8.50   1.33     8.33
  SINCE JAN 1      6.59                      5.10   1.49     3.53

DEGREE DAYS
 HEATING
  YESTERDAY       16                        35    -19       36
  MONTH TO DATE  761                       800    -39      892
  SINCE DEC 1   3063                      3376   -313     2999
  SINCE JUL 1   4451                      5211   -760     4479

 COOLING
  YESTERDAY        0                         0      0        0
  MONTH TO DATE    0                         0      0        0
  SINCE DEC 1      0                         0      0        0
  SINCE JAN 1      0                         0      0        0
..................................................................


WIND (MPH)
  HIGHEST WIND SPEED    12   HIGHEST WIND DIRECTION     W (250)
  HIGHEST GUST SPEED    16   HIGHEST GUST DIRECTION    SW (210)
  AVERAGE WIND SPEED     2.9


SKY COVER
  POSSIBLE SUNSHINE  MM
  AVERAGE SKY COVER 0.9


WEATHER CONDITIONS
 THE FOLLOWING WEATHER WAS RECORDED YESTERDAY.
  RAIN
  LIGHT RAIN
  FOG
  FOG W/VISIBILITY <= 1/4 MILE


RELATIVE HUMIDITY (PERCENT)
 HIGHEST   100           200 PM
 LOWEST     62           100 AM
 AVERAGE    81

..........................................................


THE BRADFORD CLIMATE NORMALS FOR TODAY
                         NORMAL    RECORD    YEAR
 MAXIMUM TEMPERATURE (F)   34        57      1977
 MINIMUM TEMPERATURE (F)   16       -13      2015


SUNRISE AND SUNSET
FEBRUARY 23 2017......SUNRISE   658 AM EST   SUNSET   558 PM EST
FEBRUARY 24 2017......SUNRISE   657 AM EST   SUNSET   559 PM EST


-  INDICATES NEGATIVE NUMBERS.
R  INDICATES RECORD WAS SET OR TIED.
MM INDICATES DATA IS MISSING.
T  INDICATES TRACE AMOUNT.




$$
