000
CDUS41 KCTP 270616
CLIBFD


CLIMATE REPORT
NATIONAL WEATHER SERVICE STATE COLLEGE PA
216 AM EDT SAT AUG 27 2016


...................................

...THE BRADFORD CLIMATE SUMMARY FOR AUGUST 26 2016...

CLIMATE NORMAL PERIOD 1981 TO 2010
CLIMATE RECORD PERIOD 1957 TO 2016


WEATHER ITEM   OBSERVED TIME   RECORD YEAR NORMAL DEPARTURE LAST
                VALUE   (LST)  VALUE       VALUE  FROM      YEAR
                                                  NORMAL
..................................................................
TEMPERATURE (F)
 YESTERDAY
  MAXIMUM         82    307 PM  88    1959  74      8       62
  MINIMUM         57   1159 PM  36    1958  51      6       51
  AVERAGE         70                        63      7       57

PRECIPITATION (IN)
  YESTERDAY        0.00          0.90 2001   0.13  -0.13     0.04
  MONTH TO DATE    6.91                      3.48   3.43     1.20
  SINCE JUN 1     14.44                     12.58   1.86    11.36
  SINCE JAN 1     28.87                     29.32  -0.45    23.79

DEGREE DAYS
 HEATING
  YESTERDAY        0                         1     -1        8
  MONTH TO DATE   12                        18     -6       60
  SINCE JUN 1    135                       227    -92      214
  SINCE JUL 1     43                        82    -39      107

 COOLING
  YESTERDAY        5                         1      4        0
  MONTH TO DATE  138                        47     91       46
  SINCE JUN 1    291                       161    130      156
  SINCE JAN 1    310                       171    139      200
..................................................................


WIND (MPH)
  HIGHEST WIND SPEED    13   HIGHEST WIND DIRECTION    NW (310)
  HIGHEST GUST SPEED    17   HIGHEST GUST DIRECTION    NW (310)
  AVERAGE WIND SPEED     5.5


SKY COVER
  POSSIBLE SUNSHINE  MM
  AVERAGE SKY COVER 0.4


WEATHER CONDITIONS
 THE FOLLOWING WEATHER WAS RECORDED YESTERDAY.
  FOG


RELATIVE HUMIDITY (PERCENT)
 HIGHEST   100          1200 AM
 LOWEST     51           200 PM
 AVERAGE    76

..........................................................


THE BRADFORD CLIMATE NORMALS FOR TODAY
                         NORMAL    RECORD    YEAR
 MAXIMUM TEMPERATURE (F)   74        89      1993
 MINIMUM TEMPERATURE (F)   51        36      1958


SUNRISE AND SUNSET
AUGUST 27 2016........SUNRISE   636 AM EDT   SUNSET   755 PM EDT
AUGUST 28 2016........SUNRISE   637 AM EDT   SUNSET   754 PM EDT


-  INDICATES NEGATIVE NUMBERS.
R  INDICATES RECORD WAS SET OR TIED.
MM INDICATES DATA IS MISSING.
T  INDICATES TRACE AMOUNT.




$$
