000
CDUS41 KCTP 280708
CLIBFD


CLIMATE REPORT
NATIONAL WEATHER SERVICE STATE COLLEGE PA
308 AM EDT SAT MAY 28 2016


...................................

...THE BRADFORD CLIMATE SUMMARY FOR MAY 27 2016...

CLIMATE NORMAL PERIOD 1981 TO 2010
CLIMATE RECORD PERIOD 1957 TO 2016


WEATHER ITEM   OBSERVED TIME   RECORD YEAR NORMAL DEPARTURE LAST
                VALUE   (LST)  VALUE       VALUE  FROM      YEAR
                                                  NORMAL
..................................................................
TEMPERATURE (F)
 YESTERDAY
  MAXIMUM         83    328 PM  84    2010  69     14       77
  MINIMUM         58    445 AM  26    1983  44     14       58
  AVERAGE         71                        56     15       68

PRECIPITATION (IN)
  YESTERDAY        0.00          0.57 2011   0.14  -0.14     0.25
  MONTH TO DATE    3.21                      3.60  -0.39     1.80
  SINCE MAR 1      9.82                     10.52  -0.70     8.37
  SINCE JAN 1     14.43                     16.16  -1.73    11.21

DEGREE DAYS
 HEATING
  YESTERDAY        0                         5     -5        0
  MONTH TO DATE  366                       223    143      199
  SINCE MAR 1   1801                      1904   -103     1988
  SINCE JUL 1   6501                      7474   -973     7887

 COOLING
  YESTERDAY        6                         0      6        3
  MONTH TO DATE    7                         0      7       38
  SINCE MAR 1      7                         2      5       38
  SINCE JAN 1      7                         2      5       38
..................................................................


WIND (MPH)
  HIGHEST WIND SPEED    14   HIGHEST WIND DIRECTION    SW (240)
  HIGHEST GUST SPEED    20   HIGHEST GUST DIRECTION    SW (210)
  AVERAGE WIND SPEED     4.4


SKY COVER
  POSSIBLE SUNSHINE  MM
  AVERAGE SKY COVER 0.3


WEATHER CONDITIONS
 THE FOLLOWING WEATHER WAS RECORDED YESTERDAY.
  FOG


RELATIVE HUMIDITY (PERCENT)
 HIGHEST    97          1100 PM
 LOWEST     42           500 PM
 AVERAGE    70

..........................................................


THE BRADFORD CLIMATE NORMALS FOR TODAY
                         NORMAL    RECORD    YEAR
 MAXIMUM TEMPERATURE (F)   69        86      2012
 MINIMUM TEMPERATURE (F)   44        27      1983


SUNRISE AND SUNSET
MAY 28 2016...........SUNRISE   544 AM EDT   SUNSET   840 PM EDT
MAY 29 2016...........SUNRISE   543 AM EDT   SUNSET   841 PM EDT


-  INDICATES NEGATIVE NUMBERS.
R  INDICATES RECORD WAS SET OR TIED.
MM INDICATES DATA IS MISSING.
T  INDICATES TRACE AMOUNT.




$$
