193
CDUS41 KCTP 172124
CLIBFD


CLIMATE REPORT
NATIONAL WEATHER SERVICE STATE COLLEGE PA
524 PM EDT THU AUG 17 2017


...................................

...THE BRADFORD CLIMATE SUMMARY FOR AUGUST 17 2017...
VALID TODAY AS OF 0500 PM LOCAL TIME.

CLIMATE NORMAL PERIOD 1981 TO 2010
CLIMATE RECORD PERIOD 1957 TO 2017


WEATHER ITEM   OBSERVED TIME   RECORD YEAR NORMAL DEPARTURE LAST
                VALUE   (LST)  VALUE       VALUE  FROM      YEAR
                                                  NORMAL
..................................................................
TEMPERATURE (F)
 TODAY
  MAXIMUM         82    116 PM  88    1988  76      6       78
  MINIMUM         51    512 AM  34    1979  52     -1       62
  AVERAGE         67                        64      3       70

PRECIPITATION (IN)
  TODAY            T             1.54 1969   0.14  -0.14      T
  MONTH TO DATE    0.60                      2.27  -1.67     5.44
  SINCE JUN 1     12.18                     11.37   0.81    12.97
  SINCE JAN 1     33.38                     28.11   5.27    27.40

DEGREE DAYS
 HEATING
  TODAY            0                         1     -1        0
  MONTH TO DATE   25                         9     16        0
  SINCE JUN 1    181                       218    -37      123
  SINCE JUL 1     49                        73    -24       31

 COOLING
  TODAY            2                         2      0        5
  MONTH TO DATE   25                        34     -9      109
  SINCE JUN 1    186                       148     38      262
  SINCE JAN 1    205                       158     47      281
..................................................................


WIND (MPH)
  HIGHEST WIND SPEED    10   HIGHEST WIND DIRECTION    SW (220)
  HIGHEST GUST SPEED    16   HIGHEST GUST DIRECTION    SW (220)
  AVERAGE WIND SPEED     3.9


SKY COVER
  POSSIBLE SUNSHINE  MM
  AVERAGE SKY COVER 0.2


WEATHER CONDITIONS
 THE FOLLOWING WEATHER WAS RECORDED TODAY.
  LIGHT RAIN
  FOG
  FOG W/VISIBILITY <= 1/4 MILE


RELATIVE HUMIDITY (PERCENT)
 HIGHEST   100          1200 AM
 LOWEST     58          1200 PM
 AVERAGE    79

..........................................................


THE BRADFORD CLIMATE NORMALS FOR TOMORROW
                         NORMAL    RECORD    YEAR
 MAXIMUM TEMPERATURE (F)   76        87      1971
 MINIMUM TEMPERATURE (F)   52        35      1981


SUNRISE AND SUNSET
AUGUST 17 2017........SUNRISE   625 AM EDT   SUNSET   811 PM EDT
AUGUST 18 2017........SUNRISE   626 AM EDT   SUNSET   810 PM EDT


-  INDICATES NEGATIVE NUMBERS.
R  INDICATES RECORD WAS SET OR TIED.
MM INDICATES DATA IS MISSING.
T  INDICATES TRACE AMOUNT.




$$
