000
CDUS41 KCTP 270649
CLIBFD


CLIMATE REPORT
NATIONAL WEATHER SERVICE STATE COLLEGE PA
149 AM EST FRI FEB 27 2015


...................................

...THE BRADFORD CLIMATE SUMMARY FOR FEBRUARY 26 2015...

CLIMATE NORMAL PERIOD 1981 TO 2010
CLIMATE RECORD PERIOD 1957 TO 2015


WEATHER ITEM   OBSERVED TIME   RECORD YEAR NORMAL DEPARTURE LAST
                VALUE   (LST)  VALUE       VALUE  FROM      YEAR
                                                  NORMAL
..................................................................
TEMPERATURE (F)
 YESTERDAY
  MAXIMUM         17    322 PM  55    1976  35    -18       15
  MINIMUM          6   1159 PM -16    1963  16    -10       -3
  AVERAGE         12                        26    -14        6

PRECIPITATION (IN)
  YESTERDAY        0.01          0.33 2008   0.09  -0.08      T
  MONTH TO DATE    1.00                      2.16  -1.16     1.59
  SINCE DEC 1      5.04                      8.85  -3.81     6.35
  SINCE JAN 1      2.84                      5.45  -2.61     3.53

DEGREE DAYS
 HEATING
  YESTERDAY       53                        34     19       59
  MONTH TO DATE 1393                       936    457     1161
  SINCE DEC 1   3955                      3512    443     3751
  SINCE JUL 1   5773                      5347    426     5539

 COOLING
  YESTERDAY        0                         0      0        0
  MONTH TO DATE    0                         0      0        0
  SINCE DEC 1      0                         0      0        0
  SINCE JAN 1      0                         0      0        0
..................................................................


WIND (MPH)
  HIGHEST WIND SPEED    12   HIGHEST WIND DIRECTION    NW (330)
  HIGHEST GUST SPEED    14   HIGHEST GUST DIRECTION    NE (60)
  AVERAGE WIND SPEED     6.6


SKY COVER
  POSSIBLE SUNSHINE  MM
  AVERAGE SKY COVER 1.0


WEATHER CONDITIONS
 THE FOLLOWING WEATHER WAS RECORDED YESTERDAY.
  SNOW
  LIGHT SNOW
  HAZE


RELATIVE HUMIDITY (PERCENT)
 HIGHEST    80           900 PM
 LOWEST     60           300 AM
 AVERAGE    70

..........................................................


THE BRADFORD CLIMATE NORMALS FOR TODAY
                         NORMAL    RECORD    YEAR
 MAXIMUM TEMPERATURE (F)   35        61      1997
 MINIMUM TEMPERATURE (F)   16       -20      1963


SUNRISE AND SUNSET
FEBRUARY 27 2015......SUNRISE   653 AM EST   SUNSET   602 PM EST
FEBRUARY 28 2015......SUNRISE   651 AM EST   SUNSET   603 PM EST


-  INDICATES NEGATIVE NUMBERS.
R  INDICATES RECORD WAS SET OR TIED.
MM INDICATES DATA IS MISSING.
T  INDICATES TRACE AMOUNT.




$$
