000
CDUS41 KCTP 300625
CLIBFD


CLIMATE REPORT
NATIONAL WEATHER SERVICE STATE COLLEGE PA
225 AM EDT FRI SEP 30 2016


...................................

...THE BRADFORD CLIMATE SUMMARY FOR SEPTEMBER 29 2016...

CLIMATE NORMAL PERIOD 1981 TO 2010
CLIMATE RECORD PERIOD 1957 TO 2016


WEATHER ITEM   OBSERVED TIME   RECORD YEAR NORMAL DEPARTURE LAST
                VALUE   (LST)  VALUE       VALUE  FROM      YEAR
                                                  NORMAL
..................................................................
TEMPERATURE (F)
 YESTERDAY
  MAXIMUM         59   1228 AM  82    1959  63     -4       68
  MINIMUM         54    943 AM  25    2000  41     13       61
  AVERAGE         57                        52      5       65

PRECIPITATION (IN)
  YESTERDAY        0.48          1.67 1999   0.13   0.35     1.08
  MONTH TO DATE    2.54                      3.79  -1.25     3.04
  SINCE SEP 1      2.54                      3.79  -1.25     3.04
  SINCE JAN 1     31.54                     33.74  -2.20    26.88

DEGREE DAYS
 HEATING
  YESTERDAY        8                         9     -1        0
  MONTH TO DATE  130                       138     -8      120
  SINCE SEP 1    130                       138     -8      120
  SINCE JUL 1    173                       291   -118      246

 COOLING
  YESTERDAY        0                         0      0        0
  MONTH TO DATE   42                        13     29       52
  SINCE SEP 1     42                        13     29       52
  SINCE JAN 1    367                       190    177      260
..................................................................


WIND (MPH)
  HIGHEST WIND SPEED    18   HIGHEST WIND DIRECTION     E (110)
  HIGHEST GUST SPEED    28   HIGHEST GUST DIRECTION     E (110)
  AVERAGE WIND SPEED    11.3


SKY COVER
  POSSIBLE SUNSHINE  MM
  AVERAGE SKY COVER 1.0


WEATHER CONDITIONS
 THE FOLLOWING WEATHER WAS RECORDED YESTERDAY.
  HEAVY RAIN
  RAIN
  LIGHT RAIN
  FOG


RELATIVE HUMIDITY (PERCENT)
 HIGHEST   100           200 AM
 LOWEST     87          1200 AM
 AVERAGE    94

..........................................................


THE BRADFORD CLIMATE NORMALS FOR TODAY
                         NORMAL    RECORD    YEAR
 MAXIMUM TEMPERATURE (F)   63        81      1986
 MINIMUM TEMPERATURE (F)   40        27      1963


SUNRISE AND SUNSET
SEPTEMBER 30 2016.....SUNRISE   711 AM EDT   SUNSET   657 PM EDT
OCTOBER  1 2016.......SUNRISE   712 AM EDT   SUNSET   655 PM EDT


-  INDICATES NEGATIVE NUMBERS.
R  INDICATES RECORD WAS SET OR TIED.
MM INDICATES DATA IS MISSING.
T  INDICATES TRACE AMOUNT.




$$
