000
CDUS41 KCTP 170644
CLIBFD


CLIMATE REPORT
NATIONAL WEATHER SERVICE STATE COLLEGE PA
144 AM EST SUN DEC 17 2017


...................................

...THE BRADFORD CLIMATE SUMMARY FOR DECEMBER 16 2017...

CLIMATE NORMAL PERIOD 1981 TO 2010
CLIMATE RECORD PERIOD 1957 TO 2017


WEATHER ITEM   OBSERVED TIME   RECORD YEAR NORMAL DEPARTURE LAST
                VALUE   (LST)  VALUE       VALUE  FROM      YEAR
                                                  NORMAL
..................................................................
TEMPERATURE (F)
 YESTERDAY
  MAXIMUM         29    551 PM  55    1984  32     -3       14
  MINIMUM         20    317 AM  -5    2013  18      2        0
  AVERAGE         25                        25      0        7

PRECIPITATION (IN)
  YESTERDAY        0.08          0.78 2000   0.11  -0.03      T
  MONTH TO DATE    1.15                      1.85  -0.70     1.34
  SINCE DEC 1      1.15                      1.85  -0.70     1.34
  SINCE JAN 1     48.36                     42.91   5.45    42.60

DEGREE DAYS
 HEATING
  YESTERDAY       40                        35      5       58
  MONTH TO DATE  632                       517    115      631
  SINCE DEC 1    632                       517    115      631
  SINCE JUL 1   2166                      2352   -186     2019

 COOLING
  YESTERDAY        0                         0      0        0
  MONTH TO DATE    0                         0      0        0
  SINCE DEC 1      0                         0      0        0
  SINCE JAN 1    264                       193     71      370
..................................................................


WIND (MPH)
  HIGHEST WIND SPEED    14   HIGHEST WIND DIRECTION    SW (240)
  HIGHEST GUST SPEED    23   HIGHEST GUST DIRECTION    SW (230)
  AVERAGE WIND SPEED     6.2


SKY COVER
  POSSIBLE SUNSHINE  MM
  AVERAGE SKY COVER 1.0


WEATHER CONDITIONS
 THE FOLLOWING WEATHER WAS RECORDED YESTERDAY.
  SNOW
  LIGHT SNOW
  FOG


RELATIVE HUMIDITY (PERCENT)
 HIGHEST   100           700 PM
 LOWEST     84          1200 AM
 AVERAGE    92

..........................................................


THE BRADFORD CLIMATE NORMALS FOR TODAY
                         NORMAL    RECORD    YEAR
 MAXIMUM TEMPERATURE (F)   32        56      1984
 MINIMUM TEMPERATURE (F)   18        -5      2002


SUNRISE AND SUNSET
DECEMBER 17 2017......SUNRISE   736 AM EST   SUNSET   445 PM EST
DECEMBER 18 2017......SUNRISE   737 AM EST   SUNSET   446 PM EST


-  INDICATES NEGATIVE NUMBERS.
R  INDICATES RECORD WAS SET OR TIED.
MM INDICATES DATA IS MISSING.
T  INDICATES TRACE AMOUNT.




$$
