000
CDUS41 KCTP 310628
CLIBFD


CLIMATE REPORT
NATIONAL WEATHER SERVICE STATE COLLEGE PA
227 AM EDT MON AUG 31 2015


...................................

...THE BRADFORD CLIMATE SUMMARY FOR AUGUST 30 2015...

CLIMATE NORMAL PERIOD 1981 TO 2010
CLIMATE RECORD PERIOD 1957 TO 2015


WEATHER ITEM   OBSERVED TIME   RECORD YEAR NORMAL DEPARTURE LAST
                VALUE   (LST)  VALUE       VALUE  FROM      YEAR
                                                  NORMAL
..................................................................
TEMPERATURE (F)
 YESTERDAY
  MAXIMUM         77    259 PM  88    1991  74      3       81
  MINIMUM         59    542 AM  31    1986  50      9       54
  AVERAGE         68                        62      6       68

PRECIPITATION (IN)
  YESTERDAY        0.05          1.93 2005   0.13  -0.08     0.00
  MONTH TO DATE    1.25                      3.99  -2.74     5.09
  SINCE JUN 1     11.41                     13.09  -1.68    14.71
  SINCE JAN 1     23.84                     29.83  -5.99    30.66

DEGREE DAYS
 HEATING
  YESTERDAY        0                         1     -1        0
  MONTH TO DATE   79                        22     57       90
  SINCE JUN 1    233                       231      2      269
  SINCE JUL 1    126                        86     40      184

 COOLING
  YESTERDAY        3                         1      2        3
  MONTH TO DATE   49                        51     -2       28
  SINCE JUN 1    159                       165     -6      147
  SINCE JAN 1    203                       175     28      165
..................................................................


WIND (MPH)
  HIGHEST WIND SPEED    13   HIGHEST WIND DIRECTION     W (280)
  HIGHEST GUST SPEED    17   HIGHEST GUST DIRECTION     W (280)
  AVERAGE WIND SPEED     3.4


SKY COVER
  POSSIBLE SUNSHINE  MM
  AVERAGE SKY COVER 0.6


WEATHER CONDITIONS
 THE FOLLOWING WEATHER WAS RECORDED YESTERDAY.
  LIGHT RAIN
  FOG


RELATIVE HUMIDITY (PERCENT)
 HIGHEST   100          1100 PM
 LOWEST     60           100 PM
 AVERAGE    80

..........................................................


THE BRADFORD CLIMATE NORMALS FOR TODAY
                         NORMAL    RECORD    YEAR
 MAXIMUM TEMPERATURE (F)   73        87      1993
 MINIMUM TEMPERATURE (F)   50        31      1976


SUNRISE AND SUNSET
AUGUST 31 2015........SUNRISE   639 AM EDT   SUNSET   750 PM EDT
SEPTEMBER  1 2015.....SUNRISE   640 AM EDT   SUNSET   748 PM EDT


-  INDICATES NEGATIVE NUMBERS.
R  INDICATES RECORD WAS SET OR TIED.
MM INDICATES DATA IS MISSING.
T  INDICATES TRACE AMOUNT.




$$
