000
CDUS41 KCTP 312123
CLIBFD


CLIMATE REPORT
NATIONAL WEATHER SERVICE STATE COLLEGE PA
523 PM EDT FRI OCT 31 2014


...................................

...THE BRADFORD CLIMATE SUMMARY FOR OCTOBER 31 2014...
VALID TODAY AS OF 0500 PM LOCAL TIME.

CLIMATE NORMAL PERIOD 1981 TO 2010
CLIMATE RECORD PERIOD 1957 TO 2014


WEATHER ITEM   OBSERVED TIME   RECORD YEAR NORMAL DEPARTURE LAST
                VALUE   (LST)  VALUE       VALUE  FROM      YEAR
                                                  NORMAL
..................................................................
TEMPERATURE (F)
 TODAY
  MAXIMUM         42   1220 PM  72    1971  52    -10       63
  MINIMUM         36    400 AM  12    1975  33      3       50
  AVERAGE         39                        42     -3       57

PRECIPITATION (IN)
  TODAY            0.12          1.21 1994   0.11   0.01     0.68
  MONTH TO DATE    4.11                      3.43   0.68     4.13
  SINCE SEP 1      6.36                      7.35  -0.99     6.66
  SINCE JAN 1     37.70                     37.30   0.40    28.07

DEGREE DAYS
 HEATING
  TODAY           26                        18      8        8
  MONTH TO DATE  481                       436     45      453
  SINCE SEP 1    698                       840   -142      693
  SINCE JUL 1    882                       993   -111      829

 COOLING
  TODAY            0                         0      0        0
  MONTH TO DATE    1                         1      0        9
  SINCE SEP 1     26                        16     10       39
  SINCE JAN 1    196                       193      3      334
..................................................................


WIND (MPH)
  HIGHEST WIND SPEED    10   HIGHEST WIND DIRECTION    SE (130)
  HIGHEST GUST SPEED    14   HIGHEST GUST DIRECTION    SE (140)
  AVERAGE WIND SPEED     1.7


SKY COVER
  POSSIBLE SUNSHINE  MM
  AVERAGE SKY COVER 1.0


WEATHER CONDITIONS
 THE FOLLOWING WEATHER WAS RECORDED TODAY.
  LIGHT RAIN
  FOG


RELATIVE HUMIDITY (PERCENT)
 HIGHEST    92           400 AM
 LOWEST     76          1100 AM
 AVERAGE    84

..........................................................


THE BRADFORD CLIMATE NORMALS FOR TOMORROW
                         NORMAL    RECORD    YEAR
 MAXIMUM TEMPERATURE (F)   51        70      1974
 MINIMUM TEMPERATURE (F)   33        20      1976


SUNRISE AND SUNSET
OCTOBER 31 2014.......SUNRISE   746 AM EDT   SUNSET   610 PM EDT
NOVEMBER  1 2014......SUNRISE   747 AM EDT   SUNSET   609 PM EDT


-  INDICATES NEGATIVE NUMBERS.
R  INDICATES RECORD WAS SET OR TIED.
MM INDICATES DATA IS MISSING.
T  INDICATES TRACE AMOUNT.




$$
