000
CDUS41 KCTP 270612
CLIBFD


CLIMATE REPORT
NATIONAL WEATHER SERVICE STATE COLLEGE PA
211 AM EDT WED JUL 27 2016


...................................

...THE BRADFORD CLIMATE SUMMARY FOR JULY 26 2016...

CLIMATE NORMAL PERIOD 1981 TO 2010
CLIMATE RECORD PERIOD 1957 TO 2016


WEATHER ITEM   OBSERVED TIME   RECORD YEAR NORMAL DEPARTURE LAST
                VALUE   (LST)  VALUE       VALUE  FROM      YEAR
                                                  NORMAL
..................................................................
TEMPERATURE (F)
 YESTERDAY
  MAXIMUM         81    318 PM  86    2005  77      4       83
  MINIMUM         58   1159 PM  34    1976  54      4       59
  AVERAGE         70                        65      5       71

PRECIPITATION (IN)
  YESTERDAY        0.00          1.82 1973   0.14  -0.14     0.00
  MONTH TO DATE    3.86                      3.52   0.34     2.45
  SINCE JUN 1      6.88                      8.43  -1.55     9.92
  SINCE JAN 1     21.31                     25.17  -3.86    22.35

DEGREE DAYS
 HEATING
  YESTERDAY        0                         0      0        0
  MONTH TO DATE   31                         1     30       47
  SINCE JUN 1    123                       146    -23      154
  SINCE JUL 1     31                         1     30       47

 COOLING
  YESTERDAY        5                         2      3        6
  MONTH TO DATE  101                        60     41       53
  SINCE JUN 1    133                       100     33       91
  SINCE JAN 1    152                       110     42      135
..................................................................


WIND (MPH)
  HIGHEST WIND SPEED    14   HIGHEST WIND DIRECTION    NW (300)
  HIGHEST GUST SPEED    23   HIGHEST GUST DIRECTION    NW (310)
  AVERAGE WIND SPEED     5.4


SKY COVER
  POSSIBLE SUNSHINE  MM
  AVERAGE SKY COVER 0.1


WEATHER CONDITIONS
 THE FOLLOWING WEATHER WAS RECORDED YESTERDAY.
  FOG


RELATIVE HUMIDITY (PERCENT)
 HIGHEST    97           300 AM
 LOWEST     45           500 PM
 AVERAGE    71

..........................................................


THE BRADFORD CLIMATE NORMALS FOR TODAY
                         NORMAL    RECORD    YEAR
 MAXIMUM TEMPERATURE (F)   77        85      1983
 MINIMUM TEMPERATURE (F)   53        38      2001


SUNRISE AND SUNSET
JULY 27 2016..........SUNRISE   604 AM EDT   SUNSET   837 PM EDT
JULY 28 2016..........SUNRISE   605 AM EDT   SUNSET   836 PM EDT


-  INDICATES NEGATIVE NUMBERS.
R  INDICATES RECORD WAS SET OR TIED.
MM INDICATES DATA IS MISSING.
T  INDICATES TRACE AMOUNT.




$$
