000
CDUS41 KCTP 010642
CLIBFD


CLIMATE REPORT
NATIONAL WEATHER SERVICE STATE COLLEGE PA
242 AM EDT MON SEP 1 2014


...................................

...THE BRADFORD CLIMATE SUMMARY FOR AUGUST 31 2014...

CLIMATE NORMAL PERIOD 1981 TO 2010
CLIMATE RECORD PERIOD 1957 TO 2014


WEATHER ITEM   OBSERVED TIME   RECORD YEAR NORMAL DEPARTURE LAST
                VALUE   (LST)  VALUE       VALUE  FROM      YEAR
                                                  NORMAL
..................................................................
TEMPERATURE (F)
 YESTERDAY
  MAXIMUM         73    333 PM  87    1993  73      0       83
  MINIMUM         67    926 AM  31    1976  50     17       64
  AVERAGE         70                        62      8       74

PRECIPITATION (IN)
  YESTERDAY        0.68          1.67 2005   0.12   0.56      T
  MONTH TO DATE    5.77                      4.11   1.66     3.15
  SINCE JUN 1     15.39                     13.21   2.18    10.38
  SINCE JAN 1     31.34                     29.95   1.39    21.41

DEGREE DAYS
 HEATING
  YESTERDAY        0                         1     -1        0
  MONTH TO DATE   90                        23     67       84
  SINCE JUN 1    269                       298    -29      240
  SINCE JUL 1    184                       153     31      136

 COOLING
  YESTERDAY        5                         1      4        9
  MONTH TO DATE   33                        53    -20       54
  SINCE JUN 1    152                       167    -15      252
  SINCE JAN 1    170                       177     -7      295
..................................................................


WIND (MPH)
  HIGHEST WIND SPEED    13   HIGHEST WIND DIRECTION    SW (210)
  HIGHEST GUST SPEED    18   HIGHEST GUST DIRECTION     S (190)
  AVERAGE WIND SPEED     4.1


SKY COVER
  POSSIBLE SUNSHINE  MM
  AVERAGE SKY COVER 1.0


WEATHER CONDITIONS
 THE FOLLOWING WEATHER WAS RECORDED YESTERDAY.
  HEAVY RAIN
  RAIN
  LIGHT RAIN
  FOG


RELATIVE HUMIDITY (PERCENT)
 HIGHEST    93           500 AM
 LOWEST     79           200 PM
 AVERAGE    86

..........................................................


THE BRADFORD CLIMATE NORMALS FOR TODAY
                         NORMAL    RECORD    YEAR
 MAXIMUM TEMPERATURE (F)   73        84      1973
 MINIMUM TEMPERATURE (F)   50        34      2009


SUNRISE AND SUNSET
SEPTEMBER  1 2014.....SUNRISE   640 AM EDT   SUNSET   748 PM EDT
SEPTEMBER  2 2014.....SUNRISE   641 AM EDT   SUNSET   746 PM EDT


-  INDICATES NEGATIVE NUMBERS.
R  INDICATES RECORD WAS SET OR TIED.
MM INDICATES DATA IS MISSING.
T  INDICATES TRACE AMOUNT.




$$
