000
CDUS41 KCTP 232116
CLIBFD


CLIMATE REPORT
NATIONAL WEATHER SERVICE STATE COLLEGE PA
515 PM EDT TUE SEP 23 2014


...................................

...THE BRADFORD CLIMATE SUMMARY FOR SEPTEMBER 23 2014...
VALID TODAY AS OF 0500 PM LOCAL TIME.

CLIMATE NORMAL PERIOD 1981 TO 2010
CLIMATE RECORD PERIOD 1957 TO 2014


WEATHER ITEM   OBSERVED TIME   RECORD YEAR NORMAL DEPARTURE LAST
                VALUE   (LST)  VALUE       VALUE  FROM      YEAR
                                                  NORMAL
..................................................................
TEMPERATURE (F)
 TODAY
  MAXIMUM         67    330 PM  82    1959  66      1       61
  MINIMUM         34    642 AM  26    1976  43     -9       38
  AVERAGE         51                        54     -3       50

PRECIPITATION (IN)
  TODAY            0.00          0.85 1986   0.13  -0.13     0.00
  MONTH TO DATE    2.25                      3.01  -0.76     2.53
  SINCE SEP 1      2.25                      3.01  -0.76     2.53
  SINCE JAN 1     33.59                     32.96   0.63    23.94

DEGREE DAYS
 HEATING
  TODAY           14                         7      7       15
  MONTH TO DATE  165                        89     76      172
  SINCE SEP 1    165                        89     76      172
  SINCE JUL 1    349                       242    107      308

 COOLING
  TODAY            0                         0      0        0
  MONTH TO DATE   25                        13     12       30
  SINCE SEP 1     25                        13     12       30
  SINCE JAN 1    195                       190      5      325
..................................................................


WIND (MPH)
  HIGHEST WIND SPEED    13   HIGHEST WIND DIRECTION    NW (300)
  HIGHEST GUST SPEED    16   HIGHEST GUST DIRECTION     W (290)
  AVERAGE WIND SPEED     2.3


SKY COVER
  POSSIBLE SUNSHINE  MM
  AVERAGE SKY COVER 0.0


WEATHER CONDITIONS
 THE FOLLOWING WEATHER WAS RECORDED TODAY.
  FOG


RELATIVE HUMIDITY (PERCENT)
 HIGHEST   100           700 AM
 LOWEST     48           100 PM
 AVERAGE    74

..........................................................


THE BRADFORD CLIMATE NORMALS FOR TOMORROW
                         NORMAL    RECORD    YEAR
 MAXIMUM TEMPERATURE (F)   65        82      1961
 MINIMUM TEMPERATURE (F)   42        24      1974


SUNRISE AND SUNSET
SEPTEMBER 23 2014.....SUNRISE   703 AM EDT   SUNSET   710 PM EDT
SEPTEMBER 24 2014.....SUNRISE   704 AM EDT   SUNSET   708 PM EDT


-  INDICATES NEGATIVE NUMBERS.
R  INDICATES RECORD WAS SET OR TIED.
MM INDICATES DATA IS MISSING.
T  INDICATES TRACE AMOUNT.




$$
