000
CDUS45 KCYS 180324
CLIBFF


CLIMATE REPORT
NATIONAL WEATHER SERVICE CHEYENNE WY
924 PM MDT THU APR 17 2014


...................................

...THE SCOTTSBLUFF NEBRASKA AIRPORT CLIMATE SUMMARY FOR APRIL 17 2014...
VALID TODAY AS OF 0900 PM LOCAL TIME.

CLIMATE NORMAL PERIOD 1981 TO 2010
CLIMATE RECORD PERIOD 1871 TO 2014


WEATHER ITEM   OBSERVED TIME   RECORD YEAR NORMAL DEPARTURE LAST
                VALUE   (LST)  VALUE       VALUE  FROM      YEAR
                                                  NORMAL
..................................................................
TEMPERATURE (F)
 TODAY
  MAXIMUM         60    239 PM  87    1948  62     -2       29
  MINIMUM         33    610 AM   7    1896  32      1       24
  AVERAGE         47                        47      0       27

PRECIPITATION (IN)
  TODAY            0.00          1.29 1914   0.07  -0.07     0.09
  MONTH TO DATE    0.09                      0.98  -0.89     1.83
  SINCE MAR 1      0.94                      1.98  -1.04     2.04
  SINCE JAN 1      2.54                      2.99  -0.45     2.58

SNOWFALL (IN)
  TODAY            0.0           5.7  1986   0.2   -0.2      1.4
  MONTH TO DATE    1.1                       3.8   -2.7     17.4
  SINCE JUL 1     61.5                      40.0   21.5     40.3
  SNOW DEPTH       0

DEGREE DAYS
 HEATING
  TODAY           18                        18      0       38
  MONTH TO DATE  345                       348     -3      454
  SINCE MAR 1   1175                      1177     -2     1271
  SINCE JUL 1   6208                      6089    119     5792

 COOLING
  TODAY            0                         0      0        0
  MONTH TO DATE    0                         0      0        0
  SINCE MAR 1      0                         0      0        0
  SINCE JAN 1      0                         0      0        0
..................................................................


WIND (MPH)
  HIGHEST WIND SPEED    24   HIGHEST WIND DIRECTION    SE (120)
  HIGHEST GUST SPEED    29   HIGHEST GUST DIRECTION    SE (120)
  AVERAGE WIND SPEED    13.4


SKY COVER
  AVERAGE SKY COVER 0.6


WEATHER CONDITIONS
 THE FOLLOWING WEATHER WAS RECORDED TODAY.
  NO SIGNIFICANT WEATHER WAS OBSERVED.


RELATIVE HUMIDITY (PERCENT)
 HIGHEST    89           600 AM
 LOWEST     40           500 PM
 AVERAGE    65

..........................................................


THE SCOTTSBLUFF NEBRASKA AIRPORT CLIMATE NORMALS FOR TOMORROW
                         NORMAL    RECORD    YEAR
 MAXIMUM TEMPERATURE (F)   62        87      1987
 MINIMUM TEMPERATURE (F)   32        16      2013


SUNRISE AND SUNSET
APRIL 17 2014.........SUNRISE   611 AM MDT   SUNSET   738 PM MDT
APRIL 18 2014.........SUNRISE   609 AM MDT   SUNSET   739 PM MDT


-  INDICATES NEGATIVE NUMBERS.
R  INDICATES RECORD WAS SET OR TIED.
MM INDICATES DATA IS MISSING.
T  INDICATES TRACE AMOUNT.




$$
