000
CDUS45 KCYS 270729
CLIBFF


CLIMATE REPORT
NATIONAL WEATHER SERVICE CHEYENNE WY
129 AM MDT WED AUG 27 2014


...................................

...THE SCOTTSBLUFF NEBRASKA AIRPORT CLIMATE SUMMARY FOR AUGUST 26 2014...

CLIMATE NORMAL PERIOD 1981 TO 2010
CLIMATE RECORD PERIOD 1871 TO 2014


WEATHER ITEM   OBSERVED TIME   RECORD YEAR NORMAL DEPARTURE LAST
                VALUE   (LST)  VALUE       VALUE  FROM      YEAR
                                                  NORMAL
..................................................................
TEMPERATURE (F)
 YESTERDAY
  MAXIMUM         89    304 PM 105    1926  86      3       96
  MINIMUM         57    602 AM  35    1910  54      3       61
  AVERAGE         73                        70      3       79

PRECIPITATION (IN)
  YESTERDAY        0.25          0.84 1933   0.04   0.21     0.00
  MONTH TO DATE    0.76                      1.12  -0.36     0.62
  SINCE JAN 1     11.14                     12.12  -0.98     7.68

SNOWFALL (IN)
  YESTERDAY        0.0          MM      MM   0.0    0.0      0.0
  MONTH TO DATE    0.0                       0.0    0.0      0.0
  SINCE JUL 1      0.0                       0.0    0.0      0.0
  SNOW DEPTH       0

DEGREE DAYS
 HEATING
  YESTERDAY        0                         1     -1        0
  MONTH TO DATE    1                         5     -4        0
  SINCE JUN 1     61                        71    -10       23
  SINCE JUL 1      8                        11     -3        2

 COOLING
  YESTERDAY        8                         6      2       14
  MONTH TO DATE  229                       203     26      248
  SINCE JUN 1    606                       616    -10      760
  SINCE JAN 1    633                       639     -6      814
..................................................................


WIND (MPH)
  HIGHEST WIND SPEED    31   HIGHEST WIND DIRECTION     S (160)
  HIGHEST GUST SPEED    41   HIGHEST GUST DIRECTION     S (160)
  AVERAGE WIND SPEED     8.9


SKY COVER
  AVERAGE SKY COVER 0.2


WEATHER CONDITIONS
 THE FOLLOWING WEATHER WAS RECORDED YESTERDAY.
  THUNDERSTORM
  HEAVY RAIN
  RAIN
  LIGHT RAIN
  FOG


RELATIVE HUMIDITY (PERCENT)
 HIGHEST    93           500 AM
 LOWEST     31           100 PM
 AVERAGE    62

..........................................................


THE SCOTTSBLUFF NEBRASKA AIRPORT CLIMATE NORMALS FOR TODAY
                         NORMAL    RECORD    YEAR
 MAXIMUM TEMPERATURE (F)   86       106      1898
 MINIMUM TEMPERATURE (F)   54        40      1992


SUNRISE AND SUNSET
AUGUST 27 2014........SUNRISE   615 AM MDT   SUNSET   736 PM MDT
AUGUST 28 2014........SUNRISE   616 AM MDT   SUNSET   734 PM MDT


-  INDICATES NEGATIVE NUMBERS.
R  INDICATES RECORD WAS SET OR TIED.
MM INDICATES DATA IS MISSING.
T  INDICATES TRACE AMOUNT.




$$
