000
CDUS45 KCYS 042128
CLIBFF


CLIMATE REPORT
NATIONAL WEATHER SERVICE CHEYENNE WY
328 PM MDT SAT JUL 4 2015


...................................

...THE SCOTTSBLUFF NE AIRPORT CLIMATE SUMMARY FOR JULY 4 2015...
VALID AS OF 0300 PM LOCAL TIME.

CLIMATE NORMAL PERIOD 1981 TO 2010
CLIMATE RECORD PERIOD 1871 TO 2015


WEATHER ITEM   OBSERVED TIME   RECORD YEAR NORMAL DEPARTURE LAST
                VALUE   (LST)  VALUE       VALUE  FROM      YEAR
                                                  NORMAL
..................................................................
TEMPERATURE (F)
 TODAY
  MAXIMUM         96    144 PM 107    1936  89      7       96
  MINIMUM         65    529 AM  38    1898  57      8       63
  AVERAGE         81                        73      8       80

PRECIPITATION (IN)
  TODAY            0.00          2.11 1912   0.06  -0.06      T
  MONTH TO DATE    0.18                      0.25  -0.07      T
  SINCE JUN 1      2.42                      3.10  -0.68     1.73
  SINCE JAN 1     14.58                      9.42   5.16     8.88

SNOWFALL (IN)
  TODAY            0.0          MM      MM   0.0    0.0      0.0
  MONTH TO DATE    0.0                       0.0    0.0      0.0
  SINCE JUL 1      0.0                       0.0    0.0      0.0
  SNOW DEPTH       0

DEGREE DAYS
 HEATING
  TODAY            0                         0      0        0
  MONTH TO DATE    0                         1     -1        3
  SINCE JUN 1      3                        61    -58       56
  SINCE JUL 1      0                         1     -1        3

 COOLING
  TODAY           16                         8      8       15
  MONTH TO DATE   47                        32     15       23
  SINCE JUN 1    233                       158     75      118
  SINCE JAN 1    233                       181     52      145
..................................................................


WIND (MPH)
  HIGHEST WIND SPEED    14   HIGHEST WIND DIRECTION     S (160)
  HIGHEST GUST SPEED    22   HIGHEST GUST DIRECTION     S (170)
  AVERAGE WIND SPEED     8.8


SKY COVER
  AVERAGE SKY COVER 0.0


WEATHER CONDITIONS
 THE FOLLOWING WEATHER WAS RECORDED TODAY.
  NO SIGNIFICANT WEATHER WAS OBSERVED.


RELATIVE HUMIDITY (PERCENT)
 HIGHEST    87           500 AM
 LOWEST     23           200 PM
 AVERAGE    55

..........................................................


THE SCOTTSBLUFF NE AIRPORT CLIMATE NORMALS FOR TOMORROW
                         NORMAL    RECORD    YEAR
 MAXIMUM TEMPERATURE (F)   89       108      1989
                                             1936
 MINIMUM TEMPERATURE (F)   57        35      1898


SUNRISE AND SUNSET
JULY  4 2015..........SUNRISE   525 AM MDT   SUNSET   833 PM MDT
JULY  5 2015..........SUNRISE   525 AM MDT   SUNSET   832 PM MDT


-  INDICATES NEGATIVE NUMBERS.
R  INDICATES RECORD WAS SET OR TIED.
MM INDICATES DATA IS MISSING.
T  INDICATES TRACE AMOUNT.




$$
