000
CDUS45 KCYS 300727
CLIBFF


CLIMATE REPORT
NATIONAL WEATHER SERVICE CHEYENNE WY
127 AM MDT THU JUL 30 2015


...................................

...THE SCOTTSBLUFF NE AIRPORT CLIMATE SUMMARY FOR JULY 29 2015...

CLIMATE NORMAL PERIOD 1981 TO 2010
CLIMATE RECORD PERIOD 1871 TO 2015


WEATHER ITEM   OBSERVED TIME   RECORD YEAR NORMAL DEPARTURE LAST
                VALUE   (LST)  VALUE       VALUE  FROM      YEAR
                                                  NORMAL
..................................................................
TEMPERATURE (F)
 YESTERDAY
  MAXIMUM         88    419 PM 106    1980  90     -2       85
  MINIMUM         48    437 AM  47    2009  59    -11       58
  AVERAGE         68                        74     -6       72

PRECIPITATION (IN)
  YESTERDAY        T             1.14 1957   0.05  -0.05     0.05
  MONTH TO DATE    3.83                      1.72   2.11     1.50
  SINCE JAN 1     18.23                     10.89   7.34    10.38

SNOWFALL (IN)
  YESTERDAY        0.0          MM      MM   0.0    0.0      0.0
  MONTH TO DATE    0.0                       0.0    0.0      0.0
  SINCE JUL 1      0.0                       0.0    0.0      0.0
  SNOW DEPTH       0

DEGREE DAYS
 HEATING
  YESTERDAY        0                         0      0        0
  MONTH TO DATE    6                         1      5        7
  SINCE JUN 1      9                        61    -52       60
  SINCE JUL 1      6                         1      5        7

 COOLING
  YESTERDAY        3                        10     -7        7
  MONTH TO DATE  228                       270    -42      272
  SINCE JUN 1    413                       396     17      367
  SINCE JAN 1    413                       419     -6      394
..................................................................


WIND (MPH)
  HIGHEST WIND SPEED    18   HIGHEST WIND DIRECTION     S (160)
  HIGHEST GUST SPEED    23   HIGHEST GUST DIRECTION     S (170)
  AVERAGE WIND SPEED     7.3


SKY COVER
  AVERAGE SKY COVER 0.2


WEATHER CONDITIONS
 THE FOLLOWING WEATHER WAS RECORDED YESTERDAY.
  THUNDERSTORM
  LIGHT RAIN


RELATIVE HUMIDITY (PERCENT)
 HIGHEST    86           300 AM
 LOWEST     27           400 PM
 AVERAGE    57

..........................................................


THE SCOTTSBLUFF NE AIRPORT CLIMATE NORMALS FOR TODAY
                         NORMAL    RECORD    YEAR
 MAXIMUM TEMPERATURE (F)   90       104      1934
 MINIMUM TEMPERATURE (F)   59        44      2009


SUNRISE AND SUNSET
JULY 30 2015..........SUNRISE   546 AM MDT   SUNSET   815 PM MDT
JULY 31 2015..........SUNRISE   547 AM MDT   SUNSET   814 PM MDT


-  INDICATES NEGATIVE NUMBERS.
R  INDICATES RECORD WAS SET OR TIED.
MM INDICATES DATA IS MISSING.
T  INDICATES TRACE AMOUNT.




$$
