000
CDUS45 KCYS 020736
CLIBFF


CLIMATE REPORT
NATIONAL WEATHER SERVICE CHEYENNE WY
135 AM MDT TUE JUN 2 2015


...................................

...THE SCOTTSBLUFF NE AIRPORT CLIMATE SUMMARY FOR JUNE 1 2015...

CLIMATE NORMAL PERIOD 1981 TO 2010
CLIMATE RECORD PERIOD 1871 TO 2015


WEATHER ITEM   OBSERVED TIME   RECORD YEAR NORMAL DEPARTURE LAST
                VALUE   (LST)  VALUE       VALUE  FROM      YEAR
                                                  NORMAL
..................................................................
TEMPERATURE (F)
 YESTERDAY
  MAXIMUM         87    109 PM  98    1940  77     10       76
  MINIMUM         56    626 AM  33    1951  48      8       50
                                      1907
  AVERAGE         72                        62     10       63

PRECIPITATION (IN)
  YESTERDAY        0.03          1.08 1908   0.12  -0.09     0.10
  MONTH TO DATE    0.03                      0.12  -0.09     0.10
  SINCE JAN 1     12.19                      6.44   5.75     7.25

SNOWFALL (IN)
  YESTERDAY        0.0          MM      MM   0.0    0.0      0.0
  MONTH TO DATE    0.0                       0.0    0.0      0.0
  SINCE JUL 1     51.7                      42.1    9.6     66.5
  SNOW DEPTH       0

DEGREE DAYS
 HEATING
  YESTERDAY        0                         4     -4        2
  MONTH TO DATE    0                         4     -4        2
  SINCE JUN 1      0                         4     -4        2
  SINCE JUL 1   6156                      6559   -403     6621

 COOLING
  YESTERDAY        7                         2      5        0
  MONTH TO DATE    7                         2      5        0
  SINCE JUN 1      7                         2      5        0
  SINCE JAN 1      7                        25    -18       27
..................................................................


WIND (MPH)
  HIGHEST WIND SPEED    20   HIGHEST WIND DIRECTION    NE (60)
  HIGHEST GUST SPEED    26   HIGHEST GUST DIRECTION     W (290)
  AVERAGE WIND SPEED     9.5


SKY COVER
  AVERAGE SKY COVER 0.3


WEATHER CONDITIONS
 THE FOLLOWING WEATHER WAS RECORDED YESTERDAY.
  THUNDERSTORM
  LIGHT RAIN
  FOG
  FOG W/VISIBILITY <= 1/4 MILE


RELATIVE HUMIDITY (PERCENT)
 HIGHEST   100           400 AM
 LOWEST     37           100 PM
 AVERAGE    69

..........................................................


THE SCOTTSBLUFF NE AIRPORT CLIMATE NORMALS FOR TODAY
                         NORMAL    RECORD    YEAR
 MAXIMUM TEMPERATURE (F)   77        97      1977
 MINIMUM TEMPERATURE (F)   49        31      1969


SUNRISE AND SUNSET
JUNE  2 2015..........SUNRISE   521 AM MDT   SUNSET   824 PM MDT
JUNE  3 2015..........SUNRISE   521 AM MDT   SUNSET   824 PM MDT


-  INDICATES NEGATIVE NUMBERS.
R  INDICATES RECORD WAS SET OR TIED.
MM INDICATES DATA IS MISSING.
T  INDICATES TRACE AMOUNT.




$$
