000
CDUS45 KCYS 270736
CLIBFF


CLIMATE REPORT
NATIONAL WEATHER SERVICE CHEYENNE WY
136 AM MDT FRI MAR 27 2015


...................................

...THE SCOTTSBLUFF NE AIRPORT CLIMATE SUMMARY FOR MARCH 26 2015...

CLIMATE NORMAL PERIOD 1981 TO 2010
CLIMATE RECORD PERIOD 1871 TO 2015


WEATHER ITEM   OBSERVED TIME   RECORD YEAR NORMAL DEPARTURE LAST
                VALUE   (LST)  VALUE       VALUE  FROM      YEAR
                                                  NORMAL
..................................................................
TEMPERATURE (F)
 YESTERDAY
  MAXIMUM         56    248 PM  85    2012  55      1       73
  MINIMUM         23    343 AM  -6    1899  27     -4       24
  AVERAGE         40                        41     -1       49

PRECIPITATION (IN)
  YESTERDAY        T             0.41 1931   0.04  -0.04      T
  MONTH TO DATE    0.26                      0.79  -0.53     0.66
  SINCE JAN 1      1.10                      1.80  -0.70     2.26

SNOWFALL (IN)
  YESTERDAY       MM             4.1  1931   0.2   MM        0.0
  MONTH TO DATE    0.9                       6.5   -5.6      7.3
  SINCE JUL 1     43.2                      34.9    8.3     58.6
  SNOW DEPTH      MM

DEGREE DAYS
 HEATING
  YESTERDAY       25                        24      1       16
  MONTH TO DATE  566                       713   -147      725
  SINCE MAR 1    566                       713   -147      725
  SINCE JUL 1   5281                      5625   -344     5758

 COOLING
  YESTERDAY        0                         0      0        0
  MONTH TO DATE    0                         0      0        0
  SINCE MAR 1      0                         0      0        0
  SINCE JAN 1      0                         0      0        0
..................................................................


WIND (MPH)
  HIGHEST WIND SPEED    32   HIGHEST WIND DIRECTION    NW (310)
  HIGHEST GUST SPEED    44   HIGHEST GUST DIRECTION    NW (310)
  AVERAGE WIND SPEED    12.6


SKY COVER
  AVERAGE SKY COVER 0.8


WEATHER CONDITIONS
 THE FOLLOWING WEATHER WAS RECORDED YESTERDAY.
  NO SIGNIFICANT WEATHER WAS OBSERVED.


RELATIVE HUMIDITY (PERCENT)
 HIGHEST    92           500 AM
 LOWEST     41          1200 PM
 AVERAGE    67

..........................................................


THE SCOTTSBLUFF NE AIRPORT CLIMATE NORMALS FOR TODAY
                         NORMAL    RECORD    YEAR
 MAXIMUM TEMPERATURE (F)   56        82      1988
 MINIMUM TEMPERATURE (F)   27       -10      1899


SUNRISE AND SUNSET
MARCH 27 2015.........SUNRISE   646 AM MDT   SUNSET   714 PM MDT
MARCH 28 2015.........SUNRISE   644 AM MDT   SUNSET   715 PM MDT


-  INDICATES NEGATIVE NUMBERS.
R  INDICATES RECORD WAS SET OR TIED.
MM INDICATES DATA IS MISSING.
T  INDICATES TRACE AMOUNT.




$$
