000
CDUS46 KHNX 290822
CLIBFL


CLIMATE REPORT
NATIONAL WEATHER SERVICE SAN JOAQUIN VALLEY, CA
121 AM PDT SUN MAR 29 2015


...................................

...THE BAKERSFIELD CLIMATE SUMMARY FOR MARCH 28 2015...

CLIMATE NORMAL PERIOD 1981 TO 2010
CLIMATE RECORD PERIOD 1889 TO 2015


WEATHER ITEM   OBSERVED TIME   RECORD YEAR NORMAL DEPARTURE
                VALUE   (LST)  VALUE       VALUE  FROM
                                                  NORMAL
...............................................................
TEMPERATURE (F)
 YESTERDAY
  MAXIMUM         83    358 PM  88    1893  71     12
  MINIMUM         56    555 AM  24    1907  47      9
  AVERAGE         70                        59     11

PRECIPITATION (IN)
  YESTERDAY        0.00          0.81 1963   0.03  -0.03
  MONTH TO DATE    0.27                      1.12  -0.85
  SINCE OCT 1      4.53                      5.48  -0.95
  SINCE JAN 1      1.86                      3.52  -1.66

SNOWFALL (IN)
  YESTERDAY        0.0
  MONTH TO DATE    0.0
  SINCE MAR 1      0.0
  SINCE JUL 1      0.0
  SNOW DEPTH       0

DEGREE DAYS
 HEATING
  YESTERDAY        0                               -6
  MONTH TO DATE   84                             -135
  SINCE MAR 1     84                             -135
  SINCE JUL 1   1219                             -774

 COOLING
  YESTERDAY        5                                5
  MONTH TO DATE   55                               55
  SINCE MAR 1     55                               55
  SINCE JAN 1     59                               59
...............................................................


WIND (MPH)
  HIGHEST WIND SPEED    14   HIGHEST WIND DIRECTION    NW (320)
  HIGHEST GUST SPEED    18   HIGHEST GUST DIRECTION    NW (320)
  AVERAGE WIND SPEED     5.0




RELATIVE HUMIDITY (PERCENT)
 HIGHEST    67
 LOWEST     22
 AVERAGE    45

..........................................................


THE BAKERSFIELD CLIMATE NORMALS FOR TODAY
                         NORMAL    RECORD    YEAR
 MAXIMUM TEMPERATURE (F)   71        94      2004
 MINIMUM TEMPERATURE (F)   47        23      1907


SUNRISE AND SUNSET
MARCH 29 2015.........SUNRISE   647 AM PDT   SUNSET   715 PM PDT
MARCH 30 2015.........SUNRISE   646 AM PDT   SUNSET   716 PM PDT


-  INDICATES NEGATIVE NUMBERS.
R  INDICATES RECORD WAS SET OR TIED.
MM INDICATES DATA IS MISSING.
T  INDICATES TRACE AMOUNT.




$$
