000
CDUS46 KHNX 010820
CLIBFL


CLIMATE REPORT
NATIONAL WEATHER SERVICE SAN JOAQUIN VALLEY, CA
120 AM PDT WED JUL 1 2015


...................................

...THE BAKERSFIELD CLIMATE SUMMARY FOR JUNE 30 2015...

CLIMATE NORMAL PERIOD 1981 TO 2010
CLIMATE RECORD PERIOD 1889 TO 2015


WEATHER ITEM   OBSERVED TIME   RECORD YEAR NORMAL DEPARTURE
                VALUE   (LST)  VALUE       VALUE  FROM
                                                  NORMAL
...............................................................
TEMPERATURE (F)
 YESTERDAY
  MAXIMUM        106    311 PM 111    1950  95     11
                                      1932
  MINIMUM         80    401 AM  44    1907  68     12
  AVERAGE         93                        81     12

PRECIPITATION (IN)
  YESTERDAY        0.00          0.02 1982   0.00   0.00
  MONTH TO DATE    T                         0.08  -0.08
  SINCE OCT 1      5.29                      6.35  -1.06
  SINCE JAN 1      2.62                      4.39  -1.77

SNOWFALL (IN)
  YESTERDAY        0.0
  MONTH TO DATE    0.0
  SINCE JUN 1      0.0
  SINCE JUL 1      0.0
  SNOW DEPTH       0

DEGREE DAYS
 HEATING
  YESTERDAY        0                                0
  MONTH TO DATE    0                                0
  SINCE JUN 1      0                               -2
  SINCE JUL 1   1307                             -868

 COOLING
  YESTERDAY       28                               12
  MONTH TO DATE  553                              174
  SINCE JUN 1    553                              174
  SINCE JAN 1    898                              252
...............................................................


WIND (MPH)
  HIGHEST WIND SPEED    15   HIGHEST WIND DIRECTION    NW (310)
  HIGHEST GUST SPEED    19   HIGHEST GUST DIRECTION    NW (300)
  AVERAGE WIND SPEED     7.1




RELATIVE HUMIDITY (PERCENT)
 HIGHEST    43
 LOWEST     10
 AVERAGE    27

..........................................................


THE BAKERSFIELD CLIMATE NORMALS FOR TODAY
                         NORMAL    RECORD    YEAR
 MAXIMUM TEMPERATURE (F)   95       115      1950
 MINIMUM TEMPERATURE (F)   68        50      1913


SUNRISE AND SUNSET
JULY  1 2015..........SUNRISE   545 AM PDT   SUNSET   815 PM PDT
JULY  2 2015..........SUNRISE   545 AM PDT   SUNSET   815 PM PDT


-  INDICATES NEGATIVE NUMBERS.
R  INDICATES RECORD WAS SET OR TIED.
MM INDICATES DATA IS MISSING.
T  INDICATES TRACE AMOUNT.




$$
