000
CDUS46 KHNX 210823
CLIBFL


CLIMATE REPORT
NATIONAL WEATHER SERVICE SAN JOAQUIN VALLEY, CA
1222 AM PST SUN JAN 21 2018


...................................

...THE BAKERSFIELD CLIMATE SUMMARY FOR JANUARY 20 2018...

CLIMATE NORMAL PERIOD 1981 TO 2010
CLIMATE RECORD PERIOD 1889 TO 2018


WEATHER ITEM   OBSERVED TIME   RECORD YEAR NORMAL DEPARTURE
                VALUE   (LST)  VALUE       VALUE  FROM
                                                  NORMAL
...............................................................
TEMPERATURE (F)
 YESTERDAY
  MAXIMUM         54    438 PM  77    1912  57     -3
  MINIMUM         39   1142 PM  21    1922  39      0
  AVERAGE         47                        48     -1

PRECIPITATION (IN)
  YESTERDAY        0.00          0.65 1921   0.03  -0.03
  MONTH TO DATE    0.96                      0.74   0.22
  SINCE OCT 1      1.03                      2.70  -1.67
  SINCE JAN 1      0.96                      0.74   0.22

SNOWFALL (IN)
  YESTERDAY        0.0
  MONTH TO DATE    0.0
  SINCE DEC 1      0.0
  SINCE JUL 1      0.0
  SNOW DEPTH       0

DEGREE DAYS
 HEATING
  YESTERDAY       18                                1
  MONTH TO DATE  188                             -167
  SINCE DEC 1    647                             -241
  SINCE JUL 1    824                             -422

 COOLING
  YESTERDAY        0                                0
  MONTH TO DATE    0                                0
  SINCE DEC 1      0                                0
  SINCE JAN 1      0                                0
...............................................................


WIND (MPH)
  HIGHEST WIND SPEED    10   HIGHEST WIND DIRECTION     N (20)
  HIGHEST GUST SPEED    14   HIGHEST GUST DIRECTION     N (360)
  AVERAGE WIND SPEED     3.2




RELATIVE HUMIDITY (PERCENT)
 HIGHEST    89
 LOWEST     54
 AVERAGE    72

..........................................................


THE BAKERSFIELD CLIMATE NORMALS FOR TODAY
                         NORMAL    RECORD    YEAR
 MAXIMUM TEMPERATURE (F)   57        79      1981
 MINIMUM TEMPERATURE (F)   39        19      1937


SUNRISE AND SUNSET
JANUARY 21 2018.......SUNRISE   702 AM PST   SUNSET   513 PM PST
JANUARY 22 2018.......SUNRISE   702 AM PST   SUNSET   514 PM PST


-  INDICATES NEGATIVE NUMBERS.
R  INDICATES RECORD WAS SET OR TIED.
MM INDICATES DATA IS MISSING.
T  INDICATES TRACE AMOUNT.




$$
