000
CDUS46 KHNX 140827
CLIBFL


CLIMATE REPORT
NATIONAL WEATHER SERVICE SAN JOAQUIN VALLEY, CA
1226 AM PST SUN FEB 14 2016


...................................

...THE BAKERSFIELD CLIMATE SUMMARY FOR FEBRUARY 13 2016...

CLIMATE NORMAL PERIOD 1981 TO 2010
CLIMATE RECORD PERIOD 1889 TO 2016


WEATHER ITEM   OBSERVED TIME   RECORD YEAR NORMAL DEPARTURE
                VALUE   (LST)  VALUE       VALUE  FROM
                                                  NORMAL
...............................................................
TEMPERATURE (F)
 YESTERDAY
  MAXIMUM         70    402 PM  83    1924  63      7
                                      1921
  MINIMUM         47    638 AM  25    1908  42      5
  AVERAGE         59                        52      7

PRECIPITATION (IN)
  YESTERDAY        0.00          1.08 1963   0.04  -0.04
  MONTH TO DATE    T                         0.57  -0.57
  SINCE OCT 1      3.28                      3.69  -0.41
  SINCE JAN 1      1.95                      1.73   0.22

SNOWFALL (IN)
  YESTERDAY        0.0
  MONTH TO DATE    0.0
  SINCE DEC 1      0.0
  SINCE JUL 1      0.0
  SNOW DEPTH       0

DEGREE DAYS
 HEATING
  YESTERDAY        6                               -7
  MONTH TO DATE  150                              -32
  SINCE DEC 1   1075                             -175
  SINCE JUL 1   1418                             -190

 COOLING
  YESTERDAY        0                                0
  MONTH TO DATE    0                                0
  SINCE DEC 1      0                                0
  SINCE JAN 1      0                                0
...............................................................


WIND (MPH)
  HIGHEST WIND SPEED    10   HIGHEST WIND DIRECTION    NW (320)
  HIGHEST GUST SPEED    13   HIGHEST GUST DIRECTION    NW (330)
  AVERAGE WIND SPEED     3.3




RELATIVE HUMIDITY (PERCENT)
 HIGHEST    86
 LOWEST     53
 AVERAGE    70

..........................................................


THE BAKERSFIELD CLIMATE NORMALS FOR TODAY
                         NORMAL    RECORD    YEAR
 MAXIMUM TEMPERATURE (F)   63        78      2014
                                             1991
 MINIMUM TEMPERATURE (F)   42        21      1903


SUNRISE AND SUNSET
FEBRUARY 14 2016......SUNRISE   644 AM PST   SUNSET   537 PM PST
FEBRUARY 15 2016......SUNRISE   643 AM PST   SUNSET   538 PM PST


-  INDICATES NEGATIVE NUMBERS.
R  INDICATES RECORD WAS SET OR TIED.
MM INDICATES DATA IS MISSING.
T  INDICATES TRACE AMOUNT.




$$
