000
CDUS46 KHNX 270824
CLIBFL


CLIMATE REPORT
NATIONAL WEATHER SERVICE SAN JOAQUIN VALLEY, CA
124 AM PDT THU APR 27 2017


...................................

...THE BAKERSFIELD CLIMATE SUMMARY FOR APRIL 26 2017...

CLIMATE NORMAL PERIOD 1981 TO 2010
CLIMATE RECORD PERIOD 1889 TO 2017


WEATHER ITEM   OBSERVED TIME   RECORD YEAR NORMAL DEPARTURE
                VALUE   (LST)  VALUE       VALUE  FROM
                                                  NORMAL
...............................................................
TEMPERATURE (F)
 YESTERDAY
  MAXIMUM         78    339 PM  98    1926  78      0
                                      1913
  MINIMUM         51    535 AM  32    1893  53     -2
  AVERAGE         65                        65      0

PRECIPITATION (IN)
  YESTERDAY        0.00          0.80 1931   0.01  -0.01
  MONTH TO DATE    0.35                      0.47  -0.12
  SINCE OCT 1      7.76                      6.04   1.72
  SINCE JAN 1      4.73                      4.08   0.65

SNOWFALL (IN)
  YESTERDAY        0.0
  MONTH TO DATE    0.0
  SINCE MAR 1      0.0
  SINCE JUL 1      0.0
  SNOW DEPTH       0

DEGREE DAYS
 HEATING
  YESTERDAY        0                               -3
  MONTH TO DATE   50                              -71
  SINCE MAR 1    222                             -138
  SINCE JUL 1   1590                             -544

 COOLING
  YESTERDAY        0                               -3
  MONTH TO DATE   42                               -3
  SINCE MAR 1     66                               12
  SINCE JAN 1     68                               14
...............................................................


WIND (MPH)
  HIGHEST WIND SPEED    18   HIGHEST WIND DIRECTION    NW (310)
  HIGHEST GUST SPEED    26   HIGHEST GUST DIRECTION    NW (310)
  AVERAGE WIND SPEED     6.5




RELATIVE HUMIDITY (PERCENT)
 HIGHEST    78
 LOWEST     38
 AVERAGE    58

..........................................................


THE BAKERSFIELD CLIMATE NORMALS FOR TODAY
                         NORMAL    RECORD    YEAR
 MAXIMUM TEMPERATURE (F)   78        98      2004
 MINIMUM TEMPERATURE (F)   53        34      1984


SUNRISE AND SUNSET
APRIL 27 2017.........SUNRISE   609 AM PDT   SUNSET   739 PM PDT
APRIL 28 2017.........SUNRISE   608 AM PDT   SUNSET   740 PM PDT


-  INDICATES NEGATIVE NUMBERS.
R  INDICATES RECORD WAS SET OR TIED.
MM INDICATES DATA IS MISSING.
T  INDICATES TRACE AMOUNT.




$$
