450
CDUS46 KHNX 250824
CLIBFL


CLIMATE REPORT
NATIONAL WEATHER SERVICE SAN JOAQUIN VALLEY, CA
124 AM PDT WED MAY 25 2016


...................................

...THE BAKERSFIELD CLIMATE SUMMARY FOR MAY 24 2016...

CLIMATE NORMAL PERIOD 1981 TO 2010
CLIMATE RECORD PERIOD 1889 TO 2016


WEATHER ITEM   OBSERVED TIME   RECORD YEAR NORMAL DEPARTURE
                VALUE   (LST)  VALUE       VALUE  FROM
                                                  NORMAL
...............................................................
TEMPERATURE (F)
 YESTERDAY
  MAXIMUM         79    259 PM 107    1982  86     -7
  MINIMUM         57    457 AM  41    1916  59     -2
  AVERAGE         68                        72     -4

PRECIPITATION (IN)
  YESTERDAY        0.01          0.03 1980   0.00   0.01
                                      1931
  MONTH TO DATE    0.55                      0.15   0.40
  SINCE OCT 1      5.43                      6.24  -0.81
  SINCE JAN 1      4.10                      4.28  -0.18

SNOWFALL (IN)
  YESTERDAY        0.0
  MONTH TO DATE    0.0
  SINCE MAR 1      0.0
  SINCE JUL 1      0.0
  SNOW DEPTH       0

DEGREE DAYS
 HEATING
  YESTERDAY        0                               -1
  MONTH TO DATE    6                              -24
  SINCE MAR 1    174                             -224
  SINCE JUL 1   1692                             -480

 COOLING
  YESTERDAY        3                               -5
  MONTH TO DATE  168                               26
  SINCE MAR 1    270                               62
  SINCE JAN 1    270                               62
...............................................................


WIND (MPH)
  HIGHEST WIND SPEED    21   HIGHEST WIND DIRECTION    NW (310)
  HIGHEST GUST SPEED    25   HIGHEST GUST DIRECTION    NW (310)
  AVERAGE WIND SPEED     7.5




RELATIVE HUMIDITY (PERCENT)
 HIGHEST    60
 LOWEST     25
 AVERAGE    43

..........................................................


THE BAKERSFIELD CLIMATE NORMALS FOR TODAY
                         NORMAL    RECORD    YEAR
 MAXIMUM TEMPERATURE (F)   86       106      1982
 MINIMUM TEMPERATURE (F)   59        39      1893


SUNRISE AND SUNSET
MAY 25 2016...........SUNRISE   545 AM PDT   SUNSET   802 PM PDT
MAY 26 2016...........SUNRISE   545 AM PDT   SUNSET   802 PM PDT


-  INDICATES NEGATIVE NUMBERS.
R  INDICATES RECORD WAS SET OR TIED.
MM INDICATES DATA IS MISSING.
T  INDICATES TRACE AMOUNT.




$$
