000
CDUS44 KAMA 240727
CLIBGD


CLIMATE REPORT
NATIONAL WEATHER SERVICE AMARILLO TX
126 AM CST FRI FEB 24 2017


...................................

...THE BORGER CLIMATE SUMMARY FOR FEBRUARY 23 2017...

CLIMATE NORMAL PERIOD 1981 TO 2010
CLIMATE RECORD PERIOD 1949 TO 2017


WEATHER ITEM   OBSERVED TIME   RECORD YEAR NORMAL DEPARTURE LAST
                VALUE   (LST)  VALUE       VALUE  FROM      YEAR
                                                  NORMAL
..................................................................
TEMPERATURE (F)
 YESTERDAY
  MAXIMUM         79    323 PM  81    1956  56     23       48
  MINIMUM         38   1159 PM   7    1960  31      7       32
  AVERAGE         59                        44     15       40

PRECIPITATION (IN)
  YESTERDAY        0.00          0.41 2016   0.02  -0.02     0.41
  MONTH TO DATE    0.37                      0.53  -0.16     0.64
  SINCE DEC 1      3.70                      1.89   1.81     2.06
  SINCE JAN 1      3.48                      1.12   2.36     0.92

SNOWFALL (IN)
  YESTERDAY        0.0           1.5  2015                    T
  MONTH TO DATE    T                                          T
  SINCE DEC 1      0.1                                       5.4
  SINCE JUL 1      0.1                                       6.2
  SNOW DEPTH       0

DEGREE DAYS
 HEATING
  YESTERDAY        6                        22    -16       25
  MONTH TO DATE  339                       539   -200      400
  SINCE DEC 1   1868                      2174   -306     1841
  SINCE JUL 1   2241                      2891   -650     2413

 COOLING
  YESTERDAY        0                         0      0        0
  MONTH TO DATE   14                         0     14        6
  SINCE DEC 1     14                         0     14        6
  SINCE JAN 1     14                         0     14        6
..................................................................


WIND (MPH)
  RESULTANT WIND SPEED  12   RESULTANT WIND DIRECTION   W (250)
  HIGHEST WIND SPEED    38   HIGHEST WIND DIRECTION    SW (240)
  HIGHEST GUST SPEED    50   HIGHEST GUST DIRECTION     W (250)
  AVERAGE WIND SPEED    16.6


SKY COVER
  AVERAGE SKY COVER 0.0


WEATHER CONDITIONS
 THE FOLLOWING WEATHER WAS RECORDED YESTERDAY.
  NO SIGNIFICANT WEATHER WAS OBSERVED.


RELATIVE HUMIDITY (PERCENT)
 HIGHEST    79          1100 PM
 LOWEST      5           400 PM
 AVERAGE    42

..........................................................


THE BORGER CLIMATE NORMALS FOR TODAY
                         NORMAL    RECORD    YEAR
 MAXIMUM TEMPERATURE (F)   56        76      1998
 MINIMUM TEMPERATURE (F)   31         4      1965


SUNRISE AND SUNSET
FEBRUARY 24 2017......SUNRISE   721 AM CST   SUNSET   636 PM CST
FEBRUARY 25 2017......SUNRISE   720 AM CST   SUNSET   637 PM CST


-  INDICATES NEGATIVE NUMBERS.
R  INDICATES RECORD WAS SET OR TIED.
MM INDICATES DATA IS MISSING.
T  INDICATES TRACE AMOUNT.




$$
