000
CDUS44 KAMA 160631
CLIBGD


CLIMATE REPORT
NATIONAL WEATHER SERVICE AMARILLO TX
131 AM CDT TUE SEP 16 2014


...................................

...THE BORGER CLIMATE SUMMARY FOR SEPTEMBER 15 2014...

CLIMATE NORMAL PERIOD 1981 TO 2013
CLIMATE RECORD PERIOD 1949 TO 2014


WEATHER ITEM   OBSERVED TIME   RECORD YEAR NORMAL DEPARTURE LAST
                VALUE   (LST)  VALUE       VALUE  FROM      YEAR
                                                  NORMAL
..................................................................
TEMPERATURE (F)
 YESTERDAY
  MAXIMUM         78    233 PM 100    2010  84     -6       91
  MINIMUM         60   1159 PM  40    1993  60      0       65
  AVERAGE         69                        72     -3       78

PRECIPITATION (IN)
  YESTERDAY        0.00          0.85 1988   0.08  -0.08     0.04
  MONTH TO DATE    1.79                      1.27   0.52     0.11
  SINCE SEP 1      1.79                      1.27   0.52     0.11
  SINCE JAN 1      9.53                     17.28  -7.75    11.67

SNOWFALL (IN)
  YESTERDAY        0.0           0.0  2013                   0.0
                                      2012
                                      2011
  MONTH TO DATE    0.0                                       0.0
  SINCE SEP 1      0.0                                       0.0
  SINCE JUL 1      0.0                                       0.0
  SNOW DEPTH       0

DEGREE DAYS
 HEATING
  YESTERDAY        0                         1     -1        0
  MONTH TO DATE   17                         1     16        0
  SINCE SEP 1     17                         1     16        0
  SINCE JUL 1     18                         2     16        0

 COOLING
  YESTERDAY        4                         8     -4       13
  MONTH TO DATE  127                       148    -21      241
  SINCE SEP 1    127                       148    -21      241
  SINCE JAN 1   1861                      1698    163     2052
..................................................................


WIND (MPH)
  RESULTANT WIND SPEED   6   RESULTANT WIND DIRECTION   W (250)
  HIGHEST WIND SPEED    20   HIGHEST WIND DIRECTION    SW (210)
  HIGHEST GUST SPEED    28   HIGHEST GUST DIRECTION    SW (230)
  AVERAGE WIND SPEED    11.3


SKY COVER
  AVERAGE SKY COVER 0.6


WEATHER CONDITIONS
 THE FOLLOWING WEATHER WAS RECORDED YESTERDAY.
  NO SIGNIFICANT WEATHER WAS OBSERVED.


RELATIVE HUMIDITY (PERCENT)
 HIGHEST    84           200 AM
 LOWEST     58           200 PM
 AVERAGE    71

..........................................................


THE BORGER CLIMATE NORMALS FOR TODAY
                         NORMAL    RECORD    YEAR
 MAXIMUM TEMPERATURE (F)   84       100      1978
 MINIMUM TEMPERATURE (F)   60        38      1951


SUNRISE AND SUNSET
SEPTEMBER 16 2014.....SUNRISE   729 AM CDT   SUNSET   751 PM CDT
SEPTEMBER 17 2014.....SUNRISE   730 AM CDT   SUNSET   750 PM CDT


-  INDICATES NEGATIVE NUMBERS.
R  INDICATES RECORD WAS SET OR TIED.
MM INDICATES DATA IS MISSING.
T  INDICATES TRACE AMOUNT.




$$
