000
CDUS44 KAMA 012133
CLIBGD


CLIMATE REPORT
NATIONAL WEATHER SERVICE AMARILLO TX
432 PM CDT TUE SEP 1 2015


...................................

...THE BORGER CLIMATE SUMMARY FOR SEPTEMBER 1 2015...
VALID TODAY AS OF 0400 PM LOCAL TIME.

CLIMATE NORMAL PERIOD 1981 TO 2010
CLIMATE RECORD PERIOD 1949 TO 2015


WEATHER ITEM   OBSERVED TIME   RECORD YEAR NORMAL DEPARTURE LAST
                VALUE   (LST)  VALUE       VALUE  FROM      YEAR
                                                  NORMAL
..................................................................
TEMPERATURE (F)
 TODAY
  MAXIMUM         94    249 PM 100    2000  89      5       93
                                      1982
  MINIMUM         66    626 AM  52    1993  65      1       66
  AVERAGE         80                        77      3       80

PRECIPITATION (IN)
  TODAY            0.00          0.91 1976   0.08  -0.08     0.00
  MONTH TO DATE    0.00                      0.08  -0.08     0.00
  SINCE SEP 1      0.00                      0.08  -0.08     0.00
  SINCE JAN 1     34.96                     16.09  18.87     7.74

SNOWFALL (IN)
  TODAY            0.0           0.0  2013                   0.0
                                      2012
                                      2011
  MONTH TO DATE    0.0                                       0.0
  SINCE SEP 1      0.0                                       0.0
  SINCE JUL 1      0.0                                       0.0
  SNOW DEPTH       0

DEGREE DAYS
 HEATING
  TODAY            0                         0      0        0
  MONTH TO DATE    0                         0      0        0
  SINCE SEP 1      0                         0      0        0
  SINCE JUL 1      0                         1     -1        1

 COOLING
  TODAY           15                        12      3       15
  MONTH TO DATE   15                        12      3       15
  SINCE SEP 1     15                        12      3       15
  SINCE JAN 1   1513                      1562    -49     1749
..................................................................


WIND (MPH)
  RESULTANT WIND SPEED   9   RESULTANT WIND DIRECTION   S (190)
  HIGHEST WIND SPEED    21   HIGHEST WIND DIRECTION     S (180)
  HIGHEST GUST SPEED    30   HIGHEST GUST DIRECTION     S (200)
  AVERAGE WIND SPEED     9.4


SKY COVER
  AVERAGE SKY COVER 0.0


WEATHER CONDITIONS
 THE FOLLOWING WEATHER WAS RECORDED TODAY.
  NO SIGNIFICANT WEATHER WAS OBSERVED.


RELATIVE HUMIDITY (PERCENT)
 HIGHEST    68           600 AM
 LOWEST     28           300 PM
 AVERAGE    48

..........................................................


THE BORGER CLIMATE NORMALS FOR TOMORROW
                         NORMAL    RECORD    YEAR
 MAXIMUM TEMPERATURE (F)   89       102      2000
 MINIMUM TEMPERATURE (F)   65        48      1974


SUNRISE AND SUNSET
SEPTEMBER  1 2015.....SUNRISE   717 AM CDT   SUNSET   813 PM CDT
SEPTEMBER  2 2015.....SUNRISE   718 AM CDT   SUNSET   812 PM CDT


-  INDICATES NEGATIVE NUMBERS.
R  INDICATES RECORD WAS SET OR TIED.
MM INDICATES DATA IS MISSING.
T  INDICATES TRACE AMOUNT.




$$
