977
CDUS44 KAMA 092229
CLIBGD


CLIMATE REPORT
NATIONAL WEATHER SERVICE AMARILLO TX
429 PM CST TUE FEB 9 2016


...................................

...THE BORGER CLIMATE SUMMARY FOR FEBRUARY 9 2016...
VALID TODAY AS OF 0400 PM LOCAL TIME.

CLIMATE NORMAL PERIOD 1981 TO 2010
CLIMATE RECORD PERIOD 1949 TO 2016


WEATHER ITEM   OBSERVED TIME   RECORD YEAR NORMAL DEPARTURE LAST
                VALUE   (LST)  VALUE       VALUE  FROM      YEAR
                                                  NORMAL
..................................................................
TEMPERATURE (F)
 TODAY
  MAXIMUM         66    257 PM  81    1976  54     12       78
  MINIMUM         33    118 AM   1    2011  28      5       37
  AVERAGE         50                        41      9       58

PRECIPITATION (IN)
  TODAY            0.00          0.29 1986   0.03  -0.03     0.00
  MONTH TO DATE    0.23                      0.23   0.00      T
  SINCE DEC 1      1.35                      1.59  -0.24     1.37
  SINCE JAN 1      0.51                      0.82  -0.31     1.23

SNOWFALL (IN)
  TODAY            0.0           5.1  1986                   0.0
  MONTH TO DATE    0.0                                        T
  SINCE DEC 1      6.7                                       9.1
  SINCE JUL 1      7.5                                      11.0
  SNOW DEPTH       0

DEGREE DAYS
 HEATING
  TODAY           15                        24     -9        7
  MONTH TO DATE  235                       219     16      149
  SINCE DEC 1   1676                      1854   -178     1685
  SINCE JUL 1   2248                      2571   -323     2370

 COOLING
  TODAY            0                         0      0        0
  MONTH TO DATE    0                         0      0        0
  SINCE DEC 1      0                         0      0        0
  SINCE JAN 1      0                         0      0        0
..................................................................


WIND (MPH)
  RESULTANT WIND SPEED  10   RESULTANT WIND DIRECTION   W (290)
  HIGHEST WIND SPEED    26   HIGHEST WIND DIRECTION     N (340)
  HIGHEST GUST SPEED    35   HIGHEST GUST DIRECTION     N (340)
  AVERAGE WIND SPEED    12.5


SKY COVER
  AVERAGE SKY COVER 0.0


WEATHER CONDITIONS
 THE FOLLOWING WEATHER WAS RECORDED TODAY.
  NO SIGNIFICANT WEATHER WAS OBSERVED.


RELATIVE HUMIDITY (PERCENT)
 HIGHEST    61          1200 AM
 LOWEST     20           200 PM
 AVERAGE    41

..........................................................


THE BORGER CLIMATE NORMALS FOR TOMORROW
                         NORMAL    RECORD    YEAR
 MAXIMUM TEMPERATURE (F)   54        84      1962
 MINIMUM TEMPERATURE (F)   29        -2      2011


SUNRISE AND SUNSET
FEBRUARY  9 2016......SUNRISE   739 AM CST   SUNSET   621 PM CST
FEBRUARY 10 2016......SUNRISE   738 AM CST   SUNSET   622 PM CST


-  INDICATES NEGATIVE NUMBERS.
R  INDICATES RECORD WAS SET OR TIED.
MM INDICATES DATA IS MISSING.
T  INDICATES TRACE AMOUNT.




$$
