000
CDUS44 KAMA 222238
CLIBGD


CLIMATE REPORT
NATIONAL WEATHER SERVICE AMARILLO TX
437 PM CST SUN JAN 22 2017


...................................

...THE BORGER CLIMATE SUMMARY FOR JANUARY 22 2017...
VALID TODAY AS OF 0400 PM LOCAL TIME.

CLIMATE NORMAL PERIOD 1981 TO 2010
CLIMATE RECORD PERIOD 1949 TO 2017


WEATHER ITEM   OBSERVED TIME   RECORD YEAR NORMAL DEPARTURE LAST
                VALUE   (LST)  VALUE       VALUE  FROM      YEAR
                                                  NORMAL
..................................................................
TEMPERATURE (F)
 TODAY
  MAXIMUM         56    258 PM  79    1967  52      4       53
  MINIMUM         36    801 AM  -4    1966  27      9       24
  AVERAGE         46                        39      7       39

PRECIPITATION (IN)
  TODAY            0.05          0.65 1968   0.02   0.03     0.00
  MONTH TO DATE    3.11                      0.37   2.74     0.28
  SINCE DEC 1      3.33                      1.14   2.19     1.42
  SINCE JAN 1      3.11                      0.37   2.74     0.28

SNOWFALL (IN)
  TODAY            0.0           6.0  1995                   0.0
  MONTH TO DATE    0.0                                       2.5
  SINCE DEC 1      0.1                                       5.4
  SINCE JUL 1      0.1                                       6.2
  SNOW DEPTH       0

DEGREE DAYS
 HEATING
  TODAY           19                        26     -7       26
  MONTH TO DATE  561                       590    -29      619
  SINCE DEC 1   1332                      1410    -78     1299
  SINCE JUL 1   1705                      2127   -422     1871

 COOLING
  TODAY            0                         0      0        0
  MONTH TO DATE    0                         0      0        0
  SINCE DEC 1      0                         0      0        0
  SINCE JAN 1      0                         0      0        0
..................................................................


WIND (MPH)
  RESULTANT WIND SPEED  15   RESULTANT WIND DIRECTION   N (340)
  HIGHEST WIND SPEED    29   HIGHEST WIND DIRECTION     N (350)
  HIGHEST GUST SPEED    38   HIGHEST GUST DIRECTION     N (360)
  AVERAGE WIND SPEED    16.0


SKY COVER
  AVERAGE SKY COVER 0.4


WEATHER CONDITIONS
 THE FOLLOWING WEATHER WAS RECORDED TODAY.
  LIGHT RAIN
  FOG


RELATIVE HUMIDITY (PERCENT)
 HIGHEST    96          1200 AM
 LOWEST     32           400 PM
 AVERAGE    64

..........................................................


THE BORGER CLIMATE NORMALS FOR TOMORROW
                         NORMAL    RECORD    YEAR
 MAXIMUM TEMPERATURE (F)   52        77      1972
 MINIMUM TEMPERATURE (F)   27        -4      1966


SUNRISE AND SUNSET
JANUARY 22 2017.......SUNRISE   752 AM CST   SUNSET   603 PM CST
JANUARY 23 2017.......SUNRISE   751 AM CST   SUNSET   604 PM CST


-  INDICATES NEGATIVE NUMBERS.
R  INDICATES RECORD WAS SET OR TIED.
MM INDICATES DATA IS MISSING.
T  INDICATES TRACE AMOUNT.




$$
