000
CDUS44 KAMA 242133
CLIBGD


CLIMATE REPORT
NATIONAL WEATHER SERVICE AMARILLO TX
431 PM CDT FRI MAR 24 2017


...................................

...THE BORGER CLIMATE SUMMARY FOR MARCH 24 2017...
VALID TODAY AS OF 0400 PM LOCAL TIME.

CLIMATE NORMAL PERIOD 1981 TO 2010
CLIMATE RECORD PERIOD 1949 TO 2017


WEATHER ITEM   OBSERVED TIME   RECORD YEAR NORMAL DEPARTURE LAST
                VALUE   (LST)  VALUE       VALUE  FROM      YEAR
                                                  NORMAL
..................................................................
TEMPERATURE (F)
 TODAY
  MAXIMUM         58   1129 AM  85    2012  66     -8       61
  MINIMUM         48    715 AM  17    1965  39      9       32
  AVERAGE         53                        52      1       47

PRECIPITATION (IN)
  TODAY            T             0.78 2007   0.05  -0.05     0.00
  MONTH TO DATE    0.05                      1.01  -0.96      T
  SINCE MAR 1      0.05                      1.01  -0.96      T
  SINCE JAN 1      3.53                      2.22   1.31     0.92

SNOWFALL (IN)
  TODAY            0.0           5.5  1957                   0.0
  MONTH TO DATE    0.0                                       0.0
  SINCE MAR 1      0.0                                       0.0
  SINCE JUL 1      0.1                                       6.2
  SNOW DEPTH       0

DEGREE DAYS
 HEATING
  TODAY           12                        13     -1       18
  MONTH TO DATE  216                       400   -184      245
  SINCE MAR 1    216                       400   -184      245
  SINCE JUL 1   2551                      3393   -842     2740

 COOLING
  TODAY            0                         0      0        0
  MONTH TO DATE   33                         0     33       11
  SINCE MAR 1     33                         0     33       11
  SINCE JAN 1     47                         0     47       17
..................................................................


WIND (MPH)
  RESULTANT WIND SPEED  15   RESULTANT WIND DIRECTION  SW (240)
  HIGHEST WIND SPEED    41   HIGHEST WIND DIRECTION    SW (230)
  HIGHEST GUST SPEED    54   HIGHEST GUST DIRECTION    SW (230)
  AVERAGE WIND SPEED    24.5


SKY COVER
  AVERAGE SKY COVER 0.5


WEATHER CONDITIONS
 THE FOLLOWING WEATHER WAS RECORDED TODAY.
  NO SIGNIFICANT WEATHER WAS OBSERVED.


RELATIVE HUMIDITY (PERCENT)
 HIGHEST    63           100 PM
 LOWEST     41           100 AM
 AVERAGE    52

..........................................................


THE BORGER CLIMATE NORMALS FOR TOMORROW
                         NORMAL    RECORD    YEAR
 MAXIMUM TEMPERATURE (F)   66        88      2012
                                             2004
 MINIMUM TEMPERATURE (F)   39        12      1996


SUNRISE AND SUNSET
MARCH 24 2017.........SUNRISE   743 AM CDT   SUNSET   801 PM CDT
MARCH 25 2017.........SUNRISE   742 AM CDT   SUNSET   802 PM CDT


-  INDICATES NEGATIVE NUMBERS.
R  INDICATES RECORD WAS SET OR TIED.
MM INDICATES DATA IS MISSING.
T  INDICATES TRACE AMOUNT.




$$
