362
CDUS44 KAMA 022129
CLIBGD


CLIMATE REPORT
NATIONAL WEATHER SERVICE AMARILLO TX
429 PM CDT MON MAY 2 2016


...................................

...THE BORGER CLIMATE SUMMARY FOR MAY 2 2016...
VALID TODAY AS OF 0400 PM LOCAL TIME.

CLIMATE NORMAL PERIOD 1981 TO 2010
CLIMATE RECORD PERIOD 1949 TO 2016


WEATHER ITEM   OBSERVED TIME   RECORD YEAR NORMAL DEPARTURE LAST
                VALUE   (LST)  VALUE       VALUE  FROM      YEAR
                                                  NORMAL
..................................................................
TEMPERATURE (F)
 TODAY
  MAXIMUM         62    319 PM  96    1965  77    -15       86
  MINIMUM         37    545 AM  32    2005  50    -13       59
                                      1954
  AVERAGE         50                        64    -14       73

PRECIPITATION (IN)
  TODAY            0.00          1.24 1978   0.04  -0.04      T
  MONTH TO DATE    0.05                      0.09  -0.04      T
  SINCE MAR 1      3.58                      3.04   0.54     4.67
  SINCE JAN 1      4.30                      4.25   0.05     6.52

SNOWFALL (IN)
  TODAY            0.0           T    1978                   0.0
  MONTH TO DATE    0.0                                       0.0
  SINCE MAR 1      0.0                                        T
  SINCE JUL 1      6.2                                      17.5
  SNOW DEPTH       0

DEGREE DAYS
 HEATING
  TODAY           15                         4     11        0
  MONTH TO DATE   35                         8     27        0
  SINCE MAR 1    482                       718   -236      501
  SINCE JUL 1   2977                      3711   -734     3373

 COOLING
  TODAY            0                         3     -3        8
  MONTH TO DATE    0                         5     -5       10
  SINCE MAR 1     45                        49     -4       66
  SINCE JAN 1     51                        49      2       66
..................................................................


WIND (MPH)
  RESULTANT WIND SPEED   3   RESULTANT WIND DIRECTION   N (350)
  HIGHEST WIND SPEED    16   HIGHEST WIND DIRECTION     N (360)
  HIGHEST GUST SPEED    23   HIGHEST GUST DIRECTION     N (10)
  AVERAGE WIND SPEED     6.0


SKY COVER
  AVERAGE SKY COVER 0.1


WEATHER CONDITIONS
 THE FOLLOWING WEATHER WAS RECORDED TODAY.
  NO SIGNIFICANT WEATHER WAS OBSERVED.


RELATIVE HUMIDITY (PERCENT)
 HIGHEST    92           300 AM
 LOWEST     36           200 PM
 AVERAGE    64

..........................................................


THE BORGER CLIMATE NORMALS FOR TOMORROW
                         NORMAL    RECORD    YEAR
 MAXIMUM TEMPERATURE (F)   77        96      1996
 MINIMUM TEMPERATURE (F)   51        29      1954


SUNRISE AND SUNSET
MAY  2 2016...........SUNRISE   652 AM CDT   SUNSET   834 PM CDT
MAY  3 2016...........SUNRISE   651 AM CDT   SUNSET   834 PM CDT


-  INDICATES NEGATIVE NUMBERS.
R  INDICATES RECORD WAS SET OR TIED.
MM INDICATES DATA IS MISSING.
T  INDICATES TRACE AMOUNT.




$$
