000
CDUS44 KAMA 291513
CLIBGD


CLIMATE REPORT
NATIONAL WEATHER SERVICE AMARILLO TX
913 AM CST THU JAN 29 2015


...................................

...THE BORGER CLIMATE SUMMARY FOR JANUARY 29 2015...
VALID AS OF 0900 AM LOCAL TIME.

CLIMATE NORMAL PERIOD 1981 TO 2013
CLIMATE RECORD PERIOD 1949 TO 2015


WEATHER ITEM   OBSERVED TIME   RECORD YEAR NORMAL DEPARTURE LAST
                VALUE   (LST)  VALUE       VALUE  FROM      YEAR
                                                  NORMAL
..................................................................
TEMPERATURE (F)
 TODAY
  MINIMUM         44    910 AM  -2    1966  27     17       22

PRECIPITATION (IN)
  TODAY            0.00          1.67 1999   0.03  -0.03     0.00
  MONTH TO DATE    0.87                      0.54   0.33     0.07
  SINCE DEC 1      1.01                      1.31  -0.30     0.34
  SINCE JAN 1      0.87                      0.54   0.33     0.07

SNOWFALL (IN)
  TODAY            0.0           8.0  1999                   0.0
  MONTH TO DATE    7.6                                       1.3
  SINCE DEC 1      8.0                                       4.7
  SINCE JUL 1      9.9                                       8.5
  SNOW DEPTH       0

..................................................................


WIND (MPH)
  RESULTANT WIND SPEED  11   RESULTANT WIND DIRECTION   N (10)
  HIGHEST WIND SPEED    21   HIGHEST WIND DIRECTION     N (10)
  HIGHEST GUST SPEED    27   HIGHEST GUST DIRECTION     N (350)
  AVERAGE WIND SPEED    11.0


SKY COVER
  AVERAGE SKY COVER 0.0


WEATHER CONDITIONS
 THE FOLLOWING WEATHER WAS RECORDED TODAY.
  NO SIGNIFICANT WEATHER WAS OBSERVED.


RELATIVE HUMIDITY (PERCENT)
 HIGHEST    60           400 AM
 LOWEST     48          1200 AM
 AVERAGE    54

..........................................................


THE BORGER CLIMATE NORMALS FOR TOMORROW
                         NORMAL    RECORD    YEAR
 MAXIMUM TEMPERATURE (F)   53        75      1986
 MINIMUM TEMPERATURE (F)   27         3      1996


SUNRISE AND SUNSET
JANUARY 29 2015.......SUNRISE   748 AM CST   SUNSET   610 PM CST
JANUARY 30 2015.......SUNRISE   747 AM CST   SUNSET   611 PM CST


-  INDICATES NEGATIVE NUMBERS.
R  INDICATES RECORD WAS SET OR TIED.
MM INDICATES DATA IS MISSING.
T  INDICATES TRACE AMOUNT.




$$
