000
CDUS44 KAMA 260626
CLIBGD


CLIMATE REPORT
NATIONAL WEATHER SERVICE AMARILLO TX
125 AM CDT THU MAY 26 2016


...................................

...THE BORGER CLIMATE SUMMARY FOR MAY 25 2016...

CLIMATE NORMAL PERIOD 1981 TO 2010
CLIMATE RECORD PERIOD 1949 TO 2016


WEATHER ITEM   OBSERVED TIME   RECORD YEAR NORMAL DEPARTURE LAST
                VALUE   (LST)  VALUE       VALUE  FROM      YEAR
                                                  NORMAL
..................................................................
TEMPERATURE (F)
 YESTERDAY
  MAXIMUM         93    500 PM 102    2012  84      9       73
  MINIMUM         59    425 AM  44    2002  58      1       54
                                      1995
  AVERAGE         76                        71      5       64

PRECIPITATION (IN)
  YESTERDAY        0.00          1.66 1974   0.12  -0.12     0.00
  MONTH TO DATE    1.99                      2.10  -0.11     8.70
  SINCE MAR 1      5.52                      5.05   0.47    13.37
  SINCE JAN 1      6.24                      6.26  -0.02    15.22

SNOWFALL (IN)
  YESTERDAY        0.0           T    2000                   0.0
  MONTH TO DATE    0.0                                       0.0
  SINCE MAR 1      0.0                                        T
  SINCE JUL 1      6.2                                      17.5
  SNOW DEPTH       0

DEGREE DAYS
 HEATING
  YESTERDAY        0                         1     -1        1
  MONTH TO DATE  105                        58     47       77
  SINCE MAR 1    552                       768   -216      578
  SINCE JUL 1   3047                      3761   -714     3450

 COOLING
  YESTERDAY       11                         7      4        0
  MONTH TO DATE  107                       109     -2       48
  SINCE MAR 1    152                       153     -1      104
  SINCE JAN 1    158                       153      5      104
..................................................................


WIND (MPH)
  RESULTANT WIND SPEED   9   RESULTANT WIND DIRECTION  SW (220)
  HIGHEST WIND SPEED    21   HIGHEST WIND DIRECTION    SW (240)
  HIGHEST GUST SPEED    27   HIGHEST GUST DIRECTION     W (250)
  AVERAGE WIND SPEED    10.4


SKY COVER
  AVERAGE SKY COVER 0.0


WEATHER CONDITIONS
 THE FOLLOWING WEATHER WAS RECORDED YESTERDAY.
  NO SIGNIFICANT WEATHER WAS OBSERVED.


RELATIVE HUMIDITY (PERCENT)
 HIGHEST    90          1200 AM
 LOWEST      8           500 PM
 AVERAGE    49

..........................................................


THE BORGER CLIMATE NORMALS FOR TODAY
                         NORMAL    RECORD    YEAR
 MAXIMUM TEMPERATURE (F)   84       101      1953
 MINIMUM TEMPERATURE (F)   59        40      1950


SUNRISE AND SUNSET
MAY 26 2016...........SUNRISE   633 AM CDT   SUNSET   853 PM CDT
MAY 27 2016...........SUNRISE   633 AM CDT   SUNSET   853 PM CDT


-  INDICATES NEGATIVE NUMBERS.
R  INDICATES RECORD WAS SET OR TIED.
MM INDICATES DATA IS MISSING.
T  INDICATES TRACE AMOUNT.




$$
