000
CDUS44 KAMA 270628
CLIBGD


CLIMATE REPORT
NATIONAL WEATHER SERVICE AMARILLO TX
127 AM CDT SAT MAY 27 2017


...................................

...THE BORGER CLIMATE SUMMARY FOR MAY 26 2017...

CLIMATE NORMAL PERIOD 1981 TO 2010
CLIMATE RECORD PERIOD 1949 TO 2017


WEATHER ITEM   OBSERVED TIME   RECORD YEAR NORMAL DEPARTURE LAST
                VALUE   (LST)  VALUE       VALUE  FROM      YEAR
                                                  NORMAL
..................................................................
TEMPERATURE (F)
 YESTERDAY
  MAXIMUM         88    606 PM 101    1953  84      4       93
  MINIMUM         57    548 AM  40    1950  59     -2       62
  AVERAGE         73                        71      2       78

PRECIPITATION (IN)
  YESTERDAY        0.00          1.53 1987   0.12  -0.12     0.00
  MONTH TO DATE    1.15                      2.22  -1.07     1.99
  SINCE MAR 1      7.66                      5.17   2.49     6.23
  SINCE JAN 1     11.14                      6.38   4.76     7.15

SNOWFALL (IN)
  YESTERDAY        0.0           T    1982                   0.0
  MONTH TO DATE    0.0                                       0.0
  SINCE MAR 1      1.1                                       2.7
  SINCE JUL 1      1.2                                       8.9
  SNOW DEPTH       0

DEGREE DAYS
 HEATING
  YESTERDAY        0                         1     -1        0
  MONTH TO DATE   67                        59      8      105
  SINCE MAR 1    574                       769   -195      591
  SINCE JUL 1   2909                      3762   -853     3086

 COOLING
  YESTERDAY        8                         7      1       13
  MONTH TO DATE   98                       116    -18      120
  SINCE MAR 1    199                       160     39      165
  SINCE JAN 1    213                       160     53      171
..................................................................


WIND (MPH)
  RESULTANT WIND SPEED   1   RESULTANT WIND DIRECTION  NE (50)
  HIGHEST WIND SPEED    22   HIGHEST WIND DIRECTION     N (340)
  HIGHEST GUST SPEED    29   HIGHEST GUST DIRECTION     N (340)
  AVERAGE WIND SPEED     8.5


SKY COVER
  AVERAGE SKY COVER 0.0


WEATHER CONDITIONS
 THE FOLLOWING WEATHER WAS RECORDED YESTERDAY.
  NO SIGNIFICANT WEATHER WAS OBSERVED.


RELATIVE HUMIDITY (PERCENT)
 HIGHEST    86           600 AM
 LOWEST     16          1200 AM
 AVERAGE    51

..........................................................


THE BORGER CLIMATE NORMALS FOR TODAY
                         NORMAL    RECORD    YEAR
 MAXIMUM TEMPERATURE (F)   84       100      2013
                                             2006
 MINIMUM TEMPERATURE (F)   59        41      1950


SUNRISE AND SUNSET
MAY 27 2017...........SUNRISE   633 AM CDT   SUNSET   853 PM CDT
MAY 28 2017...........SUNRISE   632 AM CDT   SUNSET   854 PM CDT


-  INDICATES NEGATIVE NUMBERS.
R  INDICATES RECORD WAS SET OR TIED.
MM INDICATES DATA IS MISSING.
T  INDICATES TRACE AMOUNT.




$$
