716
CDUS41 KBGM 250549
CLIBGM


CLIMATE REPORT
NATIONAL WEATHER SERVICE BINGHAMTON NY
1249 AM EST SAT FEB 25 2017


...................................

...THE BINGHAMTON NY CLIMATE SUMMARY FOR FEBRUARY 24 2017...

CLIMATE NORMAL PERIOD 1981 TO 2010
CLIMATE RECORD PERIOD 1951 TO 2017


WEATHER ITEM   OBSERVED TIME   RECORD YEAR NORMAL DEPARTURE LAST
                VALUE   (LST)  VALUE       VALUE  FROM      YEAR
                                                  NORMAL
..................................................................
TEMPERATURE (F)
 YESTERDAY
  MAXIMUM         70R   307 PM  63    1984  34     36       50
  MINIMUM         46    613 AM -10    2015  19     27       31
  AVERAGE         58                        27     31       41

PRECIPITATION (IN)
  YESTERDAY        0.00          1.80 1998   0.09  -0.09     0.79
  MONTH TO DATE    1.85                      1.96  -0.11     3.60
  SINCE DEC 1      9.23                      7.24   1.99     8.52
  SINCE JAN 1      5.64                      4.41   1.23     4.91

SNOWFALL (IN)
  YESTERDAY        0.0          18.1  1998   0.6   -0.6      0.0
  MONTH TO DATE   22.9                      14.6    8.3      7.3
  SINCE DEC 1     64.7                      54.6   10.1     19.7
  SINCE JUL 1     93.3                      61.4   31.9     20.8
  SNOW DEPTH       0

DEGREE DAYS
 HEATING
  YESTERDAY        7                        38    -31       24
  MONTH TO DATE  824                       976   -152      919
  SINCE DEC 1   3157                      3473   -316     2927
  SINCE JUL 1   4506                      5048   -542     4197

 COOLING
  YESTERDAY        0                         0      0        0
  MONTH TO DATE    0                         0      0        0
  SINCE DEC 1      0                         0      0        0
  SINCE JAN 1      0                         0      0        0
..................................................................


WIND (MPH)
  HIGHEST WIND SPEED    18   HIGHEST WIND DIRECTION     S (200)
  HIGHEST GUST SPEED    29   HIGHEST GUST DIRECTION     S (190)
  AVERAGE WIND SPEED     9.4


SKY COVER
  AVERAGE SKY COVER 0.4


WEATHER CONDITIONS
 THE FOLLOWING WEATHER WAS RECORDED YESTERDAY.
  FOG


RELATIVE HUMIDITY (PERCENT)
 HIGHEST   100           400 AM
 LOWEST     45           400 PM
 AVERAGE    73

..........................................................


THE BINGHAMTON NY CLIMATE NORMALS FOR TODAY
                         NORMAL    RECORD    YEAR
 MAXIMUM TEMPERATURE (F)   35        58      1976
 MINIMUM TEMPERATURE (F)   19        -2      1990


SUNRISE AND SUNSET
FEBRUARY 25 2017......SUNRISE   645 AM EST   SUNSET   549 PM EST
FEBRUARY 26 2017......SUNRISE   643 AM EST   SUNSET   551 PM EST


-  INDICATES NEGATIVE NUMBERS.
R  INDICATES RECORD WAS SET OR TIED.
MM INDICATES DATA IS MISSING.
T  INDICATES TRACE AMOUNT.




$$
