585
CDUS41 KBGM 260552
CLIBGM


CLIMATE REPORT
NATIONAL WEATHER SERVICE BINGHAMTON NY
151 AM EDT WED APR 26 2017


...................................

...THE BINGHAMTON NY CLIMATE SUMMARY FOR APRIL 25 2017...

CLIMATE NORMAL PERIOD 1981 TO 2010
CLIMATE RECORD PERIOD 1951 TO 2017


WEATHER ITEM   OBSERVED TIME   RECORD YEAR NORMAL DEPARTURE LAST
                VALUE   (LST)  VALUE       VALUE  FROM      YEAR
                                                  NORMAL
..................................................................
TEMPERATURE (F)
 YESTERDAY
  MAXIMUM         58    324 PM  85    2009  58      0       61
  MINIMUM         45    830 AM  25    1967  39      6       42
  AVERAGE         52                        49      3       52

PRECIPITATION (IN)
  YESTERDAY        0.08          0.99 1976   0.11  -0.03     0.01
  MONTH TO DATE    4.95                      2.87   2.08     2.32
  SINCE MAR 1     10.55                      5.86   4.69     3.72
  SINCE JAN 1     16.82                     10.62   6.20     9.03

SNOWFALL (IN)
  YESTERDAY        0.0           2.4  1983   0.1   -0.1      0.0
  MONTH TO DATE    2.1                       4.0   -1.9      9.3
  SINCE MAR 1     41.7                      19.1   22.6     10.3
  SINCE JUL 1    135.2                      83.0   52.2     32.0
  SNOW DEPTH       0

DEGREE DAYS
 HEATING
  YESTERDAY       13                        16     -3       13
  MONTH TO DATE  407                       526   -119      574
  SINCE MAR 1   1519                      1523     -4     1345
  SINCE JUL 1   6132                      6722   -590     5703

 COOLING
  YESTERDAY        0                         0      0        0
  MONTH TO DATE    4                         0      4        0
  SINCE MAR 1      4                         0      4        0
  SINCE JAN 1      4                         0      4        0
..................................................................


WIND (MPH)
  HIGHEST WIND SPEED    21   HIGHEST WIND DIRECTION    SE (130)
  HIGHEST GUST SPEED    26   HIGHEST GUST DIRECTION    SE (140)
  AVERAGE WIND SPEED    12.0


SKY COVER
  AVERAGE SKY COVER 1.0


WEATHER CONDITIONS
 THE FOLLOWING WEATHER WAS RECORDED YESTERDAY.
  LIGHT RAIN
  FOG


RELATIVE HUMIDITY (PERCENT)
 HIGHEST   100          1100 PM
 LOWEST     38           300 AM
 AVERAGE    69

..........................................................


THE BINGHAMTON NY CLIMATE NORMALS FOR TODAY
                         NORMAL    RECORD    YEAR
 MAXIMUM TEMPERATURE (F)   59        84      1962
 MINIMUM TEMPERATURE (F)   40        26      1967


SUNRISE AND SUNSET
APRIL 26 2017.........SUNRISE   606 AM EDT   SUNSET   758 PM EDT
APRIL 27 2017.........SUNRISE   605 AM EDT   SUNSET   759 PM EDT


-  INDICATES NEGATIVE NUMBERS.
R  INDICATES RECORD WAS SET OR TIED.
MM INDICATES DATA IS MISSING.
T  INDICATES TRACE AMOUNT.




$$
