654
CDUS41 KBGM 140616
CLIBGM


CLIMATE REPORT
NATIONAL WEATHER SERVICE BINGHAMTON NY
116 AM EST SUN FEB 14 2016


...................................

...THE BINGHAMTON NY CLIMATE SUMMARY FOR FEBRUARY 13 2016...

CLIMATE NORMAL PERIOD 1981 TO 2010
CLIMATE RECORD PERIOD 1951 TO 2016


WEATHER ITEM   OBSERVED TIME   RECORD YEAR NORMAL DEPARTURE LAST
                VALUE   (LST)  VALUE       VALUE  FROM      YEAR
                                                  NORMAL
..................................................................
TEMPERATURE (F)
 YESTERDAY
  MAXIMUM         12    328 AM  50    1974  32    -20        8
  MINIMUM         -6   1159 PM  -8    1979  17    -23       -2
                                      1967
  AVERAGE          3                        24    -21        3

PRECIPITATION (IN)
  YESTERDAY        0.03          2.16 1966   0.08  -0.05     0.05
  MONTH TO DATE    1.00                      1.04  -0.04     1.46
  SINCE DEC 1      5.92                      6.32  -0.40     6.69
  SINCE JAN 1      2.31                      3.49  -1.18     3.39

SNOWFALL (IN)
  YESTERDAY        1.1           6.8  1993   0.6    0.5      0.8
  MONTH TO DATE    4.9                       7.9   -3.0     23.5
  SINCE DEC 1     17.3                      47.9  -30.6     52.7
  SINCE JUL 1     18.4                      54.7  -36.3     66.4
  SNOW DEPTH       2

DEGREE DAYS
 HEATING
  YESTERDAY       62                        41     21       62
  MONTH TO DATE  489                       541    -52      621
  SINCE DEC 1   2497                      3038   -541     3150
  SINCE JUL 1   3767                      4613   -846     4685

 COOLING
  YESTERDAY        0                         0      0        0
  MONTH TO DATE    0                         0      0        0
  SINCE DEC 1      0                         0      0        0
  SINCE JAN 1      0                         0      0        0
..................................................................


WIND (MPH)
  HIGHEST WIND SPEED    23   HIGHEST WIND DIRECTION    NW (310)
  HIGHEST GUST SPEED    35   HIGHEST GUST DIRECTION    NW (310)
  AVERAGE WIND SPEED    15.4


SKY COVER
  AVERAGE SKY COVER 0.9


WEATHER CONDITIONS
 THE FOLLOWING WEATHER WAS RECORDED YESTERDAY.
  SNOW
  LIGHT SNOW
  FOG
  HAZE
  BLOWING SNOW


RELATIVE HUMIDITY (PERCENT)
 HIGHEST    84          1200 AM
 LOWEST     50           500 PM
 AVERAGE    67

..........................................................


THE BINGHAMTON NY CLIMATE NORMALS FOR TODAY
                         NORMAL    RECORD    YEAR
 MAXIMUM TEMPERATURE (F)   32        52      1984
 MINIMUM TEMPERATURE (F)   17        -9      1979


SUNRISE AND SUNSET
FEBRUARY 14 2016......SUNRISE   702 AM EST   SUNSET   535 PM EST
FEBRUARY 15 2016......SUNRISE   701 AM EST   SUNSET   536 PM EST


-  INDICATES NEGATIVE NUMBERS.
R  INDICATES RECORD WAS SET OR TIED.
MM INDICATES DATA IS MISSING.
T  INDICATES TRACE AMOUNT.




$$

HEDEN
