000
CDUS41 KBGM 200601
CLIBGM


CLIMATE REPORT
NATIONAL WEATHER SERVICE BINGHAMTON NY
159 AM EDT FRI OCT 20 2017


...................................

...THE BINGHAMTON NY CLIMATE SUMMARY FOR OCTOBER 19 2017...

CLIMATE NORMAL PERIOD 1981 TO 2010
CLIMATE RECORD PERIOD 1951 TO 2017


WEATHER ITEM   OBSERVED TIME   RECORD YEAR NORMAL DEPARTURE LAST
                VALUE   (LST)  VALUE       VALUE  FROM      YEAR
                                                  NORMAL
..................................................................
TEMPERATURE (F)
 YESTERDAY
  MAXIMUM         68    259 PM  77    1963  56     12       65
  MINIMUM         48    653 AM  20    1974  39      9       49
  AVERAGE         58                        47     11       57

PRECIPITATION (IN)
  YESTERDAY        0.00          1.81 1996   0.10  -0.10     0.04
  MONTH TO DATE    1.55                      2.08  -0.53     0.71
  SINCE SEP 1      2.81                      5.71  -2.90     1.74
  SINCE JAN 1     42.55                     31.92  10.63    25.29

SNOWFALL (IN)
  YESTERDAY        0.0           1.7  1972   0.1   -0.1      0.0
  MONTH TO DATE    0.0                       0.3   -0.3      0.0
  SINCE SEP 1      0.0                       0.3   -0.3      0.0
  SINCE JUL 1      0.0                       0.3   -0.3      0.0
  SNOW DEPTH       0

DEGREE DAYS
 HEATING
  YESTERDAY        7                        18    -11        8
  MONTH TO DATE  152                       279   -127      213
  SINCE SEP 1    307                       473   -166      327
  SINCE JUL 1    388                       536   -148      336

 COOLING
  YESTERDAY        0                         0      0        0
  MONTH TO DATE    9                         0      9        4
  SINCE SEP 1     78                        31     47       52
  SINCE JAN 1    349                       379    -30      563
..................................................................


WIND (MPH)
  HIGHEST WIND SPEED    18   HIGHEST WIND DIRECTION    SW (240)
  HIGHEST GUST SPEED    26   HIGHEST GUST DIRECTION     W (250)
  AVERAGE WIND SPEED     9.2


SKY COVER
  AVERAGE SKY COVER 0.0


WEATHER CONDITIONS
 THE FOLLOWING WEATHER WAS RECORDED YESTERDAY.
  NO SIGNIFICANT WEATHER WAS OBSERVED.


RELATIVE HUMIDITY (PERCENT)
 HIGHEST    71           600 AM
 LOWEST     34           200 PM
 AVERAGE    53

..........................................................


THE BINGHAMTON NY CLIMATE NORMALS FOR TODAY
                         NORMAL    RECORD    YEAR
 MAXIMUM TEMPERATURE (F)   55        77      1963
 MINIMUM TEMPERATURE (F)   39        20      1972


SUNRISE AND SUNSET
OCTOBER 20 2017.......SUNRISE   723 AM EDT   SUNSET   614 PM EDT
OCTOBER 21 2017.......SUNRISE   724 AM EDT   SUNSET   612 PM EDT


-  INDICATES NEGATIVE NUMBERS.
R  INDICATES RECORD WAS SET OR TIED.
MM INDICATES DATA IS MISSING.
T  INDICATES TRACE AMOUNT.

$$
