000
CDUS41 KBGM 310557
CLIBGM


CLIMATE REPORT
NATIONAL WEATHER SERVICE BINGHAMTON NY
157 AM EDT THU JUL 31 2014


...................................

...THE BINGHAMTON NY CLIMATE SUMMARY FOR JULY 30 2014...

CLIMATE NORMAL PERIOD 1981 TO 2010
CLIMATE RECORD PERIOD 1951 TO 2014


WEATHER ITEM   OBSERVED TIME   RECORD YEAR NORMAL DEPARTURE LAST
                VALUE   (LST)  VALUE       VALUE  FROM      YEAR
                                                  NORMAL
..................................................................
TEMPERATURE (F)
 YESTERDAY
  MAXIMUM         70    306 PM  90    1954  78     -8       73
  MINIMUM         51    607 AM  47    1997  60     -9       53
                                      1956
  AVERAGE         61                        69     -8       63

PRECIPITATION (IN)
  YESTERDAY        T             1.10 1993   0.11  -0.11     0.00
  MONTH TO DATE    3.84                      3.58   0.26     6.52
  SINCE JUN 1      8.21                      7.89   0.32    11.76
  SINCE JAN 1     23.57                     22.64   0.93    24.92

SNOWFALL (IN)
  YESTERDAY        0.0           0.0  2002   0.0    0.0      0.0
                                      2000
                                      2001
  MONTH TO DATE    T                         0.0    0.0      0.0
  SINCE JUN 1      T                         0.0    0.0      0.0
  SINCE JUL 1      T                         0.0    0.0      0.0
  SNOW DEPTH       0

DEGREE DAYS
 HEATING
  YESTERDAY        4                         1      3        2
  MONTH TO DATE   25                        30     -5       14
  SINCE JUN 1     70                       121    -51      101
  SINCE JUL 1     25                        30     -5       14

 COOLING
  YESTERDAY        0                         4     -4        0
  MONTH TO DATE  123                       137    -14      220
  SINCE JUN 1    208                       211     -3      303
  SINCE JAN 1    233                       234     -1      346
..................................................................


WIND (MPH)
  HIGHEST WIND SPEED    13   HIGHEST WIND DIRECTION     S (200)
  HIGHEST GUST SPEED    18   HIGHEST GUST DIRECTION     S (190)
  AVERAGE WIND SPEED     5.0


SKY COVER
  AVERAGE SKY COVER 0.4


WEATHER CONDITIONS
 THE FOLLOWING WEATHER WAS RECORDED YESTERDAY.
  NO SIGNIFICANT WEATHER WAS OBSERVED.


RELATIVE HUMIDITY (PERCENT)
 HIGHEST    96           500 AM
 LOWEST     57           300 PM
 AVERAGE    77

..........................................................


THE BINGHAMTON NY CLIMATE NORMALS FOR TODAY
                         NORMAL    RECORD    YEAR
 MAXIMUM TEMPERATURE (F)   78        94      1954
 MINIMUM TEMPERATURE (F)   60        49      1956


SUNRISE AND SUNSET
JULY 31 2014..........SUNRISE   556 AM EDT   SUNSET   824 PM EDT
AUGUST  1 2014........SUNRISE   557 AM EDT   SUNSET   823 PM EDT


-  INDICATES NEGATIVE NUMBERS.
R  INDICATES RECORD WAS SET OR TIED.
MM INDICATES DATA IS MISSING.
T  INDICATES TRACE AMOUNT.




$$
