000
CDUS41 KCAR 010532
CLIBGR


CLIMATE REPORT
NATIONAL WEATHER SERVICE CARIBOU, ME
131 AM EDT SUN MAY 1 2016


...................................

...THE BANGOR ME CLIMATE SUMMARY FOR APRIL 30 2016...

CLIMATE NORMAL PERIOD 1981 TO 2010
CLIMATE RECORD PERIOD 1925 TO 2016


WEATHER ITEM   OBSERVED TIME   RECORD YEAR NORMAL DEPARTURE LAST
                VALUE   (LST)  VALUE       VALUE  FROM      YEAR
                                                  NORMAL
..................................................................
TEMPERATURE (F)
 YESTERDAY
  MAXIMUM         67    250 PM  84    2004  59      8       56
  MINIMUM         30    427 AM  23    1943  37     -7       42
  AVERAGE         49                        48      1       49

PRECIPITATION (IN)
  YESTERDAY        0.00          1.05 1980   0.12  -0.12     0.01
  MONTH TO DATE    2.58                      3.62  -1.04     2.39
  SINCE MAR 1      5.85                      7.00  -1.15     3.84
  SINCE JAN 1     12.12                     12.41  -0.29     8.73

SNOWFALL (IN)
  YESTERDAY        0.0           0.0  2002   0.0             0.0
                                      2001
  MONTH TO DATE    T                         3.7             6.3
  SINCE MAR 1      6.0                      15.4            21.9
  SINCE JUL 1     44.6                      66.1           139.0
  SNOW DEPTH       0

DEGREE DAYS
 HEATING
  YESTERDAY       16                        17     -1       16
  MONTH TO DATE  728                       676     52      723
  SINCE MAR 1   1713                      1752    -39     1975
  SINCE JUL 1   6628                      7398   -770     7865

 COOLING
  YESTERDAY        0                         0      0        0
  MONTH TO DATE    0                         0      0        0
  SINCE MAR 1      0                         0      0        0
  SINCE JAN 1      0                         0      0        0
..................................................................


WIND (MPH)
  RESULTANT WIND SPEED   1   RESULTANT WIND DIRECTION   E (100)
  HIGHEST WIND SPEED    15   HIGHEST WIND DIRECTION     S (190)
  HIGHEST GUST SPEED    17   HIGHEST GUST DIRECTION     S (190)


SKY COVER
  POSSIBLE SUNSHINE  MM
  AVERAGE SKY COVER 0.3


WEATHER CONDITIONS
 THE FOLLOWING WEATHER WAS RECORDED YESTERDAY.
  FOG
  FOG W/VISIBILITY <= 1/4 MILE


RELATIVE HUMIDITY (PERCENT)
 HIGHEST    89
 LOWEST     15
 AVERAGE    52

..........................................................


THE BANGOR ME CLIMATE NORMALS FOR TODAY
                         NORMAL    RECORD    YEAR
 MAXIMUM TEMPERATURE (F)   60        79      1936
 MINIMUM TEMPERATURE (F)   38        23      1943


SUNRISE AND SUNSET
MAY  1 2016...........SUNRISE   524 AM EDT   SUNSET   741 PM EDT
MAY  2 2016...........SUNRISE   523 AM EDT   SUNSET   742 PM EDT


-  INDICATES NEGATIVE NUMBERS.
R  INDICATES RECORD WAS SET OR TIED.
MM INDICATES DATA IS MISSING.
T  INDICATES TRACE AMOUNT.




$$
