000
CDUS41 KCAR 310526
CLIBGR


CLIMATE REPORT
NATIONAL WEATHER SERVICE CARIBOU, ME
126 AM EDT FRI OCT 31 2014


...................................

...THE BANGOR ME CLIMATE SUMMARY FOR OCTOBER 30 2014...

CLIMATE NORMAL PERIOD 1981 TO 2010
CLIMATE RECORD PERIOD 1925 TO 2014


WEATHER ITEM   OBSERVED TIME   RECORD YEAR NORMAL DEPARTURE LAST
                VALUE   (LST)  VALUE       VALUE  FROM      YEAR
                                                  NORMAL
..................................................................
TEMPERATURE (F)
 YESTERDAY
  MAXIMUM         54    110 PM  73    1989  52      2       47
                                      1935
  MINIMUM         32   1059 PM  11    1941  33     -1       20
  AVERAGE         43                        42      1       34

PRECIPITATION (IN)
  YESTERDAY        T             1.61 1973   0.12  -0.12     0.00
  MONTH TO DATE    6.85                      4.04   2.81     0.75
  SINCE SEP 1      7.74                      7.87  -0.13     7.92
  SINCE JAN 1     35.48                     34.12   1.36    33.10

SNOWFALL (IN)
  YESTERDAY        0.0           6.0  2011   0.0             0.0
  MONTH TO DATE    0.0                       0.1             0.0
  SINCE SEP 1      0.0                       0.1             0.0
  SINCE JUL 1      0.0                       0.1             0.0
  SNOW DEPTH       0

DEGREE DAYS
 HEATING
  YESTERDAY       22                        23     -1       31
  MONTH TO DATE  387                       531   -144      436
  SINCE SEP 1    601                       740   -139      638
  SINCE JUL 1    622                       803   -181      670

 COOLING
  YESTERDAY        0                         0      0        0
  MONTH TO DATE    2                         0      2        0
  SINCE SEP 1     49                        23     26       33
  SINCE JAN 1    363                       317     46      355
..................................................................


WIND (MPH)
  RESULTANT WIND SPEED   4   RESULTANT WIND DIRECTION   W (280)
  HIGHEST WIND SPEED    12   HIGHEST WIND DIRECTION    NW (310)
  HIGHEST GUST SPEED    15   HIGHEST GUST DIRECTION    NW (310)


SKY COVER
  POSSIBLE SUNSHINE  MM
  AVERAGE SKY COVER 0.3


WEATHER CONDITIONS
 THE FOLLOWING WEATHER WAS RECORDED YESTERDAY.
  FOG


RELATIVE HUMIDITY (PERCENT)
 HIGHEST   100
 LOWEST     59
 AVERAGE    80

..........................................................


THE BANGOR ME CLIMATE NORMALS FOR TODAY
                         NORMAL    RECORD    YEAR
 MAXIMUM TEMPERATURE (F)   52        71      1956
 MINIMUM TEMPERATURE (F)   33        16      1944


SUNRISE AND SUNSET
OCTOBER 31 2014.......SUNRISE   712 AM EDT   SUNSET   525 PM EDT
NOVEMBER  1 2014......SUNRISE   713 AM EDT   SUNSET   524 PM EDT


-  INDICATES NEGATIVE NUMBERS.
R  INDICATES RECORD WAS SET OR TIED.
MM INDICATES DATA IS MISSING.
T  INDICATES TRACE AMOUNT.




$$
