000
CDUS41 KCAR 190546
CLIBGR


CLIMATE REPORT
NATIONAL WEATHER SERVICE CARIBOU, ME
142 AM EDT THU OCT 19 2017


...................................

...THE BANGOR ME CLIMATE SUMMARY FOR OCTOBER 18 2017...

CLIMATE NORMAL PERIOD 1981 TO 2010
CLIMATE RECORD PERIOD 1925 TO 2017


WEATHER ITEM   OBSERVED TIME   RECORD YEAR NORMAL DEPARTURE LAST
                VALUE   (LST)  VALUE       VALUE  FROM      YEAR
                                                  NORMAL
..................................................................
TEMPERATURE (F)
 YESTERDAY
  MAXIMUM         68    257 PM  84    1947  57     11       60
  MINIMUM         41   1159 PM  23    1940  36      5       41
  AVERAGE         55                        46      9       51

PRECIPITATION (IN)
  YESTERDAY        0.00          1.69 1936   0.13  -0.13      T
  MONTH TO DATE    0.93                      2.44  -1.51     0.80
  SINCE SEP 1      3.62                      6.27  -2.65     2.03
  SINCE JAN 1     29.79                     32.52  -2.73    24.02

SNOWFALL (IN)
  YESTERDAY        0.0           0.2  1970   0.0             0.0
  MONTH TO DATE    0.0                       0.0             0.0
  SINCE SEP 1      T                         0.0             0.0
  SINCE JUL 1      T                         0.0             0.0
  SNOW DEPTH       0

DEGREE DAYS
 HEATING
  YESTERDAY       10                        19     -9       14
  MONTH TO DATE  163                       281   -118      248
  SINCE SEP 1    233                       490   -257      395
  SINCE JUL 1    280                       553   -273      422

 COOLING
  YESTERDAY        0                         0      0        0
  MONTH TO DATE    5                         0      5        0
  SINCE SEP 1     85                        23     62       59
  SINCE JAN 1    367                       317     50      448
..................................................................


WIND (MPH)
  RESULTANT WIND SPEED   5   RESULTANT WIND DIRECTION   W (260)
  HIGHEST WIND SPEED    18   HIGHEST WIND DIRECTION    NW (320)
  HIGHEST GUST SPEED    25   HIGHEST GUST DIRECTION    NW (310)


SKY COVER
  POSSIBLE SUNSHINE  MM
  AVERAGE SKY COVER 0.3


WEATHER CONDITIONS
 THE FOLLOWING WEATHER WAS RECORDED YESTERDAY.
  NO SIGNIFICANT WEATHER WAS OBSERVED.


RELATIVE HUMIDITY (PERCENT)
 HIGHEST    76
 LOWEST     22
 AVERAGE    49

..........................................................


THE BANGOR ME CLIMATE NORMALS FOR TODAY
                         NORMAL    RECORD    YEAR
 MAXIMUM TEMPERATURE (F)   56        82      1963
 MINIMUM TEMPERATURE (F)   36        17      1939


SUNRISE AND SUNSET
OCTOBER 19 2017.......SUNRISE   656 AM EDT   SUNSET   543 PM EDT
OCTOBER 20 2017.......SUNRISE   658 AM EDT   SUNSET   542 PM EDT


-  INDICATES NEGATIVE NUMBERS.
R  INDICATES RECORD WAS SET OR TIED.
MM INDICATES DATA IS MISSING.
T  INDICATES TRACE AMOUNT.




$$
