000
CDUS41 KCAR 200548
CLIBGR


CLIMATE REPORT
NATIONAL WEATHER SERVICE CARIBOU, ME
148 AM EDT SUN APR 20 2014


...................................

...THE BANGOR ME CLIMATE SUMMARY FOR APRIL 19 2014...

CLIMATE NORMAL PERIOD 1981 TO 2010
CLIMATE RECORD PERIOD 1925 TO 2014


WEATHER ITEM   OBSERVED TIME   RECORD YEAR NORMAL DEPARTURE LAST
                VALUE   (LST)  VALUE       VALUE  FROM      YEAR
                                                  NORMAL
..................................................................
TEMPERATURE (F)
 YESTERDAY
  MAXIMUM         51    223 PM  85    1927  55     -4       64
  MINIMUM         26    155 AM  18    1926  34     -8       44
  AVERAGE         39                        44     -5       54

PRECIPITATION (IN)
  YESTERDAY        T             1.34 1969   0.12  -0.12      T
  MONTH TO DATE    1.73                      2.33  -0.60     1.13
  SINCE MAR 1      5.38                      5.71  -0.33     3.18
  SINCE JAN 1     10.55                     11.12  -0.57     6.09

SNOWFALL (IN)
  YESTERDAY        0.0           1.7  1969   0.1             0.0
  MONTH TO DATE    1.1                       3.3             1.1
  SINCE MAR 1     16.8                      15.0            14.8
  SINCE JUL 1     80.0                      65.7            74.3
  SNOW DEPTH       0

DEGREE DAYS
 HEATING
  YESTERDAY       26                        21      5       11
  MONTH TO DATE  469                       470     -1      500
  SINCE MAR 1   1773                      1547    226     1503
  SINCE JUL 1   7525                      7193    332     6880

 COOLING
  YESTERDAY        0                         0      0        0
  MONTH TO DATE    0                         0      0        0
  SINCE MAR 1      0                         0      0        0
  SINCE JAN 1      0                         0      0        0
..................................................................


WIND (MPH)
  RESULTANT WIND SPEED   8   RESULTANT WIND DIRECTION  NW (300)
  HIGHEST WIND SPEED    28   HIGHEST WIND DIRECTION    NW (330)
  HIGHEST GUST SPEED    36   HIGHEST GUST DIRECTION    NW (320)


SKY COVER
  POSSIBLE SUNSHINE  MM
  AVERAGE SKY COVER 0.6


WEATHER CONDITIONS
 THE FOLLOWING WEATHER WAS RECORDED YESTERDAY.
  NO SIGNIFICANT WEATHER WAS OBSERVED.


RELATIVE HUMIDITY (PERCENT)
 HIGHEST    92
 LOWEST     39
 AVERAGE    66

..........................................................


THE BANGOR ME CLIMATE NORMALS FOR TODAY
                         NORMAL    RECORD    YEAR
 MAXIMUM TEMPERATURE (F)   55        89      1927
 MINIMUM TEMPERATURE (F)   34        21      1947
                                             1926


SUNRISE AND SUNSET
APRIL 20 2014.........SUNRISE   542 AM EDT   SUNSET   727 PM EDT
APRIL 21 2014.........SUNRISE   541 AM EDT   SUNSET   728 PM EDT


-  INDICATES NEGATIVE NUMBERS.
R  INDICATES RECORD WAS SET OR TIED.
MM INDICATES DATA IS MISSING.
T  INDICATES TRACE AMOUNT.




$$
