000
CDUS41 KCAR 240529
CLIBGR


CLIMATE REPORT
NATIONAL WEATHER SERVICE CARIBOU, ME
128 AM EDT WED MAY 24 2017


...................................

...THE BANGOR ME CLIMATE SUMMARY FOR MAY 23 2017...

CLIMATE NORMAL PERIOD 1981 TO 2010
CLIMATE RECORD PERIOD 1925 TO 2017


WEATHER ITEM   OBSERVED TIME   RECORD YEAR NORMAL DEPARTURE LAST
                VALUE   (LST)  VALUE       VALUE  FROM      YEAR
                                                  NORMAL
..................................................................
TEMPERATURE (F)
 YESTERDAY
  MAXIMUM         71    415 PM  91    1992  68      3       80
  MINIMUM         47   1152 PM  31    1929  45      2       46
  AVERAGE         59                        56      3       63

PRECIPITATION (IN)
  YESTERDAY        T             1.08 1974   0.13  -0.13     0.00
  MONTH TO DATE    5.01                      2.65   2.36     1.92
  SINCE MAR 1     11.06                      9.65   1.41     7.77
  SINCE JAN 1     16.95                     15.06   1.89    14.04

SNOWFALL (IN)
  YESTERDAY        0.0           0.0  2002   0.0             0.0
                                      2001
  MONTH TO DATE    0.0                       0.1              T
  SINCE MAR 1     19.3                      15.5             6.0
  SINCE JUL 1     82.6                      66.2            44.6
  SNOW DEPTH       0

DEGREE DAYS
 HEATING
  YESTERDAY        6                         9     -3        2
  MONTH TO DATE  299                       292      7      279
  SINCE MAR 1   2083                      2044     39     2000
  SINCE JUL 1   7211                      7690   -479     6915

 COOLING
  YESTERDAY        0                         0      0        0
  MONTH TO DATE    7                         0      7        0
  SINCE MAR 1      7                         0      7        0
  SINCE JAN 1      7                         0      7        0
..................................................................


WIND (MPH)
  RESULTANT WIND SPEED   3   RESULTANT WIND DIRECTION  SW (220)
  HIGHEST WIND SPEED    14   HIGHEST WIND DIRECTION     W (260)
  HIGHEST GUST SPEED    26   HIGHEST GUST DIRECTION     W (250)


SKY COVER
  POSSIBLE SUNSHINE  MM
  AVERAGE SKY COVER 0.8


WEATHER CONDITIONS
 THE FOLLOWING WEATHER WAS RECORDED YESTERDAY.
  LIGHT RAIN
  FOG


RELATIVE HUMIDITY (PERCENT)
 HIGHEST   100
 LOWEST     40
 AVERAGE    70

..........................................................


THE BANGOR ME CLIMATE NORMALS FOR TODAY
                         NORMAL    RECORD    YEAR
 MAXIMUM TEMPERATURE (F)   68        91      1964
 MINIMUM TEMPERATURE (F)   45        32      1956


SUNRISE AND SUNSET
MAY 24 2017...........SUNRISE   458 AM EDT   SUNSET   807 PM EDT
MAY 25 2017...........SUNRISE   457 AM EDT   SUNSET   808 PM EDT


-  INDICATES NEGATIVE NUMBERS.
R  INDICATES RECORD WAS SET OR TIED.
MM INDICATES DATA IS MISSING.
T  INDICATES TRACE AMOUNT.




$$
