000
CDUS44 KBMX 032142
CLIBHM


CLIMATE REPORT
NATIONAL WEATHER SERVICE BIRMINGHAM, AL
442 PM CDT MON AUG 3 2015


...................................

...THE BIRMINGHAM CLIMATE SUMMARY FOR AUGUST 3 2015...
VALID AS OF 0400 PM LOCAL TIME.

CLIMATE NORMAL PERIOD 1981 TO 2010
CLIMATE RECORD PERIOD 2014 TO 2015


WEATHER ITEM   OBSERVED TIME   RECORD YEAR NORMAL DEPARTURE LAST
                VALUE   (LST)  VALUE       VALUE  FROM      YEAR
                                                  NORMAL
..................................................................
TEMPERATURE (F)
 TODAY
  MAXIMUM         97    257 PM 101    2010  91      6       92
  MINIMUM         66    512 AM  63    1976  72     -6       71
                                      1973
                                      1965
  AVERAGE         82                        81      1       82

PRECIPITATION (IN)
  TODAY            0.00          3.40 2003   0.14  -0.14     0.00
  MONTH TO DATE    0.00                      0.42  -0.42      T
  SINCE JUN 1      9.11                      9.60  -0.49     5.73
  SINCE JAN 1     34.84                     33.57   1.27    28.59

DEGREE DAYS
 COOLING
  TODAY           17                        16      1       17
  MONTH TO DATE   50                        48      2       47
  SINCE JUN 1   1074                       929    145      885
  SINCE JAN 1   1409                      1211    198     1178
..................................................................


WIND (MPH)
  HIGHEST WIND SPEED    15   HIGHEST WIND DIRECTION     N (340)
  HIGHEST GUST SPEED    19   HIGHEST GUST DIRECTION     N (360)
  AVERAGE WIND SPEED     3.5


SKY COVER
  AVERAGE SKY COVER 0.2


WEATHER CONDITIONS
 THE FOLLOWING WEATHER WAS RECORDED TODAY.
  NO SIGNIFICANT WEATHER WAS OBSERVED.


RELATIVE HUMIDITY (PERCENT)
 HIGHEST    87           500 AM
 LOWEST     22           300 PM
 AVERAGE    55

..........................................................


THE BIRMINGHAM CLIMATE NORMALS FOR TOMORROW
                         NORMAL    RECORD    YEAR
 MAXIMUM TEMPERATURE (F)   91       103      1947
 MINIMUM TEMPERATURE (F)   72        56      1950


SUNRISE AND SUNSET
AUGUST  3 2015........SUNRISE   601 AM CDT   SUNSET   745 PM CDT
AUGUST  4 2015........SUNRISE   601 AM CDT   SUNSET   744 PM CDT


-  INDICATES NEGATIVE NUMBERS.
R  INDICATES RECORD WAS SET OR TIED.
MM INDICATES DATA IS MISSING.
T  INDICATES TRACE AMOUNT.




$$
