000
CDUS44 KBMX 280042
CLIBHM


CLIMATE REPORT
NATIONAL WEATHER SERVICE BIRMINGHAM, AL
742 PM CDT WED JUL 27 2016


...................................

...THE BIRMINGHAM CLIMATE SUMMARY FOR JULY 27 2016...
VALID TODAY AS OF 0700 PM LOCAL TIME.

CLIMATE NORMAL PERIOD 1981 TO 2010
CLIMATE RECORD PERIOD 1895 TO 2016


WEATHER ITEM   OBSERVED TIME   RECORD YEAR NORMAL DEPARTURE LAST
                VALUE   (LST)  VALUE       VALUE  FROM      YEAR
                                                  NORMAL
..................................................................
TEMPERATURE (F)
 TODAY
  MAXIMUM         89    253 PM 102    1952  91     -2       92
  MINIMUM         76    743 AM  59    1911  72      4       73
  AVERAGE         83                        81      2       83

PRECIPITATION (IN)
  TODAY            T             5.47 1985   0.14  -0.14     1.26
  MONTH TO DATE    5.75                      4.22   1.53     7.24
  SINCE JUN 1      9.71                      8.60   1.11     8.94
  SINCE JAN 1     31.32                     32.57  -1.25    34.67

DEGREE DAYS
 COOLING
  TODAY           18                        16      2       18
  MONTH TO DATE  521                       429     92      482
  SINCE JUN 1   1000                       811    189      948
  SINCE JAN 1   1323                      1093    230     1283
..................................................................


WIND (MPH)
  HIGHEST WIND SPEED    28   HIGHEST WIND DIRECTION     S (190)
  HIGHEST GUST SPEED    35   HIGHEST GUST DIRECTION     S (180)
  AVERAGE WIND SPEED     8.1


SKY COVER
  AVERAGE SKY COVER 0.8


WEATHER CONDITIONS
 THE FOLLOWING WEATHER WAS RECORDED TODAY.
  FOG


RELATIVE HUMIDITY (PERCENT)
 HIGHEST    94           600 AM
 LOWEST     59           300 PM
 AVERAGE    77

..........................................................


THE BIRMINGHAM CLIMATE NORMALS FOR TOMORROW
                         NORMAL    RECORD    YEAR
 MAXIMUM TEMPERATURE (F)   91       105      1952
 MINIMUM TEMPERATURE (F)   72        60      1911


SUNRISE AND SUNSET
JULY 27 2016..........SUNRISE   556 AM CDT   SUNSET   750 PM CDT
JULY 28 2016..........SUNRISE   557 AM CDT   SUNSET   750 PM CDT


-  INDICATES NEGATIVE NUMBERS.
R  INDICATES RECORD WAS SET OR TIED.
MM INDICATES DATA IS MISSING.
T  INDICATES TRACE AMOUNT.




$$
