000
CDUS44 KBMX 170851
CLIBHM


CLIMATE REPORT
NATIONAL WEATHER SERVICE BIRMINGHAM, AL
250 AM CST WED JAN 17 2018


...................................

...THE BIRMINGHAM CLIMATE SUMMARY FOR JANUARY 16 2018...

CLIMATE NORMAL PERIOD 1981 TO 2010
CLIMATE RECORD PERIOD 1895 TO 2018


WEATHER ITEM   OBSERVED TIME   RECORD YEAR NORMAL DEPARTURE LAST
                VALUE   (LST)  VALUE       VALUE  FROM      YEAR
                                                  NORMAL
..................................................................
TEMPERATURE (F)
 YESTERDAY
  MAXIMUM         37   1035 AM  77    1943  54    -17       72
  MINIMUM         18   1159 PM   7    1972  34    -16       51
  AVERAGE         28                        44    -16       62

PRECIPITATION (IN)
  YESTERDAY        T             0.96 1925   0.16  -0.16     0.00
                                      1924
  MONTH TO DATE    0.77                      2.37  -1.60     2.56
  SINCE DEC 1      4.78                      6.82  -2.04     4.95
  SINCE JAN 1      0.77                      2.37  -1.60     2.56

SNOWFALL (IN)
  YESTERDAY        T                         0.0    0.0      0.0
  MONTH TO DATE    T                         0.3   -0.3      0.3
  SINCE DEC 1      4.0                       0.4    3.6      0.3
  SINCE JUL 1      4.0                       0.4    3.6      0.3
  SNOW DEPTH       0

DEGREE DAYS
 HEATING
  YESTERDAY       37                        22     15        3
  MONTH TO DATE  453                       345    108      232
  SINCE DEC 1   1050                       934    116      716
  SINCE JUL 1   1452                      1392     60      948
..................................................................


WIND (MPH)
  HIGHEST WIND SPEED    18   HIGHEST WIND DIRECTION     N (350)
  HIGHEST GUST SPEED    23   HIGHEST GUST DIRECTION     N (360)
  AVERAGE WIND SPEED     8.4


SKY COVER
  AVERAGE SKY COVER 0.7


WEATHER CONDITIONS
 THE FOLLOWING WEATHER WAS RECORDED YESTERDAY.
  LIGHT SNOW
  HAZE


RELATIVE HUMIDITY (PERCENT)
 HIGHEST    82           900 AM
 LOWEST     62          1100 PM
 AVERAGE    72

..........................................................


THE BIRMINGHAM CLIMATE NORMALS FOR TODAY
                         NORMAL    RECORD    YEAR
 MAXIMUM TEMPERATURE (F)   54        79      1943
 MINIMUM TEMPERATURE (F)   34         0      1982


SUNRISE AND SUNSET
JANUARY 17 2018.......SUNRISE   651 AM CST   SUNSET   504 PM CST
JANUARY 18 2018.......SUNRISE   650 AM CST   SUNSET   505 PM CST


-  INDICATES NEGATIVE NUMBERS.
R  INDICATES RECORD WAS SET OR TIED.
MM INDICATES DATA IS MISSING.
T  INDICATES TRACE AMOUNT.




$$
