000
CDUS44 KBMX 040731
CLIBHM


CLIMATE REPORT
NATIONAL WEATHER SERVICE BIRMINGHAM, AL
228 AM CDT FRI SEP 4 2015


...................................

...THE BIRMINGHAM CLIMATE SUMMARY FOR SEPTEMBER 3 2015...

CLIMATE NORMAL PERIOD 1981 TO 2010
CLIMATE RECORD PERIOD 2014 TO 2015


WEATHER ITEM   OBSERVED TIME   RECORD YEAR NORMAL DEPARTURE LAST
                VALUE   (LST)  VALUE       VALUE  FROM      YEAR
                                                  NORMAL
..................................................................
TEMPERATURE (F)
 YESTERDAY
  MAXIMUM         92    332 PM 102    1925  89      3       91
  MINIMUM         73    600 AM  52    1952  69      4       73
  AVERAGE         83                        79      4       82

PRECIPITATION (IN)
  YESTERDAY        T             3.29 2001   0.13  -0.13     0.19
  MONTH TO DATE    T                         0.38  -0.38     0.19
  SINCE SEP 1      T                         0.38  -0.38     0.19
  SINCE JAN 1     42.07                     37.46   4.61    33.05

DEGREE DAYS
 HEATING
  YESTERDAY        0                         0      0        0
  MONTH TO DATE    0                         0      0        0
  SINCE SEP 1      0                         0      0        0
  SINCE JUL 1      0                         0      0        0

 COOLING
  YESTERDAY       18                        14      4       17
  MONTH TO DATE   48                        42      6       55
  SINCE SEP 1     48                        42      6       55
  SINCE JAN 1   1862                      1692    170     1695
..................................................................


WIND (MPH)
  HIGHEST WIND SPEED    16   HIGHEST WIND DIRECTION    NE (40)
  HIGHEST GUST SPEED    20   HIGHEST GUST DIRECTION    NE (40)
  AVERAGE WIND SPEED     2.5


SKY COVER
  AVERAGE SKY COVER 0.6


WEATHER CONDITIONS
 THE FOLLOWING WEATHER WAS RECORDED YESTERDAY.
  LIGHT RAIN
  FOG
  HAZE


RELATIVE HUMIDITY (PERCENT)
 HIGHEST   100           600 AM
 LOWEST     44           100 PM
 AVERAGE    72

..........................................................


THE BIRMINGHAM CLIMATE NORMALS FOR TODAY
                         NORMAL    RECORD    YEAR
 MAXIMUM TEMPERATURE (F)   89       105      1925
 MINIMUM TEMPERATURE (F)   68        50      1952


SUNRISE AND SUNSET
SEPTEMBER  4 2015.....SUNRISE   623 AM CDT   SUNSET   709 PM CDT
SEPTEMBER  5 2015.....SUNRISE   623 AM CDT   SUNSET   707 PM CDT


-  INDICATES NEGATIVE NUMBERS.
R  INDICATES RECORD WAS SET OR TIED.
MM INDICATES DATA IS MISSING.
T  INDICATES TRACE AMOUNT.




$$
