000
CDUS44 KBMX 230940
CLIBHM


CLIMATE REPORT
NATIONAL WEATHER SERVICE BIRMINGHAM, AL
440 AM CDT WED APR 23 2014


...................................

...THE BIRMINGHAM CLIMATE SUMMARY FOR APRIL 22 2014...

CLIMATE NORMAL PERIOD 1981 TO 2010
CLIMATE RECORD PERIOD 1895 TO 2014


WEATHER ITEM   OBSERVED TIME   RECORD YEAR NORMAL DEPARTURE LAST
                VALUE   (LST)  VALUE       VALUE  FROM      YEAR
                                                  NORMAL
..................................................................
TEMPERATURE (F)
 YESTERDAY
  MAXIMUM         74    420 PM  90    1987  76     -2       74
  MINIMUM         60   1159 PM  31    1993  52      8       53
  AVERAGE         67                        64      3       64

PRECIPITATION (IN)
  YESTERDAY        0.04          1.97 1909   0.13  -0.09     0.00
  MONTH TO DATE    6.61                      3.23   3.38     3.69
  SINCE MAR 1     11.33                      8.46   2.87     8.88
  SINCE JAN 1     18.26                     17.83   0.43    23.47

SNOWFALL (IN)
  YESTERDAY        0.0                       0.0    0.0      0.0
  MONTH TO DATE    0.0                       0.2   -0.2      0.0
  SINCE MAR 1      0.0                       0.8   -0.8       T
  SINCE JUL 1      5.0                       1.6    3.4      2.1
  SNOW DEPTH       0

DEGREE DAYS
 HEATING
  YESTERDAY        0                         3     -3        1
  MONTH TO DATE   97                       119    -22      111
  SINCE MAR 1    470                       441     29      578
  SINCE JUL 1   2968                      2631    337     2576

 COOLING
  YESTERDAY        2                         3     -1        0
  MONTH TO DATE   26                        38    -12       59
  SINCE MAR 1     26                        56    -30       60
  SINCE JAN 1     29                        60    -31       66
..................................................................


WIND (MPH)
  HIGHEST WIND SPEED    10   HIGHEST WIND DIRECTION     W (270)
  HIGHEST GUST SPEED    14   HIGHEST GUST DIRECTION     W (270)
  AVERAGE WIND SPEED     3.4


SKY COVER
  AVERAGE SKY COVER 0.7


WEATHER CONDITIONS
 THE FOLLOWING WEATHER WAS RECORDED YESTERDAY.
  LIGHT RAIN
  FOG
  HAZE


RELATIVE HUMIDITY (PERCENT)
 HIGHEST    93           900 PM
 LOWEST     64           400 PM
 AVERAGE    79

..........................................................


THE BIRMINGHAM CLIMATE NORMALS FOR TODAY
                         NORMAL    RECORD    YEAR
 MAXIMUM TEMPERATURE (F)   76        90      1896
 MINIMUM TEMPERATURE (F)   53        30      1986


SUNRISE AND SUNSET
APRIL 23 2014.........SUNRISE   607 AM CDT   SUNSET   724 PM CDT
APRIL 24 2014.........SUNRISE   606 AM CDT   SUNSET   725 PM CDT


-  INDICATES NEGATIVE NUMBERS.
R  INDICATES RECORD WAS SET OR TIED.
MM INDICATES DATA IS MISSING.
T  INDICATES TRACE AMOUNT.




$$
