000
CDUS44 KBMX 182214
CLIBHM


CLIMATE REPORT
NATIONAL WEATHER SERVICE BIRMINGHAM, AL
414 PM CST SAT NOV 18 2017


...................................

...THE BIRMINGHAM CLIMATE SUMMARY FOR NOVEMBER 18 2017...
VALID TODAY AS OF 0400 PM LOCAL TIME.

CLIMATE NORMAL PERIOD 1981 TO 2010
CLIMATE RECORD PERIOD 1895 TO 2017


WEATHER ITEM   OBSERVED TIME   RECORD YEAR NORMAL DEPARTURE LAST
                VALUE   (LST)  VALUE       VALUE  FROM      YEAR
                                                  NORMAL
..................................................................
TEMPERATURE (F)
 TODAY
  MAXIMUM         75    202 PM  82    1930  65     10       78
  MINIMUM         57    336 AM  20    1959  43     14       47
  AVERAGE         66                        54     12       63

PRECIPITATION (IN)
  TODAY            0.00          1.80 2015   0.18  -0.18     0.00
  MONTH TO DATE    0.73                      2.70  -1.97      T
  SINCE SEP 1      8.76                     10.04  -1.28     0.68
  SINCE JAN 1     64.32                     47.12  17.20    35.85

SNOWFALL (IN)
  TODAY            0.0                       0.0    0.0      0.0
  MONTH TO DATE    0.0                       0.0    0.0      0.0
  SINCE SEP 1      0.0                       0.0    0.0      0.0
  SINCE JUL 1      0.0                       0.0    0.0      0.0
  SNOW DEPTH       0

..................................................................


WIND (MPH)
  HIGHEST WIND SPEED    25   HIGHEST WIND DIRECTION     S (200)
  HIGHEST GUST SPEED    33   HIGHEST GUST DIRECTION     S (200)
  AVERAGE WIND SPEED    12.0


SKY COVER
  AVERAGE SKY COVER 0.8


WEATHER CONDITIONS
 THE FOLLOWING WEATHER WAS RECORDED TODAY.
  NO SIGNIFICANT WEATHER WAS OBSERVED.


RELATIVE HUMIDITY (PERCENT)
 HIGHEST    87           600 AM
 LOWEST     57          1200 AM
 AVERAGE    72

..........................................................


THE BIRMINGHAM CLIMATE NORMALS FOR TOMORROW
                         NORMAL    RECORD    YEAR
 MAXIMUM TEMPERATURE (F)   64        80      1985
                                             1942
                                             1906
 MINIMUM TEMPERATURE (F)   42        18      1903


SUNRISE AND SUNSET
NOVEMBER 18 2017......SUNRISE   622 AM CST   SUNSET   443 PM CST
NOVEMBER 19 2017......SUNRISE   623 AM CST   SUNSET   442 PM CST


-  INDICATES NEGATIVE NUMBERS.
R  INDICATES RECORD WAS SET OR TIED.
MM INDICATES DATA IS MISSING.
T  INDICATES TRACE AMOUNT.




$$
