000
CDUS44 KBMX 250739
CLIBHM


CLIMATE REPORT
NATIONAL WEATHER SERVICE BIRMINGHAM, AL
238 AM CDT TUE APR 25 2017


...................................

...THE BIRMINGHAM CLIMATE SUMMARY FOR APRIL 24 2017...

CLIMATE NORMAL PERIOD 1981 TO 2010
CLIMATE RECORD PERIOD 1895 TO 2017


WEATHER ITEM   OBSERVED TIME   RECORD YEAR NORMAL DEPARTURE LAST
                VALUE   (LST)  VALUE       VALUE  FROM      YEAR
                                                  NORMAL
..................................................................
TEMPERATURE (F)
 YESTERDAY
  MAXIMUM         73    345 PM  90    1925  76     -3       82
  MINIMUM         51    252 AM  35    1986  53     -2       52
  AVERAGE         62                        65     -3       67

PRECIPITATION (IN)
  YESTERDAY        0.00          3.08 2010   0.14  -0.14     0.00
  MONTH TO DATE    5.03                      3.51   1.52     2.87
  SINCE MAR 1     10.27                      8.74   1.53     8.57
  SINCE JAN 1     19.93                     18.11   1.82    19.31

SNOWFALL (IN)
  YESTERDAY        0.0                       0.0    0.0      0.0
  MONTH TO DATE    0.0                       0.2   -0.2      0.0
  SINCE MAR 1      0.0                       0.8   -0.8      0.0
  SINCE JUL 1      0.3                       1.6   -1.3       T
  SNOW DEPTH       0

DEGREE DAYS
 HEATING
  YESTERDAY        3                         3      0        0
  MONTH TO DATE   38                       125    -87       78
  SINCE MAR 1    289                       447   -158      269
  SINCE JUL 1   1661                      2637   -976     1939

 COOLING
  YESTERDAY        0                         3     -3        2
  MONTH TO DATE  120                        44     76       14
  SINCE MAR 1    174                        62    112       55
  SINCE JAN 1    189                        66    123       62
..................................................................


WIND (MPH)
  HIGHEST WIND SPEED    15   HIGHEST WIND DIRECTION     N (360)
  HIGHEST GUST SPEED    18   HIGHEST GUST DIRECTION     N (350)
  AVERAGE WIND SPEED     6.0


SKY COVER
  AVERAGE SKY COVER 0.7


WEATHER CONDITIONS
 THE FOLLOWING WEATHER WAS RECORDED YESTERDAY.
  NO SIGNIFICANT WEATHER WAS OBSERVED.


RELATIVE HUMIDITY (PERCENT)
 HIGHEST    93          1100 PM
 LOWEST     53           400 PM
 AVERAGE    73

..........................................................


THE BIRMINGHAM CLIMATE NORMALS FOR TODAY
                         NORMAL    RECORD    YEAR
 MAXIMUM TEMPERATURE (F)   77        88      2009
                                             1896
 MINIMUM TEMPERATURE (F)   53        33      1910


SUNRISE AND SUNSET
APRIL 25 2017.........SUNRISE   605 AM CDT   SUNSET   726 PM CDT
APRIL 26 2017.........SUNRISE   604 AM CDT   SUNSET   726 PM CDT


-  INDICATES NEGATIVE NUMBERS.
R  INDICATES RECORD WAS SET OR TIED.
MM INDICATES DATA IS MISSING.
T  INDICATES TRACE AMOUNT.




$$
