000
CDUS44 KBMX 280647
CLIBHM


CLIMATE REPORT
NATIONAL WEATHER SERVICE BIRMINGHAM, AL
145 AM CDT THU MAY 28 2015


...................................

...THE BIRMINGHAM CLIMATE SUMMARY FOR MAY 27 2015...

CLIMATE NORMAL PERIOD 1981 TO 2010
CLIMATE RECORD PERIOD 2014 TO 2015


WEATHER ITEM   OBSERVED TIME   RECORD YEAR NORMAL DEPARTURE LAST
                VALUE   (LST)  VALUE       VALUE  FROM      YEAR
                                                  NORMAL
..................................................................
TEMPERATURE (F)
 YESTERDAY
  MAXIMUM         85    242 PM  98    1962  84      1       85
  MINIMUM         67   1159 PM  42    1961  63      4       69
  AVERAGE         76                        73      3       77

PRECIPITATION (IN)
  YESTERDAY        0.64          2.39 1996   0.15   0.49     0.00
  MONTH TO DATE    1.57                      4.37  -2.80     1.58
  SINCE MAR 1     16.04                     13.98   2.06    15.19
  SINCE JAN 1     24.74                     23.35   1.39    22.12

DEGREE DAYS
 COOLING
  YESTERDAY       11                         9      2       12
  MONTH TO DATE  212                       162     50      190
  SINCE MAR 1    294                       242     52      246
  SINCE JAN 1    294                       246     48      249
..................................................................


WIND (MPH)
  HIGHEST WIND SPEED    31   HIGHEST WIND DIRECTION    SW (220)
  HIGHEST GUST SPEED    41   HIGHEST GUST DIRECTION    SW (230)
  AVERAGE WIND SPEED     5.9


SKY COVER
  AVERAGE SKY COVER 1.0


WEATHER CONDITIONS
 THE FOLLOWING WEATHER WAS RECORDED YESTERDAY.
  THUNDERSTORM
  RAIN
  LIGHT RAIN
  FOG


RELATIVE HUMIDITY (PERCENT)
 HIGHEST   100           800 PM
 LOWEST     63           400 PM
 AVERAGE    82

..........................................................


THE BIRMINGHAM CLIMATE NORMALS FOR TODAY
                         NORMAL    RECORD    YEAR
 MAXIMUM TEMPERATURE (F)   84        99      1962
 MINIMUM TEMPERATURE (F)   63        44      1907


SUNRISE AND SUNSET
MAY 28 2015...........SUNRISE   539 AM CDT   SUNSET   749 PM CDT
MAY 29 2015...........SUNRISE   539 AM CDT   SUNSET   750 PM CDT


-  INDICATES NEGATIVE NUMBERS.
R  INDICATES RECORD WAS SET OR TIED.
MM INDICATES DATA IS MISSING.
T  INDICATES TRACE AMOUNT.




$$
