000
CDUS44 KBMX 270736
CLIBHM


CLIMATE REPORT
NATIONAL WEATHER SERVICE BIRMINGHAM, AL
233 AM CDT FRI MAR 27 2015


...................................

...THE BIRMINGHAM CLIMATE SUMMARY FOR MARCH 26 2015...

CLIMATE NORMAL PERIOD 1981 TO 2010
CLIMATE RECORD PERIOD 2014 TO 2015


WEATHER ITEM   OBSERVED TIME   RECORD YEAR NORMAL DEPARTURE LAST
                VALUE   (LST)  VALUE       VALUE  FROM      YEAR
                                                  NORMAL
..................................................................
TEMPERATURE (F)
 YESTERDAY
  MAXIMUM         77    206 PM  86    1929  69      8       56
  MINIMUM         48   1159 PM  22    1955  46      2       25
  AVERAGE         63                        58      5       41

PRECIPITATION (IN)
  YESTERDAY        0.12          1.66 1917   0.17  -0.05     0.00
  MONTH TO DATE    3.44                      4.43  -0.99     2.91
  SINCE MAR 1      3.44                      4.43  -0.99     2.91
  SINCE JAN 1     12.14                     13.80  -1.66     9.84

SNOWFALL (IN)
  YESTERDAY        0.0                       0.1   -0.1      0.0
  MONTH TO DATE    0.1                       0.6   -0.5      0.0
  SINCE MAR 1      0.1                       0.6   -0.5      0.0
  SINCE JUL 1      0.8                       1.4   -0.6      5.0
  SNOW DEPTH      MM

DEGREE DAYS
 HEATING
  YESTERDAY        2                         8     -6       24
  MONTH TO DATE  201                       284    -83      334
  SINCE MAR 1    201                       284    -83      334
  SINCE JUL 1   2667                      2474    193     2832

 COOLING
  YESTERDAY        0                         1     -1        0
  MONTH TO DATE    5                        16    -11        0
  SINCE MAR 1      5                        16    -11        0
  SINCE JAN 1      5                        20    -15        3
..................................................................


WIND (MPH)
  HIGHEST WIND SPEED    22   HIGHEST WIND DIRECTION     N (350)
  HIGHEST GUST SPEED    29   HIGHEST GUST DIRECTION     N (350)
  AVERAGE WIND SPEED     9.2


SKY COVER
  AVERAGE SKY COVER 0.9


WEATHER CONDITIONS
 THE FOLLOWING WEATHER WAS RECORDED YESTERDAY.
  HEAVY RAIN
  RAIN
  LIGHT RAIN
  FOG


RELATIVE HUMIDITY (PERCENT)
 HIGHEST    84           400 AM
 LOWEST     50           100 PM
 AVERAGE    67

..........................................................


THE BIRMINGHAM CLIMATE NORMALS FOR TODAY
                         NORMAL    RECORD    YEAR
 MAXIMUM TEMPERATURE (F)   70        89      1919
 MINIMUM TEMPERATURE (F)   46        18      1955


SUNRISE AND SUNSET
MARCH 27 2015.........SUNRISE   642 AM CDT   SUNSET   704 PM CDT
MARCH 28 2015.........SUNRISE   640 AM CDT   SUNSET   704 PM CDT


-  INDICATES NEGATIVE NUMBERS.
R  INDICATES RECORD WAS SET OR TIED.
MM INDICATES DATA IS MISSING.
T  INDICATES TRACE AMOUNT.




$$
