968
CDUS44 KBMX 200903
CLIBHM


CLIMATE REPORT
NATIONAL WEATHER SERVICE BIRMINGHAM, AL
301 AM CST MON FEB 20 2017


...................................

...THE BIRMINGHAM CLIMATE SUMMARY FOR FEBRUARY 19 2017...

CLIMATE NORMAL PERIOD 1981 TO 2010
CLIMATE RECORD PERIOD 1895 TO 2017


WEATHER ITEM   OBSERVED TIME   RECORD YEAR NORMAL DEPARTURE LAST
                VALUE   (LST)  VALUE       VALUE  FROM      YEAR
                                                  NORMAL
..................................................................
TEMPERATURE (F)
 YESTERDAY
  MAXIMUM         75    245 PM  76    2011  60     15       71
                                      1986
                                      1971
  MINIMUM         46    632 AM  12    1958  38      8       51
  AVERAGE         61                        49     12       61

PRECIPITATION (IN)
  YESTERDAY        0.00          2.02 1991   0.17  -0.17     0.00
  MONTH TO DATE    2.25                      3.01  -0.76     4.26
  SINCE DEC 1     11.35                     12.30  -0.95    18.07
  SINCE JAN 1      8.96                      7.85   1.11     7.54

SNOWFALL (IN)
  YESTERDAY        0.0                       0.0    0.0      0.0
  MONTH TO DATE    0.0                       0.1   -0.1       T
  SINCE DEC 1      0.3                       0.8   -0.5       T
  SINCE JUL 1      0.3                       0.8   -0.5       T
  SNOW DEPTH       0

DEGREE DAYS
 HEATING
  YESTERDAY        4                        16    -12        4
  MONTH TO DATE  219                       351   -132      335
  SINCE DEC 1   1092                      1598   -506     1305
  SINCE JUL 1   1324                      2056   -732     1576
..................................................................


WIND (MPH)
  HIGHEST WIND SPEED    13   HIGHEST WIND DIRECTION    NW (320)
  HIGHEST GUST SPEED    16   HIGHEST GUST DIRECTION    NE (30)
  AVERAGE WIND SPEED     2.3


SKY COVER
  AVERAGE SKY COVER 0.2


WEATHER CONDITIONS
 THE FOLLOWING WEATHER WAS RECORDED YESTERDAY.
  FOG
  HAZE


RELATIVE HUMIDITY (PERCENT)
 HIGHEST   100           100 AM
 LOWEST     41           300 PM
 AVERAGE    71

..........................................................


THE BIRMINGHAM CLIMATE NORMALS FOR TODAY
                         NORMAL    RECORD    YEAR
 MAXIMUM TEMPERATURE (F)   60        78      1986
 MINIMUM TEMPERATURE (F)   38        16      1958


SUNRISE AND SUNSET
FEBRUARY 20 2017......SUNRISE   626 AM CST   SUNSET   536 PM CST
FEBRUARY 21 2017......SUNRISE   624 AM CST   SUNSET   537 PM CST


-  INDICATES NEGATIVE NUMBERS.
R  INDICATES RECORD WAS SET OR TIED.
MM INDICATES DATA IS MISSING.
T  INDICATES TRACE AMOUNT.




$$
