000
CDUS44 KBMX 290941
CLIBHM


CLIMATE REPORT
NATIONAL WEATHER SERVICE BIRMINGHAM, AL
440 AM CDT TUE JUL 29 2014


...................................

...THE BIRMINGHAM CLIMATE SUMMARY FOR JULY 28 2014...

CLIMATE NORMAL PERIOD 1981 TO 2010
CLIMATE RECORD PERIOD 1895 TO 2014


WEATHER ITEM   OBSERVED TIME   RECORD YEAR NORMAL DEPARTURE LAST
                VALUE   (LST)  VALUE       VALUE  FROM      YEAR
                                                  NORMAL
..................................................................
TEMPERATURE (F)
 YESTERDAY
  MAXIMUM         93    224 PM 105    1952  91      2       88
  MINIMUM         68   1159 PM  60    1911  72     -4       72
  AVERAGE         81                        81      0       80

PRECIPITATION (IN)
  YESTERDAY        0.00          2.48 1977   0.15  -0.15     0.00
  MONTH TO DATE    0.92                      4.37  -3.45     7.84
  SINCE JUN 1      5.73                      8.75  -3.02    16.50
  SINCE JAN 1     28.59                     32.72  -4.13    47.01

DEGREE DAYS
 COOLING
  YESTERDAY       16                        16      0       15
  MONTH TO DATE  406                       445    -39      373
  SINCE JUN 1    812                       827    -15      794
  SINCE JAN 1   1105                      1109     -4     1059
..................................................................


WIND (MPH)
  HIGHEST WIND SPEED    18   HIGHEST WIND DIRECTION    NW (320)
  HIGHEST GUST SPEED    24   HIGHEST GUST DIRECTION    NW (320)
  AVERAGE WIND SPEED     9.2


SKY COVER
  AVERAGE SKY COVER 0.4


WEATHER CONDITIONS
 THE FOLLOWING WEATHER WAS RECORDED YESTERDAY.
  NO SIGNIFICANT WEATHER WAS OBSERVED.


RELATIVE HUMIDITY (PERCENT)
 HIGHEST    85           600 AM
 LOWEST     32           300 PM
 AVERAGE    59

..........................................................


THE BIRMINGHAM CLIMATE NORMALS FOR TODAY
                         NORMAL    RECORD    YEAR
 MAXIMUM TEMPERATURE (F)   91       107      1930
 MINIMUM TEMPERATURE (F)   72        60      1994


SUNRISE AND SUNSET
JULY 29 2014..........SUNRISE   557 AM CDT   SUNSET   749 PM CDT
JULY 30 2014..........SUNRISE   558 AM CDT   SUNSET   749 PM CDT


-  INDICATES NEGATIVE NUMBERS.
R  INDICATES RECORD WAS SET OR TIED.
MM INDICATES DATA IS MISSING.
T  INDICATES TRACE AMOUNT.




$$
