000
CDUS45 KVEF 190028
CLIBIH


CLIMATE REPORT
NATIONAL WEATHER SERVICE LAS VEGAS, NV
527 PM PDT WED OCT 18 2017


...................................

...THE BISHOP CA CLIMATE SUMMARY FOR OCTOBER 18 2017...
VALID TODAY AS OF 0500 PM LOCAL TIME.

CLIMATE NORMAL PERIOD 1981 TO 2010
CLIMATE RECORD PERIOD 1943 TO 2017


WEATHER ITEM   OBSERVED RECORD YEAR NORMAL DEPARTURE LAST
                VALUE   VALUE       VALUE  FROM      YEAR
                                           NORMAL
...........................................................
TEMPERATURE (F)
 TODAY
  MAXIMUM         82     88    1988  75      7       77
  MINIMUM         41     24    1998  37      4       34
  AVERAGE         62

PRECIPITATION (IN)
  TODAY            0.00   0.16 2010   0.01  -0.01     0.00
  MONTH TO DATE    0.00               0.16  -0.16     0.00
  SINCE OCT 1      0.00               0.16  -0.16     0.00
  SINCE JAN 1      8.82               3.71   5.11     3.07

SNOWFALL (IN)
  TODAY           MM      T    1943   0.0   MM        0.0
  MONTH TO DATE    0.0                0.0    0.0      0.0
  SINCE SEP 1      0.0                0.0    0.0      0.0
  SINCE JUL 1      0.0                0.0    0.0      0.0
  SNOW DEPTH       0

DEGREE DAYS
 HEATING
  TODAY            3                  9     -6        9
  MONTH TO DATE  164                113     51       93
  SINCE SEP 1    236                154     82      110
  SINCE JUL 1    236                156     80      110

 COOLING
  TODAY            0                  0      0        0
  MONTH TO DATE    0                  7     -7       10
  SINCE SEP 1    134                126      8      138
  SINCE JAN 1   1407               1103    304     1361
...........................................................


WIND (MPH)
  RESULTANT WIND SPEED   4   RESULTANT WIND DIRECTION  NW (320)
  HIGHEST WIND SPEED    10   HIGHEST WIND DIRECTION     S (180)
  HIGHEST GUST SPEED    17   HIGHEST GUST DIRECTION     S (180)
  AVERAGE WIND SPEED     4.9


SKY COVER
  POSSIBLE SUNSHINE  MM
  AVERAGE SKY COVER 0.0


WEATHER CONDITIONS
 THE FOLLOWING WEATHER WAS RECORDED TODAY.
  HAZE


RELATIVE HUMIDITY (PERCENT)
 HIGHEST    60           700 AM
 LOWEST     11           100 PM
 AVERAGE    36

..........................................................


THE BISHOP CA CLIMATE NORMALS FOR TOMORROW
                         NORMAL    RECORD    YEAR
 MAXIMUM TEMPERATURE (F)   75        89      1988
 MINIMUM TEMPERATURE (F)   36        20      1946


SUNRISE AND SUNSET
OCTOBER 18 2017.......SUNRISE   705 AM PDT   SUNSET   612 PM PDT
OCTOBER 19 2017.......SUNRISE   706 AM PDT   SUNSET   611 PM PDT


-  INDICATES NEGATIVE NUMBERS.
R  INDICATES RECORD WAS SET OR TIED.
MM INDICATES DATA IS MISSING.
T  INDICATES TRACE AMOUNT.




$$
