000
CDUS45 KVEF 100826
CLIBIH


CLIMATE REPORT
NATIONAL WEATHER SERVICE LAS VEGAS, NV
126 AM PDT THU JUL 10 2014


...................................

...THE BISHOP CA CLIMATE SUMMARY FOR JULY 9 2014...

CLIMATE NORMAL PERIOD 1981 TO 2010
CLIMATE RECORD PERIOD 1943 TO 2014


WEATHER ITEM   OBSERVED TIME   RECORD YEAR NORMAL DEPARTURE LAST
                VALUE   (LST)  VALUE       VALUE  FROM      YEAR
                                                  NORMAL
..................................................................
TEMPERATURE (F)
 YESTERDAY
  MAXIMUM        100    159 PM 107    2002  98      2      101
  MINIMUM         60    447 AM  45    1947  56      4       55
  AVERAGE         80                        77      3       78

PRECIPITATION (IN)
  YESTERDAY        0.00          0.31 2001   0.00   0.00     0.00
  MONTH TO DATE    T                         0.04  -0.04      T
  SINCE OCT 1      2.48                      4.73  -2.25     1.70
  SINCE JAN 1      2.26                      3.11  -0.85     0.47

SNOWFALL (IN)
  YESTERDAY        0.0          MM      MM   0.0    0.0      0.0
  MONTH TO DATE    0.0                       0.0    0.0      0.0
  SINCE JUN 1      0.0                       0.0    0.0      0.0
  SINCE JUL 1      0.0                       0.0    0.0      0.0
  SNOW DEPTH       0

DEGREE DAYS
 HEATING
  YESTERDAY        0                         0      0        0
  MONTH TO DATE    0                         0      0        0
  SINCE JUN 1      0                        19    -19        0
  SINCE JUL 1      0                         0      0        0

 COOLING
  YESTERDAY       15                        12      3       13
  MONTH TO DATE  141                       103     38      155
  SINCE JUN 1    437                       317    120      485
  SINCE JAN 1    522                       385    137      571
..................................................................


WIND (MPH)
  RESULTANT WIND SPEED   2   RESULTANT WIND DIRECTION   W (250)
  HIGHEST WIND SPEED    23   HIGHEST WIND DIRECTION     S (160)
  HIGHEST GUST SPEED    28   HIGHEST GUST DIRECTION    SE (150)
  AVERAGE WIND SPEED     7.7


SKY COVER
  POSSIBLE SUNSHINE  MM
  AVERAGE SKY COVER 0.1


WEATHER CONDITIONS
 THE FOLLOWING WEATHER WAS RECORDED YESTERDAY.
  NO SIGNIFICANT WEATHER WAS OBSERVED.


RELATIVE HUMIDITY (PERCENT)
 HIGHEST    65           400 AM
 LOWEST     12           200 PM
 AVERAGE    39

..........................................................


THE BISHOP CA CLIMATE NORMALS FOR TODAY
                         NORMAL    RECORD    YEAR
 MAXIMUM TEMPERATURE (F)   98       110      2002
 MINIMUM TEMPERATURE (F)   56        43      1947


SUNRISE AND SUNSET
JULY 10 2014..........SUNRISE   541 AM PDT   SUNSET   816 PM PDT
JULY 11 2014..........SUNRISE   542 AM PDT   SUNSET   816 PM PDT


-  INDICATES NEGATIVE NUMBERS.
R  INDICATES RECORD WAS SET OR TIED.
MM INDICATES DATA IS MISSING.
T  INDICATES TRACE AMOUNT.




$$
