000
CDUS45 KVEF 240825
CLIBIH


CLIMATE REPORT
NATIONAL WEATHER SERVICE LAS VEGAS, NV
125 AM PDT THU JUL 24 2014


...................................

...THE BISHOP CA CLIMATE SUMMARY FOR JULY 23 2014...

CLIMATE NORMAL PERIOD 1981 TO 2010
CLIMATE RECORD PERIOD 1943 TO 2014


WEATHER ITEM   OBSERVED TIME   RECORD YEAR NORMAL DEPARTURE LAST
                VALUE   (LST)  VALUE       VALUE  FROM      YEAR
                                                  NORMAL
..................................................................
TEMPERATURE (F)
 YESTERDAY
  MAXIMUM        104    407 PM 105    1980  99      5       89
                                      1953
  MINIMUM         52    522 AM  44    1947  57     -5       63
  AVERAGE         78                        78      0       76

PRECIPITATION (IN)
  YESTERDAY        0.00          0.17 1997   0.01  -0.01     0.05
  MONTH TO DATE    T                         0.13  -0.13     0.37
  SINCE OCT 1      2.48                      4.82  -2.34     2.07
  SINCE JAN 1      2.26                      3.20  -0.94     0.84

SNOWFALL (IN)
  YESTERDAY        0.0          MM      MM   0.0    0.0      0.0
  MONTH TO DATE    0.0                       0.0    0.0      0.0
  SINCE JUN 1      0.0                       0.0    0.0      0.0
  SINCE JUL 1      0.0                       0.0    0.0      0.0
  SNOW DEPTH       0

DEGREE DAYS
 HEATING
  YESTERDAY        0                         0      0        0
  MONTH TO DATE    0                         0      0        0
  SINCE JUN 1      0                        19    -19        0
  SINCE JUL 1      0                         0      0        0

 COOLING
  YESTERDAY       13                        13      0       11
  MONTH TO DATE  361                       282     79      355
  SINCE JUN 1    657                       496    161      685
  SINCE JAN 1    742                       564    178      771
..................................................................


WIND (MPH)
  RESULTANT WIND SPEED   2   RESULTANT WIND DIRECTION   S (190)
  HIGHEST WIND SPEED    22   HIGHEST WIND DIRECTION     S (160)
  HIGHEST GUST SPEED    29   HIGHEST GUST DIRECTION     S (170)
  AVERAGE WIND SPEED     8.4


SKY COVER
  POSSIBLE SUNSHINE  MM
  AVERAGE SKY COVER 0.0


WEATHER CONDITIONS
 THE FOLLOWING WEATHER WAS RECORDED YESTERDAY.
  NO SIGNIFICANT WEATHER WAS OBSERVED.


RELATIVE HUMIDITY (PERCENT)
 HIGHEST    46           500 AM
 LOWEST      3           500 PM
 AVERAGE    25

..........................................................


THE BISHOP CA CLIMATE NORMALS FOR TODAY
                         NORMAL    RECORD    YEAR
 MAXIMUM TEMPERATURE (F)   99       106      2010
                                             1975
 MINIMUM TEMPERATURE (F)   57        46      1987
                                             1947


SUNRISE AND SUNSET
JULY 24 2014..........SUNRISE   551 AM PDT   SUNSET   808 PM PDT
JULY 25 2014..........SUNRISE   552 AM PDT   SUNSET   807 PM PDT


-  INDICATES NEGATIVE NUMBERS.
R  INDICATES RECORD WAS SET OR TIED.
MM INDICATES DATA IS MISSING.
T  INDICATES TRACE AMOUNT.




$$
