000
CDUS45 KVEF 300829
CLIBIH


CLIMATE REPORT
NATIONAL WEATHER SERVICE LAS VEGAS, NV
127 AM PDT SAT APR 30 2016


...................................

...THE BISHOP CA CLIMATE SUMMARY FOR APRIL 29 2016...

CLIMATE NORMAL PERIOD 1981 TO 2010
CLIMATE RECORD PERIOD 1943 TO 2016


WEATHER ITEM   OBSERVED TIME   RECORD YEAR NORMAL DEPARTURE LAST
                VALUE   (LST)  VALUE       VALUE  FROM      YEAR
                                                  NORMAL
..................................................................
TEMPERATURE (F)
 YESTERDAY
  MAXIMUM         75    222 PM  91    2013  77     -2       87
  MINIMUM         37    501 AM  27    1984  40     -3       43
  AVERAGE         56                        58     -2       65

PRECIPITATION (IN)
  YESTERDAY        0.00          0.06 1958   0.00   0.00     0.00
  MONTH TO DATE    1.04                      0.25   0.79     0.01
  SINCE OCT 1      3.04                      4.30  -1.26     0.74
  SINCE JAN 1      2.23                      2.68  -0.45     0.28

SNOWFALL (IN)
  YESTERDAY        0.0          MM      MM   0.0    0.0      0.0
  MONTH TO DATE    0.0                       0.1   -0.1      0.0
  SINCE MAR 1      T                         0.6   -0.6       T
  SINCE JUL 1      2.0                       8.0   -6.0       T
  SNOW DEPTH       0

DEGREE DAYS
 HEATING
  YESTERDAY        9                         7      2        0
  MONTH TO DATE  199                       312   -113      250
  SINCE MAR 1    594                       828   -234      550
  SINCE JUL 1   3650                      4035   -385     2991

 COOLING
  YESTERDAY        0                         0      0        0
  MONTH TO DATE    0                         0      0        0
  SINCE MAR 1      0                         0      0        0
  SINCE JAN 1      0                         0      0        0
..................................................................


WIND (MPH)
  RESULTANT WIND SPEED   6   RESULTANT WIND DIRECTION  NW (330)
  HIGHEST WIND SPEED    33   HIGHEST WIND DIRECTION     N (10)
  HIGHEST GUST SPEED    41   HIGHEST GUST DIRECTION     N (10)
  AVERAGE WIND SPEED     9.5


SKY COVER
  POSSIBLE SUNSHINE  MM
  AVERAGE SKY COVER 0.2


WEATHER CONDITIONS
 THE FOLLOWING WEATHER WAS RECORDED YESTERDAY.
  NO SIGNIFICANT WEATHER WAS OBSERVED.


RELATIVE HUMIDITY (PERCENT)
 HIGHEST    64           500 AM
 LOWEST     13           200 PM
 AVERAGE    39

..........................................................


THE BISHOP CA CLIMATE NORMALS FOR TODAY
                         NORMAL    RECORD    YEAR
 MAXIMUM TEMPERATURE (F)   77        93      1981
 MINIMUM TEMPERATURE (F)   40        25      2002


SUNRISE AND SUNSET
APRIL 30 2016.........SUNRISE   559 AM PDT   SUNSET   743 PM PDT
MAY  1 2016...........SUNRISE   558 AM PDT   SUNSET   744 PM PDT


-  INDICATES NEGATIVE NUMBERS.
R  INDICATES RECORD WAS SET OR TIED.
MM INDICATES DATA IS MISSING.
T  INDICATES TRACE AMOUNT.




$$
