000
CDUS45 KVEF 280031
CLIBIH


CLIMATE REPORT
NATIONAL WEATHER SERVICE LAS VEGAS, NV
430 PM PST FRI FEB 27 2015


...................................

...THE BISHOP CA CLIMATE SUMMARY FOR FEBRUARY 27 2015...
VALID TODAY AS OF 0400 PM LOCAL TIME.

CLIMATE NORMAL PERIOD 1981 TO 2010
CLIMATE RECORD PERIOD 1943 TO 2015


WEATHER ITEM   OBSERVED RECORD YEAR NORMAL DEPARTURE LAST
                VALUE   VALUE       VALUE  FROM      YEAR
                                           NORMAL
...........................................................
TEMPERATURE (F)
 TODAY
  MAXIMUM         65     81    1986  61      4       62
  MINIMUM         29      8    1971  29      0       36
  AVERAGE         47

PRECIPITATION (IN)
  TODAY            0.00   0.71 2014   0.03  -0.03     0.71
  MONTH TO DATE    0.17               0.82  -0.65     0.76
  SINCE OCT 1      0.72               3.49  -2.77     1.18
  SINCE JAN 1      0.26               1.87  -1.61     0.96

SNOWFALL (IN)
  TODAY            0.0    1.5  1955   0.0    0.0      0.0
  MONTH TO DATE    0.0                0.1   -0.1      0.0
  SINCE DEC 1      0.0                5.5   -5.5      0.5
  SINCE JUL 1      0.0                5.9   -5.9      0.5
  SNOW DEPTH       0

DEGREE DAYS
 HEATING
  TODAY           18                 20     -2       16
  MONTH TO DATE  380                618   -238      502
  SINCE DEC 1   1767               2286   -519     1925
  SINCE JUL 1   2418               3187   -769     2928

 COOLING
  TODAY            0                  0      0        0
  MONTH TO DATE    0                  0      0        0
  SINCE DEC 1      0                  0      0        0
  SINCE JAN 1      0                  0      0        0
...........................................................


WIND (MPH)
  RESULTANT WIND SPEED   2   RESULTANT WIND DIRECTION   W (270)
  HIGHEST WIND SPEED    21   HIGHEST WIND DIRECTION     W (280)
  HIGHEST GUST SPEED    26   HIGHEST GUST DIRECTION     W (280)
  AVERAGE WIND SPEED     6.1


SKY COVER
  POSSIBLE SUNSHINE  MM
  AVERAGE SKY COVER 0.2


WEATHER CONDITIONS
 THE FOLLOWING WEATHER WAS RECORDED TODAY.
  NO SIGNIFICANT WEATHER WAS OBSERVED.


RELATIVE HUMIDITY (PERCENT)
 HIGHEST    58           500 AM
 LOWEST     13           300 PM
 AVERAGE    36

..........................................................


THE BISHOP CA CLIMATE NORMALS FOR TOMORROW
                         NORMAL    RECORD    YEAR
 MAXIMUM TEMPERATURE (F)   61        78      1986
 MINIMUM TEMPERATURE (F)   29        11      1951


SUNRISE AND SUNSET
FEBRUARY 27 2015......SUNRISE   628 AM PST   SUNSET   545 PM PST
FEBRUARY 28 2015......SUNRISE   626 AM PST   SUNSET   546 PM PST


-  INDICATES NEGATIVE NUMBERS.
R  INDICATES RECORD WAS SET OR TIED.
MM INDICATES DATA IS MISSING.
T  INDICATES TRACE AMOUNT.




$$
