000
CDUS45 KVEF 310830
CLIBIH


CLIMATE REPORT
NATIONAL WEATHER SERVICE LAS VEGAS, NV
1229 AM PST SAT JAN 31 2015


...................................

...THE BISHOP CA CLIMATE SUMMARY FOR JANUARY 30 2015...

CLIMATE NORMAL PERIOD 1981 TO 2010
CLIMATE RECORD PERIOD 1943 TO 2015


WEATHER ITEM   OBSERVED TIME   RECORD YEAR NORMAL DEPARTURE LAST
                VALUE   (LST)  VALUE       VALUE  FROM      YEAR
                                                  NORMAL
..................................................................
TEMPERATURE (F)
 YESTERDAY
  MAXIMUM         59    249 PM  74    1971  55      4       57
  MINIMUM         40    659 AM   2    1969  24     16       37
  AVERAGE         50                        40     10       47

PRECIPITATION (IN)
  YESTERDAY        0.00          1.67 1963   0.02  -0.02     0.19
  MONTH TO DATE    0.09                      1.02  -0.93     0.19
  SINCE OCT 1      0.55                      2.64  -2.09     0.41
  SINCE JAN 1      0.09                      1.02  -0.93     0.19

SNOWFALL (IN)
  YESTERDAY        0.0           1.4  1979   0.1   -0.1      0.0
  MONTH TO DATE    0.0                       4.0   -4.0      0.0
  SINCE DEC 1      0.0                       5.3   -5.3      0.5
  SINCE JUL 1      0.0                       5.7   -5.7      0.5
  SNOW DEPTH       0

DEGREE DAYS
 HEATING
  YESTERDAY       15                        25    -10       18
  MONTH TO DATE  610                       796   -186      595
  SINCE DEC 1   1371                      1642   -271     1400
  SINCE JUL 1   2022                      2543   -521     2403

 COOLING
  YESTERDAY        0                         0      0        0
  MONTH TO DATE    0                         0      0        0
  SINCE DEC 1      0                         0      0        0
  SINCE JAN 1      0                         0      0        0
..................................................................


WIND (MPH)
  RESULTANT WIND SPEED  11   RESULTANT WIND DIRECTION   N (360)
  HIGHEST WIND SPEED    23   HIGHEST WIND DIRECTION     N (360)
  HIGHEST GUST SPEED    31   HIGHEST GUST DIRECTION     N (360)
  AVERAGE WIND SPEED    12.4


SKY COVER
  POSSIBLE SUNSHINE  MM
  AVERAGE SKY COVER 0.8


WEATHER CONDITIONS
 THE FOLLOWING WEATHER WAS RECORDED YESTERDAY.
  NO SIGNIFICANT WEATHER WAS OBSERVED.


RELATIVE HUMIDITY (PERCENT)
 HIGHEST    70           700 AM
 LOWEST     28           200 PM
 AVERAGE    49

..........................................................


THE BISHOP CA CLIMATE NORMALS FOR TODAY
                         NORMAL    RECORD    YEAR
 MAXIMUM TEMPERATURE (F)   55        72      1971
                                             1965
 MINIMUM TEMPERATURE (F)   24         4      1969


SUNRISE AND SUNSET
JANUARY 31 2015.......SUNRISE   658 AM PST   SUNSET   517 PM PST
FEBRUARY  1 2015......SUNRISE   657 AM PST   SUNSET   518 PM PST


-  INDICATES NEGATIVE NUMBERS.
R  INDICATES RECORD WAS SET OR TIED.
MM INDICATES DATA IS MISSING.
T  INDICATES TRACE AMOUNT.




$$
