000
CDUS45 KBYZ 290931
CLIBIL


CLIMATE REPORT
NATIONAL WEATHER SERVICE BILLINGS MT
331 AM MDT FRI AUG 29 2014


...................................

...THE BILLINGS MT CLIMATE SUMMARY FOR AUGUST 28 2014...

CLIMATE NORMAL PERIOD 1981 TO 2010
CLIMATE RECORD PERIOD 1934 TO 2014


WEATHER ITEM   OBSERVED TIME   RECORD YEAR NORMAL DEPARTURE LAST
                VALUE   (LST)  VALUE       VALUE  FROM      YEAR
                                                  NORMAL
..................................................................
TEMPERATURE (F)
 YESTERDAY
  MAXIMUM         89    229 PM  99    2012  82      7       95
                                      1983
  MINIMUM         59    549 AM  42    1960  54      5       65
  AVERAGE         74                        68      6       80

PRECIPITATION (IN)
  YESTERDAY        0.14          0.26 1964   0.03   0.11      T
  MONTH TO DATE    1.95                      0.67   1.28     0.19
  SINCE OCT 1     16.76                     12.28   4.48    10.23
  SINCE JAN 1     11.87                      9.97   1.90     8.18

SNOWFALL (IN)
  YESTERDAY        0.0           0.0  2002   0.0    0.0      0.0
                                      2000
  MONTH TO DATE    0.0                       0.0    0.0       T
  SINCE JUN 1      T                         0.0    0.0       T
  SINCE JUL 1      0.0                       0.0    0.0       T
  SNOW DEPTH       0

DEGREE DAYS
 HEATING
  YESTERDAY        0                         2     -2        0
  MONTH TO DATE   45                        14     31        0
  SINCE JUN 1    135                       125     10       73
  SINCE JUL 1     46                        29     17        0

 COOLING
  YESTERDAY        9                         5      4       15
  MONTH TO DATE  211                       209      2      282
  SINCE JUN 1    534                       550    -16      676
  SINCE JAN 1    550                       567    -17      703
..................................................................


WIND (MPH)
  HIGHEST WIND SPEED    36   HIGHEST WIND DIRECTION     W (270)
  HIGHEST GUST SPEED    42   HIGHEST GUST DIRECTION     W (270)
  AVERAGE WIND SPEED    12.0


SKY COVER
  POSSIBLE SUNSHINE  MM
  AVERAGE SKY COVER 0.3


WEATHER CONDITIONS
 THE FOLLOWING WEATHER WAS RECORDED YESTERDAY.
  THUNDERSTORM
  HEAVY RAIN
  RAIN


RELATIVE HUMIDITY (PERCENT)
 HIGHEST    60           200 AM
 LOWEST     21           400 PM
 AVERAGE    41

..........................................................


THE BILLINGS MT CLIMATE NORMALS FOR TODAY
                         NORMAL    RECORD    YEAR
 MAXIMUM TEMPERATURE (F)   82        97      2012
                                             2005
 MINIMUM TEMPERATURE (F)   54        44      1992
                                             1965


SUNRISE AND SUNSET
AUGUST 29 2014........SUNRISE   631 AM MDT   SUNSET   758 PM MDT
AUGUST 30 2014........SUNRISE   633 AM MDT   SUNSET   756 PM MDT


-  INDICATES NEGATIVE NUMBERS.
R  INDICATES RECORD WAS SET OR TIED.
MM INDICATES DATA IS MISSING.
T  INDICATES TRACE AMOUNT.





&&

...THE CLIMATE SUMMARY FOR SOUTHWEST BILLINGS FOR 28 AUGUST 2014...

HIGH TEMPERATURE........................90
LOW TEMPERATURE.........................56

PRECIPITATION...........................0.07
MONTHLY PRECIPITATION TOTAL.............1.92
YEARLY PRECIPITATION TOTAL..............12.48

SNOWFALL................................0.0
MONTHLY SNOWFALL TOTAL..................0.0
TOTAL SNOWFALL SINCE JULY 1.............0.0

SNOW DEPTH AT MIDNIGHT..................0

$$
