000
CDUS45 KBYZ 280933
CLIBIL


CLIMATE REPORT
NATIONAL WEATHER SERVICE BILLINGS MT
332 AM MDT SAT MAR 28 2015


...................................

...THE BILLINGS MT CLIMATE SUMMARY FOR MARCH 27 2015...

CLIMATE NORMAL PERIOD 1981 TO 2010
CLIMATE RECORD PERIOD 1934 TO 2015


WEATHER ITEM   OBSERVED TIME   RECORD YEAR NORMAL DEPARTURE LAST
                VALUE   (LST)  VALUE       VALUE  FROM      YEAR
                                                  NORMAL
..................................................................
TEMPERATURE (F)
 YESTERDAY
  MAXIMUM         77R   407 PM  74    1946  52     25       44
  MINIMUM         44    637 AM   8    1965  30     14       28
                                      1954
  AVERAGE         61                        41     20       36

PRECIPITATION (IN)
  YESTERDAY        0.00          0.64 1981   0.05  -0.05     0.01
  MONTH TO DATE    0.37                      0.88  -0.51     0.62
  SINCE OCT 1      3.24                      4.15  -0.91     8.59
  SINCE JAN 1      1.67                      1.84  -0.17     3.70

SNOWFALL (IN)
  YESTERDAY        0.0           5.0  1981   0.4   -0.4       T
  MONTH TO DATE    5.4                       8.8   -3.4      9.0
  SINCE MAR 1      5.4                       8.8   -3.4      9.0
  SINCE JUL 1     49.5                      43.3    6.2     99.2
  SNOW DEPTH       0

DEGREE DAYS
 HEATING
  YESTERDAY        4                        24    -20       29
  MONTH TO DATE  533                       750   -217      863
  SINCE MAR 1    533                       750   -217      863
  SINCE JUL 1   5174                      5715   -541     6136

 COOLING
  YESTERDAY        0                         0      0        0
  MONTH TO DATE    0                         0      0        0
  SINCE MAR 1      0                         0      0        0
  SINCE JAN 1      0                         0      0        0
..................................................................


WIND (MPH)
  HIGHEST WIND SPEED    26   HIGHEST WIND DIRECTION     W (290)
  HIGHEST GUST SPEED    34   HIGHEST GUST DIRECTION     W (290)
  AVERAGE WIND SPEED    13.7


SKY COVER
  POSSIBLE SUNSHINE  MM
  AVERAGE SKY COVER 0.5


WEATHER CONDITIONS
 THE FOLLOWING WEATHER WAS RECORDED YESTERDAY.
  NO SIGNIFICANT WEATHER WAS OBSERVED.


RELATIVE HUMIDITY (PERCENT)
 HIGHEST    65           600 AM
 LOWEST     13           400 PM
 AVERAGE    39

..........................................................


THE BILLINGS MT CLIMATE NORMALS FOR TODAY
                         NORMAL    RECORD    YEAR
 MAXIMUM TEMPERATURE (F)   52        79      1986
 MINIMUM TEMPERATURE (F)   30         1      1965


SUNRISE AND SUNSET
MARCH 28 2015.........SUNRISE   702 AM MDT   SUNSET   737 PM MDT
MARCH 29 2015.........SUNRISE   700 AM MDT   SUNSET   738 PM MDT


-  INDICATES NEGATIVE NUMBERS.
R  INDICATES RECORD WAS SET OR TIED.
MM INDICATES DATA IS MISSING.
T  INDICATES TRACE AMOUNT.





&&

...THE CLIMATE SUMMARY FOR SOUTHWEST BILLINGS FOR 27 MARCH 2015...

HIGH TEMPERATURE........................78
LOW TEMPERATURE.........................44

PRECIPITATION...........................0.00
MONTHLY PRECIPITATION TOTAL.............0.51
YEARLY PRECIPITATION TOTAL..............1.68

SNOWFALL................................0.0
MONTHLY SNOWFALL TOTAL..................5.1
TOTAL SNOWFALL SINCE JULY 1.............50.9

SNOW DEPTH AT MIDNIGHT..................0

$$
