000
CDUS45 KBYZ 010325
CLIBIL


CLIMATE REPORT
NATIONAL WEATHER SERVICE BILLINGS MT
924 PM MDT TUE SEP 30 2014


...................................

...THE BILLINGS MT CLIMATE SUMMARY FOR SEPTEMBER 30 2014...
VALID AS OF 0900 PM LOCAL TIME.

CLIMATE NORMAL PERIOD 1981 TO 2010
CLIMATE RECORD PERIOD 1934 TO 2014


WEATHER ITEM   OBSERVED RECORD YEAR NORMAL DEPARTURE LAST
                VALUE   VALUE       VALUE  FROM      YEAR
                                           NORMAL
...........................................................
TEMPERATURE (F)
 TODAY
  MAXIMUM         65     90    1963  66     -1
  MINIMUM         44     23    1985  42      2
  AVERAGE         55

PRECIPITATION (IN)
  TODAY            T      0.36 2009   0.04  -0.04      T
  MONTH TO DATE    0.57               1.30  -0.73     3.63
  SINCE OCT 1     17.35              13.66   3.69    13.86
  SINCE JAN 1     12.46              11.35   1.11    11.81

...........................................................










-  INDICATES NEGATIVE NUMBERS.
R  INDICATES RECORD WAS SET OR TIED.
MM INDICATES DATA IS MISSING.
T  INDICATES TRACE AMOUNT.




$$
