000
CDUS45 KBYZ 260723
CLIBIL


CLIMATE REPORT
NATIONAL WEATHER SERVICE BILLINGS MT
123 AM MDT FRI MAY 26 2017


...................................

...THE BILLINGS MT CLIMATE SUMMARY FOR MAY 25 2017...

CLIMATE NORMAL PERIOD 1981 TO 2010
CLIMATE RECORD PERIOD 1934 TO 2017


WEATHER ITEM   OBSERVED TIME   RECORD YEAR NORMAL DEPARTURE LAST
                VALUE   (LST)  VALUE       VALUE  FROM      YEAR
                                                  NORMAL
..................................................................
TEMPERATURE (F)
 YESTERDAY
  MAXIMUM         62    220 PM  88    1983  70     -8       70
  MINIMUM         44   1159 PM  31    2012  46     -2       45
  AVERAGE         53                        58     -5       58

PRECIPITATION (IN)
  YESTERDAY        T             0.81 1980   0.08  -0.08     0.01
  MONTH TO DATE    1.58                      1.73  -0.15     1.83
  SINCE OCT 1     14.16                      7.72   6.44     8.04
  SINCE JAN 1      8.60                      5.41   3.19     5.19

SNOWFALL (IN)
  YESTERDAY        0.0           2.2  2012   0.1   -0.1      0.0
  MONTH TO DATE    T                         2.0   -2.0       T
  SINCE MAR 1     13.8                      20.5   -6.7      3.7
  SINCE JUL 1     74.1                      55.0   19.1     28.1
  SNOW DEPTH       0

DEGREE DAYS
 HEATING
  YESTERDAY       12                         7      5        7
  MONTH TO DATE  222                       269    -47      241
  SINCE MAR 1   1454                      1681   -227     1374
  SINCE JUL 1   6539                      6646   -107     5635

 COOLING
  YESTERDAY        0                         1     -1        0
  MONTH TO DATE   13                         7      6        8
  SINCE MAR 1     13                         8      5       11
  SINCE JAN 1     13                         8      5       11
..................................................................


WIND (MPH)
  HIGHEST WIND SPEED    28   HIGHEST WIND DIRECTION     W (290)
  HIGHEST GUST SPEED    37   HIGHEST GUST DIRECTION     W (280)
  AVERAGE WIND SPEED    16.7


SKY COVER
  POSSIBLE SUNSHINE  MM
  AVERAGE SKY COVER 0.5


WEATHER CONDITIONS
 THE FOLLOWING WEATHER WAS RECORDED YESTERDAY.
  NO SIGNIFICANT WEATHER WAS OBSERVED.


RELATIVE HUMIDITY (PERCENT)
 HIGHEST    61           900 AM
 LOWEST     29           100 AM
 AVERAGE    45

..........................................................


THE BILLINGS MT CLIMATE NORMALS FOR TODAY
                         NORMAL    RECORD    YEAR
 MAXIMUM TEMPERATURE (F)   70        95      1936
 MINIMUM TEMPERATURE (F)   47        31      2012


SUNRISE AND SUNSET
MAY 26 2017...........SUNRISE   532 AM MDT   SUNSET   851 PM MDT
MAY 27 2017...........SUNRISE   531 AM MDT   SUNSET   852 PM MDT


-  INDICATES NEGATIVE NUMBERS.
R  INDICATES RECORD WAS SET OR TIED.
MM INDICATES DATA IS MISSING.
T  INDICATES TRACE AMOUNT.




$$
