374
CDUS45 KBYZ 112322
CLIBIL


CLIMATE REPORT
NATIONAL WEATHER SERVICE BILLINGS MT
421 PM MST THU FEB 11 2016


...................................

...THE BILLINGS MT CLIMATE SUMMARY FOR FEBRUARY 11 2016...
VALID TODAY AS OF 0400 PM LOCAL TIME.

CLIMATE NORMAL PERIOD 1981 TO 2010
CLIMATE RECORD PERIOD 1934 TO 2016


WEATHER ITEM   OBSERVED TIME   RECORD YEAR NORMAL DEPARTURE LAST
                VALUE   (LST)  VALUE       VALUE  FROM      YEAR
                                                  NORMAL
..................................................................
TEMPERATURE (F)
 TODAY
  MAXIMUM         60    301 PM  68    1961  39     21       33
  MINIMUM         46    752 AM -15    1936  20     26       25
  AVERAGE         53                        30     23       29

PRECIPITATION (IN)
  TODAY            0.00          0.51 1978   0.02  -0.02     0.00
  MONTH TO DATE    T                         0.17  -0.17     0.09
  SINCE OCT 1      3.29                      2.96   0.33     2.75
  SINCE JAN 1      0.44                      0.65  -0.21     1.18

SNOWFALL (IN)
  TODAY            0.0           8.0  1936   0.2   -0.2      0.0
  MONTH TO DATE    T                         2.2   -2.2      1.7
  SINCE DEC 1     20.1                      18.8    1.3     28.8
  SINCE JUL 1     24.2                      30.5   -6.3     42.0
  SNOW DEPTH       0

DEGREE DAYS
 HEATING
  TODAY           12                        35    -23       36
  MONTH TO DATE  287                       398   -111      299
  SINCE DEC 1   2470                      2766   -296     2463
  SINCE JUL 1   3858                      4394   -536     4064

 COOLING
  TODAY            0                         0      0        0
  MONTH TO DATE    0                         0      0        0
  SINCE DEC 1      0                         0      0        0
  SINCE JAN 1      0                         0      0        0
..................................................................


WIND (MPH)
  HIGHEST WIND SPEED    32   HIGHEST WIND DIRECTION    NW (310)
  HIGHEST GUST SPEED    43   HIGHEST GUST DIRECTION    NW (330)
  AVERAGE WIND SPEED    16.7


SKY COVER
  POSSIBLE SUNSHINE  MM
  AVERAGE SKY COVER 0.7


WEATHER CONDITIONS
 THE FOLLOWING WEATHER WAS RECORDED TODAY.
  NO SIGNIFICANT WEATHER WAS OBSERVED.


RELATIVE HUMIDITY (PERCENT)
 HIGHEST    42           800 AM
 LOWEST     21           200 PM
 AVERAGE    32

..........................................................


THE BILLINGS MT CLIMATE NORMALS FOR TOMORROW
                         NORMAL    RECORD    YEAR
 MAXIMUM TEMPERATURE (F)   39        64      2015
 MINIMUM TEMPERATURE (F)   20       -22      1936


SUNRISE AND SUNSET
FEBRUARY 11 2016......SUNRISE   723 AM MST   SUNSET   534 PM MST
FEBRUARY 12 2016......SUNRISE   722 AM MST   SUNSET   536 PM MST


-  INDICATES NEGATIVE NUMBERS.
R  INDICATES RECORD WAS SET OR TIED.
MM INDICATES DATA IS MISSING.
T  INDICATES TRACE AMOUNT.




$$
