000
CDUS45 KBYZ 260936
CLIBIL


CLIMATE REPORT
NATIONAL WEATHER SERVICE BILLINGS MT
335 AM MDT TUE JUL 26 2016


...................................

...THE BILLINGS MT CLIMATE SUMMARY FOR JULY 25 2016...

CLIMATE NORMAL PERIOD 1981 TO 2010
CLIMATE RECORD PERIOD 1934 TO 2016


WEATHER ITEM   OBSERVED TIME   RECORD YEAR NORMAL DEPARTURE LAST
                VALUE   (LST)  VALUE       VALUE  FROM      YEAR
                                                  NORMAL
..................................................................
TEMPERATURE (F)
 YESTERDAY
  MAXIMUM         97    416 PM  98    2011  89      8       92
                                      1945
                                      1936
  MINIMUM         61    615 AM  48    2005  60      1       65
  AVERAGE         79                        74      5       79

PRECIPITATION (IN)
  YESTERDAY        T             0.92 1966   0.04  -0.04     0.00
  MONTH TO DATE    0.16                      1.11  -0.95     0.92
  SINCE OCT 1      8.64                     11.40  -2.76     9.76
  SINCE JAN 1      5.79                      9.09  -3.30     8.19

SNOWFALL (IN)
  YESTERDAY        0.0           T    1996   0.0    0.0      0.0
  MONTH TO DATE    0.0                       0.0    0.0      0.0
  SINCE JUN 1      T                         0.0    0.0      0.0
  SINCE JUL 1      0.0                       0.0    0.0      0.0
  SNOW DEPTH       0

DEGREE DAYS
 HEATING
  YESTERDAY        0                         0      0        0
  MONTH TO DATE    4                        12     -8        1
  SINCE JUN 1     15                       108    -93       19
  SINCE JUL 1      4                        12     -8        1

 COOLING
  YESTERDAY       14                         9      5       14
  MONTH TO DATE  214                       198     16      204
  SINCE JUN 1    402                       283    119      377
  SINCE JAN 1    413                       300    113      380
..................................................................


WIND (MPH)
  HIGHEST WIND SPEED    36   HIGHEST WIND DIRECTION     N (350)
  HIGHEST GUST SPEED    45   HIGHEST GUST DIRECTION     N (350)
  AVERAGE WIND SPEED    11.2


SKY COVER
  POSSIBLE SUNSHINE  MM
  AVERAGE SKY COVER 0.2


WEATHER CONDITIONS
 THE FOLLOWING WEATHER WAS RECORDED YESTERDAY.
  THUNDERSTORM
  LIGHT RAIN
  HAZE


RELATIVE HUMIDITY (PERCENT)
 HIGHEST    48           600 AM
 LOWEST     10           200 PM
 AVERAGE    29

..........................................................


THE BILLINGS MT CLIMATE NORMALS FOR TODAY
                         NORMAL    RECORD    YEAR
 MAXIMUM TEMPERATURE (F)   89       100      1959
 MINIMUM TEMPERATURE (F)   60        48      2005
                                             1971


SUNRISE AND SUNSET
JULY 26 2016..........SUNRISE   551 AM MDT   SUNSET   850 PM MDT
JULY 27 2016..........SUNRISE   552 AM MDT   SUNSET   848 PM MDT


-  INDICATES NEGATIVE NUMBERS.
R  INDICATES RECORD WAS SET OR TIED.
MM INDICATES DATA IS MISSING.
T  INDICATES TRACE AMOUNT.





&&

...THE CLIMATE SUMMARY FOR SOUTHWEST BILLINGS FOR 25 JULY 2016...

HIGH TEMPERATURE........................99
LOW TEMPERATURE.........................56

PRECIPITATION...........................T
MONTHLY PRECIPITATION TOTAL.............0.57
YEARLY PRECIPITATION TOTAL..............6.90

SNOWFALL................................0.0
MONTHLY SNOWFALL TOTAL..................0.0
TOTAL SNOWFALL SINCE JULY 1.............0.0

SNOW DEPTH AT MIDNIGHT..................0

$$
