000
CDUS43 KBIS 280724
CLIBIS


CLIMATE REPORT
NATIONAL WEATHER SERVICE BISMARCK ND
124 AM CST TUE FEB 28 2017


...................................

...THE BISMARCK ND CLIMATE SUMMARY FOR FEBRUARY 27 2017...

CLIMATE NORMAL PERIOD 1981 TO 2010
CLIMATE RECORD PERIOD 1875 TO 2017


WEATHER ITEM   OBSERVED TIME   RECORD YEAR NORMAL DEPARTURE LAST
                VALUE   (LST)  VALUE       VALUE  FROM      YEAR
                                                  NORMAL
..................................................................
TEMPERATURE (F)
 YESTERDAY
  MAXIMUM         25    223 PM  73    2016  32     -7       73
  MINIMUM          9    442 AM -27    1962  13     -4       25
  AVERAGE         17                        22     -5       49

PRECIPITATION (IN)
  YESTERDAY        0.00          0.58 1958   0.02  -0.02     0.00
  MONTH TO DATE    0.76                      0.48   0.28     0.40
  SINCE DEC 1      3.45                      1.40   2.05     1.52
  SINCE JAN 1      1.40                      0.91   0.49     0.61

SNOWFALL (IN)
  YESTERDAY        0.0           5.6  1958   0.4   -0.4      0.0
  MONTH TO DATE    4.2                       7.8   -3.6      2.9
  SINCE DEC 1     43.9                      26.0   17.9     18.7
  SINCE JUL 1     62.9                      37.2   25.7     20.5
  SNOW DEPTH       4

DEGREE DAYS
 HEATING
  YESTERDAY       48                        43      5       16
  MONTH TO DATE 1135                      1272   -137      877
  SINCE DEC 1   4478                      4404     74     3677
  SINCE JUL 1   5958                      6390   -432     5262

 COOLING
  YESTERDAY        0                         0      0        0
  MONTH TO DATE    0                         0      0        0
  SINCE DEC 1      0                         0      0        0
  SINCE JAN 1      0                         0      0        0
..................................................................


WIND (MPH)
  HIGHEST WIND SPEED    18   HIGHEST WIND DIRECTION    NE (40)
  HIGHEST GUST SPEED    23   HIGHEST GUST DIRECTION    NE (40)
  AVERAGE WIND SPEED     8.7


SKY COVER
  POSSIBLE SUNSHINE  MM
  AVERAGE SKY COVER 0.7


WEATHER CONDITIONS
 THE FOLLOWING WEATHER WAS RECORDED YESTERDAY.
  NO SIGNIFICANT WEATHER WAS OBSERVED.


RELATIVE HUMIDITY (PERCENT)
 HIGHEST    92          1200 AM
 LOWEST     74           100 PM
 AVERAGE    83

..........................................................


THE BISMARCK ND CLIMATE NORMALS FOR TODAY
                         NORMAL    RECORD    YEAR
 MAXIMUM TEMPERATURE (F)   33        59      1924
 MINIMUM TEMPERATURE (F)   13       -34      1962


SUNRISE AND SUNSET
FEBRUARY 28 2017......SUNRISE   724 AM CST   SUNSET   628 PM CST
MARCH  1 2017.........SUNRISE   722 AM CST   SUNSET   629 PM CST


-  INDICATES NEGATIVE NUMBERS.
R  INDICATES RECORD WAS SET OR TIED.
MM INDICATES DATA IS MISSING.
T  INDICATES TRACE AMOUNT.




$$
