000
CDUS43 KBIS 190025
CLIBIS


CLIMATE REPORT
NATIONAL WEATHER SERVICE BISMARCK ND
625 PM CST THU JAN 18 2018


...................................

...THE BISMARCK ND CLIMATE SUMMARY FOR JANUARY 18 2018...
VALID TODAY AS OF 0600 PM LOCAL TIME.

CLIMATE NORMAL PERIOD 1981 TO 2010
CLIMATE RECORD PERIOD 1875 TO 2018


WEATHER ITEM   OBSERVED TIME   RECORD YEAR NORMAL DEPARTURE LAST
                VALUE   (LST)  VALUE       VALUE  FROM      YEAR
                                                  NORMAL
..................................................................
TEMPERATURE (F)
 TODAY
  MAXIMUM         40    424 PM  56    1908  23     17       33
  MINIMUM         13    920 AM -44    1950   2     11       16
  AVERAGE         27                        12     15       25

PRECIPITATION (IN)
  TODAY            0.00          0.23 1979   0.01  -0.01     0.00
  MONTH TO DATE    0.42                      0.27   0.15     0.61
  SINCE DEC 1      0.84                      0.76   0.08     2.66
  SINCE JAN 1      0.42                      0.27   0.15     0.61

SNOWFALL (IN)
  TODAY            0.0           2.5  1979
  MONTH TO DATE    6.1
  SINCE DEC 1     11.7
  SINCE JUL 1     13.0

DEGREE DAYS
 HEATING
  TODAY           38                        52    -14       40
  MONTH TO DATE 1036                       948     88     1167
  SINCE DEC 1   2436                      2462    -26     2847
  SINCE JUL 1   4175                      4448   -273     4327

 COOLING
  TODAY            0                         0      0        0
  MONTH TO DATE    0                         0      0        0
  SINCE DEC 1      0                         0      0        0
  SINCE JAN 1      0                         0      0        0
..................................................................


WIND (MPH)
  RESULTANT WIND SPEED   2   RESULTANT WIND DIRECTION  SW (240)
  HIGHEST WIND SPEED    10   HIGHEST WIND DIRECTION    SW (220)
  HIGHEST GUST SPEED    11   HIGHEST GUST DIRECTION    SW (230)
  AVERAGE WIND SPEED     2.2


SKY COVER
  POSSIBLE SUNSHINE  MM
  AVERAGE SKY COVER 0.0


WEATHER CONDITIONS
 THE FOLLOWING WEATHER WAS RECORDED TODAY.
  NO SIGNIFICANT WEATHER WAS OBSERVED.


RELATIVE HUMIDITY (PERCENT)
 HIGHEST    92           900 AM
 LOWEST     69          1200 AM
 AVERAGE    81

..........................................................


THE BISMARCK ND CLIMATE NORMALS FOR TOMORROW
                         NORMAL    RECORD    YEAR
 MAXIMUM TEMPERATURE (F)   23        60      1908
 MINIMUM TEMPERATURE (F)    2       -39      1996


SUNRISE AND SUNSET
JANUARY 18 2018.......SUNRISE   821 AM CST   SUNSET   526 PM CST
JANUARY 19 2018.......SUNRISE   821 AM CST   SUNSET   527 PM CST


-  INDICATES NEGATIVE NUMBERS.
R  INDICATES RECORD WAS SET OR TIED.
MM INDICATES DATA IS MISSING.
T  INDICATES TRACE AMOUNT.




$$
