000
CDUS43 KBIS 040018
CLIBIS


CLIMATE REPORT
NATIONAL WEATHER SERVICE BISMARCK ND
718 PM CDT MON AUG 3 2015


...................................

...THE BISMARCK ND CLIMATE SUMMARY FOR AUGUST 3 2015...
VALID TODAY AS OF 0700 PM LOCAL TIME.

CLIMATE NORMAL PERIOD 1981 TO 2010
CLIMATE RECORD PERIOD 1875 TO 2015


WEATHER ITEM   OBSERVED TIME   RECORD YEAR NORMAL DEPARTURE LAST
                VALUE   (LST)  VALUE       VALUE  FROM      YEAR
                                                  NORMAL
..................................................................
TEMPERATURE (F)
 TODAY
  MAXIMUM         83    357 PM 104    1947  86     -3       82
  MINIMUM         50    428 AM  37    1978  58     -8       59
  AVERAGE         67                        72     -5       71

PRECIPITATION (IN)
  TODAY            0.00          2.10 1881   0.08  -0.08     0.46
  MONTH TO DATE    0.01                      0.24  -0.23     1.62
  SINCE JUN 1      6.50                      6.30   0.20     5.37
  SINCE JAN 1     13.77                     11.77   2.00     9.56

SNOWFALL (IN)
  TODAY            0.0           0.0  2002   0.0    0.0      0.0
                                      2001
  MONTH TO DATE    0.0                       0.0    0.0      0.0
  SINCE JUN 1      0.0                       0.0    0.0      0.0
  SINCE JUL 1      0.0                       0.0    0.0      0.0
  SNOW DEPTH       0

DEGREE DAYS
 HEATING
  TODAY            0                         0      0        0
  MONTH TO DATE    0                         0      0        0
  SINCE JUN 1     50                       110    -60      122
  SINCE JUL 1      7                        17    -10       28

 COOLING
  TODAY            2                         7     -5        6
  MONTH TO DATE   14                        21     -7       24
  SINCE JUN 1    333                       308     25      225
  SINCE JAN 1    339                       325     14      276
..................................................................


WIND (MPH)
  RESULTANT WIND SPEED   3   RESULTANT WIND DIRECTION   W (280)
  HIGHEST WIND SPEED    13   HIGHEST WIND DIRECTION     N (340)
  HIGHEST GUST SPEED    17   HIGHEST GUST DIRECTION     N (350)
  AVERAGE WIND SPEED     4.7


SKY COVER
  POSSIBLE SUNSHINE  MM
  AVERAGE SKY COVER 0.0


WEATHER CONDITIONS
 THE FOLLOWING WEATHER WAS RECORDED TODAY.
  NO SIGNIFICANT WEATHER WAS OBSERVED.


RELATIVE HUMIDITY (PERCENT)
 HIGHEST    96           400 AM
 LOWEST     28           300 PM
 AVERAGE    62

..........................................................


THE BISMARCK ND CLIMATE NORMALS FOR TOMORROW
                         NORMAL    RECORD    YEAR
 MAXIMUM TEMPERATURE (F)   86       104      1947
 MINIMUM TEMPERATURE (F)   58        39      1974


SUNRISE AND SUNSET
AUGUST  3 2015........SUNRISE   625 AM CDT   SUNSET   912 PM CDT
AUGUST  4 2015........SUNRISE   627 AM CDT   SUNSET   911 PM CDT


-  INDICATES NEGATIVE NUMBERS.
R  INDICATES RECORD WAS SET OR TIED.
MM INDICATES DATA IS MISSING.
T  INDICATES TRACE AMOUNT.




$$
