000
CDUS43 KBIS 121408
CLIBIS


CLIMATE REPORT
NATIONAL WEATHER SERVICE BISMARCK ND
807 AM CST FRI FEB 12 2016


...................................

...THE BISMARCK ND CLIMATE SUMMARY FOR FEBRUARY 11 2016...

CLIMATE NORMAL PERIOD 1981 TO 2010
CLIMATE RECORD PERIOD 1875 TO 2016


WEATHER ITEM   OBSERVED TIME   RECORD YEAR NORMAL DEPARTURE LAST
                VALUE   (LST)  VALUE       VALUE  FROM      YEAR
                                                  NORMAL
..................................................................
TEMPERATURE (F)
 YESTERDAY
  MAXIMUM         28    351 PM  58    2005  27      1       14
  MINIMUM         17    146 AM -35    1988   6     11       -4
  AVERAGE         23                        17      6        5

PRECIPITATION (IN)
  YESTERDAY        0.09          0.22 1922   0.02   0.07      T
  MONTH TO DATE    0.11                      0.15  -0.04     0.24
  SINCE DEC 1      1.23                      1.07   0.16     1.10
  SINCE JAN 1      0.32                      0.58  -0.26     0.99

SNOWFALL (IN)
  YESTERDAY        0.8           4.8  1979   0.3    0.5       T
  MONTH TO DATE    1.2                       2.8   -1.6      2.5
  SINCE DEC 1     17.0                      21.0   -4.0     12.1
  SINCE JUL 1     18.8                      32.2  -13.4     20.0
  SNOW DEPTH       1

DEGREE DAYS
 HEATING
  YESTERDAY       42                        48     -6       60
  MONTH TO DATE  381                       545   -164      552
  SINCE DEC 1   3181                      3677   -496     3365
  SINCE JUL 1   4766                      5663   -897     5437

 COOLING
  YESTERDAY        0                         0      0        0
  MONTH TO DATE    0                         0      0        0
  SINCE DEC 1      0                         0      0        0
  SINCE JAN 1      0                         0      0        0
..................................................................


WIND (MPH)
  HIGHEST WIND SPEED    12   HIGHEST WIND DIRECTION     N (350)
  HIGHEST GUST SPEED    14   HIGHEST GUST DIRECTION     N (10)
  AVERAGE WIND SPEED     6.2


SKY COVER
  POSSIBLE SUNSHINE  MM
  AVERAGE SKY COVER 1.0


WEATHER CONDITIONS
 THE FOLLOWING WEATHER WAS RECORDED YESTERDAY.
  LIGHT SNOW
  HAZE


RELATIVE HUMIDITY (PERCENT)
 HIGHEST    84           900 AM
 LOWEST     68           200 PM
 AVERAGE    76

..........................................................


THE BISMARCK ND CLIMATE NORMALS FOR TODAY
                         NORMAL    RECORD    YEAR
 MAXIMUM TEMPERATURE (F)   27        63      1924
 MINIMUM TEMPERATURE (F)    7       -33      1887


SUNRISE AND SUNSET
FEBRUARY 12 2016......SUNRISE   752 AM CST   SUNSET   603 PM CST
FEBRUARY 13 2016......SUNRISE   751 AM CST   SUNSET   604 PM CST


-  INDICATES NEGATIVE NUMBERS.
R  INDICATES RECORD WAS SET OR TIED.
MM INDICATES DATA IS MISSING.
T  INDICATES TRACE AMOUNT.




$$
