000
CDUS43 KBIS 200804
CLIBIS


CLIMATE REPORT
NATIONAL WEATHER SERVICE BISMARCK ND
203 AM CST MON NOV 20 2017


...................................

...THE BISMARCK ND CLIMATE SUMMARY FOR NOVEMBER 19 2017...

CLIMATE NORMAL PERIOD 1981 TO 2010
CLIMATE RECORD PERIOD 1875 TO 2017


WEATHER ITEM   OBSERVED TIME   RECORD YEAR NORMAL DEPARTURE LAST
                VALUE   (LST)  VALUE       VALUE  FROM      YEAR
                                                  NORMAL
..................................................................
TEMPERATURE (F)
 YESTERDAY
  MAXIMUM         50    305 PM  72    1897  37     13       35
  MINIMUM         14    145 AM -20    1896  17     -3        5
  AVERAGE         32                        27      5       20

PRECIPITATION (IN)
  YESTERDAY        0.00          0.52 1900   0.02  -0.02     0.00
  MONTH TO DATE    0.16                      0.51  -0.35     0.00
  SINCE SEP 1      1.73                      3.35  -1.62     1.46
  SINCE JAN 1     13.37                     17.16  -3.79    20.00

SNOWFALL (IN)
  YESTERDAY        0.0           6.0  1977
  MONTH TO DATE    1.3
  SINCE SEP 1      1.3
  SINCE JUL 1      1.3

DEGREE DAYS
 HEATING
  YESTERDAY       33                        38     -5       45
  MONTH TO DATE  706                       624     82      389
  SINCE SEP 1   1445                      1481    -36     1081
  SINCE JUL 1   1457                      1536    -79     1114

 COOLING
  YESTERDAY        0                         0      0        0
  MONTH TO DATE    0                         0      0        0
  SINCE SEP 1     49                        39     10       31
  SINCE JAN 1    615                       520     95      548
..................................................................


WIND (MPH)
  HIGHEST WIND SPEED    15   HIGHEST WIND DIRECTION     W (270)
  HIGHEST GUST SPEED    17   HIGHEST GUST DIRECTION     W (260)
  AVERAGE WIND SPEED     3.2


SKY COVER
  POSSIBLE SUNSHINE  MM
  AVERAGE SKY COVER 0.0


WEATHER CONDITIONS
 THE FOLLOWING WEATHER WAS RECORDED YESTERDAY.
  NO SIGNIFICANT WEATHER WAS OBSERVED.


RELATIVE HUMIDITY (PERCENT)
 HIGHEST    91           700 AM
 LOWEST     42           100 PM
 AVERAGE    67

..........................................................


THE BISMARCK ND CLIMATE NORMALS FOR TODAY
                         NORMAL    RECORD    YEAR
 MAXIMUM TEMPERATURE (F)   37        69      1890
 MINIMUM TEMPERATURE (F)   17       -16      1875


SUNRISE AND SUNSET
NOVEMBER 20 2017......SUNRISE   753 AM CST   SUNSET   504 PM CST
NOVEMBER 21 2017......SUNRISE   755 AM CST   SUNSET   503 PM CST


-  INDICATES NEGATIVE NUMBERS.
R  INDICATES RECORD WAS SET OR TIED.
MM INDICATES DATA IS MISSING.
T  INDICATES TRACE AMOUNT.




$$
