000
CDUS43 KBIS 300738
CLIBIS


CLIMATE REPORT
NATIONAL WEATHER SERVICE BISMARCK ND
238 AM CDT FRI SEP 30 2016


...................................

...THE BISMARCK ND CLIMATE SUMMARY FOR SEPTEMBER 29 2016...

CLIMATE NORMAL PERIOD 1981 TO 2010
CLIMATE RECORD PERIOD 1875 TO 2016


WEATHER ITEM   OBSERVED TIME   RECORD YEAR NORMAL DEPARTURE LAST
                VALUE   (LST)  VALUE       VALUE  FROM      YEAR
                                                  NORMAL
..................................................................
TEMPERATURE (F)
 YESTERDAY
  MAXIMUM         71    341 PM  90    2007  66      5       74
  MINIMUM         39    705 AM  20    1945  39      0       32
  AVERAGE         55                        52      3       53

PRECIPITATION (IN)
  YESTERDAY        0.00          0.91 1965   0.05  -0.05     0.00
  MONTH TO DATE    1.22                      1.55  -0.33     0.37
  SINCE SEP 1      1.22                      1.55  -0.33     0.37
  SINCE JAN 1     19.76                     15.36   4.40    15.54

SNOWFALL (IN)
  YESTERDAY        0.0           0.0  2002   0.0    0.0      0.0
                                      2001
  MONTH TO DATE    0.0                       0.2   -0.2      0.0
  SINCE SEP 1      0.0                       0.2   -0.2      0.0
  SINCE JUL 1      0.0                       0.2   -0.2      0.0
  SNOW DEPTH       0

DEGREE DAYS
 HEATING
  YESTERDAY       10                        13     -3       12
  MONTH TO DATE  170                       217    -47      110
  SINCE SEP 1    170                       217    -47      110
  SINCE JUL 1    203                       272    -69      146

 COOLING
  YESTERDAY        0                         0      0        0
  MONTH TO DATE   29                        37     -8       97
  SINCE SEP 1     29                        37     -8       97
  SINCE JAN 1    546                       518     28      618
..................................................................


WIND (MPH)
  HIGHEST WIND SPEED    23   HIGHEST WIND DIRECTION    SE (140)
  HIGHEST GUST SPEED    29   HIGHEST GUST DIRECTION    SE (130)
  AVERAGE WIND SPEED    11.1


SKY COVER
  POSSIBLE SUNSHINE  MM
  AVERAGE SKY COVER 0.0


WEATHER CONDITIONS
 THE FOLLOWING WEATHER WAS RECORDED YESTERDAY.
  NO SIGNIFICANT WEATHER WAS OBSERVED.


RELATIVE HUMIDITY (PERCENT)
 HIGHEST   100          1200 AM
 LOWEST     40           200 PM
 AVERAGE    70

..........................................................


THE BISMARCK ND CLIMATE NORMALS FOR TODAY
                         NORMAL    RECORD    YEAR
 MAXIMUM TEMPERATURE (F)   66        95      1989
 MINIMUM TEMPERATURE (F)   39        10      1876


SUNRISE AND SUNSET
SEPTEMBER 30 2016.....SUNRISE   741 AM CDT   SUNSET   724 PM CDT
OCTOBER  1 2016.......SUNRISE   742 AM CDT   SUNSET   722 PM CDT


-  INDICATES NEGATIVE NUMBERS.
R  INDICATES RECORD WAS SET OR TIED.
MM INDICATES DATA IS MISSING.
T  INDICATES TRACE AMOUNT.




$$
