000
CDUS43 KBIS 010807
CLIBIS


CLIMATE REPORT
NATIONAL WEATHER SERVICE BISMARCK ND
307 AM CDT WED JUL 1 2015


...................................

...THE BISMARCK ND CLIMATE SUMMARY FOR JUNE 30 2015...

CLIMATE NORMAL PERIOD 1981 TO 2010
CLIMATE RECORD PERIOD 1875 TO 2015


WEATHER ITEM   OBSERVED TIME   RECORD YEAR NORMAL DEPARTURE LAST
                VALUE   (LST)  VALUE       VALUE  FROM      YEAR
                                                  NORMAL
..................................................................
TEMPERATURE (F)
 YESTERDAY
  MAXIMUM         77    254 PM 107    1921  82     -5       68
  MINIMUM         64   1159 PM  41    1891  55      9       60
  AVERAGE         71                        68      3       64

PRECIPITATION (IN)
  YESTERDAY        0.15          2.00 1927   0.10   0.05     0.01
  MONTH TO DATE    4.98                      3.17   1.81     3.02
  SINCE JUN 1      4.98                      3.17   1.81     3.02
  SINCE JAN 1     12.25                      8.64   3.61     7.21

SNOWFALL (IN)
  YESTERDAY        0.0           0.0  2002   0.0    0.0      0.0
                                      2001
  MONTH TO DATE    0.0                       0.0    0.0      0.0
  SINCE JUN 1      0.0                       0.0    0.0      0.0
  SINCE JUL 1     24.1                      51.2  -27.1     40.5
  SNOW DEPTH       0

DEGREE DAYS
 HEATING
  YESTERDAY        0                         1     -1        1
  MONTH TO DATE   43                        92    -49       94
  SINCE JUN 1     43                        93    -50       94
  SINCE JUL 1   8214                      8558   -344     9150

 COOLING
  YESTERDAY        6                         5      1        0
  MONTH TO DATE   94                        83     11       53
  SINCE JUN 1     94                        83     11       53
  SINCE JAN 1    100                       100      0      104
..................................................................


WIND (MPH)
  HIGHEST WIND SPEED    23   HIGHEST WIND DIRECTION     N (20)
  HIGHEST GUST SPEED    33   HIGHEST GUST DIRECTION     N (360)
  AVERAGE WIND SPEED     8.1


SKY COVER
  POSSIBLE SUNSHINE  MM
  AVERAGE SKY COVER 0.6


WEATHER CONDITIONS
 THE FOLLOWING WEATHER WAS RECORDED YESTERDAY.
  THUNDERSTORM
  HEAVY RAIN
  LIGHT RAIN
  FOG
  HAZE


RELATIVE HUMIDITY (PERCENT)
 HIGHEST    93           500 AM
 LOWEST     54           300 PM
 AVERAGE    74

..........................................................


THE BISMARCK ND CLIMATE NORMALS FOR TODAY
                         NORMAL    RECORD    YEAR
 MAXIMUM TEMPERATURE (F)   82       102      1881
 MINIMUM TEMPERATURE (F)   56        39      1884


SUNRISE AND SUNSET
JULY  1 2015..........SUNRISE   553 AM CDT   SUNSET   941 PM CDT
JULY  2 2015..........SUNRISE   553 AM CDT   SUNSET   940 PM CDT


-  INDICATES NEGATIVE NUMBERS.
R  INDICATES RECORD WAS SET OR TIED.
MM INDICATES DATA IS MISSING.
T  INDICATES TRACE AMOUNT.




$$
