000
CDUS43 KBIS 290735
CLIBIS


CLIMATE REPORT
NATIONAL WEATHER SERVICE BISMARCK ND
235 AM CDT MON AUG 29 2016


...................................

...THE BISMARCK ND CLIMATE SUMMARY FOR AUGUST 28 2016...

CLIMATE NORMAL PERIOD 1981 TO 2010
CLIMATE RECORD PERIOD 1875 TO 2016


WEATHER ITEM   OBSERVED TIME   RECORD YEAR NORMAL DEPARTURE LAST
                VALUE   (LST)  VALUE       VALUE  FROM      YEAR
                                                  NORMAL
..................................................................
TEMPERATURE (F)
 YESTERDAY
  MAXIMUM         90    507 PM 101    1991  80     10       89
                                      1969
                                      1905
  MINIMUM         56    611 AM  32    1911  53      3       58
  AVERAGE         73                        66      7       74

PRECIPITATION (IN)
  YESTERDAY        0.00          0.52 1907   0.06  -0.06     0.00
  MONTH TO DATE    1.88                      2.09  -0.21     1.41
  SINCE JUN 1     11.36                      8.15   3.21     7.90
  SINCE JAN 1     18.54                     13.62   4.92    15.17

SNOWFALL (IN)
  YESTERDAY        0.0           0.0  2002   0.0    0.0      0.0
                                      2001
  MONTH TO DATE    0.0                       0.0    0.0      0.0
  SINCE JUN 1      0.0                       0.0    0.0      0.0
  SINCE JUL 1      0.0                       0.0    0.0      0.0
  SNOW DEPTH       0

DEGREE DAYS
 HEATING
  YESTERDAY        0                         2     -2        0
  MONTH TO DATE   25                        31     -6       29
  SINCE JUN 1     59                       141    -82       79
  SINCE JUL 1     33                        48    -15       36

 COOLING
  YESTERDAY        8                         4      4        9
  MONTH TO DATE  141                       166    -25      167
  SINCE JUN 1    496                       453     43      486
  SINCE JAN 1    506                       470     36      492
..................................................................


WIND (MPH)
  HIGHEST WIND SPEED    14   HIGHEST WIND DIRECTION     N (20)
  HIGHEST GUST SPEED    20   HIGHEST GUST DIRECTION     N (20)
  AVERAGE WIND SPEED     6.6


SKY COVER
  POSSIBLE SUNSHINE  MM
  AVERAGE SKY COVER 0.0


WEATHER CONDITIONS
 THE FOLLOWING WEATHER WAS RECORDED YESTERDAY.
  NO SIGNIFICANT WEATHER WAS OBSERVED.


RELATIVE HUMIDITY (PERCENT)
 HIGHEST    93           600 AM
 LOWEST     41           500 PM
 AVERAGE    67

..........................................................


THE BISMARCK ND CLIMATE NORMALS FOR TODAY
                         NORMAL    RECORD    YEAR
 MAXIMUM TEMPERATURE (F)   80       104      1961
 MINIMUM TEMPERATURE (F)   52        33      1988


SUNRISE AND SUNSET
AUGUST 29 2016........SUNRISE   700 AM CDT   SUNSET   827 PM CDT
AUGUST 30 2016........SUNRISE   701 AM CDT   SUNSET   825 PM CDT


-  INDICATES NEGATIVE NUMBERS.
R  INDICATES RECORD WAS SET OR TIED.
MM INDICATES DATA IS MISSING.
T  INDICATES TRACE AMOUNT.




$$
