000
CDUS43 KBIS 270810
CLIBIS


CLIMATE REPORT
NATIONAL WEATHER SERVICE BISMARCK ND
309 AM CDT WED JUL 27 2016


...................................

...THE BISMARCK ND CLIMATE SUMMARY FOR JULY 26 2016...

CLIMATE NORMAL PERIOD 1981 TO 2010
CLIMATE RECORD PERIOD 1875 TO 2016


WEATHER ITEM   OBSERVED TIME   RECORD YEAR NORMAL DEPARTURE LAST
                VALUE   (LST)  VALUE       VALUE  FROM      YEAR
                                                  NORMAL
..................................................................
TEMPERATURE (F)
 YESTERDAY
  MAXIMUM         84    320 PM 106    1929  86     -2       91
  MINIMUM         62   1157 PM  39    1971  58      4       60
  AVERAGE         73                        72      1       76

PRECIPITATION (IN)
  YESTERDAY        T             2.89 2001   0.09  -0.09      T
  MONTH TO DATE    3.89                      2.47   1.42     1.51
  SINCE JUN 1      8.27                      5.64   2.63     6.49
  SINCE JAN 1     15.45                     11.11   4.34    13.76

SNOWFALL (IN)
  YESTERDAY        0.0           0.0  2002   0.0    0.0      0.0
                                      2001
  MONTH TO DATE    0.0                       0.0    0.0      0.0
  SINCE JUN 1      0.0                       0.0    0.0      0.0
  SINCE JUL 1      0.0                       0.0    0.0      0.0
  SNOW DEPTH       0

DEGREE DAYS
 HEATING
  YESTERDAY        0                         0      0        0
  MONTH TO DATE    8                        13     -5        7
  SINCE JUN 1     34                       106    -72       50
  SINCE JUL 1      8                        13     -5        7

 COOLING
  YESTERDAY        8                         7      1       11
  MONTH TO DATE  192                       165     27      194
  SINCE JUN 1    318                       248     70      288
  SINCE JAN 1    328                       265     63      294
..................................................................


WIND (MPH)
  HIGHEST WIND SPEED    21   HIGHEST WIND DIRECTION     N (20)
  HIGHEST GUST SPEED    26   HIGHEST GUST DIRECTION    NE (30)
  AVERAGE WIND SPEED    10.8


SKY COVER
  POSSIBLE SUNSHINE  MM
  AVERAGE SKY COVER 0.2


WEATHER CONDITIONS
 THE FOLLOWING WEATHER WAS RECORDED YESTERDAY.
  LIGHT RAIN


RELATIVE HUMIDITY (PERCENT)
 HIGHEST    97           400 AM
 LOWEST     55           400 PM
 AVERAGE    76

..........................................................


THE BISMARCK ND CLIMATE NORMALS FOR TODAY
                         NORMAL    RECORD    YEAR
 MAXIMUM TEMPERATURE (F)   86       107      1931
 MINIMUM TEMPERATURE (F)   58        39      2013


SUNRISE AND SUNSET
JULY 27 2016..........SUNRISE   618 AM CDT   SUNSET   921 PM CDT
JULY 28 2016..........SUNRISE   619 AM CDT   SUNSET   919 PM CDT


-  INDICATES NEGATIVE NUMBERS.
R  INDICATES RECORD WAS SET OR TIED.
MM INDICATES DATA IS MISSING.
T  INDICATES TRACE AMOUNT.




$$
