000
CDUS43 KGRR 230526
CLIBIV


CLIMATE REPORT
NATIONAL WEATHER SERVICE GRAND RAPIDS, MI
1226 AM EST SUN NOV 23 2014


...................................

...THE HOLLAND/TULIP CITY MI CLIMATE SUMMARY FOR NOVEMBER 22 2014...

CLIMATE NORMAL PERIOD 1981 TO 2010
CLIMATE RECORD PERIOD 1996 TO 2014


WEATHER ITEM   OBSERVED TIME   NORMAL DEPARTURE LAST
                VALUE   (LST)  VALUE  FROM      YEAR
                                      NORMAL
......................................................
TEMPERATURE (F)
 YESTERDAY
  MAXIMUM         53   1159 PM  45      8       46
  MINIMUM         28   1210 AM  33     -5       26
  AVERAGE         41            39      2       36

PRECIPITATION (IN)
  YESTERDAY        0.16          0.09   0.07     0.01
  MONTH TO DATE    1.22          2.72  -1.50     3.91
  SINCE SEP 1      9.15         10.21  -1.06    10.26
  SINCE JAN 1     30.18         33.42  -3.24    38.27

DEGREE DAYS
 HEATING
  YESTERDAY       24            26     -2       29
  MONTH TO DATE  615           477    138      448
  SINCE SEP 1   1130           987    143      923
  SINCE JUL 1   1166          1002    164      942

 COOLING
  YESTERDAY        0             0      0        0
  MONTH TO DATE    0             0      0        2
  SINCE SEP 1     53            75    -22      106
  SINCE JAN 1    570           693   -123      813
......................................................


WIND (MPH)
  RESULTANT WIND SPEED  14   RESULTANT WIND DIRECTION  SW (210)
  HIGHEST WIND SPEED    24   HIGHEST WIND DIRECTION    SW (210)
  HIGHEST GUST SPEED    34   HIGHEST GUST DIRECTION    SW (210)
  AVERAGE WIND SPEED    14.3


SKY COVER
  AVERAGE SKY COVER 1.0


WEATHER CONDITIONS
 THE FOLLOWING WEATHER WAS RECORDED YESTERDAY.
  RAIN
  LIGHT RAIN
  FOG


RELATIVE HUMIDITY (PERCENT)
 HIGHEST    93           100 PM
 LOWEST     53          1200 AM
 AVERAGE    73

..........................................................


THE HOLLAND/TULIP CITY MI CLIMATE NORMALS FOR TODAY
                         NORMAL
 MAXIMUM TEMPERATURE (F)   45
 MINIMUM TEMPERATURE (F)   33


SUNRISE AND SUNSET
NOVEMBER 23 2014......SUNRISE   746 AM EST   SUNSET   515 PM EST
NOVEMBER 24 2014......SUNRISE   748 AM EST   SUNSET   515 PM EST


-  INDICATES NEGATIVE NUMBERS.
R  INDICATES RECORD WAS SET OR TIED.
MM INDICATES DATA IS MISSING.
T  INDICATES TRACE AMOUNT.




$$
