000
CDUS43 KGRR 011439
CLIBIV


CLIMATE REPORT
NATIONAL WEATHER SERVICE GRAND RAPIDS, MI
937 AM EST SUN FEB 1 2015


...................................

...THE HOLLAND/TULIP CITY MI CLIMATE SUMMARY FOR FEBRUARY 1 2015...
VALID AS OF 0900 AM LOCAL TIME.

CLIMATE NORMAL PERIOD 1981 TO 2010
CLIMATE RECORD PERIOD 1996 TO 2015


WEATHER ITEM   OBSERVED TIME   RECORD YEAR NORMAL DEPARTURE LAST
                VALUE   (LST)  VALUE       VALUE  FROM      YEAR
                                                  NORMAL
..................................................................
TEMPERATURE (F)
 TODAY
  MAXIMUM         31   1239 AM  MM      MM  32     -1       27
  MINIMUM         21    859 AM  MM      MM  20      1       18
  AVERAGE         26                        26      0       23

PRECIPITATION (IN)
  TODAY            0.18         MM      MM   0.05   0.13     0.24
  MONTH TO DATE    0.18                      0.05   0.13     0.24
  SINCE DEC 1      2.21                      4.44  -2.23     4.16
  SINCE JAN 1      0.82                      2.14  -1.32     2.53

DEGREE DAYS
 HEATING
  TODAY           39                        39      0       42
  MONTH TO DATE   39                        39      0       42
  SINCE DEC 1   2249                      2290    -41     2642
  SINCE JUL 1   3640                      3513    127     3878

 COOLING
  TODAY            0                         0      0        0
  MONTH TO DATE    0                         0      0        0
  SINCE DEC 1      0                         0      0        0
  SINCE JAN 1      0                         0      0        0
..................................................................


WIND (MPH)
  HIGHEST WIND SPEED    20   HIGHEST WIND DIRECTION    NE (60)
  HIGHEST GUST SPEED    26   HIGHEST GUST DIRECTION     E (70)



WEATHER CONDITIONS
 THE FOLLOWING WEATHER WAS RECORDED TODAY.
  SNOW
  LIGHT SNOW
  FOG
  FOG W/VISIBILITY <= 1/4 MILE


..........................................................




SUNRISE AND SUNSET
FEBRUARY  1 2015......SUNRISE   800 AM EST   SUNSET   557 PM EST
FEBRUARY  2 2015......SUNRISE   758 AM EST   SUNSET   559 PM EST


-  INDICATES NEGATIVE NUMBERS.
R  INDICATES RECORD WAS SET OR TIED.
MM INDICATES DATA IS MISSING.
T  INDICATES TRACE AMOUNT.




$$
