000
CDUS43 KGRR 312139
CLIBIV


CLIMATE REPORT
NATIONAL WEATHER SERVICE GRAND RAPIDS, MI
539 PM EDT MON AUG 31 2015


...................................

...THE HOLLAND/TULIP CITY MI CLIMATE SUMMARY FOR AUGUST 31 2015...
VALID TODAY AS OF 0500 PM LOCAL TIME.

CLIMATE NORMAL PERIOD 1981 TO 2010
CLIMATE RECORD PERIOD 1996 TO 2015


WEATHER ITEM   OBSERVED TIME   NORMAL DEPARTURE LAST
                VALUE   (LST)  VALUE  FROM      YEAR
                                      NORMAL
......................................................
TEMPERATURE (F)
 TODAY
  MAXIMUM         80    359 PM  79      1       81
  MINIMUM         59    619 AM  58      1       67
  AVERAGE         70            68      2       74

PRECIPITATION (IN)
  TODAY            0.00          0.11  -0.11     0.00
  MONTH TO DATE    2.72          3.57  -0.85     4.94
  SINCE JUN 1      6.45         10.62  -4.17    11.50
  SINCE JAN 1     17.26         23.21  -5.95    21.03

DEGREE DAYS
 HEATING
  TODAY            0             1     -1        0
  MONTH TO DATE   12             4      8       14
  SINCE JUN 1     46            63    -17       59
  SINCE JUL 1     22            15      7       36

 COOLING
  TODAY            5             4      1        9
  MONTH TO DATE  160           195    -35      191
  SINCE JUN 1    427           576   -149      478
  SINCE JAN 1    476           618   -142      517
......................................................


WIND (MPH)
  RESULTANT WIND SPEED   1   RESULTANT WIND DIRECTION   S (190)
  HIGHEST WIND SPEED    12   HIGHEST WIND DIRECTION     S (200)
  HIGHEST GUST SPEED    14   HIGHEST GUST DIRECTION    SW (210)
  AVERAGE WIND SPEED     2.0


SKY COVER
  AVERAGE SKY COVER 0.5


WEATHER CONDITIONS
 THE FOLLOWING WEATHER WAS RECORDED TODAY.
  FOG
  FOG W/VISIBILITY <= 1/4 MILE
  HAZE


RELATIVE HUMIDITY (PERCENT)
 HIGHEST    90          1200 AM
 LOWEST     62           100 PM
 AVERAGE    76

..........................................................


THE HOLLAND/TULIP CITY MI CLIMATE NORMALS FOR TOMORROW
                         NORMAL
 MAXIMUM TEMPERATURE (F)   79
 MINIMUM TEMPERATURE (F)   58


SUNRISE AND SUNSET
AUGUST 31 2015........SUNRISE   708 AM EDT   SUNSET   821 PM EDT
SEPTEMBER  1 2015.....SUNRISE   709 AM EDT   SUNSET   820 PM EDT


-  INDICATES NEGATIVE NUMBERS.
R  INDICATES RECORD WAS SET OR TIED.
MM INDICATES DATA IS MISSING.
T  INDICATES TRACE AMOUNT.




$$
