000
CDUS43 KGRR 210516
CLIBIV


CLIMATE REPORT
NATIONAL WEATHER SERVICE GRAND RAPIDS, MI
115 AM EDT TUE OCT 21 2014


...................................

...THE HOLLAND/TULIP CITY MI CLIMATE SUMMARY FOR OCTOBER 20 2014...

CLIMATE NORMAL PERIOD 1981 TO 2010
CLIMATE RECORD PERIOD 1996 TO 2014


WEATHER ITEM   OBSERVED TIME   NORMAL DEPARTURE LAST
                VALUE   (LST)  VALUE  FROM      YEAR
                                      NORMAL
......................................................
TEMPERATURE (F)
 YESTERDAY
  MAXIMUM         61   1235 PM  60      1       59
  MINIMUM         47    727 AM  42      5       41
  AVERAGE         54            51      3       50

PRECIPITATION (IN)
  YESTERDAY        0.03          0.12  -0.09     0.12
  MONTH TO DATE    3.38          2.21   1.17     2.69
  SINCE SEP 1      7.32          6.11   1.21     3.87
  SINCE JAN 1     28.35         29.32  -0.97    31.88

DEGREE DAYS
 HEATING
  YESTERDAY       11            14     -3       15
  MONTH TO DATE  224           222      2      150
  SINCE SEP 1    359           337     22      263
  SINCE JUL 1    395           352     43      282

 COOLING
  YESTERDAY        0             0      0        0
  MONTH TO DATE    1            10     -9       14
  SINCE SEP 1     53            74    -21      104
  SINCE JAN 1    570           692   -122      811
......................................................


WIND (MPH)
  RESULTANT WIND SPEED   3   RESULTANT WIND DIRECTION   W (260)
  HIGHEST WIND SPEED    17   HIGHEST WIND DIRECTION    SW (210)
  HIGHEST GUST SPEED    22   HIGHEST GUST DIRECTION    NW (320)
  AVERAGE WIND SPEED     8.0


SKY COVER
  AVERAGE SKY COVER 0.7


WEATHER CONDITIONS
 THE FOLLOWING WEATHER WAS RECORDED YESTERDAY.
  RAIN
  LIGHT RAIN


RELATIVE HUMIDITY (PERCENT)
 HIGHEST    93           700 AM
 LOWEST     66           800 PM
 AVERAGE    80

..........................................................


THE HOLLAND/TULIP CITY MI CLIMATE NORMALS FOR TODAY
                         NORMAL
 MAXIMUM TEMPERATURE (F)   60
 MINIMUM TEMPERATURE (F)   42


SUNRISE AND SUNSET
OCTOBER 21 2014.......SUNRISE   805 AM EDT   SUNSET   653 PM EDT
OCTOBER 22 2014.......SUNRISE   806 AM EDT   SUNSET   651 PM EDT


-  INDICATES NEGATIVE NUMBERS.
R  INDICATES RECORD WAS SET OR TIED.
MM INDICATES DATA IS MISSING.
T  INDICATES TRACE AMOUNT.




$$
