000
CDUS46 KBOI 180931
CLIBKE


CLIMATE REPORT
NATIONAL WEATHER SERVICE BOISE ID
331 AM MDT FRI AUG 18 2017


...................................

...THE BAKER OR CLIMATE SUMMARY FOR AUGUST 17 2017...

CLIMATE NORMAL PERIOD 1981 TO 2010
CLIMATE RECORD PERIOD 1928 TO 2017


WEATHER ITEM   OBSERVED TIME   RECORD YEAR NORMAL DEPARTURE LAST
                VALUE   (LST)  VALUE       VALUE  FROM      YEAR
                                                  NORMAL
..................................................................
TEMPERATURE (F)
 YESTERDAY
  MAXIMUM         89    418 PM  98    2008  84      5       94
                                      1977
                                      1950
  MINIMUM         49    449 AM  32    2002  45      4       48
  AVERAGE         69                        65      4       71

PRECIPITATION (IN)
  YESTERDAY        0.00          0.33 1990   0.02  -0.02     0.00
  MONTH TO DATE    0.06                      0.36  -0.30     0.12
  SINCE OCT 1      7.67                      9.23  -1.56     6.17
  SINCE JAN 1      4.93                      6.72  -1.79     3.63

DEGREE DAYS
 HEATING
  YESTERDAY        0                         2     -2        0
  MONTH TO DATE    6                        29    -23       37
  SINCE JUN 1    188                       325   -137      314
  SINCE JUL 1     12                        99    -87      122

 COOLING
  YESTERDAY        4                         2      2        6
  MONTH TO DATE   85                        47     38       27
  SINCE JUN 1    234                       138     96      117
  SINCE JAN 1    234                       140     94      117
..................................................................


WIND (MPH)
  RESULTANT WIND SPEED   2   RESULTANT WIND DIRECTION   W (250)
  HIGHEST WIND SPEED    12   HIGHEST WIND DIRECTION    NW (320)
  HIGHEST GUST SPEED    14   HIGHEST GUST DIRECTION    NW (320)
  AVERAGE WIND SPEED     5.1


SKY COVER
  AVERAGE SKY COVER 0.0


WEATHER CONDITIONS
 THE FOLLOWING WEATHER WAS RECORDED YESTERDAY.
  HAZE


RELATIVE HUMIDITY (PERCENT)
 HIGHEST    74           400 AM
 LOWEST     17           300 PM
 AVERAGE    46

..........................................................


THE BAKER OR CLIMATE NORMALS FOR TODAY
                         NORMAL    RECORD    YEAR
 MAXIMUM TEMPERATURE (F)   84        98      1992
                                             1977
                                             1967
 MINIMUM TEMPERATURE (F)   45        35      1995


SUNRISE AND SUNSET
AUGUST 18 2017........SUNRISE   557 AM PDT   SUNSET   752 PM PDT
AUGUST 19 2017........SUNRISE   558 AM PDT   SUNSET   750 PM PDT


-  INDICATES NEGATIVE NUMBERS.
R  INDICATES RECORD WAS SET OR TIED.
MM INDICATES DATA IS MISSING.
T  INDICATES TRACE AMOUNT.




$$
