000
CDUS46 KBOI 280934
CLIBKE


CLIMATE REPORT
NATIONAL WEATHER SERVICE BOISE ID
333 AM MDT SAT MAR 28 2015


...................................

...THE BAKER OR CLIMATE SUMMARY FOR MARCH 27 2015...

CLIMATE NORMAL PERIOD 1981 TO 2010
CLIMATE RECORD PERIOD 1948 TO 2015


WEATHER ITEM   OBSERVED TIME   RECORD YEAR NORMAL DEPARTURE LAST
                VALUE   (LST)  VALUE       VALUE  FROM      YEAR
                                                  NORMAL
..................................................................
TEMPERATURE (F)
 YESTERDAY
  MAXIMUM         70    348 PM  74    1966  53     17       50
  MINIMUM         29    525 AM  15    1976  27      2       27
  AVERAGE         50                        40     10       39

PRECIPITATION (IN)
  YESTERDAY        0.00          0.42 1996   0.03  -0.03     0.07
  MONTH TO DATE    0.49                      0.71  -0.22     0.88
  SINCE OCT 1      3.79                      4.60  -0.81     3.74
  SINCE JAN 1      1.59                      2.09  -0.50     2.57

DEGREE DAYS
 HEATING
  YESTERDAY       15                        25    -10       26
  MONTH TO DATE  625                       752   -127      656
  SINCE MAR 1    625                       752   -127      656
  SINCE JUL 1   5301                      6272   -971     6182

 COOLING
  YESTERDAY        0                         0      0        0
  MONTH TO DATE    0                         0      0        0
  SINCE MAR 1      0                         0      0        0
  SINCE JAN 1      0                         0      0        0
..................................................................


WIND (MPH)
  RESULTANT WIND SPEED   7   RESULTANT WIND DIRECTION   E (90)
  HIGHEST WIND SPEED    22   HIGHEST WIND DIRECTION     E (70)
  HIGHEST GUST SPEED    27   HIGHEST GUST DIRECTION     E (70)
  AVERAGE WIND SPEED     7.4


SKY COVER
  AVERAGE SKY COVER 0.1


WEATHER CONDITIONS
 THE FOLLOWING WEATHER WAS RECORDED YESTERDAY.
  FOG
  FOG W/VISIBILITY <= 1/4 MILE


RELATIVE HUMIDITY (PERCENT)
 HIGHEST   100          1200 AM
 LOWEST     40           100 PM
 AVERAGE    70

..........................................................


THE BAKER OR CLIMATE NORMALS FOR TODAY
                         NORMAL    RECORD    YEAR
 MAXIMUM TEMPERATURE (F)   54        75      1966
 MINIMUM TEMPERATURE (F)   27        14      1988


SUNRISE AND SUNSET
MARCH 28 2015.........SUNRISE   640 AM PDT   SUNSET   714 PM PDT
MARCH 29 2015.........SUNRISE   638 AM PDT   SUNSET   715 PM PDT


-  INDICATES NEGATIVE NUMBERS.
R  INDICATES RECORD WAS SET OR TIED.
MM INDICATES DATA IS MISSING.
T  INDICATES TRACE AMOUNT.




$$
