000
CDUS46 KBOI 260932
CLIBKE


CLIMATE REPORT
NATIONAL WEATHER SERVICE BOISE ID
332 AM MDT FRI AUG 26 2016


...................................

...THE BAKER OR CLIMATE SUMMARY FOR AUGUST 25 2016...

CLIMATE NORMAL PERIOD 1981 TO 2010
CLIMATE RECORD PERIOD 1948 TO 2016


WEATHER ITEM   OBSERVED TIME   RECORD YEAR NORMAL DEPARTURE LAST
                VALUE   (LST)  VALUE       VALUE  FROM      YEAR
                                                  NORMAL
..................................................................
TEMPERATURE (F)
 YESTERDAY
  MAXIMUM         81    415 PM  96    1958  82     -1       90
  MINIMUM         41    516 AM  31    1992  43     -2       43
  AVERAGE         61                        63     -2       67

PRECIPITATION (IN)
  YESTERDAY        0.00          0.25 2004   0.03  -0.03     0.00
  MONTH TO DATE    0.12                      0.56  -0.44     0.02
  SINCE OCT 1      6.17                      9.43  -3.26     9.48
  SINCE JAN 1      3.63                      6.92  -3.29     7.28

DEGREE DAYS
 HEATING
  YESTERDAY        4                         4      0        0
  MONTH TO DATE   56                        54      2       38
  SINCE JUN 1    333                       350    -17      162
  SINCE JUL 1    141                       124     17       78

 COOLING
  YESTERDAY        0                         1     -1        2
  MONTH TO DATE   35                        60    -25       63
  SINCE JUN 1    125                       151    -26      214
  SINCE JAN 1    125                       153    -28      215
..................................................................


WIND (MPH)
  RESULTANT WIND SPEED   1   RESULTANT WIND DIRECTION   W (280)
  HIGHEST WIND SPEED    15   HIGHEST WIND DIRECTION    NW (310)
  HIGHEST GUST SPEED    21   HIGHEST GUST DIRECTION    NW (330)
  AVERAGE WIND SPEED     5.1


SKY COVER
  AVERAGE SKY COVER 0.0


WEATHER CONDITIONS
 THE FOLLOWING WEATHER WAS RECORDED YESTERDAY.
  NO SIGNIFICANT WEATHER WAS OBSERVED.


RELATIVE HUMIDITY (PERCENT)
 HIGHEST    82           500 AM
 LOWEST     20           200 PM
 AVERAGE    51

..........................................................


THE BAKER OR CLIMATE NORMALS FOR TODAY
                         NORMAL    RECORD    YEAR
 MAXIMUM TEMPERATURE (F)   82        99      2001
 MINIMUM TEMPERATURE (F)   43        29      1992


SUNRISE AND SUNSET
AUGUST 26 2016........SUNRISE   607 AM PDT   SUNSET   738 PM PDT
AUGUST 27 2016........SUNRISE   608 AM PDT   SUNSET   736 PM PDT


-  INDICATES NEGATIVE NUMBERS.
R  INDICATES RECORD WAS SET OR TIED.
MM INDICATES DATA IS MISSING.
T  INDICATES TRACE AMOUNT.




$$
