000
CDUS41 KRLX 302115
CLIBKW


CLIMATE REPORT
NATIONAL WEATHER SERVICE CHARLESTON WV
515 PM EDT THU MAR 30 2017


...................................

...THE BECKLEY WV CLIMATE SUMMARY FOR MARCH 30 2017...
VALID TODAY AS OF 0500 PM LOCAL TIME.

CLIMATE NORMAL PERIOD 1981 TO 2010
CLIMATE RECORD PERIOD 1963 TO 2017


WEATHER ITEM   OBSERVED TIME   RECORD YEAR NORMAL DEPARTURE LAST
                VALUE   (LST)  VALUE       VALUE  FROM      YEAR
                                                  NORMAL
..................................................................
TEMPERATURE (F)
 TODAY
  MAXIMUM         60   1115 AM  81    1998  57      3       67
  MINIMUM         53    648 AM  11    1964  36     17       35
  AVERAGE         57                        47     10       51

PRECIPITATION (IN)
  TODAY            0.00          0.87 1940   0.12  -0.12     0.00
  MONTH TO DATE    3.18                      3.46  -0.28     2.30
  SINCE MAR 1      3.18                      3.46  -0.28     2.30
  SINCE JAN 1      9.55                      9.03   0.52     8.16

DEGREE DAYS
 HEATING
  TODAY            8                        18    -10       14
  MONTH TO DATE  681                       692    -11      452
  SINCE MAR 1    681                       692    -11      452
  SINCE JUL 1   3815                      4693   -878     3827

 COOLING
  TODAY            0                         0      0        0
  MONTH TO DATE    0                         0      0        2
  SINCE MAR 1      0                         0      0        2
  SINCE JAN 1      0                         0      0        2
..................................................................


WIND (MPH)
  HIGHEST WIND SPEED    23   HIGHEST WIND DIRECTION    SE (150)
  HIGHEST GUST SPEED    32   HIGHEST GUST DIRECTION     S (170)
  AVERAGE WIND SPEED    15.6


SKY COVER
  POSSIBLE SUNSHINE  MM
  AVERAGE SKY COVER 0.3


WEATHER CONDITIONS
 THE FOLLOWING WEATHER WAS RECORDED TODAY.
  NO SIGNIFICANT WEATHER WAS OBSERVED.


RELATIVE HUMIDITY (PERCENT)
 HIGHEST    77           300 AM
 LOWEST     66          1200 AM
 AVERAGE    72

..........................................................


THE BECKLEY WV CLIMATE NORMALS FOR TOMORROW
                         NORMAL    RECORD    YEAR
 MAXIMUM TEMPERATURE (F)   57        81      1998
 MINIMUM TEMPERATURE (F)   37         6      1923


SUNRISE AND SUNSET
MARCH 30 2017.........SUNRISE   712 AM EDT   SUNSET   746 PM EDT
MARCH 31 2017.........SUNRISE   711 AM EDT   SUNSET   747 PM EDT


-  INDICATES NEGATIVE NUMBERS.
R  INDICATES RECORD WAS SET OR TIED.
MM INDICATES DATA IS MISSING.
T  INDICATES TRACE AMOUNT.




$$
