000
CDUS41 KRLX 200722
CLIBKW


CLIMATE REPORT
NATIONAL WEATHER SERVICE CHARLESTON WV
316 AM EDT WED SEP 20 2017


...................................

...THE BECKLEY WV CLIMATE SUMMARY FOR SEPTEMBER 19 2017...

CLIMATE NORMAL PERIOD 1981 TO 2010
CLIMATE RECORD PERIOD 1963 TO 2017


WEATHER ITEM   OBSERVED TIME   RECORD YEAR NORMAL DEPARTURE LAST
                VALUE   (LST)  VALUE       VALUE  FROM      YEAR
                                                  NORMAL
..................................................................
TEMPERATURE (F)
 YESTERDAY
  MAXIMUM         80    244 PM  89    1953  72      8       77
  MINIMUM         58    633 AM  31    1959  52      6       60
  AVERAGE         69                        62      7       69

PRECIPITATION (IN)
  YESTERDAY        0.00          1.48 1942   0.10  -0.10     0.15
  MONTH TO DATE    1.62                      1.96  -0.34     1.58
  SINCE JAN 1     34.96                     31.62   3.34    36.71

SNOWFALL (IN)
  YESTERDAY        0.0           0.0  2016   0.0    0.0      0.0
  MONTH TO DATE    0.0                       0.0    0.0      0.0
  SINCE SEP 1      0.0                       0.0    0.0      0.0
  SNOW DEPTH       0

DEGREE DAYS
 HEATING
  YESTERDAY        0                         4     -4        0
  MONTH TO DATE   77                        45     32        6
  SINCE SEP 1     77                        45     32        6
  SINCE JUL 1     94                        66     28        6

 COOLING
  YESTERDAY        4                         1      3        4
  MONTH TO DATE   12                        48    -36       98
  SINCE SEP 1     12                        48    -36       98
  SINCE JAN 1    525                       541    -16      799
..................................................................


WIND (MPH)
  HIGHEST WIND SPEED    12   HIGHEST WIND DIRECTION     N (340)
  HIGHEST GUST SPEED    14   HIGHEST GUST DIRECTION    NW (320)
  AVERAGE WIND SPEED     3.2


SKY COVER
  POSSIBLE SUNSHINE  MM
  AVERAGE SKY COVER 0.4


WEATHER CONDITIONS
 THE FOLLOWING WEATHER WAS RECORDED YESTERDAY.
  FOG


RELATIVE HUMIDITY (PERCENT)
 HIGHEST    97          1200 AM
 LOWEST     48           100 PM
 AVERAGE    73

..........................................................


THE BECKLEY WV CLIMATE NORMALS FOR TODAY
                         NORMAL    RECORD    YEAR
 MAXIMUM TEMPERATURE (F)   71        86      1931
 MINIMUM TEMPERATURE (F)   52        29      1937


SUNRISE AND SUNSET
SEPTEMBER 20 2017.....SUNRISE   711 AM EDT   SUNSET   724 PM EDT
SEPTEMBER 21 2017.....SUNRISE   712 AM EDT   SUNSET   723 PM EDT


-  INDICATES NEGATIVE NUMBERS.
R  INDICATES RECORD WAS SET OR TIED.
MM INDICATES DATA IS MISSING.
T  INDICATES TRACE AMOUNT.




$$
