000
CDUS41 KRLX 230817
CLIBKW


CLIMATE REPORT
NATIONAL WEATHER SERVICE CHARLESTON WV
316 AM EST THU FEB 23 2017


...................................

...THE BECKLEY WV CLIMATE SUMMARY FOR FEBRUARY 22 2017...

CLIMATE NORMAL PERIOD 1981 TO 2010
CLIMATE RECORD PERIOD 1963 TO 2017


WEATHER ITEM   OBSERVED TIME   RECORD YEAR NORMAL DEPARTURE LAST
                VALUE   (LST)  VALUE       VALUE  FROM      YEAR
                                                  NORMAL
..................................................................
TEMPERATURE (F)
 YESTERDAY
  MAXIMUM         55    436 PM  71    1916  45     10       55
  MINIMUM         46    808 AM -10    1963  27     19       38
  AVERAGE         51                        36     15       47

PRECIPITATION (IN)
  YESTERDAY        0.47          1.36 2003   0.10   0.37      T
  MONTH TO DATE    0.95                      2.15  -1.20     2.74
  SINCE JAN 1      5.66                      4.96   0.70     5.16

SNOWFALL (IN)
  YESTERDAY        0.0
  MONTH TO DATE    0.5
  SINCE SEP 1     18.8
  SNOW DEPTH       0

DEGREE DAYS
 HEATING
  YESTERDAY       14                        29    -15       18
  MONTH TO DATE  520                       687   -167      701
  SINCE DEC 1   2259                      2691   -432     2338
  SINCE JUL 1   3034                      3831   -797     3197

 COOLING
  YESTERDAY        0                         0      0        0
  MONTH TO DATE    0                         0      0        0
  SINCE DEC 1      0                         0      0        0
  SINCE JAN 1      0                         0      0        0
..................................................................


WIND (MPH)
  HIGHEST WIND SPEED    12   HIGHEST WIND DIRECTION    SE (150)
  HIGHEST GUST SPEED    16   HIGHEST GUST DIRECTION    SE (140)
  AVERAGE WIND SPEED     4.8


SKY COVER
  POSSIBLE SUNSHINE  MM
  AVERAGE SKY COVER 0.9


WEATHER CONDITIONS
 THE FOLLOWING WEATHER WAS RECORDED YESTERDAY.
  RAIN
  LIGHT RAIN
  FOG


RELATIVE HUMIDITY (PERCENT)
 HIGHEST    96           100 PM
 LOWEST     63          1200 AM
 AVERAGE    80

..........................................................


THE BECKLEY WV CLIMATE NORMALS FOR TODAY
                         NORMAL    RECORD    YEAR
 MAXIMUM TEMPERATURE (F)   45        72      1985
 MINIMUM TEMPERATURE (F)   27       -11      1963


SUNRISE AND SUNSET
FEBRUARY 23 2017......SUNRISE   704 AM EST   SUNSET   612 PM EST
FEBRUARY 24 2017......SUNRISE   702 AM EST   SUNSET   613 PM EST


-  INDICATES NEGATIVE NUMBERS.
R  INDICATES RECORD WAS SET OR TIED.
MM INDICATES DATA IS MISSING.
T  INDICATES TRACE AMOUNT.




$$
