000
CDUS41 KRLX 302141
CLIBKW


CLIMATE REPORT
NATIONAL WEATHER SERVICE CHARLESTON WV
536 PM EDT TUE JUN 30 2015


...................................

...THE BECKLEY WV CLIMATE SUMMARY FOR JUNE 30 2015...
VALID TODAY AS OF 0500 PM LOCAL TIME.

CLIMATE NORMAL PERIOD 1981 TO 2010
CLIMATE RECORD PERIOD 1963 TO 2015


WEATHER ITEM   OBSERVED TIME   RECORD YEAR NORMAL DEPARTURE LAST
                VALUE   (LST)  VALUE       VALUE  FROM      YEAR
                                                  NORMAL
..................................................................
TEMPERATURE (F)
 TODAY
  MAXIMUM         77    348 PM 100    1936  80     -3       82
  MINIMUM         65    457 AM  43    1923  61      4       64
  AVERAGE         71                        70      1       73

PRECIPITATION (IN)
  TODAY            0.00          1.46 1915   0.14  -0.14      T
  MONTH TO DATE    4.95                      4.00   0.95     3.86
  SINCE JUN 1      4.95                      4.00   0.95     3.86
  SINCE JAN 1     24.89                     21.16   3.73    17.98

DEGREE DAYS
 HEATING
  TODAY            0                         0      0        0
  MONTH TO DATE   10                        38    -28       12
  SINCE JUN 1     10                        39    -29       12
  SINCE JUL 1   5454                      5340    114     5443

 COOLING
  TODAY            6                         5      1        8
  MONTH TO DATE  192                       111     81      171
  SINCE JUN 1    192                       111     81      171
  SINCE JAN 1    298                       152    146      246
..................................................................


WIND (MPH)
  HIGHEST WIND SPEED    16   HIGHEST WIND DIRECTION     W (250)
  HIGHEST GUST SPEED    21   HIGHEST GUST DIRECTION     W (280)
  AVERAGE WIND SPEED     9.1


SKY COVER
  POSSIBLE SUNSHINE  MM
  AVERAGE SKY COVER 0.5


WEATHER CONDITIONS
 THE FOLLOWING WEATHER WAS RECORDED TODAY.
  NO SIGNIFICANT WEATHER WAS OBSERVED.


RELATIVE HUMIDITY (PERCENT)
 HIGHEST    81           500 AM
 LOWEST     54           200 PM
 AVERAGE    68

..........................................................


THE BECKLEY WV CLIMATE NORMALS FOR TOMORROW
                         NORMAL    RECORD    YEAR
 MAXIMUM TEMPERATURE (F)   80        93      1941
                                             1931
                                             1911
 MINIMUM TEMPERATURE (F)   61        41      1988


SUNRISE AND SUNSET
JUNE 30 2015..........SUNRISE   606 AM EDT   SUNSET   850 PM EDT
JULY  1 2015..........SUNRISE   606 AM EDT   SUNSET   850 PM EDT


-  INDICATES NEGATIVE NUMBERS.
R  INDICATES RECORD WAS SET OR TIED.
MM INDICATES DATA IS MISSING.
T  INDICATES TRACE AMOUNT.




$$
