000
CDUS41 KRLX 040818
CLIBKW


CLIMATE REPORT
NATIONAL WEATHER SERVICE CHARLESTON WV
318 AM EST WED MAR 4 2015


...................................

...THE BECKLEY WV CLIMATE SUMMARY FOR MARCH 3 2015...

CLIMATE NORMAL PERIOD 1981 TO 2010
CLIMATE RECORD PERIOD 1963 TO 2015


WEATHER ITEM   OBSERVED TIME   RECORD YEAR NORMAL DEPARTURE LAST
                VALUE   (LST)  VALUE       VALUE  FROM      YEAR
                                                  NORMAL
..................................................................
TEMPERATURE (F)
 YESTERDAY
  MAXIMUM         52    945 PM  73    1974  47      5       31
  MINIMUM         29   1240 AM  -5    1980  29      0        2
  AVERAGE         41                        38      3       17

PRECIPITATION (IN)
  YESTERDAY        0.24          1.84 1934   0.11   0.13    MM
  MONTH TO DATE    0.52                      0.33   0.19     0.90
  SINCE JAN 1      7.17                      5.90   1.27     6.00

SNOWFALL (IN)
  YESTERDAY        0.0
  MONTH TO DATE    0.1
  SINCE SEP 1     59.1
  SNOW DEPTH      12

DEGREE DAYS
 HEATING
  YESTERDAY       24                        27     -3       48
  MONTH TO DATE   83                        81      2       95
  SINCE MAR 1     83                        81      2       95
  SINCE JUL 1   4416                      4082    334     4303

 COOLING
  YESTERDAY        0                         0      0        0
  MONTH TO DATE    0                         0      0        0
  SINCE MAR 1      0                         0      0        0
  SINCE JAN 1      0                         0      0        0
..................................................................


WIND (MPH)
  HIGHEST WIND SPEED    23   HIGHEST WIND DIRECTION    SW (210)
  HIGHEST GUST SPEED    30   HIGHEST GUST DIRECTION    SW (220)
  AVERAGE WIND SPEED    12.6


SKY COVER
  POSSIBLE SUNSHINE  MM
  AVERAGE SKY COVER 0.7


WEATHER CONDITIONS
 THE FOLLOWING WEATHER WAS RECORDED YESTERDAY.
  HEAVY RAIN
  RAIN
  LIGHT RAIN
  FOG
  HAZE


RELATIVE HUMIDITY (PERCENT)
 HIGHEST    89           800 PM
 LOWEST     47           400 AM
 AVERAGE    68

..........................................................


THE BECKLEY WV CLIMATE NORMALS FOR TODAY
                         NORMAL    RECORD    YEAR
 MAXIMUM TEMPERATURE (F)   48        78      1976
 MINIMUM TEMPERATURE (F)   29        -5      1943


SUNRISE AND SUNSET
MARCH  4 2015.........SUNRISE   652 AM EST   SUNSET   621 PM EST
MARCH  5 2015.........SUNRISE   651 AM EST   SUNSET   622 PM EST


-  INDICATES NEGATIVE NUMBERS.
R  INDICATES RECORD WAS SET OR TIED.
MM INDICATES DATA IS MISSING.
T  INDICATES TRACE AMOUNT.




$$
