000
CDUS41 KRNK 220616
CLIBLF


CLIMATE REPORT
NATIONAL WEATHER SERVICE BLACKSBURG VA
112 AM EST WED FEB 22 2017


...................................

...THE BLUEFIELD WV CLIMATE SUMMARY FOR FEBRUARY 21 2017...

CLIMATE NORMAL PERIOD 1981 TO 2010
CLIMATE RECORD PERIOD 1959 TO 2017


WEATHER ITEM   OBSERVED TIME   RECORD YEAR NORMAL DEPARTURE LAST
                VALUE   (LST)  VALUE       VALUE  FROM      YEAR
                                                  NORMAL
..................................................................
TEMPERATURE (F)
 YESTERDAY
  MAXIMUM         63    307 PM  65    1996  47     16       54
  MINIMUM         48    855 AM   1    1963  30     18       49
  AVERAGE         56                        39     17       52

PRECIPITATION (IN)
  YESTERDAY        0.00          1.29 1993   0.10  -0.10     0.47
  MONTH TO DATE    0.70                      2.04  -1.34     2.14
  SINCE DEC 1      8.15                      7.85   0.30     7.82
  SINCE JAN 1      4.95                      4.94   0.01     3.99

SNOWFALL (IN)
  YESTERDAY        0.0                                       0.0
  MONTH TO DATE    0.9                                      12.4
  SINCE DEC 1     17.2                                      31.1
  SINCE JUL 1     17.2                                      31.1
  SNOW DEPTH       0

DEGREE DAYS
 HEATING
  YESTERDAY        9                        26    -17       13
  MONTH TO DATE  498                       595    -97      697
  SINCE DEC 1   2239                      2412   -173     1886
  SINCE JUL 1   3015                      3315   -300     2608

 COOLING
  YESTERDAY        0                         0      0        0
  MONTH TO DATE    0                         0      0        0
  SINCE DEC 1      0                         0      0        3
  SINCE JAN 1      0                         0      0        0
..................................................................


WIND (MPH)
  HIGHEST WIND SPEED    17   HIGHEST WIND DIRECTION     S (170)
  HIGHEST GUST SPEED    29   HIGHEST GUST DIRECTION     S (170)
  AVERAGE WIND SPEED     8.0


SKY COVER
  AVERAGE SKY COVER 0.2


WEATHER CONDITIONS
 THE FOLLOWING WEATHER WAS RECORDED YESTERDAY.
  NO SIGNIFICANT WEATHER WAS OBSERVED.


RELATIVE HUMIDITY (PERCENT)
 HIGHEST    63           900 PM
 LOWEST     38          1200 AM
 AVERAGE    51

..........................................................


THE BLUEFIELD WV CLIMATE NORMALS FOR TODAY
                         NORMAL    RECORD    YEAR
 MAXIMUM TEMPERATURE (F)   47        67      1992
 MINIMUM TEMPERATURE (F)   30        -8      1963


SUNRISE AND SUNSET
FEBRUARY 22 2017......SUNRISE   705 AM EST   SUNSET   612 PM EST
FEBRUARY 23 2017......SUNRISE   704 AM EST   SUNSET   613 PM EST


-  INDICATES NEGATIVE NUMBERS.
R  INDICATES RECORD WAS SET OR TIED.
MM INDICATES DATA IS MISSING.
T  INDICATES TRACE AMOUNT.

REMARKS:

DUE TO A POWER OUTAGE CAUSING A MISSING HIGH TEMPERATURE ON
NOVEMBER 10...THE SEASONAL HEATING DEGREE DAY TOTAL AND DEPARTURE
FROM NORMAL WILL BE CALCULATED WITHOUT DATA FROM THIS DATE.


$$
