000
CDUS41 KRNK 270645
CLIBLF


CLIMATE REPORT
NATIONAL WEATHER SERVICE BLACKSBURG VA
235 AM EDT THU APR 27 2017


...................................

...THE BLUEFIELD WV CLIMATE SUMMARY FOR APRIL 26 2017...

CLIMATE NORMAL PERIOD 1981 TO 2010
CLIMATE RECORD PERIOD 1959 TO 2017


WEATHER ITEM   OBSERVED TIME   RECORD YEAR NORMAL DEPARTURE LAST
                VALUE   (LST)  VALUE       VALUE  FROM      YEAR
                                                  NORMAL
..................................................................
TEMPERATURE (F)
 YESTERDAY
  MAXIMUM         77    549 PM  86    2009  68      9       76
  MINIMUM         51    543 AM  30    1972  48      3       58
  AVERAGE         64                        58      6       67

PRECIPITATION (IN)
  YESTERDAY        0.00          2.23 1978   0.12  -0.12     0.06
  MONTH TO DATE    4.26                      2.87   1.39     1.42
  SINCE MAR 1      7.88                      6.38   1.50     2.88
  SINCE JAN 1     13.69                     12.04   1.65     7.70

SNOWFALL (IN)
  YESTERDAY        0.0                                       0.0
  MONTH TO DATE    0.1                                       1.7
  SINCE MAR 1      3.3                                       2.6
  SINCE JUL 1     20.5                                      34.8
  SNOW DEPTH       0

DEGREE DAYS
 HEATING
  YESTERDAY        1                         8     -7        0
  MONTH TO DATE  235                       292    -57      346
  SINCE MAR 1    941                       908     33      809
  SINCE JUL 1   4073                      4401   -328     3622

 COOLING
  YESTERDAY        0                         1     -1        2
  MONTH TO DATE    2                        24    -22        4
  SINCE MAR 1      2                        28    -26        5
  SINCE JAN 1      2                        28    -26        5
..................................................................


WIND (MPH)
  HIGHEST WIND SPEED    14   HIGHEST WIND DIRECTION    SE (150)
  HIGHEST GUST SPEED    21   HIGHEST GUST DIRECTION    SW (220)
  AVERAGE WIND SPEED     6.5


SKY COVER
  AVERAGE SKY COVER 0.2


WEATHER CONDITIONS
 THE FOLLOWING WEATHER WAS RECORDED YESTERDAY.
  FOG
  FOG W/VISIBILITY <= 1/4 MILE


RELATIVE HUMIDITY (PERCENT)
 HIGHEST   100           200 AM
 LOWEST     33           600 PM
 AVERAGE    67

..........................................................


THE BLUEFIELD WV CLIMATE NORMALS FOR TODAY
                         NORMAL    RECORD    YEAR
 MAXIMUM TEMPERATURE (F)   68        86      1990
 MINIMUM TEMPERATURE (F)   49        29      1976


SUNRISE AND SUNSET
APRIL 27 2017.........SUNRISE   634 AM EDT   SUNSET   811 PM EDT
APRIL 28 2017.........SUNRISE   633 AM EDT   SUNSET   812 PM EDT


-  INDICATES NEGATIVE NUMBERS.
R  INDICATES RECORD WAS SET OR TIED.
MM INDICATES DATA IS MISSING.
T  INDICATES TRACE AMOUNT.

REMARKS:
DUE TO A POWER OUTAGE CAUSING A MISSING HIGH TEMPERATURE ON NOVEMBER
10...THE SEASONAL HEATING DEGREE DAY TOTAL AND DEPARTURE FROM
NORMAL WILL BE CALCULATED WITHOUT DATA FROM THIS DATE.

$$
