000
CDUS41 KRNK 010643
CLIBLF


CLIMATE REPORT
NATIONAL WEATHER SERVICE BLACKSBURG VA
241 AM EDT WED JUL 1 2015


...................................

...THE BLUEFIELD WV CLIMATE SUMMARY FOR JUNE 30 2015...

CLIMATE NORMAL PERIOD 1981 TO 2010
CLIMATE RECORD PERIOD 1959 TO 2015


WEATHER ITEM   OBSERVED TIME   RECORD YEAR NORMAL DEPARTURE LAST
                VALUE   (LST)  VALUE       VALUE  FROM      YEAR
                                                  NORMAL
..................................................................
TEMPERATURE (F)
 YESTERDAY
  MAXIMUM         80    201 PM  96    2012  81     -1       83
  MINIMUM         61   1159 PM  54    2000  64     -3       66
  AVERAGE         71                        72     -1       75

PRECIPITATION (IN)
  YESTERDAY        0.10          0.76 1984   0.13  -0.03      T
  MONTH TO DATE    3.23                      4.14  -0.91     3.60
  SINCE JUN 1      3.23                      4.14  -0.91     3.60
  SINCE JAN 1     19.02                     20.96  -1.94    15.26

SNOWFALL (IN)
  YESTERDAY        0.0                                       0.0
  MONTH TO DATE    0.0                                       0.0
  SINCE JUN 1      0.0                                       0.0
  SINCE JUL 1     39.7                                      47.0
  SNOW DEPTH       0

DEGREE DAYS
 HEATING
  YESTERDAY        0                         0      0        0
  MONTH TO DATE    3                        21    -18        2
  SINCE JUN 1      3                        22    -19        2
  SINCE JUL 1   4838                      4588    250     4654

 COOLING
  YESTERDAY        6                         8     -2       10
  MONTH TO DATE  240                       166     74      221
  SINCE JUN 1    240                       166     74      221
  SINCE JAN 1    397                       257    140      350
..................................................................


WIND (MPH)
  HIGHEST WIND SPEED    17   HIGHEST WIND DIRECTION    NW (310)
  HIGHEST GUST SPEED    25   HIGHEST GUST DIRECTION    NW (310)
  AVERAGE WIND SPEED     8.1


SKY COVER
  AVERAGE SKY COVER 0.5


WEATHER CONDITIONS
 THE FOLLOWING WEATHER WAS RECORDED YESTERDAY.
  THUNDERSTORM
  LIGHT RAIN


RELATIVE HUMIDITY (PERCENT)
 HIGHEST    81           300 AM
 LOWEST     48           300 PM
 AVERAGE    65

..........................................................


THE BLUEFIELD WV CLIMATE NORMALS FOR TODAY
                         NORMAL    RECORD    YEAR
 MAXIMUM TEMPERATURE (F)   81        90      2012
 MINIMUM TEMPERATURE (F)   64        45      1988


SUNRISE AND SUNSET
JULY  1 2015..........SUNRISE   608 AM EDT   SUNSET   849 PM EDT
JULY  2 2015..........SUNRISE   608 AM EDT   SUNSET   849 PM EDT


-  INDICATES NEGATIVE NUMBERS.
R  INDICATES RECORD WAS SET OR TIED.
MM INDICATES DATA IS MISSING.
T  INDICATES TRACE AMOUNT.

REMARKS:
DUE TO A TIPPING BUCKET FAILURE CAUSING MISSING PRECIPITATION ON
JUNE 1...ALL PRECIPITATION TOTALS AND DEPARTURES FROM NORMAL WILL BE
CALCULATED WITHOUT DATA FROM THIS DATE.

ALSO...DUE TO A POWER OUTAGE CAUSING A MISSING LOW TEMPERATURE ON
JUNE 7...ALL TEMPERATURE AND COOLING DEGREE DAY INFORMATION WILL BE
CALCULATED WITHOUT DATA FROM THIS DATE.


$$
