000
CDUS41 KRNK 120643
CLIBLF


CLIMATE REPORT
NATIONAL WEATHER SERVICE BLACKSBURG VA
142 AM EST FRI FEB 12 2016


...................................

...THE BLUEFIELD WV CLIMATE SUMMARY FOR FEBRUARY 11 2016...

CLIMATE NORMAL PERIOD 1981 TO 2010
CLIMATE RECORD PERIOD 1959 TO 2016


WEATHER ITEM   OBSERVED TIME   RECORD YEAR NORMAL DEPARTURE LAST
                VALUE   (LST)  VALUE       VALUE  FROM      YEAR
                                                  NORMAL
..................................................................
TEMPERATURE (F)
 YESTERDAY
  MAXIMUM         22    421 PM  69    1965  45    -23       49
  MINIMUM          9    844 AM   0    1968  28    -19       24
  AVERAGE         16                        36    -20       37

PRECIPITATION (IN)
  YESTERDAY        T             1.61 1994   0.10  -0.10     0.00
  MONTH TO DATE    0.82                      1.05  -0.23     0.59
  SINCE DEC 1      6.50                      6.86  -0.36     4.46
  SINCE JAN 1      2.67                      3.95  -1.28     2.07

SNOWFALL (IN)
  YESTERDAY        0.2                                       0.0
  MONTH TO DATE    2.9                                       1.5
  SINCE DEC 1     21.6                                       4.5
  SINCE JUL 1     21.6                                       9.3
  SNOW DEPTH       1

DEGREE DAYS
 HEATING
  YESTERDAY       49                        28     21       28
  MONTH TO DATE  358                       322     36      303
  SINCE DEC 1   1547                      2139   -592     2068
  SINCE JUL 1   2269                      3042   -773     3153

 COOLING
  YESTERDAY        0                         0      0        0
  MONTH TO DATE    0                         0      0        0
  SINCE DEC 1      3                         0      3        0
  SINCE JAN 1      0                         0      0        0
..................................................................


WIND (MPH)
  HIGHEST WIND SPEED    21   HIGHEST WIND DIRECTION     W (280)
  HIGHEST GUST SPEED    31   HIGHEST GUST DIRECTION     W (290)
  AVERAGE WIND SPEED    10.3


SKY COVER
  AVERAGE SKY COVER 0.5


WEATHER CONDITIONS
 THE FOLLOWING WEATHER WAS RECORDED YESTERDAY.
  LIGHT SNOW


RELATIVE HUMIDITY (PERCENT)
 HIGHEST    80           700 AM
 LOWEST     41           300 PM
 AVERAGE    61

..........................................................


THE BLUEFIELD WV CLIMATE NORMALS FOR TODAY
                         NORMAL    RECORD    YEAR
 MAXIMUM TEMPERATURE (F)   45        65      1984
 MINIMUM TEMPERATURE (F)   29        -7      1981


SUNRISE AND SUNSET
FEBRUARY 12 2016......SUNRISE   718 AM EST   SUNSET   601 PM EST
FEBRUARY 13 2016......SUNRISE   717 AM EST   SUNSET   602 PM EST


-  INDICATES NEGATIVE NUMBERS.
R  INDICATES RECORD WAS SET OR TIED.
MM INDICATES DATA IS MISSING.
T  INDICATES TRACE AMOUNT.

REMARKS:

DUE TO AN EQUIPMENT OUTAGE AFFECTING THE TEMPERATURE ON DECEMBER 20-
21...JANUARY 19-20...AND JANUARY 22-25...THE SEASONAL HEATING DEGREE
DAY TOTAL AND DEPARTURE FROM NORMAL WILL BE CALCULATED WITHOUT DATA
FROM THESE DATES.

$$

RAB
