000
CDUS41 KRNK 282130
CLIBLF


CLIMATE REPORT
NATIONAL WEATHER SERVICE BLACKSBURG VA
529 PM EDT WED SEP 28 2016


...................................

...THE BLUEFIELD WV CLIMATE SUMMARY FOR SEPTEMBER 28 2016...
VALID TODAY AS OF 0500 PM LOCAL TIME.

CLIMATE NORMAL PERIOD 1981 TO 2010
CLIMATE RECORD PERIOD 1959 TO 2016


WEATHER ITEM   OBSERVED TIME   RECORD YEAR NORMAL DEPARTURE LAST
                VALUE   (LST)  VALUE       VALUE  FROM      YEAR
                                                  NORMAL
..................................................................
TEMPERATURE (F)
 TODAY
  MAXIMUM         75    403 PM  82    1998  70      5       75
  MINIMUM         47    641 AM  38    1991  53     -6       64
  AVERAGE         61                        62     -1       70

PRECIPITATION (IN)
  TODAY            0.00          2.57 1967   0.10  -0.10     0.01
  MONTH TO DATE    0.75                      2.92  -2.17     3.33
  SINCE SEP 1      0.75                      2.92  -2.17     3.33
  SINCE JAN 1     27.64                     31.31  -3.67    29.88

SNOWFALL (IN)
  TODAY            0.0                                       0.0
  MONTH TO DATE    0.0                                       0.0
  SINCE SEP 1      0.0                                       0.0
  SINCE JUL 1      0.0                                       0.0
  SNOW DEPTH       0

DEGREE DAYS
 HEATING
  TODAY            4                         5     -1        0
  MONTH TO DATE   15                        63    -48       45
  SINCE SEP 1     15                        63    -48       45
  SINCE JUL 1     15                        69    -54       46

 COOLING
  TODAY            0                         2     -2        5
  MONTH TO DATE  118                        97     21      120
  SINCE SEP 1    118                        97     21      120
  SINCE JAN 1    726                       831   -105     1023
..................................................................


WIND (MPH)
  HIGHEST WIND SPEED    20   HIGHEST WIND DIRECTION     W (250)
  HIGHEST GUST SPEED    25   HIGHEST GUST DIRECTION    SW (230)
  AVERAGE WIND SPEED     5.9


SKY COVER
  AVERAGE SKY COVER 0.1


WEATHER CONDITIONS
 THE FOLLOWING WEATHER WAS RECORDED TODAY.
  NO SIGNIFICANT WEATHER WAS OBSERVED.


RELATIVE HUMIDITY (PERCENT)
 HIGHEST    77           500 AM
 LOWEST     33           300 PM
 AVERAGE    55

..........................................................


THE BLUEFIELD WV CLIMATE NORMALS FOR TOMORROW
                         NORMAL    RECORD    YEAR
 MAXIMUM TEMPERATURE (F)   70        82      1986
 MINIMUM TEMPERATURE (F)   52        33      1967


SUNRISE AND SUNSET
SEPTEMBER 28 2016.....SUNRISE   718 AM EDT   SUNSET   712 PM EDT
SEPTEMBER 29 2016.....SUNRISE   719 AM EDT   SUNSET   710 PM EDT


-  INDICATES NEGATIVE NUMBERS.
R  INDICATES RECORD WAS SET OR TIED.
MM INDICATES DATA IS MISSING.
T  INDICATES TRACE AMOUNT.




$$
