000
CDUS41 KRNK 180548
CLIBLF


CLIMATE REPORT
NATIONAL WEATHER SERVICE BLACKSBURG VA
140 AM EDT WED OCT 18 2017


...................................

...THE BLUEFIELD WV CLIMATE SUMMARY FOR OCTOBER 17 2017...

CLIMATE NORMAL PERIOD 1981 TO 2010
CLIMATE RECORD PERIOD 1959 TO 2017


WEATHER ITEM   OBSERVED TIME   RECORD YEAR NORMAL DEPARTURE LAST
                VALUE   (LST)  VALUE       VALUE  FROM      YEAR
                                                  NORMAL
..................................................................
TEMPERATURE (F)
 YESTERDAY
  MAXIMUM         60    443 PM  78    2000  65     -5       74
  MINIMUM         34    640 AM  30    1977  47    -13       55
  AVERAGE         47                        56     -9       65

PRECIPITATION (IN)
  YESTERDAY        0.00          1.03 1989   0.07  -0.07     0.00
  MONTH TO DATE    1.57                      1.39   0.18     0.93
  SINCE SEP 1      2.41                      4.53  -2.12     1.81
  SINCE JAN 1     34.47                     32.92   1.55    28.70

SNOWFALL (IN)
  YESTERDAY        0.0                                       0.0
  MONTH TO DATE    0.0                                       0.0
  SINCE SEP 1      0.0                                       0.0
  SINCE JUL 1      0.0                                       0.0
  SNOW DEPTH       0

DEGREE DAYS
 HEATING
  YESTERDAY       18                         9      9        0
  MONTH TO DATE   63                       129    -66      130
  SINCE SEP 1    180                       202    -22      152
  SINCE JUL 1    206                       208     -2      152

 COOLING
  YESTERDAY        0                         0      0        0
  MONTH TO DATE   25                        16      9        0
  SINCE SEP 1     64                       114    -50      118
  SINCE JAN 1    488                       848   -360      726
..................................................................


WIND (MPH)
  HIGHEST WIND SPEED    12   HIGHEST WIND DIRECTION     N (10)
  HIGHEST GUST SPEED    14   HIGHEST GUST DIRECTION     N (10)
  AVERAGE WIND SPEED     2.3


SKY COVER
  AVERAGE SKY COVER 0.0


WEATHER CONDITIONS
 THE FOLLOWING WEATHER WAS RECORDED YESTERDAY.
  NO SIGNIFICANT WEATHER WAS OBSERVED.


RELATIVE HUMIDITY (PERCENT)
 HIGHEST    92           400 AM
 LOWEST     31           500 PM
 AVERAGE    62

..........................................................


THE BLUEFIELD WV CLIMATE NORMALS FOR TODAY
                         NORMAL    RECORD    YEAR
 MAXIMUM TEMPERATURE (F)   65        79      2007
                                             2006
 MINIMUM TEMPERATURE (F)   47        27      1976


SUNRISE AND SUNSET
OCTOBER 18 2017.......SUNRISE   736 AM EDT   SUNSET   643 PM EDT
OCTOBER 19 2017.......SUNRISE   737 AM EDT   SUNSET   642 PM EDT


-  INDICATES NEGATIVE NUMBERS.
R  INDICATES RECORD WAS SET OR TIED.
MM INDICATES DATA IS MISSING.
T  INDICATES TRACE AMOUNT.




$$
