000
CDUS41 KRNK 220808
CLIBLF


CLIMATE REPORT
NATIONAL WEATHER SERVICE BLACKSBURG VA
405 AM EDT THU JUN 22 2017


...................................

...THE BLUEFIELD WV CLIMATE SUMMARY FOR JUNE 21 2017...

CLIMATE NORMAL PERIOD 1981 TO 2010
CLIMATE RECORD PERIOD 1959 TO 2017


WEATHER ITEM   OBSERVED TIME   RECORD YEAR NORMAL DEPARTURE LAST
                VALUE   (LST)  VALUE       VALUE  FROM      YEAR
                                                  NORMAL
..................................................................
TEMPERATURE (F)
 YESTERDAY
  MAXIMUM         78    343 PM  89    2012  80     -2       76
                                      2011
  MINIMUM         60    542 AM  43    1992  63     -3       63
  AVERAGE         69                        71     -2       70

PRECIPITATION (IN)
  YESTERDAY        0.00          1.38 1979   0.14  -0.14     0.10
  MONTH TO DATE    3.92                      2.96   0.96     1.84
  SINCE JUN 1      3.92                      2.96   0.96     1.84
  SINCE JAN 1     24.72                     19.78   4.94    16.60

SNOWFALL (IN)
  YESTERDAY        0.0                                       0.0
  MONTH TO DATE    0.0                                       0.0
  SINCE JUN 1      0.0                                       0.0
  SINCE JUL 1     20.5                                      34.8
  SNOW DEPTH       0

DEGREE DAYS
 HEATING
  YESTERDAY        0                         0      0        0
  MONTH TO DATE   31                        21     10       16
  SINCE JUN 1     31                        21     10       16
  SINCE JUL 1   4292                      4587   -295     3882

 COOLING
  YESTERDAY        4                         6     -2        5
  MONTH TO DATE   50                       102    -52       76
  SINCE JUN 1     50                       102    -52       76
  SINCE JAN 1    102                       193    -91      103
..................................................................


WIND (MPH)
  HIGHEST WIND SPEED    14   HIGHEST WIND DIRECTION     W (250)
  HIGHEST GUST SPEED    20   HIGHEST GUST DIRECTION     W (250)
  AVERAGE WIND SPEED     6.9


SKY COVER
  AVERAGE SKY COVER 0.1


WEATHER CONDITIONS
 THE FOLLOWING WEATHER WAS RECORDED YESTERDAY.
  NO SIGNIFICANT WEATHER WAS OBSERVED.


RELATIVE HUMIDITY (PERCENT)
 HIGHEST    84           400 AM
 LOWEST     46           100 PM
 AVERAGE    65

..........................................................


THE BLUEFIELD WV CLIMATE NORMALS FOR TODAY
                         NORMAL    RECORD    YEAR
 MAXIMUM TEMPERATURE (F)   80        90      1988
 MINIMUM TEMPERATURE (F)   63        39      1992


SUNRISE AND SUNSET
JUNE 22 2017..........SUNRISE   605 AM EDT   SUNSET   849 PM EDT
JUNE 23 2017..........SUNRISE   605 AM EDT   SUNSET   849 PM EDT


-  INDICATES NEGATIVE NUMBERS.
R  INDICATES RECORD WAS SET OR TIED.
MM INDICATES DATA IS MISSING.
T  INDICATES TRACE AMOUNT.

REMARKS:
DUE TO A POWER OUTAGE CAUSING A MISSING HIGH TEMPERATURE ON NOVEMBER
10...THE SEASONAL HEATING DEGREE DAY TOTAL AND DEPARTURE FROM
NORMAL WILL BE CALCULATED WITHOUT DATA FROM THIS DATE.

$$
RCS
