000
CDUS41 KRNK 290618
CLIBLF


CLIMATE REPORT
NATIONAL WEATHER SERVICE BLACKSBURG VA
215 AM EDT FRI JUL 29 2016


...................................

...THE BLUEFIELD WV CLIMATE SUMMARY FOR JULY 28 2016...

CLIMATE NORMAL PERIOD 1981 TO 2010
CLIMATE RECORD PERIOD 1959 TO 2016


WEATHER ITEM   OBSERVED TIME   RECORD YEAR NORMAL DEPARTURE LAST
                VALUE   (LST)  VALUE       VALUE  FROM      YEAR
                                                  NORMAL
..................................................................
TEMPERATURE (F)
 YESTERDAY
  MAXIMUM         81    130 PM  90    2011  81      0       88
                                      1993
  MINIMUM         64    527 AM  54    1962  65     -1       68
  AVERAGE         73                        73      0       78

PRECIPITATION (IN)
  YESTERDAY        1.36          2.23 1980   0.13   1.23     0.00
  MONTH TO DATE    5.45                      3.81   1.64     5.12
  SINCE JUN 1      8.85                      7.95   0.90     8.35
  SINCE JAN 1     23.61                     24.77  -1.16    24.14

SNOWFALL (IN)
  YESTERDAY        0.0                                       0.0
  MONTH TO DATE    0.0                                       0.0
  SINCE JUN 1      0.0                                       0.0
  SINCE JUL 1      0.0                                       0.0
  SNOW DEPTH       0

DEGREE DAYS
 HEATING
  YESTERDAY        0                         0      0        0
  MONTH TO DATE    0                         0      0        0
  SINCE JUN 1     16                        22     -6        3
  SINCE JUL 1      0                         0      0        0

 COOLING
  YESTERDAY        8                         8      0       13
  MONTH TO DATE  214                       224    -10      249
  SINCE JUN 1    337                       390    -53      489
  SINCE JAN 1    364                       481   -117      646
..................................................................


WIND (MPH)
  HIGHEST WIND SPEED    37   HIGHEST WIND DIRECTION    SW (240)
  HIGHEST GUST SPEED    51   HIGHEST GUST DIRECTION    SW (240)
  AVERAGE WIND SPEED     7.4


SKY COVER
  AVERAGE SKY COVER 0.5


WEATHER CONDITIONS
 THE FOLLOWING WEATHER WAS RECORDED YESTERDAY.
  THUNDERSTORM
  HEAVY RAIN
  RAIN
  LIGHT RAIN
  FOG


RELATIVE HUMIDITY (PERCENT)
 HIGHEST   100           900 PM
 LOWEST     67           100 PM
 AVERAGE    84

..........................................................


THE BLUEFIELD WV CLIMATE NORMALS FOR TODAY
                         NORMAL    RECORD    YEAR
 MAXIMUM TEMPERATURE (F)   81        89      2011
 MINIMUM TEMPERATURE (F)   65        54      2014


SUNRISE AND SUNSET
JULY 29 2016..........SUNRISE   627 AM EDT   SUNSET   835 PM EDT
JULY 30 2016..........SUNRISE   628 AM EDT   SUNSET   834 PM EDT


-  INDICATES NEGATIVE NUMBERS.
R  INDICATES RECORD WAS SET OR TIED.
MM INDICATES DATA IS MISSING.
T  INDICATES TRACE AMOUNT.

$$
RCS
