960
CDUS41 KRNK 230922
CLIBLF


CLIMATE REPORT
NATIONAL WEATHER SERVICE BLACKSBURG VA
516 AM EDT WED AUG 23 2017


...................................

...THE BLUEFIELD WV CLIMATE SUMMARY FOR AUGUST 22 2017...

CLIMATE NORMAL PERIOD 1981 TO 2010
CLIMATE RECORD PERIOD 1959 TO 2017


WEATHER ITEM   OBSERVED TIME   RECORD YEAR NORMAL DEPARTURE LAST
                VALUE   (LST)  VALUE       VALUE  FROM      YEAR
                                                  NORMAL
..................................................................
TEMPERATURE (F)
 YESTERDAY
  MAXIMUM         83    313 PM  92    1983  81      2       72
  MINIMUM         66    545 AM  48    1985  63      3       57
  AVERAGE         75                        72      3       65

PRECIPITATION (IN)
  YESTERDAY        T             1.03 1965   0.10  -0.10     0.00
  MONTH TO DATE    2.07                      2.39  -0.32     2.85
  SINCE JUN 1     11.12                     10.70   0.42    11.80
  SINCE JAN 1     31.92                     27.52   4.40    26.56

SNOWFALL (IN)
  YESTERDAY        0.0                                       0.0
  MONTH TO DATE    0.0                                       0.0
  SINCE JUN 1      0.0                                       0.0
  SINCE JUL 1      0.0                                       0.0
  SNOW DEPTH       0

DEGREE DAYS
 HEATING
  YESTERDAY        0                         0      0        0
  MONTH TO DATE    5                         0      5        0
  SINCE JUN 1     56                        24     32       16
  SINCE JUL 1     11                         2      9        0

 COOLING
  YESTERDAY       10                         7      3        0
  MONTH TO DATE  100                       171    -71      151
  SINCE JUN 1    367                       585   -218      509
  SINCE JAN 1    419                       676   -257      536
..................................................................


WIND (MPH)
  HIGHEST WIND SPEED    20   HIGHEST WIND DIRECTION    SW (240)
  HIGHEST GUST SPEED    26   HIGHEST GUST DIRECTION    SW (230)
  AVERAGE WIND SPEED     7.4


SKY COVER
  AVERAGE SKY COVER 0.2


WEATHER CONDITIONS
 THE FOLLOWING WEATHER WAS RECORDED YESTERDAY.
  LIGHT RAIN


RELATIVE HUMIDITY (PERCENT)
 HIGHEST    81           300 AM
 LOWEST     47           400 PM
 AVERAGE    64

..........................................................


THE BLUEFIELD WV CLIMATE NORMALS FOR TODAY
                         NORMAL    RECORD    YEAR
 MAXIMUM TEMPERATURE (F)   81        94      2007
 MINIMUM TEMPERATURE (F)   63        51      1997


SUNRISE AND SUNSET
AUGUST 23 2017........SUNRISE   648 AM EDT   SUNSET   806 PM EDT
AUGUST 24 2017........SUNRISE   649 AM EDT   SUNSET   805 PM EDT


-  INDICATES NEGATIVE NUMBERS.
R  INDICATES RECORD WAS SET OR TIED.
MM INDICATES DATA IS MISSING.
T  INDICATES TRACE AMOUNT.

$$

RAB
