695
CDUS46 KSEW 110833
CLIBLI


CLIMATE REPORT
NATIONAL WEATHER SERVICE SEATTLE WA
1233 AM PST THU FEB 11 2016


...................................

...THE BELLINGHAM WA AIRPORT CLIMATE SUMMARY FOR FEBRUARY 10 2016...

CLIMATE NORMAL PERIOD 1981 TO 2010
CLIMATE RECORD PERIOD 1949 TO 2016


WEATHER ITEM   OBSERVED TIME   RECORD YEAR NORMAL DEPARTURE LAST
                VALUE   (LST)  VALUE       VALUE  FROM      YEAR
                                                  NORMAL
..................................................................
TEMPERATURE (F)
 YESTERDAY
  MAXIMUM         57    317 PM  66    1963  48      9       53
  MINIMUM         39   1159 PM  20    1994  33      6       44
                                      1989
  AVERAGE         48                        40      8       49

PRECIPITATION (IN)
  YESTERDAY        0.10          1.73 1990   0.11  -0.01     0.24
  MONTH TO DATE    0.76                      1.15  -0.39     1.98
  SINCE OCT 1     17.94                     19.52  -1.58    22.20
  SINCE JAN 1      3.87                      5.82  -1.95     7.47

DEGREE DAYS
 HEATING
  YESTERDAY       17                        25     -8       16
  MONTH TO DATE  205                       250    -45      149
  SINCE DEC 1   1643                      1884   -241     1536

 COOLING
  YESTERDAY        0                         0      0        0
  MONTH TO DATE    0                         0      0        0
  SINCE DEC 1      0                         0      0        0
  SINCE JAN 1      0                         0      0        0
..................................................................


WIND (MPH)
  RESULTANT WIND SPEED   4   RESULTANT WIND DIRECTION  SE (140)
  HIGHEST WIND SPEED    25   HIGHEST WIND DIRECTION    SE (150)
  HIGHEST GUST SPEED    31   HIGHEST GUST DIRECTION    SE (150)
  AVERAGE WIND SPEED     6.0


SKY COVER
  AVERAGE SKY COVER 0.6


WEATHER CONDITIONS
 THE FOLLOWING WEATHER WAS RECORDED YESTERDAY.
  LIGHT RAIN
  FOG


RELATIVE HUMIDITY (PERCENT)
 HIGHEST   100          1100 PM
 LOWEST     72           200 PM
 AVERAGE    86

..........................................................


THE BELLINGHAM WA AIRPORT CLIMATE NORMALS FOR TODAY
                         NORMAL    RECORD    YEAR
 MAXIMUM TEMPERATURE (F)   48        63      1983
 MINIMUM TEMPERATURE (F)   33        17      1981


SUNRISE AND SUNSET
FEBRUARY 11 2016......SUNRISE   725 AM PST   SUNSET   524 PM PST
FEBRUARY 12 2016......SUNRISE   724 AM PST   SUNSET   526 PM PST


-  INDICATES NEGATIVE NUMBERS.
R  INDICATES RECORD WAS SET OR TIED.
MM INDICATES DATA IS MISSING.
T  INDICATES TRACE AMOUNT.




$$
