000
CDUS46 KSEW 220828
CLIBLI


CLIMATE REPORT
NATIONAL WEATHER SERVICE SEATTLE WA
1227 AM PST WED FEB 22 2017


...................................

...THE BELLINGHAM WA AIRPORT CLIMATE SUMMARY FOR FEBRUARY 21 2017...

CLIMATE NORMAL PERIOD 1981 TO 2010
CLIMATE RECORD PERIOD 1949 TO 2017


WEATHER ITEM   OBSERVED TIME   RECORD YEAR NORMAL DEPARTURE LAST
                VALUE   (LST)  VALUE       VALUE  FROM      YEAR
                                                  NORMAL
..................................................................
TEMPERATURE (F)
 YESTERDAY
  MAXIMUM         48    242 PM  61    1958  49     -1       48
  MINIMUM         36   1024 PM  23    1952  33      3       33
  AVERAGE         42                        41      1       41

PRECIPITATION (IN)
  YESTERDAY        0.01          1.65 2002   0.10  -0.09     0.02
  MONTH TO DATE    3.70                      2.30   1.40     5.31
  SINCE OCT 1     24.49                     20.67   3.82    22.49
  SINCE JAN 1      5.37                      6.97  -1.60     8.42

DEGREE DAYS
 HEATING
  YESTERDAY       23                        24     -1       24
  MONTH TO DATE  537                       515     22      400
  SINCE DEC 1   2394                      2149    245     1838

 COOLING
  YESTERDAY        0                         0      0        0
  MONTH TO DATE    0                         0      0        0
  SINCE DEC 1      0                         0      0        0
  SINCE JAN 1      0                         0      0        0
..................................................................


WIND (MPH)
  RESULTANT WIND SPEED   0   RESULTANT WIND DIRECTION   W (280)
  HIGHEST WIND SPEED    10   HIGHEST WIND DIRECTION    NW (300)
  HIGHEST GUST SPEED    13   HIGHEST GUST DIRECTION    NW (330)
  AVERAGE WIND SPEED     3.0


SKY COVER
  AVERAGE SKY COVER 0.8


WEATHER CONDITIONS
 THE FOLLOWING WEATHER WAS RECORDED YESTERDAY.
  LIGHT RAIN
  FOG
  FOG W/VISIBILITY <= 1/4 MILE


RELATIVE HUMIDITY (PERCENT)
 HIGHEST   100           400 AM
 LOWEST     65           300 PM
 AVERAGE    83

..........................................................


THE BELLINGHAM WA AIRPORT CLIMATE NORMALS FOR TODAY
                         NORMAL    RECORD    YEAR
 MAXIMUM TEMPERATURE (F)   49        59      2004
                                             1966
 MINIMUM TEMPERATURE (F)   33        23      1957


SUNRISE AND SUNSET
FEBRUARY 22 2017......SUNRISE   705 AM PST   SUNSET   543 PM PST
FEBRUARY 23 2017......SUNRISE   703 AM PST   SUNSET   545 PM PST


-  INDICATES NEGATIVE NUMBERS.
R  INDICATES RECORD WAS SET OR TIED.
MM INDICATES DATA IS MISSING.
T  INDICATES TRACE AMOUNT.




$$
