000
CDUS46 KSEW 280828
CLIBLI


CLIMATE REPORT
NATIONAL WEATHER SERVICE SEATTLE WA
127 AM PDT WED SEP 28 2016


...................................

...THE BELLINGHAM WA AIRPORT CLIMATE SUMMARY FOR SEPTEMBER 27 2016...

CLIMATE NORMAL PERIOD 1981 TO 2010
CLIMATE RECORD PERIOD 1949 TO 2016


WEATHER ITEM   OBSERVED TIME   RECORD YEAR NORMAL DEPARTURE LAST
                VALUE   (LST)  VALUE       VALUE  FROM      YEAR
                                                  NORMAL
..................................................................
TEMPERATURE (F)
 YESTERDAY
  MAXIMUM         64    258 PM  81    1963  64      0       61
  MINIMUM         49   1135 PM  28    1972  45      4       36
  AVERAGE         57                        54      3       49

PRECIPITATION (IN)
  YESTERDAY        0.00          0.66 1953   0.07  -0.07     0.00
  MONTH TO DATE    1.62                      1.56   0.06     2.48
  SINCE OCT 1     33.48                     35.61  -2.13    34.31
  SINCE JAN 1     19.41                     21.91  -2.50    19.58

DEGREE DAYS
 HEATING
  YESTERDAY        8                        10     -2       16
  MONTH TO DATE  165                       196    -31      207
  SINCE SEP 1    165                       196    -31      207

 COOLING
  YESTERDAY        0                         0      0        0
  MONTH TO DATE    0                         0      0        0
  SINCE SEP 1      0                         0      0        0
  SINCE JAN 1    101                        40     61      193
..................................................................


WIND (MPH)
  RESULTANT WIND SPEED   1   RESULTANT WIND DIRECTION   W (260)
  HIGHEST WIND SPEED    13   HIGHEST WIND DIRECTION    NW (300)
  HIGHEST GUST SPEED    18   HIGHEST GUST DIRECTION    NW (300)
  AVERAGE WIND SPEED     3.0


SKY COVER
  AVERAGE SKY COVER 0.3


WEATHER CONDITIONS
 THE FOLLOWING WEATHER WAS RECORDED YESTERDAY.
  NO SIGNIFICANT WEATHER WAS OBSERVED.


RELATIVE HUMIDITY (PERCENT)
 HIGHEST    93          1000 PM
 LOWEST     60           100 PM
 AVERAGE    77

..........................................................


THE BELLINGHAM WA AIRPORT CLIMATE NORMALS FOR TODAY
                         NORMAL    RECORD    YEAR
 MAXIMUM TEMPERATURE (F)   64        87      2003
 MINIMUM TEMPERATURE (F)   45        33      1983


SUNRISE AND SUNSET
SEPTEMBER 28 2016.....SUNRISE   706 AM PDT   SUNSET   654 PM PDT
SEPTEMBER 29 2016.....SUNRISE   708 AM PDT   SUNSET   652 PM PDT


-  INDICATES NEGATIVE NUMBERS.
R  INDICATES RECORD WAS SET OR TIED.
MM INDICATES DATA IS MISSING.
T  INDICATES TRACE AMOUNT.




$$
