000
CDUS46 KSEW 300827
CLIBLI


CLIMATE REPORT
NATIONAL WEATHER SERVICE SEATTLE WA
126 AM PDT TUE JUN 30 2015


...................................

...THE BELLINGHAM WA AIRPORT CLIMATE SUMMARY FOR JUNE 29 2015...

CLIMATE NORMAL PERIOD 1981 TO 2010
CLIMATE RECORD PERIOD 1949 TO 2015


WEATHER ITEM   OBSERVED TIME   RECORD YEAR NORMAL DEPARTURE LAST
                VALUE   (LST)  VALUE       VALUE  FROM      YEAR
                                                  NORMAL
..................................................................
TEMPERATURE (F)
 YESTERDAY
  MAXIMUM         81    406 PM  89    1995  69     12       68
  MINIMUM         65   1159 PM  39    1975  52     13       54
  AVERAGE         73                        60     13       61

PRECIPITATION (IN)
  YESTERDAY        0.00          0.82 1992   0.04  -0.04     0.03
  MONTH TO DATE    0.26                      1.81  -1.55     1.08
  SINCE OCT 1     29.63                     31.59  -1.96    28.27
  SINCE JAN 1     14.90                     17.89  -2.99    17.96

DEGREE DAYS
 HEATING
  YESTERDAY        0                         5     -5        4
  MONTH TO DATE   69                       190   -121      133
  SINCE JUN 1     69                       190   -121      133

 COOLING
  YESTERDAY        8                         0      8        0
  MONTH TO DATE   44                         0     44        1
  SINCE JUN 1     44                         0     44        1
  SINCE JAN 1     44                         0     44        2
..................................................................


WIND (MPH)
  RESULTANT WIND SPEED   8   RESULTANT WIND DIRECTION   S (170)
  HIGHEST WIND SPEED    16   HIGHEST WIND DIRECTION     S (170)
  HIGHEST GUST SPEED    22   HIGHEST GUST DIRECTION     S (170)
  AVERAGE WIND SPEED     8.0


SKY COVER
  AVERAGE SKY COVER 0.0


WEATHER CONDITIONS
 THE FOLLOWING WEATHER WAS RECORDED YESTERDAY.
  THUNDERSTORM


RELATIVE HUMIDITY (PERCENT)
 HIGHEST    81           300 AM
 LOWEST     45           400 PM
 AVERAGE    63

..........................................................


THE BELLINGHAM WA AIRPORT CLIMATE NORMALS FOR TODAY
                         NORMAL    RECORD    YEAR
 MAXIMUM TEMPERATURE (F)   69        87      2013
 MINIMUM TEMPERATURE (F)   52        38      1949


SUNRISE AND SUNSET
JUNE 30 2015..........SUNRISE   510 AM PDT   SUNSET   917 PM PDT
JULY  1 2015..........SUNRISE   511 AM PDT   SUNSET   917 PM PDT


-  INDICATES NEGATIVE NUMBERS.
R  INDICATES RECORD WAS SET OR TIED.
MM INDICATES DATA IS MISSING.
T  INDICATES TRACE AMOUNT.




$$
