000
CDUS46 KSEW 260830
CLIBLI


CLIMATE REPORT
NATIONAL WEATHER SERVICE SEATTLE WA
130 AM PDT FRI AUG 26 2016


...................................

...THE BELLINGHAM WA AIRPORT CLIMATE SUMMARY FOR AUGUST 25 2016...

CLIMATE NORMAL PERIOD 1981 TO 2010
CLIMATE RECORD PERIOD 1949 TO 2016


WEATHER ITEM   OBSERVED TIME   RECORD YEAR NORMAL DEPARTURE LAST
                VALUE   (LST)  VALUE       VALUE  FROM      YEAR
                                                  NORMAL
..................................................................
TEMPERATURE (F)
 YESTERDAY
  MAXIMUM         85R   241 PM  83    1958  71     14       75
  MINIMUM         54    555 AM  40    1954  52      2       48
  AVERAGE         70                        62      8       62

PRECIPITATION (IN)
  YESTERDAY        0.00          0.77 1968   0.05  -0.05     0.00
  MONTH TO DATE    0.02                      0.94  -0.92     0.22
  SINCE OCT 1     31.66                     33.76  -2.10    30.52
  SINCE JAN 1     17.59                     20.06  -2.47    15.79

DEGREE DAYS
 HEATING
  YESTERDAY        0                         3     -3        3
  MONTH TO DATE   30                        56    -26       20
  SINCE JUN 1    217                       358   -141      102

 COOLING
  YESTERDAY        5                         0      5        0
  MONTH TO DATE   47                         0     47       51
  SINCE JUN 1     93                        23     70      189
  SINCE JAN 1     94                        23     71      189
..................................................................


WIND (MPH)
  RESULTANT WIND SPEED   2   RESULTANT WIND DIRECTION   W (270)
  HIGHEST WIND SPEED    13   HIGHEST WIND DIRECTION     W (280)
  HIGHEST GUST SPEED    17   HIGHEST GUST DIRECTION     W (260)
  AVERAGE WIND SPEED     3.0


SKY COVER
  AVERAGE SKY COVER 0.0


WEATHER CONDITIONS
 THE FOLLOWING WEATHER WAS RECORDED YESTERDAY.
  NO SIGNIFICANT WEATHER WAS OBSERVED.


RELATIVE HUMIDITY (PERCENT)
 HIGHEST    93           400 AM
 LOWEST     32           300 PM
 AVERAGE    63

..........................................................


THE BELLINGHAM WA AIRPORT CLIMATE NORMALS FOR TODAY
                         NORMAL    RECORD    YEAR
 MAXIMUM TEMPERATURE (F)   71        84      2014
 MINIMUM TEMPERATURE (F)   52        42      1949


SUNRISE AND SUNSET
AUGUST 26 2016........SUNRISE   619 AM PDT   SUNSET   803 PM PDT
AUGUST 27 2016........SUNRISE   621 AM PDT   SUNSET   801 PM PDT


-  INDICATES NEGATIVE NUMBERS.
R  INDICATES RECORD WAS SET OR TIED.
MM INDICATES DATA IS MISSING.
T  INDICATES TRACE AMOUNT.




$$
