000
CDUS46 KSEW 280830
CLIBLI


CLIMATE REPORT
NATIONAL WEATHER SERVICE SEATTLE WA
130 AM PDT FRI APR 28 2017


...................................

...THE BELLINGHAM WA AIRPORT CLIMATE SUMMARY FOR APRIL 27 2017...

CLIMATE NORMAL PERIOD 1981 TO 2010
CLIMATE RECORD PERIOD 1949 TO 2017


WEATHER ITEM   OBSERVED TIME   RECORD YEAR NORMAL DEPARTURE LAST
                VALUE   (LST)  VALUE       VALUE  FROM      YEAR
                                                  NORMAL
..................................................................
TEMPERATURE (F)
 YESTERDAY
  MAXIMUM         56    433 PM  77    1987  59     -3       61
  MINIMUM         43    954 PM  29    1954  42      1       45
  AVERAGE         50                        50      0       53

PRECIPITATION (IN)
  YESTERDAY        0.01          0.90 2011   0.07  -0.06     0.00
  MONTH TO DATE    2.70                      2.45   0.25     2.39
  SINCE OCT 1     33.68                     27.06   6.62    28.96
  SINCE JAN 1     14.56                     13.36   1.20    14.89

DEGREE DAYS
 HEATING
  YESTERDAY       15                        15      0       12
  MONTH TO DATE  380                       453    -73      292
  SINCE MAR 1    986                      1096   -110      788

 COOLING
  YESTERDAY        0                         0      0        0
  MONTH TO DATE    0                         0      0        0
  SINCE MAR 1      0                         0      0        0
  SINCE JAN 1      0                         0      0        0
..................................................................


WIND (MPH)
  RESULTANT WIND SPEED   4   RESULTANT WIND DIRECTION   S (180)
  HIGHEST WIND SPEED    12   HIGHEST WIND DIRECTION     S (160)
  HIGHEST GUST SPEED    16   HIGHEST GUST DIRECTION     S (170)
  AVERAGE WIND SPEED     4.5


SKY COVER
  AVERAGE SKY COVER 0.7


WEATHER CONDITIONS
 THE FOLLOWING WEATHER WAS RECORDED YESTERDAY.
  LIGHT RAIN
  FOG


RELATIVE HUMIDITY (PERCENT)
 HIGHEST    96          1000 PM
 LOWEST     47           500 PM
 AVERAGE    72

..........................................................


THE BELLINGHAM WA AIRPORT CLIMATE NORMALS FOR TODAY
                         NORMAL    RECORD    YEAR
 MAXIMUM TEMPERATURE (F)   59        73      1976
 MINIMUM TEMPERATURE (F)   42        30      1955


SUNRISE AND SUNSET
APRIL 28 2017.........SUNRISE   554 AM PDT   SUNSET   822 PM PDT
APRIL 29 2017.........SUNRISE   553 AM PDT   SUNSET   823 PM PDT


-  INDICATES NEGATIVE NUMBERS.
R  INDICATES RECORD WAS SET OR TIED.
MM INDICATES DATA IS MISSING.
T  INDICATES TRACE AMOUNT.




$$
