000
CDUS46 KSEW 270830
CLIBLI


CLIMATE REPORT
NATIONAL WEATHER SERVICE SEATTLE WA
1230 AM PST TUE JAN 27 2015


...................................

...THE BELLINGHAM WA AIRPORT CLIMATE SUMMARY FOR JANUARY 26 2015...

CLIMATE NORMAL PERIOD 1981 TO 2010
CLIMATE RECORD PERIOD 1949 TO 2015


WEATHER ITEM   OBSERVED TIME   RECORD YEAR NORMAL DEPARTURE LAST
                VALUE   (LST)  VALUE       VALUE  FROM      YEAR
                                                  NORMAL
..................................................................
TEMPERATURE (F)
 YESTERDAY
  MAXIMUM         60R   346 PM  59    2003  47     13       48
  MINIMUM         38    617 AM  10    1957  33      5       26
  AVERAGE         49                        40      9       37

PRECIPITATION (IN)
  YESTERDAY        0.00          1.10 1971   0.14  -0.14     0.00
  MONTH TO DATE    5.44                      3.97   1.47     2.24
  SINCE OCT 1     20.17                     17.67   2.50    12.55
  SINCE JAN 1      5.44                      3.97   1.47     2.24

DEGREE DAYS
 HEATING
  YESTERDAY       16                        25     -9       28
  MONTH TO DATE  587                       673    -86      610
  SINCE DEC 1   1282                      1507   -225     1502

 COOLING
  YESTERDAY        0                         0      0        0
  MONTH TO DATE    0                         0      0        0
  SINCE DEC 1      0                         0      0        0
  SINCE JAN 1      0                         0      0        0
..................................................................


WIND (MPH)
  RESULTANT WIND SPEED   1   RESULTANT WIND DIRECTION   S (180)
  HIGHEST WIND SPEED    12   HIGHEST WIND DIRECTION     S (180)
  HIGHEST GUST SPEED    16   HIGHEST GUST DIRECTION     S (170)
  AVERAGE WIND SPEED     4.3


SKY COVER
  AVERAGE SKY COVER 0.6


WEATHER CONDITIONS
 THE FOLLOWING WEATHER WAS RECORDED YESTERDAY.
  FOG
  FOG W/VISIBILITY <= 1/4 MILE


RELATIVE HUMIDITY (PERCENT)
 HIGHEST   100           900 AM
 LOWEST     57           300 PM
 AVERAGE    79

..........................................................


THE BELLINGHAM WA AIRPORT CLIMATE NORMALS FOR TODAY
                         NORMAL    RECORD    YEAR
 MAXIMUM TEMPERATURE (F)   47        58      1986
 MINIMUM TEMPERATURE (F)   33         8      1957


SUNRISE AND SUNSET
JANUARY 27 2015.......SUNRISE   747 AM PST   SUNSET   500 PM PST
JANUARY 28 2015.......SUNRISE   745 AM PST   SUNSET   501 PM PST


-  INDICATES NEGATIVE NUMBERS.
R  INDICATES RECORD WAS SET OR TIED.
MM INDICATES DATA IS MISSING.
T  INDICATES TRACE AMOUNT.




$$
