000
CDUS46 KSEW 200834
CLIBLI


CLIMATE REPORT
NATIONAL WEATHER SERVICE SEATTLE WA
133 AM PDT FRI OCT 20 2017


...................................

...THE BELLINGHAM WA AIRPORT CLIMATE SUMMARY FOR OCTOBER 19 2017...

CLIMATE NORMAL PERIOD 1981 TO 2010
CLIMATE RECORD PERIOD 1949 TO 2017


WEATHER ITEM   OBSERVED TIME   RECORD YEAR NORMAL DEPARTURE LAST
                VALUE   (LST)  VALUE       VALUE  FROM      YEAR
                                                  NORMAL
..................................................................
TEMPERATURE (F)
 YESTERDAY
  MAXIMUM         55   1103 AM  75    2014  57     -2       59
  MINIMUM         48   1159 PM  25    1949  41      7       43
  AVERAGE         52                        49      3       51

PRECIPITATION (IN)
  YESTERDAY        1.10          1.93 1966   0.12   0.98     0.31
  MONTH TO DATE    4.52                      1.89   2.63     5.01
  SINCE OCT 1      4.52                      1.89   2.63     5.01
  SINCE JAN 1     23.19                     24.02  -0.83    24.42

DEGREE DAYS
 HEATING
  YESTERDAY       13                        16     -3       14
  MONTH TO DATE  277                       264     13      214
  SINCE SEP 1    421                       498    -77      418

 COOLING
  YESTERDAY        0                         0      0        0
  MONTH TO DATE    0                         0      0        0
  SINCE SEP 1     31                         2     29        0
  SINCE JAN 1     97                        42     55      101
..................................................................


WIND (MPH)
  RESULTANT WIND SPEED   9   RESULTANT WIND DIRECTION  SE (150)
  HIGHEST WIND SPEED    20   HIGHEST WIND DIRECTION    SE (150)
  HIGHEST GUST SPEED    28   HIGHEST GUST DIRECTION    SE (150)
  AVERAGE WIND SPEED    10.2


SKY COVER
  AVERAGE SKY COVER 1.0


WEATHER CONDITIONS
 THE FOLLOWING WEATHER WAS RECORDED YESTERDAY.
  HEAVY RAIN
  RAIN
  LIGHT RAIN
  FOG


RELATIVE HUMIDITY (PERCENT)
 HIGHEST   100           400 PM
 LOWEST     77           900 AM
 AVERAGE    89

..........................................................


THE BELLINGHAM WA AIRPORT CLIMATE NORMALS FOR TODAY
                         NORMAL    RECORD    YEAR
 MAXIMUM TEMPERATURE (F)   57        67      1987
 MINIMUM TEMPERATURE (F)   41        24      1949


SUNRISE AND SUNSET
OCTOBER 20 2017.......SUNRISE   739 AM PDT   SUNSET   610 PM PDT
OCTOBER 21 2017.......SUNRISE   740 AM PDT   SUNSET   608 PM PDT


-  INDICATES NEGATIVE NUMBERS.
R  INDICATES RECORD WAS SET OR TIED.
MM INDICATES DATA IS MISSING.
T  INDICATES TRACE AMOUNT.




$$
