000
CDUS46 KSEW 140827
CLIBLI


CLIMATE REPORT
NATIONAL WEATHER SERVICE SEATTLE WA
126 AM PDT MON JUL 14 2014


...................................

...THE BELLINGHAM WA AIRPORT CLIMATE SUMMARY FOR JULY 13 2014...

CLIMATE NORMAL PERIOD 1981 TO 2010
CLIMATE RECORD PERIOD 1949 TO 2014


WEATHER ITEM   OBSERVED TIME   RECORD YEAR NORMAL DEPARTURE LAST
                VALUE   (LST)  VALUE       VALUE  FROM      YEAR
                                                  NORMAL
..................................................................
TEMPERATURE (F)
 YESTERDAY
  MAXIMUM         86R   335 PM  85    1961  71     15       74
  MINIMUM         58    506 AM  44    1974  53      5       48
                                      1954
  AVERAGE         72                        62     10       61

PRECIPITATION (IN)
  YESTERDAY        0.00          0.56 2003   0.04  -0.04     0.00
  MONTH TO DATE    0.01                      0.59  -0.58     0.00
  SINCE OCT 1     28.28                     32.23  -3.95    16.64
  SINCE JAN 1     17.97                     18.53  -0.56    14.86

DEGREE DAYS
 HEATING
  YESTERDAY        0                         3     -3        4
  MONTH TO DATE   11                        46    -35       25
  SINCE JUN 1    147                       247   -100      160

 COOLING
  YESTERDAY        7                         0      7        0
  MONTH TO DATE   30                         0     30       18
  SINCE JUN 1     31                         4     27       32
  SINCE JAN 1     32                         4     28       32
..................................................................


WIND (MPH)
  RESULTANT WIND SPEED   2   RESULTANT WIND DIRECTION   S (180)
  HIGHEST WIND SPEED    15   HIGHEST WIND DIRECTION     S (170)
  HIGHEST GUST SPEED    21   HIGHEST GUST DIRECTION     S (170)
  AVERAGE WIND SPEED     3.9


SKY COVER
  AVERAGE SKY COVER 0.0


WEATHER CONDITIONS
 THE FOLLOWING WEATHER WAS RECORDED YESTERDAY.
  HAZE


RELATIVE HUMIDITY (PERCENT)
 HIGHEST    86           500 AM
 LOWEST     43           200 PM
 AVERAGE    65

..........................................................


THE BELLINGHAM WA AIRPORT CLIMATE NORMALS FOR TODAY
                         NORMAL    RECORD    YEAR
 MAXIMUM TEMPERATURE (F)   71        87      1949
 MINIMUM TEMPERATURE (F)   54        46      1969


SUNRISE AND SUNSET
JULY 14 2014..........SUNRISE   522 AM PDT   SUNSET   909 PM PDT
JULY 15 2014..........SUNRISE   523 AM PDT   SUNSET   909 PM PDT


-  INDICATES NEGATIVE NUMBERS.
R  INDICATES RECORD WAS SET OR TIED.
MM INDICATES DATA IS MISSING.
T  INDICATES TRACE AMOUNT.




$$
