000
CDUS46 KSEW 310857
CLIBLI


CLIMATE REPORT
NATIONAL WEATHER SERVICE SEATTLE WA
157 AM PDT FRI JUL 31 2015


...................................

...THE BELLINGHAM WA AIRPORT CLIMATE SUMMARY FOR JULY 30 2015...

CLIMATE NORMAL PERIOD 1981 TO 2010
CLIMATE RECORD PERIOD 1949 TO 2015


WEATHER ITEM   OBSERVED TIME   RECORD YEAR NORMAL DEPARTURE LAST
                VALUE   (LST)  VALUE       VALUE  FROM      YEAR
                                                  NORMAL
..................................................................
TEMPERATURE (F)
 YESTERDAY
  MAXIMUM         88    504 PM  93    1965  73     15       79
  MINIMUM         53    516 AM  46    1986  54     -1       57
  AVERAGE         71                        63      8       68

PRECIPITATION (IN)
  YESTERDAY        0.00          0.36 1964   0.03  -0.03     0.00
  MONTH TO DATE    0.67                      1.15  -0.48     1.13
  SINCE OCT 1     30.30                     32.79  -2.49    29.40
  SINCE JAN 1     15.57                     19.09  -3.52    19.09

DEGREE DAYS
 HEATING
  YESTERDAY        0                         2     -2        0
  MONTH TO DATE   13                        83    -70       35
  SINCE JUN 1     82                       284   -202      171

 COOLING
  YESTERDAY        6                         0      6        3
  MONTH TO DATE   84                         0     84       48
  SINCE JUN 1    132                         4    128       49
  SINCE JAN 1    132                         4    128       50
..................................................................


WIND (MPH)
  RESULTANT WIND SPEED   1   RESULTANT WIND DIRECTION  NW (320)
  HIGHEST WIND SPEED    10   HIGHEST WIND DIRECTION     W (270)
  HIGHEST GUST SPEED    15   HIGHEST GUST DIRECTION     W (270)
  AVERAGE WIND SPEED     3.6


SKY COVER
  AVERAGE SKY COVER 0.0


WEATHER CONDITIONS
 THE FOLLOWING WEATHER WAS RECORDED YESTERDAY.
  NO SIGNIFICANT WEATHER WAS OBSERVED.


RELATIVE HUMIDITY (PERCENT)
 HIGHEST    93           200 AM
 LOWEST     29           500 PM
 AVERAGE    61

..........................................................


THE BELLINGHAM WA AIRPORT CLIMATE NORMALS FOR TODAY
                         NORMAL    RECORD    YEAR
 MAXIMUM TEMPERATURE (F)   73        90      1965
 MINIMUM TEMPERATURE (F)   54        45      2008
                                             1957


SUNRISE AND SUNSET
JULY 31 2015..........SUNRISE   542 AM PDT   SUNSET   850 PM PDT
AUGUST  1 2015........SUNRISE   544 AM PDT   SUNSET   849 PM PDT


-  INDICATES NEGATIVE NUMBERS.
R  INDICATES RECORD WAS SET OR TIED.
MM INDICATES DATA IS MISSING.
T  INDICATES TRACE AMOUNT.




$$
