000
CDUS46 KSEW 270850
CLIBLI


CLIMATE REPORT
NATIONAL WEATHER SERVICE SEATTLE WA
149 AM PDT TUE JUN 27 2017


...................................

...THE BELLINGHAM WA AIRPORT CLIMATE SUMMARY FOR JUNE 26 2017...

CLIMATE NORMAL PERIOD 1981 TO 2010
CLIMATE RECORD PERIOD 1949 TO 2017


WEATHER ITEM   OBSERVED TIME   RECORD YEAR NORMAL DEPARTURE LAST
                VALUE   (LST)  VALUE       VALUE  FROM      YEAR
                                                  NORMAL
..................................................................
TEMPERATURE (F)
 YESTERDAY
  MAXIMUM         70    408 PM  83    2015  68      2       77
  MINIMUM         58   1006 PM  41    1971  52      6       49
  AVERAGE         64                        60      4       63

PRECIPITATION (IN)
  YESTERDAY        0.00          0.70 1958   0.05  -0.05     0.00
  MONTH TO DATE    0.95                      1.67  -0.72     0.92
  SINCE OCT 1     35.86                     31.45   4.41    30.99
  SINCE JAN 1     16.74                     17.75  -1.01    16.92

DEGREE DAYS
 HEATING
  YESTERDAY        1                         5     -4        2
  MONTH TO DATE  133                       175    -42      137
  SINCE JUN 1    133                       175    -42      137

 COOLING
  YESTERDAY        0                         0      0        0
  MONTH TO DATE    9                         0      9       16
  SINCE JUN 1      9                         0      9       16
  SINCE JAN 1     11                         0     11       17
..................................................................


WIND (MPH)
  RESULTANT WIND SPEED  11   RESULTANT WIND DIRECTION   S (170)
  HIGHEST WIND SPEED    20   HIGHEST WIND DIRECTION     S (160)
  HIGHEST GUST SPEED    30   HIGHEST GUST DIRECTION     S (160)
  AVERAGE WIND SPEED    10.6


SKY COVER
  AVERAGE SKY COVER 0.0


WEATHER CONDITIONS
 THE FOLLOWING WEATHER WAS RECORDED YESTERDAY.
  NO SIGNIFICANT WEATHER WAS OBSERVED.


RELATIVE HUMIDITY (PERCENT)
 HIGHEST    80           900 PM
 LOWEST     52           300 AM
 AVERAGE    66

..........................................................


THE BELLINGHAM WA AIRPORT CLIMATE NORMALS FOR TODAY
                         NORMAL    RECORD    YEAR
 MAXIMUM TEMPERATURE (F)   68        87      2015
 MINIMUM TEMPERATURE (F)   52        44      1976
                                             1963


SUNRISE AND SUNSET
JUNE 27 2017..........SUNRISE   509 AM PDT   SUNSET   917 PM PDT
JUNE 28 2017..........SUNRISE   510 AM PDT   SUNSET   917 PM PDT


-  INDICATES NEGATIVE NUMBERS.
R  INDICATES RECORD WAS SET OR TIED.
MM INDICATES DATA IS MISSING.
T  INDICATES TRACE AMOUNT.




$$
