202
CDUS46 KSEW 200829
CLIBLI


CLIMATE REPORT
NATIONAL WEATHER SERVICE SEATTLE WA
128 AM PDT SUN AUG 20 2017


...................................

...THE BELLINGHAM WA AIRPORT CLIMATE SUMMARY FOR AUGUST 19 2017...

CLIMATE NORMAL PERIOD 1981 TO 2010
CLIMATE RECORD PERIOD 1949 TO 2017


WEATHER ITEM   OBSERVED TIME   RECORD YEAR NORMAL DEPARTURE LAST
                VALUE   (LST)  VALUE       VALUE  FROM      YEAR
                                                  NORMAL
..................................................................
TEMPERATURE (F)
 YESTERDAY
  MAXIMUM         73    421 PM  89    2016  72      1       89
  MINIMUM         57    544 AM  44    1973  53      4       60
  AVERAGE         65                        62      3       75

PRECIPITATION (IN)
  YESTERDAY        0.00          1.05 1976   0.04  -0.04     0.00
  MONTH TO DATE    0.09                      0.66  -0.57     0.02
  SINCE OCT 1     36.03                     33.48   2.55    31.66
  SINCE JAN 1     16.91                     19.78  -2.87    17.59

DEGREE DAYS
 HEATING
  YESTERDAY        0                         3     -3        0
  MONTH TO DATE   17                        38    -21       19
  SINCE JUN 1    205                       340   -135      206

 COOLING
  YESTERDAY        0                         0      0       10
  MONTH TO DATE   24                         0     24       36
  SINCE JUN 1     48                        23     25       82
  SINCE JAN 1     50                        23     27       83
..................................................................


WIND (MPH)
  RESULTANT WIND SPEED   5   RESULTANT WIND DIRECTION   S (160)
  HIGHEST WIND SPEED    12   HIGHEST WIND DIRECTION     W (290)
  HIGHEST GUST SPEED    17   HIGHEST GUST DIRECTION     S (160)
  AVERAGE WIND SPEED     6.4


SKY COVER
  AVERAGE SKY COVER 0.3


WEATHER CONDITIONS
 THE FOLLOWING WEATHER WAS RECORDED YESTERDAY.
  NO SIGNIFICANT WEATHER WAS OBSERVED.


RELATIVE HUMIDITY (PERCENT)
 HIGHEST    93           500 AM
 LOWEST     41           400 PM
 AVERAGE    67

..........................................................


THE BELLINGHAM WA AIRPORT CLIMATE NORMALS FOR TODAY
                         NORMAL    RECORD    YEAR
 MAXIMUM TEMPERATURE (F)   72        83      1958
                                             1951
 MINIMUM TEMPERATURE (F)   53        44      1966
                                             1952


SUNRISE AND SUNSET
AUGUST 20 2017........SUNRISE   611 AM PDT   SUNSET   815 PM PDT
AUGUST 21 2017........SUNRISE   612 AM PDT   SUNSET   813 PM PDT


-  INDICATES NEGATIVE NUMBERS.
R  INDICATES RECORD WAS SET OR TIED.
MM INDICATES DATA IS MISSING.
T  INDICATES TRACE AMOUNT.




$$
