604
CDUS46 KSEW 080834
CLIBLI


CLIMATE REPORT
NATIONAL WEATHER SERVICE SEATTLE WA
1234 AM PST THU DEC 8 2016


...................................

...THE BELLINGHAM WA AIRPORT CLIMATE SUMMARY FOR DECEMBER 7 2016...

CLIMATE NORMAL PERIOD 1981 TO 2010
CLIMATE RECORD PERIOD 1949 TO 2016


WEATHER ITEM   OBSERVED TIME   RECORD YEAR NORMAL DEPARTURE LAST
                VALUE   (LST)  VALUE       VALUE  FROM      YEAR
                                                  NORMAL
..................................................................
TEMPERATURE (F)
 YESTERDAY
  MAXIMUM         32    210 PM  57    1990  45    -13       54
  MINIMUM         24    834 AM   8    1980  33     -9       49
  AVERAGE         28                        39    -11       52

PRECIPITATION (IN)
  YESTERDAY        0.00          0.68 1976   0.15  -0.15     0.10
  MONTH TO DATE    1.00                      1.13  -0.13     0.77
  SINCE OCT 1     16.16                     10.61   5.55     8.74
  SINCE JAN 1     35.57                     32.74   2.83    28.32

DEGREE DAYS
 HEATING
  YESTERDAY       37                        26     11       13
  MONTH TO DATE  191                       180     11      101
  SINCE DEC 1    191                       180     11      101

 COOLING
  YESTERDAY        0                         0      0        0
  MONTH TO DATE    0                         0      0        0
  SINCE DEC 1      0                         0      0        0
  SINCE JAN 1    101                        42     59      193
..................................................................


WIND (MPH)
  RESULTANT WIND SPEED  16   RESULTANT WIND DIRECTION   N (20)
  HIGHEST WIND SPEED    23   HIGHEST WIND DIRECTION     N (20)
  HIGHEST GUST SPEED    34   HIGHEST GUST DIRECTION    NE (30)
  AVERAGE WIND SPEED    16.0


SKY COVER
  AVERAGE SKY COVER 0.0


WEATHER CONDITIONS
 THE FOLLOWING WEATHER WAS RECORDED YESTERDAY.
  NO SIGNIFICANT WEATHER WAS OBSERVED.


RELATIVE HUMIDITY (PERCENT)
 HIGHEST    46           800 PM
 LOWEST     32           100 PM
 AVERAGE    39

..........................................................


THE BELLINGHAM WA AIRPORT CLIMATE NORMALS FOR TODAY
                         NORMAL    RECORD    YEAR
 MAXIMUM TEMPERATURE (F)   45        62      2014
 MINIMUM TEMPERATURE (F)   32         9      1972


SUNRISE AND SUNSET
DECEMBER  8 2016......SUNRISE   751 AM PST   SUNSET   414 PM PST
DECEMBER  9 2016......SUNRISE   752 AM PST   SUNSET   414 PM PST


-  INDICATES NEGATIVE NUMBERS.
R  INDICATES RECORD WAS SET OR TIED.
MM INDICATES DATA IS MISSING.
T  INDICATES TRACE AMOUNT.




$$
