849
CDUS43 KIND 180541
CLIBMG


CLIMATE REPORT
NATIONAL WEATHER SERVICE INDIANAPOLIS IN
1241 AM EST MON DEC 18 2017


...................................

...THE BLOOMINGTON IN CLIMATE SUMMARY FOR DECEMBER 17 2017...

CLIMATE NORMAL PERIOD 1981 TO 2010
CLIMATE RECORD PERIOD 9999 TO 9999


WEATHER ITEM   OBSERVED TIME   NORMAL DEPARTURE LAST
                VALUE   (LST)  VALUE  FROM      YEAR
                                      NORMAL
......................................................
TEMPERATURE (F)
 YESTERDAY
  MAXIMUM         47    434 PM  40      7       38
  MINIMUM         41    949 AM  23     18       27
  AVERAGE         44            31     13       33

PRECIPITATION (IN)
  YESTERDAY        0.01          0.09  -0.08     0.55
  MONTH TO DATE    0.46          1.72  -1.26     1.52
  SINCE DEC 1      0.46          1.72  -1.26     1.52
  SINCE JAN 1     39.42         45.73  -6.31    49.32

DEGREE DAYS
 HEATING
  YESTERDAY       21            34    -13       32
  MONTH TO DATE  500           530    -30      600
  SINCE DEC 1    500           530    -30      600
  SINCE JUL 1   1417          1586   -169     1283

 COOLING
  YESTERDAY        0             0      0        0
  MONTH TO DATE    0             0      0        0
  SINCE DEC 1      0             0      0        0
  SINCE JAN 1   1088           927    161     1322
......................................................


WIND (MPH)
  HIGHEST WIND SPEED    13   HIGHEST WIND DIRECTION     S (200)
  HIGHEST GUST SPEED    16   HIGHEST GUST DIRECTION    SW (220)
  AVERAGE WIND SPEED     6.8


SKY COVER
  AVERAGE SKY COVER 0.6


WEATHER CONDITIONS
 THE FOLLOWING WEATHER WAS RECORDED YESTERDAY.
  LIGHT RAIN
  FOG


RELATIVE HUMIDITY (PERCENT)
 HIGHEST    76           900 PM
 LOWEST     53          1200 AM
 AVERAGE    65

..........................................................


THE BLOOMINGTON IN CLIMATE NORMALS FOR TODAY
                         NORMAL
 MAXIMUM TEMPERATURE (F)   39
 MINIMUM TEMPERATURE (F)   23


SUNRISE AND SUNSET
DECEMBER 18 2017......SUNRISE   801 AM EST   SUNSET   526 PM EST
DECEMBER 19 2017......SUNRISE   801 AM EST   SUNSET   526 PM EST


-  INDICATES NEGATIVE NUMBERS.
R  INDICATES RECORD WAS SET OR TIED.
MM INDICATES DATA IS MISSING.
T  INDICATES TRACE AMOUNT.




$$
