000
CDUS43 KIND 250532
CLIBMG


CLIMATE REPORT
NATIONAL WEATHER SERVICE INDIANAPOLIS IN
131 AM EDT WED MAY 25 2016


...................................

...THE BLOOMINGTON IN CLIMATE SUMMARY FOR MAY 24 2016...

CLIMATE NORMAL PERIOD 1981 TO 2010
CLIMATE RECORD PERIOD 9999 TO 9999


WEATHER ITEM   OBSERVED TIME   NORMAL DEPARTURE LAST
                VALUE   (LST)  VALUE  FROM      YEAR
                                      NORMAL
......................................................
TEMPERATURE (F)
 YESTERDAY
  MAXIMUM         84    357 PM  76      8       84
  MINIMUM         49    556 AM  54     -5       56
  AVERAGE         67            65      2       70

PRECIPITATION (IN)
  YESTERDAY        0.00          0.15  -0.15     0.00
  MONTH TO DATE    2.37          4.09  -1.72     1.44
  SINCE MAR 1     12.43         12.67  -0.24    10.88
  SINCE JAN 1     17.64         18.74  -1.10    14.45

DEGREE DAYS
 HEATING
  YESTERDAY        0             3     -3        0
  MONTH TO DATE  148           121     27       74
  SINCE MAR 1    955          1167   -212     1114
  SINCE JUL 1   4275          5235   -960     5685

 COOLING
  YESTERDAY        2             3     -1        5
  MONTH TO DATE   11            41    -30       74
  SINCE MAR 1     25            60    -35       80
  SINCE JAN 1     25            60    -35       80
......................................................


WIND (MPH)
  HIGHEST WIND SPEED    16   HIGHEST WIND DIRECTION    SW (240)
  HIGHEST GUST SPEED    21   HIGHEST GUST DIRECTION    SW (230)
  AVERAGE WIND SPEED     5.2


SKY COVER
  AVERAGE SKY COVER 0.2


WEATHER CONDITIONS
 THE FOLLOWING WEATHER WAS RECORDED YESTERDAY.
  NO SIGNIFICANT WEATHER WAS OBSERVED.


RELATIVE HUMIDITY (PERCENT)
 HIGHEST    93           500 AM
 LOWEST     32           400 PM
 AVERAGE    63

..........................................................


THE BLOOMINGTON IN CLIMATE NORMALS FOR TODAY
                         NORMAL
 MAXIMUM TEMPERATURE (F)   77
 MINIMUM TEMPERATURE (F)   54


SUNRISE AND SUNSET
MAY 25 2016...........SUNRISE   626 AM EDT   SUNSET   902 PM EDT
MAY 26 2016...........SUNRISE   625 AM EDT   SUNSET   903 PM EDT


-  INDICATES NEGATIVE NUMBERS.
R  INDICATES RECORD WAS SET OR TIED.
MM INDICATES DATA IS MISSING.
T  INDICATES TRACE AMOUNT.




$$
