000
CDUS43 KIND 090539
CLIBMG


CLIMATE REPORT
NATIONAL WEATHER SERVICE INDIANAPOLIS IN
1239 AM EST FRI DEC 9 2016


...................................

...THE BLOOMINGTON IN CLIMATE SUMMARY FOR DECEMBER 8 2016...

CLIMATE NORMAL PERIOD 1981 TO 2010
CLIMATE RECORD PERIOD 9999 TO 9999


WEATHER ITEM   OBSERVED TIME   NORMAL DEPARTURE LAST
                VALUE   (LST)  VALUE  FROM      YEAR
                                      NORMAL
......................................................
TEMPERATURE (F)
 YESTERDAY
  MAXIMUM         31   1200 AM  42    -11       58
  MINIMUM         20   1157 PM  26     -6       32
  AVERAGE         26            34     -8       45

PRECIPITATION (IN)
  YESTERDAY        T             0.11  -0.11     0.00
  MONTH TO DATE    0.47          0.85  -0.38     0.16
  SINCE DEC 1      0.47          0.85  -0.38     0.16
  SINCE JAN 1     48.27         44.86   3.41    43.70

DEGREE DAYS
 HEATING
  YESTERDAY       39            31      8       20
  MONTH TO DATE  234           237     -3      227
  SINCE DEC 1    234           237     -3      227
  SINCE JUL 1    917          1293   -376     1019

 COOLING
  YESTERDAY        0             0      0        0
  MONTH TO DATE    0             0      0        0
  SINCE DEC 1      0             0      0        0
  SINCE JAN 1   1322           927    395     1044
......................................................


WIND (MPH)
  HIGHEST WIND SPEED    18   HIGHEST WIND DIRECTION     W (290)
  HIGHEST GUST SPEED    29   HIGHEST GUST DIRECTION     W (290)
  AVERAGE WIND SPEED    11.7


SKY COVER
  AVERAGE SKY COVER 0.8


WEATHER CONDITIONS
 THE FOLLOWING WEATHER WAS RECORDED YESTERDAY.
  LIGHT SNOW


RELATIVE HUMIDITY (PERCENT)
 HIGHEST    68           700 AM
 LOWEST     57          1200 PM
 AVERAGE    63

..........................................................


THE BLOOMINGTON IN CLIMATE NORMALS FOR TODAY
                         NORMAL
 MAXIMUM TEMPERATURE (F)   42
 MINIMUM TEMPERATURE (F)   25


SUNRISE AND SUNSET
DECEMBER  9 2016......SUNRISE   754 AM EST   SUNSET   524 PM EST
DECEMBER 10 2016......SUNRISE   755 AM EST   SUNSET   524 PM EST


-  INDICATES NEGATIVE NUMBERS.
R  INDICATES RECORD WAS SET OR TIED.
MM INDICATES DATA IS MISSING.
T  INDICATES TRACE AMOUNT.




$$
