000
CDUS43 KIND 200530
CLIBMG


CLIMATE REPORT
NATIONAL WEATHER SERVICE INDIANAPOLIS IN
130 AM EDT FRI OCT 20 2017


...................................

...THE BLOOMINGTON IN CLIMATE SUMMARY FOR OCTOBER 19 2017...

CLIMATE NORMAL PERIOD 1981 TO 2010
CLIMATE RECORD PERIOD 9999 TO 9999


WEATHER ITEM   OBSERVED TIME   NORMAL DEPARTURE LAST
                VALUE   (LST)  VALUE  FROM      YEAR
                                      NORMAL
......................................................
TEMPERATURE (F)
 YESTERDAY
  MAXIMUM         75    414 PM  66      9       78
  MINIMUM         43    325 AM  41      2       61
  AVERAGE         59            54      5       70

PRECIPITATION (IN)
  YESTERDAY        0.00          0.13  -0.13     1.63
  MONTH TO DATE    2.41          2.20   0.21     1.81
  SINCE SEP 1      3.27          5.55  -2.28     6.94
  SINCE JAN 1     32.83         38.74  -5.91    42.86

DEGREE DAYS
 HEATING
  YESTERDAY        6            11     -5        0
  MONTH TO DATE   63           174   -111       58
  SINCE SEP 1    112           252   -140       74
  SINCE JUL 1    115           259   -144       77

 COOLING
  YESTERDAY        0             0      0        5
  MONTH TO DATE   47            11     36       50
  SINCE SEP 1    197           107     90      238
  SINCE JAN 1   1085           924    161     1313
......................................................


WIND (MPH)
  HIGHEST WIND SPEED    13   HIGHEST WIND DIRECTION     S (200)
  HIGHEST GUST SPEED    17   HIGHEST GUST DIRECTION    SW (210)
  AVERAGE WIND SPEED     3.9


SKY COVER
  AVERAGE SKY COVER 0.0


WEATHER CONDITIONS
 THE FOLLOWING WEATHER WAS RECORDED YESTERDAY.
  NO SIGNIFICANT WEATHER WAS OBSERVED.


RELATIVE HUMIDITY (PERCENT)
 HIGHEST    89           300 AM
 LOWEST     41           400 PM
 AVERAGE    65

..........................................................


THE BLOOMINGTON IN CLIMATE NORMALS FOR TODAY
                         NORMAL
 MAXIMUM TEMPERATURE (F)   66
 MINIMUM TEMPERATURE (F)   41


SUNRISE AND SUNSET
OCTOBER 20 2017.......SUNRISE   801 AM EDT   SUNSET   700 PM EDT
OCTOBER 21 2017.......SUNRISE   803 AM EDT   SUNSET   659 PM EDT


-  INDICATES NEGATIVE NUMBERS.
R  INDICATES RECORD WAS SET OR TIED.
MM INDICATES DATA IS MISSING.
T  INDICATES TRACE AMOUNT.




$$
