000
CDUS43 KIND 030537
CLIBMG


CLIMATE REPORT
NATIONAL WEATHER SERVICE INDIANAPOLIS IN
136 AM EDT FRI JUL 3 2015


...................................

...THE BLOOMINGTON IN CLIMATE SUMMARY FOR JULY 2 2015...

CLIMATE NORMAL PERIOD 1981 TO 2010
CLIMATE RECORD PERIOD 9999 TO 9999


WEATHER ITEM   OBSERVED TIME   NORMAL DEPARTURE LAST
                VALUE   (LST)  VALUE  FROM      YEAR
                                      NORMAL
......................................................
TEMPERATURE (F)
 YESTERDAY
  MAXIMUM         80    238 PM  84     -4       80
  MINIMUM         65    733 AM  64      1       61
  AVERAGE         73            74     -1       71

PRECIPITATION (IN)
  YESTERDAY        T             0.16  -0.16     0.00
  MONTH TO DATE    0.02          0.31  -0.29     0.08
  SINCE JUN 1     10.59          5.20   5.39     5.25
  SINCE JAN 1     25.15         25.09   0.06    23.85

DEGREE DAYS
 HEATING
  YESTERDAY        0             0      0        0
  MONTH TO DATE    0             0      0        0
  SINCE JUN 1     17            15      2        3
  SINCE JUL 1      0             0      0        0

 COOLING
  YESTERDAY        8             9     -1        6
  MONTH TO DATE   12            18     -6       19
  SINCE JUN 1    261           226     35      292
  SINCE JAN 1    388           308     80      418
......................................................


WIND (MPH)
  HIGHEST WIND SPEED    13   HIGHEST WIND DIRECTION    NE (40)
  HIGHEST GUST SPEED    16   HIGHEST GUST DIRECTION    NE (30)
  AVERAGE WIND SPEED     6.0


SKY COVER
  AVERAGE SKY COVER 0.8


WEATHER CONDITIONS
 THE FOLLOWING WEATHER WAS RECORDED YESTERDAY.
  FOG


RELATIVE HUMIDITY (PERCENT)
 HIGHEST    97           200 AM
 LOWEST     67           300 PM
 AVERAGE    82

..........................................................


THE BLOOMINGTON IN CLIMATE NORMALS FOR TODAY
                         NORMAL
 MAXIMUM TEMPERATURE (F)   84
 MINIMUM TEMPERATURE (F)   64


SUNRISE AND SUNSET
JULY  3 2015..........SUNRISE   625 AM EDT   SUNSET   916 PM EDT
JULY  4 2015..........SUNRISE   625 AM EDT   SUNSET   916 PM EDT


-  INDICATES NEGATIVE NUMBERS.
R  INDICATES RECORD WAS SET OR TIED.
MM INDICATES DATA IS MISSING.
T  INDICATES TRACE AMOUNT.




$$
