000
CDUS43 KIND 170533
CLIBMG


CLIMATE REPORT
NATIONAL WEATHER SERVICE INDIANAPOLIS IN
133 AM EDT THU AUG 17 2017


...................................

...THE BLOOMINGTON IN CLIMATE SUMMARY FOR AUGUST 16 2017...

CLIMATE NORMAL PERIOD 1981 TO 2010
CLIMATE RECORD PERIOD 9999 TO 9999


WEATHER ITEM   OBSERVED TIME   NORMAL DEPARTURE LAST
                VALUE   (LST)  VALUE  FROM      YEAR
                                      NORMAL
......................................................
TEMPERATURE (F)
 YESTERDAY
  MAXIMUM         89    258 PM  85      4       76
  MINIMUM         64    609 AM  62      2       70
  AVERAGE         77            73      4       73

PRECIPITATION (IN)
  YESTERDAY        0.01          0.10  -0.09     1.03
  MONTH TO DATE    0.14          1.66  -1.52     6.53
  SINCE JUN 1      7.16         11.44  -4.28    16.51
  SINCE JAN 1     28.96         31.33  -2.37    35.11

DEGREE DAYS
 HEATING
  YESTERDAY        0             0      0        0
  MONTH TO DATE    3             0      3        0
  SINCE JUN 1     11            17     -6        4
  SINCE JUL 1      3             2      1        3

 COOLING
  YESTERDAY       12             8      4        8
  MONTH TO DATE   94           143    -49      198
  SINCE JUN 1    653           627     26      818
  SINCE JAN 1    784           709     75      908
......................................................


WIND (MPH)
  HIGHEST WIND SPEED    15   HIGHEST WIND DIRECTION     S (190)
  HIGHEST GUST SPEED    19   HIGHEST GUST DIRECTION     S (180)
  AVERAGE WIND SPEED     5.0


SKY COVER
  AVERAGE SKY COVER 0.2


WEATHER CONDITIONS
 THE FOLLOWING WEATHER WAS RECORDED YESTERDAY.
  LIGHT RAIN
  FOG
  FOG W/VISIBILITY <= 1/4 MILE


RELATIVE HUMIDITY (PERCENT)
 HIGHEST    93          1200 AM
 LOWEST     55           100 PM
 AVERAGE    74

..........................................................


THE BLOOMINGTON IN CLIMATE NORMALS FOR TODAY
                         NORMAL
 MAXIMUM TEMPERATURE (F)   85
 MINIMUM TEMPERATURE (F)   62


SUNRISE AND SUNSET
AUGUST 17 2017........SUNRISE   702 AM EDT   SUNSET   839 PM EDT
AUGUST 18 2017........SUNRISE   703 AM EDT   SUNSET   837 PM EDT


-  INDICATES NEGATIVE NUMBERS.
R  INDICATES RECORD WAS SET OR TIED.
MM INDICATES DATA IS MISSING.
T  INDICATES TRACE AMOUNT.




$$
