000
CDUS43 KIND 260535
CLIBMG


CLIMATE REPORT
NATIONAL WEATHER SERVICE INDIANAPOLIS IN
135 AM EDT WED APR 26 2017


...................................

...THE BLOOMINGTON IN CLIMATE SUMMARY FOR APRIL 25 2017...

CLIMATE NORMAL PERIOD 1981 TO 2010
CLIMATE RECORD PERIOD 9999 TO 9999


WEATHER ITEM   OBSERVED TIME   NORMAL DEPARTURE LAST
                VALUE   (LST)  VALUE  FROM      YEAR
                                      NORMAL
......................................................
TEMPERATURE (F)
 YESTERDAY
  MAXIMUM         78    438 PM  68     10       81
  MINIMUM         53    353 AM  45      8       53
  AVERAGE         66            56     10       67

PRECIPITATION (IN)
  YESTERDAY        0.00          0.17  -0.17     0.00
  MONTH TO DATE    2.07          3.87  -1.80     3.10
  SINCE MAR 1      6.50          7.75  -1.25     7.66
  SINCE JAN 1     11.54         13.82  -2.28    12.87

DEGREE DAYS
 HEATING
  YESTERDAY        0             9     -9        0
  MONTH TO DATE  166           316   -150      317
  SINCE MAR 1    770          1004   -234      786
  SINCE JUL 1   3957          5072  -1115     4106

 COOLING
  YESTERDAY        1             1      0        2
  MONTH TO DATE   29            17     12        7
  SINCE MAR 1     32            20     12        7
  SINCE JAN 1     32            20     12        7
......................................................


WIND (MPH)
  HIGHEST WIND SPEED    14   HIGHEST WIND DIRECTION    SE (150)
  HIGHEST GUST SPEED    20   HIGHEST GUST DIRECTION    SE (150)
  AVERAGE WIND SPEED     7.1


SKY COVER
  AVERAGE SKY COVER 0.0


WEATHER CONDITIONS
 THE FOLLOWING WEATHER WAS RECORDED YESTERDAY.
  NO SIGNIFICANT WEATHER WAS OBSERVED.


RELATIVE HUMIDITY (PERCENT)
 HIGHEST    83           400 AM
 LOWEST     43           400 PM
 AVERAGE    63

..........................................................


THE BLOOMINGTON IN CLIMATE NORMALS FOR TODAY
                         NORMAL
 MAXIMUM TEMPERATURE (F)   68
 MINIMUM TEMPERATURE (F)   46


SUNRISE AND SUNSET
APRIL 26 2017.........SUNRISE   654 AM EDT   SUNSET   835 PM EDT
APRIL 27 2017.........SUNRISE   653 AM EDT   SUNSET   836 PM EDT


-  INDICATES NEGATIVE NUMBERS.
R  INDICATES RECORD WAS SET OR TIED.
MM INDICATES DATA IS MISSING.
T  INDICATES TRACE AMOUNT.




$$
