000
CDUS44 KOHX 202234
CLIBNA


CLIMATE REPORT
NATIONAL WEATHER SERVICE NASHVILLE TN
433 PM CST TUE FEB 20 2018


...................................

...THE NASHVILLE CLIMATE SUMMARY FOR FEBRUARY 20 2018...
VALID TODAY AS OF 0400 PM LOCAL TIME.

CLIMATE NORMAL PERIOD 1981 TO 2010
CLIMATE RECORD PERIOD 1871 TO 2018


WEATHER ITEM   OBSERVED TIME   RECORD YEAR NORMAL DEPARTURE
                VALUE   (LST)  VALUE       VALUE  FROM
                                                  NORMAL
...............................................................
TEMPERATURE (F)
 TODAY
  MAXIMUM         80R   224 PM  78    2014  53     27
                                      1986
  MINIMUM         63    530 AM   2    1885  33     30
  AVERAGE         72                        43     29

PRECIPITATION (IN)
  TODAY            0.00          1.90 1989   0.14  -0.14
  MONTH TO DATE    7.59                      2.80   4.79
  SINCE JAN 1      9.22                      6.55   2.67

SNOWFALL (IN)
  TODAY            0.0           7.0  1929
  MONTH TO DATE    0.0
  SINCE DEC 1      2.4
  SINCE JUL 1      2.4

DEGREE DAYS
 HEATING
  TODAY            0                              -22
  MONTH TO DATE  375                             -112
  SINCE DEC 1   2019                              -79
  SINCE JUL 1   2593                             -179

 COOLING
  TODAY            7                                7
  MONTH TO DATE   14                               14
  SINCE DEC 1     14                               13
  SINCE JAN 1     14                               14
...............................................................


WIND (MPH)
  HIGHEST WIND SPEED    29   HIGHEST WIND DIRECTION     S (190)
  HIGHEST GUST SPEED    36   HIGHEST GUST DIRECTION     S (190)
  AVERAGE WIND SPEED    15.8




RELATIVE HUMIDITY (PERCENT)
 HIGHEST    78
 LOWEST     48
 AVERAGE    63

..........................................................


THE NASHVILLE CLIMATE NORMALS FOR TOMORROW
                         NORMAL    RECORD    YEAR
 MAXIMUM TEMPERATURE (F)   54        76      1897
 MINIMUM TEMPERATURE (F)   33         6      1963


SUNRISE AND SUNSET
FEBRUARY 20 2018......SUNRISE   628 AM CST   SUNSET   533 PM CST
FEBRUARY 21 2018......SUNRISE   627 AM CST   SUNSET   534 PM CST


-  INDICATES NEGATIVE NUMBERS.
R  INDICATES RECORD WAS SET OR TIED.
MM INDICATES DATA IS MISSING.
T  INDICATES TRACE AMOUNT.




$$
