000
CDUS44 KOHX 300647
CLIBNA


CLIMATE REPORT
NATIONAL WEATHER SERVICE NASHVILLE TN
146 AM CDT TUE AUG 30 2016


...................................

...THE NASHVILLE CLIMATE SUMMARY FOR AUGUST 29 2016...

CLIMATE NORMAL PERIOD 1981 TO 2010
CLIMATE RECORD PERIOD 1871 TO 2016


WEATHER ITEM   OBSERVED TIME   RECORD YEAR NORMAL DEPARTURE
                VALUE   (LST)  VALUE       VALUE  FROM
                                                  NORMAL
...............................................................
TEMPERATURE (F)
 YESTERDAY
  MAXIMUM         92    423 PM 100    1897  88      4
  MINIMUM         71    423 AM  49    1986  67      4
  AVERAGE         82                        77      5

PRECIPITATION (IN)
  YESTERDAY        0.00          2.47 1919   0.10  -0.10
  MONTH TO DATE    6.44                      2.98   3.46
  SINCE JAN 1     31.62                     32.06  -0.44

SNOWFALL (IN)
  YESTERDAY        0.0           0.0  2002
                                      2001
                                      2000
  MONTH TO DATE    0.0
  SINCE JUN 1      0.0
  SINCE JUL 1      0.0

DEGREE DAYS
 HEATING
  YESTERDAY        0                                0
  MONTH TO DATE    0                                0
  SINCE JUN 1      0                               -3
  SINCE JUL 1      0                                0

 COOLING
  YESTERDAY       17                                5
  MONTH TO DATE  483                               87
  SINCE JUN 1   1470                              304
  SINCE JAN 1   1707                              362
...............................................................


WIND (MPH)
  HIGHEST WIND SPEED    13   HIGHEST WIND DIRECTION    NE (30)
  HIGHEST GUST SPEED    17   HIGHEST GUST DIRECTION    NW (310)
  AVERAGE WIND SPEED     5.7



WEATHER CONDITIONS
 THE FOLLOWING WEATHER WAS RECORDED YESTERDAY.
  NO SIGNIFICANT WEATHER WAS OBSERVED.


RELATIVE HUMIDITY (PERCENT)
 HIGHEST    93
 LOWEST     47

..........................................................


THE NASHVILLE CLIMATE NORMALS FOR TODAY
                         NORMAL    RECORD    YEAR
 MAXIMUM TEMPERATURE (F)   88       100      1951
 MINIMUM TEMPERATURE (F)   67        53      1891


SUNRISE AND SUNSET
AUGUST 30 2016........SUNRISE   617 AM CDT   SUNSET   716 PM CDT
AUGUST 31 2016........SUNRISE   618 AM CDT   SUNSET   715 PM CDT


-  INDICATES NEGATIVE NUMBERS.
R  INDICATES RECORD WAS SET OR TIED.
MM INDICATES DATA IS MISSING.
T  INDICATES TRACE AMOUNT.




$$
