000
CDUS44 KOHX 110131
CLIBNA


CLIMATE REPORT
NATIONAL WEATHER SERVICE NASHVILLE TN
731 PM CST SAT DEC 10 2016


...................................

...THE NASHVILLE CLIMATE SUMMARY FOR DECEMBER 10 2016...
VALID TODAY AS OF 0400 PM LOCAL TIME.

CLIMATE NORMAL PERIOD 1981 TO 2010
CLIMATE RECORD PERIOD 1871 TO 2016


WEATHER ITEM   OBSERVED TIME   RECORD YEAR NORMAL DEPARTURE
                VALUE   (LST)  VALUE       VALUE  FROM
                                                  NORMAL
...............................................................
TEMPERATURE (F)
 TODAY
  MAXIMUM         41    320 PM  74    1971  51    -10
  MINIMUM         19    729 AM   1    1917  32    -13
  AVERAGE         30                        42    -12

PRECIPITATION (IN)
  TODAY            0.00          2.07 1879   0.16  -0.16
  MONTH TO DATE    1.04                      1.55  -0.51
  SINCE JAN 1     36.83                     44.56  -7.73

SNOWFALL (IN)
  TODAY            0.0           1.0  1944
  MONTH TO DATE    0.0
  SINCE DEC 1      0.0
  SINCE JUL 1      0.0

DEGREE DAYS
 HEATING
  TODAY           35                               11
  MONTH TO DATE  244                               21
  SINCE DEC 1    244                               21
  SINCE JUL 1    598                             -299

 COOLING
  TODAY            0                                0
  MONTH TO DATE    0                                0
  SINCE DEC 1      0                                0
  SINCE JAN 1   2244                              599
...............................................................


WIND (MPH)
  HIGHEST WIND SPEED     6   HIGHEST WIND DIRECTION     N (20)
  HIGHEST GUST SPEED    11   HIGHEST GUST DIRECTION     W (290)
  AVERAGE WIND SPEED     2.0




RELATIVE HUMIDITY (PERCENT)
 HIGHEST    84
 LOWEST     30
 AVERAGE    57

..........................................................


THE NASHVILLE CLIMATE NORMALS FOR TOMORROW
                         NORMAL    RECORD    YEAR
 MAXIMUM TEMPERATURE (F)   50        76      2007
 MINIMUM TEMPERATURE (F)   32         3      1962


SUNRISE AND SUNSET
DECEMBER 10 2016......SUNRISE   647 AM CST   SUNSET   432 PM CST
DECEMBER 11 2016......SUNRISE   648 AM CST   SUNSET   433 PM CST


-  INDICATES NEGATIVE NUMBERS.
R  INDICATES RECORD WAS SET OR TIED.
MM INDICATES DATA IS MISSING.
T  INDICATES TRACE AMOUNT.




$$
