895
CDUS44 KOHX 250623
CLIBNA


CLIMATE REPORT
NATIONAL WEATHER SERVICE NASHVILLE TN
123 AM CDT SAT MAR 25 2017


...................................

...THE NASHVILLE CLIMATE SUMMARY FOR MARCH 24 2017...

CLIMATE NORMAL PERIOD 1981 TO 2010
CLIMATE RECORD PERIOD 1871 TO 2017


WEATHER ITEM   OBSERVED TIME   RECORD YEAR NORMAL DEPARTURE
                VALUE   (LST)  VALUE       VALUE  FROM
                                                  NORMAL
...............................................................
TEMPERATURE (F)
 YESTERDAY
  MAXIMUM         75    351 PM  88    1929  64     11
                                      1910
  MINIMUM         59    432 AM  15    1968  41     18
  AVERAGE         67                        52     15

PRECIPITATION (IN)
  YESTERDAY        0.00          1.55 1934   0.13  -0.13
  MONTH TO DATE    3.53                      3.16   0.37
  SINCE JAN 1      8.43                     10.85  -2.42

SNOWFALL (IN)
  YESTERDAY        0.0           4.5  1940
  MONTH TO DATE    1.5
  SINCE MAR 1      1.5
  SINCE JUL 1      2.2

DEGREE DAYS
 HEATING
  YESTERDAY        0                              -13
  MONTH TO DATE  358                              -32
  SINCE MAR 1    358                              -32
  SINCE JUL 1   2326                            -1002

 COOLING
  YESTERDAY        2                                2
  MONTH TO DATE    4                                4
  SINCE MAR 1      4                                4
  SINCE JAN 1     11                               11
...............................................................


WIND (MPH)
  HIGHEST WIND SPEED    24   HIGHEST WIND DIRECTION     S (190)
  HIGHEST GUST SPEED    31   HIGHEST GUST DIRECTION     S (180)
  AVERAGE WIND SPEED    14.3




RELATIVE HUMIDITY (PERCENT)
 HIGHEST    64
 LOWEST     46

..........................................................


THE NASHVILLE CLIMATE NORMALS FOR TODAY
                         NORMAL    RECORD    YEAR
 MAXIMUM TEMPERATURE (F)   64        86      2007
 MINIMUM TEMPERATURE (F)   41        21      1940


SUNRISE AND SUNSET
MARCH 25 2017.........SUNRISE   643 AM CDT   SUNSET   703 PM CDT
MARCH 26 2017.........SUNRISE   641 AM CDT   SUNSET   704 PM CDT


-  INDICATES NEGATIVE NUMBERS.
R  INDICATES RECORD WAS SET OR TIED.
MM INDICATES DATA IS MISSING.
T  INDICATES TRACE AMOUNT.




$$
