000
CDUS44 KOHX 200637
CLIBNA

CLIMATE REPORT
NATIONAL WEATHER SERVICE NASHVILLE TN
136 AM CDT SUN APR 20 2014


...................................

...THE NASHVILLE CLIMATE SUMMARY FOR APRIL 19 2014...

CLIMATE NORMAL PERIOD 1981 TO 2010
CLIMATE RECORD PERIOD 1871 TO 2014


WEATHER ITEM   OBSERVED TIME   RECORD YEAR NORMAL DEPARTURE LAST
                VALUE   (LST)  VALUE       VALUE  FROM      YEAR
                                                  NORMAL
..................................................................
TEMPERATURE (F)
 YESTERDAY
  MAXIMUM         78    309 PM  88    2006  72      6       68
  MINIMUM         48    504 AM  27    1983  49     -1       36
  AVERAGE         63                        60      3       52

PRECIPITATION (IN)
  YESTERDAY        0.00          1.80 1981   0.14  -0.14     1.02
                                      1970
  MONTH TO DATE    2.76                      2.34   0.42     3.38
  SINCE MAR 1      7.12                      6.45   0.67     7.70
  SINCE JAN 1     14.82                     14.14   0.68    17.42

SNOWFALL (IN)
  YESTERDAY        0.0           0.0         0.0    0.0      0.0
  MONTH TO DATE    0.0                       0.1   -0.1      0.0
  SINCE MAR 1      0.2                       1.0   -0.8      0.3
  SINCE JUL 1      1.6                       6.4   -4.8      1.3
  SNOW DEPTH       0

DEGREE DAYS
 HEATING
  YESTERDAY        2                         6     -4       13
  MONTH TO DATE  127                       164    -37      129
  SINCE MAR 1    669                       637     32      745
  SINCE JUL 1   3854                      3575    279     3377

 COOLING
  YESTERDAY        0                         1     -1        0
  MONTH TO DATE   24                        19      5       47
  SINCE MAR 1     24                        27     -3       48
  SINCE JAN 1     24                        27     -3       52
..................................................................


WIND (MPH)
  HIGHEST WIND SPEED    21   HIGHEST WIND DIRECTION    NE (40)
  HIGHEST GUST SPEED    26   HIGHEST GUST DIRECTION    NE (40)
  AVERAGE WIND SPEED     7.9


SKY COVER
  POSSIBLE SUNSHINE  MM
  AVERAGE SKY COVER 0.3


WEATHER CONDITIONS
 THE FOLLOWING WEATHER WAS RECORDED YESTERDAY.
  NO SIGNIFICANT WEATHER WAS OBSERVED.


RELATIVE HUMIDITY (PERCENT)
 HIGHEST    86
 LOWEST     26
 AVERAGE    56

..........................................................


THE NASHVILLE CLIMATE NORMALS FOR TODAY
                         NORMAL    RECORD    YEAR
 MAXIMUM TEMPERATURE (F)   72        87      2002
                                             1971
                                             1964
 MINIMUM TEMPERATURE (F)   49        26      1983


SUNRISE AND SUNSET
APRIL 20 2014.........SUNRISE   607 AM CDT   SUNSET   725 PM CDT
APRIL 21 2014.........SUNRISE   606 AM CDT   SUNSET   726 PM CDT


-  INDICATES NEGATIVE NUMBERS.
R  INDICATES RECORD WAS SET OR TIED.
MM INDICATES DATA IS MISSING.
T  INDICATES TRACE AMOUNT.




$$
