000
CDUS45 KBOI 280122
CLIBNO


CLIMATE REPORT
NATIONAL WEATHER SERVICE BOISE ID
722 PM MDT TUE JUN 27 2017


...................................

...THE BURNS OR CLIMATE SUMMARY FOR JUNE 27 2017...
VALID TODAY AS OF 0600 PM LOCAL TIME.

CLIMATE NORMAL PERIOD 1981 TO 2010
CLIMATE RECORD PERIOD 1938 TO 2017


WEATHER ITEM   OBSERVED TIME   RECORD YEAR NORMAL DEPARTURE LAST
                VALUE   (LST)  VALUE       VALUE  FROM      YEAR
                                                  NORMAL
..................................................................
TEMPERATURE (F)
 TODAY
  MAXIMUM         83    424 PM 102    2015  79      4       93
  MINIMUM         43    406 AM  29    1998  44     -1       50
  AVERAGE         63                        62      1       72

PRECIPITATION (IN)
  TODAY            0.00          0.48 1952   0.01  -0.01     0.00
  MONTH TO DATE    0.10                      0.71  -0.61     0.40
  SINCE OCT 1     11.85                      9.67   2.18     9.12
  SINCE JAN 1      8.34                      6.17   2.17     4.25

DEGREE DAYS
 HEATING
  TODAY            2                         5     -3        0
  MONTH TO DATE  171                       207    -36      180
  SINCE JUN 1    171                       207    -36      180
  SINCE JUL 1   7953                      7677    276     6959

 COOLING
  TODAY            0                         1     -1        7
  MONTH TO DATE   27                        13     14       33
  SINCE JUN 1     27                        13     14       33
  SINCE JAN 1     28                        16     12       33
..................................................................


WIND (MPH)
  HIGHEST WIND SPEED    16   HIGHEST WIND DIRECTION    SW (230)
  HIGHEST GUST SPEED    21   HIGHEST GUST DIRECTION    SW (220)
  AVERAGE WIND SPEED     6.7



WEATHER CONDITIONS
 THE FOLLOWING WEATHER WAS RECORDED TODAY.
  NO SIGNIFICANT WEATHER WAS OBSERVED.


RELATIVE HUMIDITY (PERCENT)
 HIGHEST    89           300 AM
 LOWEST     17           300 PM
 AVERAGE    53

..........................................................


THE BURNS OR CLIMATE NORMALS FOR TOMORROW
                         NORMAL    RECORD    YEAR
 MAXIMUM TEMPERATURE (F)   80        99      2015
 MINIMUM TEMPERATURE (F)   44        33      1947


SUNRISE AND SUNSET
JUNE 27 2017..........SUNRISE   517 AM PDT   SUNSET   841 PM PDT
JUNE 28 2017..........SUNRISE   517 AM PDT   SUNSET   841 PM PDT


-  INDICATES NEGATIVE NUMBERS.
R  INDICATES RECORD WAS SET OR TIED.
MM INDICATES DATA IS MISSING.
T  INDICATES TRACE AMOUNT.




$$
