000
CDUS45 KBOI 260121
CLIBNO


CLIMATE REPORT
NATIONAL WEATHER SERVICE BOISE ID
621 PM MST SAT FEB 25 2017


...................................

...THE BURNS OR CLIMATE SUMMARY FOR FEBRUARY 25 2017...
VALID TODAY AS OF 0600 PM LOCAL TIME.

CLIMATE NORMAL PERIOD 1981 TO 2010
CLIMATE RECORD PERIOD 1938 TO 2017


WEATHER ITEM   OBSERVED TIME   RECORD YEAR NORMAL DEPARTURE LAST
                VALUE   (LST)  VALUE       VALUE  FROM      YEAR
                                                  NORMAL
..................................................................
TEMPERATURE (F)
 TODAY
  MAXIMUM         30    414 PM  67    1995  43    -13       48
  MINIMUM          3    533 AM  -9    1993  21    -18       20
  AVERAGE         17                        32    -15       34

PRECIPITATION (IN)
  TODAY            0.00          0.39 1957   0.03  -0.03     0.00
  MONTH TO DATE    1.72                      0.90   0.82     0.19
  SINCE OCT 1      8.47                      5.59   2.88     6.54
  SINCE JAN 1      4.96                      2.09   2.87     1.67

DEGREE DAYS
 HEATING
  TODAY           48                        33     15       31
  MONTH TO DATE  916                       916      0      792
  SINCE DEC 1   3930                      3428    502     3191
  SINCE JUL 1   5743                      5429    314     5052

 COOLING
  TODAY            0                         0      0        0
  MONTH TO DATE    0                         0      0        0
  SINCE DEC 1      0                         0      0        0
  SINCE JAN 1      0                         0      0        0
..................................................................


WIND (MPH)
  HIGHEST WIND SPEED    10   HIGHEST WIND DIRECTION     W (280)
  HIGHEST GUST SPEED    11   HIGHEST GUST DIRECTION     W (270)
  AVERAGE WIND SPEED     3.0



WEATHER CONDITIONS
 THE FOLLOWING WEATHER WAS RECORDED TODAY.
  NO SIGNIFICANT WEATHER WAS OBSERVED.


RELATIVE HUMIDITY (PERCENT)
 HIGHEST    91          1200 AM
 LOWEST     63           100 PM
 AVERAGE    77

..........................................................


THE BURNS OR CLIMATE NORMALS FOR TOMORROW
                         NORMAL    RECORD    YEAR
 MAXIMUM TEMPERATURE (F)   43        64      1953
 MINIMUM TEMPERATURE (F)   21       -18      2011


SUNRISE AND SUNSET
FEBRUARY 25 2017......SUNRISE   638 AM PST   SUNSET   540 PM PST
FEBRUARY 26 2017......SUNRISE   637 AM PST   SUNSET   541 PM PST


-  INDICATES NEGATIVE NUMBERS.
R  INDICATES RECORD WAS SET OR TIED.
MM INDICATES DATA IS MISSING.
T  INDICATES TRACE AMOUNT.




$$
