000
CDUS45 KBOI 270121
CLIBNO


CLIMATE REPORT
NATIONAL WEATHER SERVICE BOISE ID
721 PM MDT WED APR 26 2017


...................................

...THE BURNS OR CLIMATE SUMMARY FOR APRIL 26 2017...
VALID TODAY AS OF 0600 PM LOCAL TIME.

CLIMATE NORMAL PERIOD 1981 TO 2010
CLIMATE RECORD PERIOD 1938 TO 2017


WEATHER ITEM   OBSERVED TIME   RECORD YEAR NORMAL DEPARTURE LAST
                VALUE   (LST)  VALUE       VALUE  FROM      YEAR
                                                  NORMAL
..................................................................
TEMPERATURE (F)
 TODAY
  MAXIMUM         52    229 PM  82    1987  60     -8       58
  MINIMUM         40    816 AM  18    2015  31      9       29
                                      2008
  AVERAGE         46                        46      0       44

PRECIPITATION (IN)
  TODAY            0.15          0.57 2012   0.03   0.12     0.00
  MONTH TO DATE    1.16                      0.81   0.35     0.11
  SINCE OCT 1     11.37                      7.61   3.76     8.03
  SINCE JAN 1      7.86                      4.11   3.75     3.16

DEGREE DAYS
 HEATING
  TODAY           19                        19      0       21
  MONTH TO DATE  599                       579     20      404
  SINCE MAR 1   1394                      1436    -42     1146
  SINCE JUL 1   7268                      6964    304     6307

 COOLING
  TODAY            0                         0      0        0
  MONTH TO DATE    0                         0      0        0
  SINCE MAR 1      0                         0      0        0
  SINCE JAN 1      0                         0      0        0
..................................................................


WIND (MPH)
  HIGHEST WIND SPEED    29   HIGHEST WIND DIRECTION     W (260)
  HIGHEST GUST SPEED    38   HIGHEST GUST DIRECTION     W (270)
  AVERAGE WIND SPEED    12.2



WEATHER CONDITIONS
 THE FOLLOWING WEATHER WAS RECORDED TODAY.
  RAIN
  LIGHT RAIN
  FOG


RELATIVE HUMIDITY (PERCENT)
 HIGHEST    92          1200 AM
 LOWEST     54           200 PM
 AVERAGE    73

..........................................................


THE BURNS OR CLIMATE NORMALS FOR TOMORROW
                         NORMAL    RECORD    YEAR
 MAXIMUM TEMPERATURE (F)   60        84      1987
 MINIMUM TEMPERATURE (F)   31        18      1955


SUNRISE AND SUNSET
APRIL 26 2017.........SUNRISE   555 AM PDT   SUNSET   753 PM PDT
APRIL 27 2017.........SUNRISE   554 AM PDT   SUNSET   754 PM PDT


-  INDICATES NEGATIVE NUMBERS.
R  INDICATES RECORD WAS SET OR TIED.
MM INDICATES DATA IS MISSING.
T  INDICATES TRACE AMOUNT.




$$
