000
CDUS45 KBOI 040930
CLIBNO


CLIMATE REPORT
NATIONAL WEATHER SERVICE BOISE ID
230 AM MST SUN DEC 4 2016


...................................

...THE BURNS OR CLIMATE SUMMARY FOR DECEMBER 3 2016...

CLIMATE NORMAL PERIOD 1981 TO 2010
CLIMATE RECORD PERIOD 1938 TO 2016


WEATHER ITEM   OBSERVED TIME   RECORD YEAR NORMAL DEPARTURE LAST
                VALUE   (LST)  VALUE       VALUE  FROM      YEAR
                                                  NORMAL
..................................................................
TEMPERATURE (F)
 YESTERDAY
  MAXIMUM         44    124 PM  61    1958  37      7       40
  MINIMUM         23    640 AM  -2    1992  16      7       19
  AVERAGE         34                        26      8       30

PRECIPITATION (IN)
  YESTERDAY        0.00          0.60 1950   0.05  -0.05     0.02
  MONTH TO DATE    T                         0.15  -0.15     0.27
  SINCE OCT 1      1.79                      2.10  -0.31     1.76
  SINCE JAN 1      6.31                      9.52  -3.21     7.13

DEGREE DAYS
 HEATING
  YESTERDAY       31                        39     -8       35
  MONTH TO DATE  114                       115     -1      128
  SINCE DEC 1    114                       115     -1      128
  SINCE JUL 1   1927                      2116   -189     1989

 COOLING
  YESTERDAY        0                         0      0        0
  MONTH TO DATE    0                         0      0        0
  SINCE DEC 1      0                         0      0        0
  SINCE JAN 1    226                       215     11      330
..................................................................


WIND (MPH)
  HIGHEST WIND SPEED    15   HIGHEST WIND DIRECTION    SW (220)
  HIGHEST GUST SPEED    20   HIGHEST GUST DIRECTION    SW (220)
  AVERAGE WIND SPEED     4.9


SKY COVER
  POSSIBLE SUNSHINE  MM
  AVERAGE SKY COVER 0.4


WEATHER CONDITIONS
 THE FOLLOWING WEATHER WAS RECORDED YESTERDAY.
  NO SIGNIFICANT WEATHER WAS OBSERVED.


RELATIVE HUMIDITY (PERCENT)
 HIGHEST    92           600 AM
 LOWEST     53           100 PM
 AVERAGE    73

..........................................................


THE BURNS OR CLIMATE NORMALS FOR TODAY
                         NORMAL    RECORD    YEAR
 MAXIMUM TEMPERATURE (F)   36        61      1939
 MINIMUM TEMPERATURE (F)   16        -7      1992


SUNRISE AND SUNSET
DECEMBER  4 2016......SUNRISE   713 AM PST   SUNSET   419 PM PST
DECEMBER  5 2016......SUNRISE   714 AM PST   SUNSET   419 PM PST


-  INDICATES NEGATIVE NUMBERS.
R  INDICATES RECORD WAS SET OR TIED.
MM INDICATES DATA IS MISSING.
T  INDICATES TRACE AMOUNT.




$$
