000
CDUS45 KBOI 300931
CLIBNO


CLIMATE REPORT
NATIONAL WEATHER SERVICE BOISE ID
331 AM MDT SUN AUG 30 2015


...................................

...THE BURNS OR CLIMATE SUMMARY FOR AUGUST 29 2015...

CLIMATE NORMAL PERIOD 1981 TO 2010
CLIMATE RECORD PERIOD 1938 TO 2015


WEATHER ITEM   OBSERVED TIME   RECORD YEAR NORMAL DEPARTURE LAST
                VALUE   (LST)  VALUE       VALUE  FROM      YEAR
                                                  NORMAL
..................................................................
TEMPERATURE (F)
 YESTERDAY
  MAXIMUM         81    336 PM  94    2007  81      0       86
                                      1988
  MINIMUM         51   1129 PM  28    1980  42      9       44
  AVERAGE         66                        62      4       65

PRECIPITATION (IN)
  YESTERDAY        T             0.42 1966   0.01  -0.01     0.00
  MONTH TO DATE    0.21                      0.33  -0.12     0.19
  SINCE OCT 1      9.28                     10.45  -1.17     6.94
  SINCE JAN 1      4.78                      6.95  -2.17     5.97

DEGREE DAYS
 HEATING
  YESTERDAY        0                         4     -4        0
  MONTH TO DATE   16                        68    -52       37
  SINCE JUN 1     93                       344   -251      234
  SINCE JUL 1     44                       126    -82       49

 COOLING
  YESTERDAY        1                         1      0        0
  MONTH TO DATE   88                        71     17       99
  SINCE JUN 1    310                       200    110      313
  SINCE JAN 1    313                       203    110      313
..................................................................


WIND (MPH)
  HIGHEST WIND SPEED    32   HIGHEST WIND DIRECTION     S (200)
  HIGHEST GUST SPEED    42   HIGHEST GUST DIRECTION    SW (210)
  AVERAGE WIND SPEED    13.9


SKY COVER
  POSSIBLE SUNSHINE  MM
  AVERAGE SKY COVER 0.3


WEATHER CONDITIONS
 THE FOLLOWING WEATHER WAS RECORDED YESTERDAY.
  LIGHT RAIN


RELATIVE HUMIDITY (PERCENT)
 HIGHEST    42           200 AM
 LOWEST     15           400 PM
 AVERAGE    29

..........................................................


THE BURNS OR CLIMATE NORMALS FOR TODAY
                         NORMAL    RECORD    YEAR
 MAXIMUM TEMPERATURE (F)   81        95      1950
 MINIMUM TEMPERATURE (F)   42        31      1999
                                             1951


SUNRISE AND SUNSET
AUGUST 30 2015........SUNRISE   617 AM PDT   SUNSET   735 PM PDT
AUGUST 31 2015........SUNRISE   618 AM PDT   SUNSET   733 PM PDT


-  INDICATES NEGATIVE NUMBERS.
R  INDICATES RECORD WAS SET OR TIED.
MM INDICATES DATA IS MISSING.
T  INDICATES TRACE AMOUNT.




$$
