000
CDUS45 KBOI 010933
CLIBNO


CLIMATE REPORT
NATIONAL WEATHER SERVICE BOISE ID
233 AM MST SUN MAR 1 2015


...................................

...THE BURNS OR CLIMATE SUMMARY FOR FEBRUARY 28 2015...

CLIMATE NORMAL PERIOD 1981 TO 2010
CLIMATE RECORD PERIOD 1939 TO 2015


WEATHER ITEM   OBSERVED TIME   RECORD YEAR NORMAL DEPARTURE LAST
                VALUE   (LST)  VALUE       VALUE  FROM      YEAR
                                                  NORMAL
..................................................................
TEMPERATURE (F)
 YESTERDAY
  MAXIMUM         40    128 PM  64    1992  44     -4       48
  MINIMUM         22   1157 PM -22    1993  22      0       30
  AVERAGE         31                        33     -2       39

PRECIPITATION (IN)
  YESTERDAY       MM             0.45 1970   0.04  MM         T
  MONTH TO DATE    0.75                      1.02  -0.27     1.62
  SINCE OCT 1      5.65                      5.71  -0.06     3.09
  SINCE JAN 1      1.15                      2.21  -1.06     2.12

DEGREE DAYS
 HEATING
  YESTERDAY       34                        32      2       26
  MONTH TO DATE  697                      1014   -317      873
  SINCE DEC 1   2744                      3527   -783     3360
  SINCE JUL 1   4474                      5528  -1054     5283

 COOLING
  YESTERDAY        0                         0      0        0
  MONTH TO DATE    0                         0      0        0
  SINCE DEC 1      0                         0      0        0
  SINCE JAN 1      0                         0      0        0
..................................................................


WIND (MPH)
  HIGHEST WIND SPEED    28   HIGHEST WIND DIRECTION    NW (320)
  HIGHEST GUST SPEED    33   HIGHEST GUST DIRECTION    NW (330)
  AVERAGE WIND SPEED    13.7


SKY COVER
  POSSIBLE SUNSHINE  MM
  AVERAGE SKY COVER 0.6


WEATHER CONDITIONS
 THE FOLLOWING WEATHER WAS RECORDED YESTERDAY.
  FOG
  HAZE


RELATIVE HUMIDITY (PERCENT)
 HIGHEST    89          1200 AM
 LOWEST     52           500 PM
 AVERAGE    71

..........................................................


THE BURNS OR CLIMATE NORMALS FOR TODAY
                         NORMAL    RECORD    YEAR
 MAXIMUM TEMPERATURE (F)   44        64      1994
 MINIMUM TEMPERATURE (F)   22       -14      1993


SUNRISE AND SUNSET
MARCH  1 2015.........SUNRISE   633 AM PST   SUNSET   544 PM PST
MARCH  2 2015.........SUNRISE   631 AM PST   SUNSET   546 PM PST


-  INDICATES NEGATIVE NUMBERS.
R  INDICATES RECORD WAS SET OR TIED.
MM INDICATES DATA IS MISSING.
T  INDICATES TRACE AMOUNT.




$$
