000
CDUS45 KBOI 060932
CLIBNO


CLIMATE REPORT
NATIONAL WEATHER SERVICE BOISE ID
332 AM MDT FRI MAY 6 2016


...................................

...THE BURNS OR CLIMATE SUMMARY FOR MAY 5 2016...

CLIMATE NORMAL PERIOD 1981 TO 2010
CLIMATE RECORD PERIOD 1938 TO 2016


WEATHER ITEM   OBSERVED TIME   RECORD YEAR NORMAL DEPARTURE LAST
                VALUE   (LST)  VALUE       VALUE  FROM      YEAR
                                                  NORMAL
..................................................................
TEMPERATURE (F)
 YESTERDAY
  MAXIMUM         64    249 PM  87    1990  63      1       65
  MINIMUM         41   1159 PM  20    1965  34      7       33
  AVERAGE         53                        48      5       49

PRECIPITATION (IN)
  YESTERDAY        0.07          0.31 1979   0.03   0.04     0.00
  MONTH TO DATE    0.15                      0.17  -0.02     0.00
  SINCE OCT 1      8.18                      7.90   0.28     6.75
  SINCE JAN 1      3.31                      4.40  -1.09     2.25

DEGREE DAYS
 HEATING
  YESTERDAY       12                        17     -5       16
  MONTH TO DATE   57                        87    -30       56
  SINCE MAR 1   1273                      1599   -326     1417
  SINCE JUL 1   6434                      7127   -693     5891

 COOLING
  YESTERDAY        0                         0      0        0
  MONTH TO DATE    0                         0      0        0
  SINCE MAR 1      0                         0      0        0
  SINCE JAN 1      0                         0      0        0
..................................................................


WIND (MPH)
  HIGHEST WIND SPEED    28   HIGHEST WIND DIRECTION     S (190)
  HIGHEST GUST SPEED    32   HIGHEST GUST DIRECTION     S (190)
  AVERAGE WIND SPEED     9.0


SKY COVER
  POSSIBLE SUNSHINE  MM
  AVERAGE SKY COVER 0.6


WEATHER CONDITIONS
 THE FOLLOWING WEATHER WAS RECORDED YESTERDAY.
  LIGHT RAIN


RELATIVE HUMIDITY (PERCENT)
 HIGHEST    93           100 AM
 LOWEST     51           500 PM
 AVERAGE    72

..........................................................


THE BURNS OR CLIMATE NORMALS FOR TODAY
                         NORMAL    RECORD    YEAR
 MAXIMUM TEMPERATURE (F)   63        89      1992
 MINIMUM TEMPERATURE (F)   34        20      2001


SUNRISE AND SUNSET
MAY  6 2016...........SUNRISE   541 AM PDT   SUNSET   805 PM PDT
MAY  7 2016...........SUNRISE   540 AM PDT   SUNSET   806 PM PDT


-  INDICATES NEGATIVE NUMBERS.
R  INDICATES RECORD WAS SET OR TIED.
MM INDICATES DATA IS MISSING.
T  INDICATES TRACE AMOUNT.




$$
