000
CDUS45 KBOI 210123
CLIBNO


CLIMATE REPORT
NATIONAL WEATHER SERVICE BOISE ID
623 PM MST FRI JAN 20 2017


...................................

...THE BURNS OR CLIMATE SUMMARY FOR JANUARY 20 2017...
VALID TODAY AS OF 0600 PM LOCAL TIME.

CLIMATE NORMAL PERIOD 1981 TO 2010
CLIMATE RECORD PERIOD 1938 TO 2017


WEATHER ITEM   OBSERVED TIME   RECORD YEAR NORMAL DEPARTURE LAST
                VALUE   (LST)  VALUE       VALUE  FROM      YEAR
                                                  NORMAL
..................................................................
TEMPERATURE (F)
 TODAY
  MAXIMUM         32    352 PM  51    1981  35     -3       34
  MINIMUM         22    211 AM -13    1949  15      7       16
  AVERAGE         27                        25      2       25

PRECIPITATION (IN)
  TODAY            0.33          1.00 1969   0.04   0.29     0.00
  MONTH TO DATE    2.95                      0.82   2.13     1.11
  SINCE OCT 1      6.46                      4.32   2.14     5.98
  SINCE JAN 1      2.95                      0.82   2.13     1.11

DEGREE DAYS
 HEATING
  TODAY           38                        40     -2       40
  MONTH TO DATE 1083                       811    272      845
  SINCE DEC 1   2432                      2077    355     2104
  SINCE JUL 1   4245                      4078    167     3965

 COOLING
  TODAY            0                         0      0        0
  MONTH TO DATE    0                         0      0        0
  SINCE DEC 1      0                         0      0        0
  SINCE JAN 1      0                         0      0        0
..................................................................


WIND (MPH)
  HIGHEST WIND SPEED    21   HIGHEST WIND DIRECTION     E (70)
  HIGHEST GUST SPEED    24   HIGHEST GUST DIRECTION    NE (60)
  AVERAGE WIND SPEED    11.5



WEATHER CONDITIONS
 THE FOLLOWING WEATHER WAS RECORDED TODAY.
  HEAVY SNOW
  SNOW
  LIGHT SNOW
  FOG
  FOG W/VISIBILITY <= 1/4 MILE


RELATIVE HUMIDITY (PERCENT)
 HIGHEST   100           100 PM
 LOWEST     81           200 AM
 AVERAGE    91

..........................................................


THE BURNS OR CLIMATE NORMALS FOR TOMORROW
                         NORMAL    RECORD    YEAR
 MAXIMUM TEMPERATURE (F)   35        57      1963
 MINIMUM TEMPERATURE (F)   15       -26      1962


SUNRISE AND SUNSET
JANUARY 20 2017.......SUNRISE   723 AM PST   SUNSET   452 PM PST
JANUARY 21 2017.......SUNRISE   722 AM PST   SUNSET   453 PM PST


-  INDICATES NEGATIVE NUMBERS.
R  INDICATES RECORD WAS SET OR TIED.
MM INDICATES DATA IS MISSING.
T  INDICATES TRACE AMOUNT.




$$
