000
CDUS45 KBOI 270931
CLIBNO


CLIMATE REPORT
NATIONAL WEATHER SERVICE BOISE ID
331 AM MDT FRI MAR 27 2015


...................................

...THE BURNS OR CLIMATE SUMMARY FOR MARCH 26 2015...

CLIMATE NORMAL PERIOD 1981 TO 2010
CLIMATE RECORD PERIOD 1939 TO 2015


WEATHER ITEM   OBSERVED TIME   RECORD YEAR NORMAL DEPARTURE LAST
                VALUE   (LST)  VALUE       VALUE  FROM      YEAR
                                                  NORMAL
..................................................................
TEMPERATURE (F)
 YESTERDAY
  MAXIMUM         67    446 PM  71    1966  52     15       50
  MINIMUM         30    526 AM   7    1975  27      3       24
  AVERAGE         49                        40      9       37

PRECIPITATION (IN)
  YESTERDAY        0.00          0.74 1940   0.03  -0.03     0.10
  MONTH TO DATE    0.95                      0.93   0.02     0.91
  SINCE OCT 1      6.60                      6.64  -0.04     4.00
  SINCE JAN 1      2.10                      3.14  -1.04     3.03

DEGREE DAYS
 HEATING
  YESTERDAY       16                        25     -9       28
  MONTH TO DATE  597                       734   -137      661
  SINCE MAR 1    597                       734   -137      661
  SINCE JUL 1   5071                      6262  -1191     5944

 COOLING
  YESTERDAY        0                         0      0        0
  MONTH TO DATE    0                         0      0        0
  SINCE MAR 1      0                         0      0        0
  SINCE JAN 1      0                         0      0        0
..................................................................


WIND (MPH)
  HIGHEST WIND SPEED    10   HIGHEST WIND DIRECTION    NE (50)
  HIGHEST GUST SPEED    13   HIGHEST GUST DIRECTION     E (100)
  AVERAGE WIND SPEED     4.6


SKY COVER
  POSSIBLE SUNSHINE  MM
  AVERAGE SKY COVER 0.0


WEATHER CONDITIONS
 THE FOLLOWING WEATHER WAS RECORDED YESTERDAY.
  NO SIGNIFICANT WEATHER WAS OBSERVED.


RELATIVE HUMIDITY (PERCENT)
 HIGHEST    92           400 AM
 LOWEST     32           400 PM
 AVERAGE    62

..........................................................


THE BURNS OR CLIMATE NORMALS FOR TODAY
                         NORMAL    RECORD    YEAR
 MAXIMUM TEMPERATURE (F)   53        72      1966
 MINIMUM TEMPERATURE (F)   27        10      1975


SUNRISE AND SUNSET
MARCH 27 2015.........SUNRISE   647 AM PDT   SUNSET   716 PM PDT
MARCH 28 2015.........SUNRISE   645 AM PDT   SUNSET   718 PM PDT


-  INDICATES NEGATIVE NUMBERS.
R  INDICATES RECORD WAS SET OR TIED.
MM INDICATES DATA IS MISSING.
T  INDICATES TRACE AMOUNT.




$$
