000
CDUS45 KBOI 230931
CLIBNO


CLIMATE REPORT
NATIONAL WEATHER SERVICE BOISE ID
331 AM MDT SAT AUG 23 2014


...................................

...THE BURNS OR CLIMATE SUMMARY FOR AUGUST 22 2014...

CLIMATE NORMAL PERIOD 1981 TO 2010
CLIMATE RECORD PERIOD 1939 TO 2014


WEATHER ITEM   OBSERVED TIME   RECORD YEAR NORMAL DEPARTURE LAST
                VALUE   (LST)  VALUE       VALUE  FROM      YEAR
                                                  NORMAL
..................................................................
TEMPERATURE (F)
 YESTERDAY
  MAXIMUM         75    344 PM  95    1969  83     -8       85
  MINIMUM         47    520 AM  30    2008  44      3       49
  AVERAGE         61                        64     -3       67

PRECIPITATION (IN)
  YESTERDAY        0.00          0.69 2004   0.01  -0.01     0.01
  MONTH TO DATE    0.19                      0.25  -0.06     0.51
  SINCE OCT 1      6.94                     10.37  -3.43     7.82
  SINCE JAN 1      5.97                      6.87  -0.90     3.92

DEGREE DAYS
 HEATING
  YESTERDAY        4                         3      1        0
  MONTH TO DATE   20                        42    -22       16
  SINCE JUN 1    217                       318   -101      208
  SINCE JUL 1     32                       100    -68       20

 COOLING
  YESTERDAY        0                         2     -2        2
  MONTH TO DATE   94                        64     30       70
  SINCE JUN 1    308                       193    115      344
  SINCE JAN 1    308                       196    112      345
..................................................................


WIND (MPH)
  HIGHEST WIND SPEED    21   HIGHEST WIND DIRECTION    NW (330)
  HIGHEST GUST SPEED    30   HIGHEST GUST DIRECTION     W (260)
  AVERAGE WIND SPEED    10.7


SKY COVER
  POSSIBLE SUNSHINE  MM
  AVERAGE SKY COVER 0.1


WEATHER CONDITIONS
 THE FOLLOWING WEATHER WAS RECORDED YESTERDAY.
  NO SIGNIFICANT WEATHER WAS OBSERVED.


RELATIVE HUMIDITY (PERCENT)
 HIGHEST    61           500 AM
 LOWEST     16           400 PM
 AVERAGE    39

..........................................................


THE BURNS OR CLIMATE NORMALS FOR TODAY
                         NORMAL    RECORD    YEAR
 MAXIMUM TEMPERATURE (F)   83        97      1969
 MINIMUM TEMPERATURE (F)   43        31      2010


SUNRISE AND SUNSET
AUGUST 23 2014........SUNRISE   610 AM PDT   SUNSET   746 PM PDT
AUGUST 24 2014........SUNRISE   611 AM PDT   SUNSET   745 PM PDT


-  INDICATES NEGATIVE NUMBERS.
R  INDICATES RECORD WAS SET OR TIED.
MM INDICATES DATA IS MISSING.
T  INDICATES TRACE AMOUNT.




$$
