000
CDUS45 KBOI 310933
CLIBOI


CLIMATE REPORT
NATIONAL WEATHER SERVICE BOISE ID
332 AM MDT THU JUL 31 2014


...................................

...THE BOISE ID CLIMATE SUMMARY FOR JULY 30 2014...

CLIMATE NORMAL PERIOD 1981 TO 2010
CLIMATE RECORD PERIOD 1878 TO 2014


WEATHER ITEM   OBSERVED TIME   RECORD YEAR NORMAL DEPARTURE LAST
                VALUE   (LST)  VALUE       VALUE  FROM      YEAR
                                                  NORMAL
..................................................................
TEMPERATURE (F)
 YESTERDAY
  MAXIMUM         96    451 PM 106    2003  93      3       95
  MINIMUM         72    740 AM  46    1950  62     10       65
                                      1890
                                      1877
  AVERAGE         84                        78      6       80

PRECIPITATION (IN)
  YESTERDAY        0.00          1.22 1912   0.01  -0.01     0.00
  MONTH TO DATE    0.08                      0.32  -0.24     0.13
  SINCE OCT 1     11.36                     10.90   0.46     7.11
  SINCE JAN 1      8.45                      7.25   1.20     4.46

SNOWFALL (IN)
  YESTERDAY        0.0           0.0  2006   0.0    0.0      0.0
  MONTH TO DATE    0.0                       0.0    0.0      0.0
  SINCE OCT 1     14.4                      19.2   -4.8     16.0
  SINCE JUL 1      0.0                       0.0    0.0      0.0
  SNOW DEPTH       0

DEGREE DAYS
 HEATING
  YESTERDAY        0                         0      0        0
  MONTH TO DATE    0                         4     -4        0
  SINCE JUN 1     36                        68    -32       35
  SINCE JUL 1      0                         4     -4        0

 COOLING
  YESTERDAY       19                        13      6       15
  MONTH TO DATE  486                       330    156      501
  SINCE JUN 1    598                       469    129      692
  SINCE JAN 1    622                       513    109      739
..................................................................


WIND (MPH)
  HIGHEST WIND SPEED    25   HIGHEST WIND DIRECTION    NE (60)
  HIGHEST GUST SPEED    32   HIGHEST GUST DIRECTION     E (80)
  AVERAGE WIND SPEED     7.1


SKY COVER
  POSSIBLE SUNSHINE  MM
  AVERAGE SKY COVER 0.0


WEATHER CONDITIONS
 THE FOLLOWING WEATHER WAS RECORDED YESTERDAY.
  HAZE


RELATIVE HUMIDITY (PERCENT)
 HIGHEST    53           900 AM
 LOWEST     19           500 PM
 AVERAGE    36

..........................................................


THE BOISE ID CLIMATE NORMALS FOR TODAY
                         NORMAL    RECORD    YEAR
 MAXIMUM TEMPERATURE (F)   93       109      1892
 MINIMUM TEMPERATURE (F)   62        44      1975


SUNRISE AND SUNSET
JULY 31 2014..........SUNRISE   633 AM MDT   SUNSET   909 PM MDT
AUGUST  1 2014........SUNRISE   634 AM MDT   SUNSET   907 PM MDT


-  INDICATES NEGATIVE NUMBERS.
R  INDICATES RECORD WAS SET OR TIED.
MM INDICATES DATA IS MISSING.
T  INDICATES TRACE AMOUNT.




$$
