000
CDUS45 KBOI 260931
CLIBOI


CLIMATE REPORT
NATIONAL WEATHER SERVICE BOISE ID
331 AM MDT TUE MAY 26 2015


...................................

...THE BOISE ID CLIMATE SUMMARY FOR MAY 25 2015...

CLIMATE NORMAL PERIOD 1981 TO 2010
CLIMATE RECORD PERIOD 1878 TO 2015


WEATHER ITEM   OBSERVED TIME   RECORD YEAR NORMAL DEPARTURE LAST
                VALUE   (LST)  VALUE       VALUE  FROM      YEAR
                                                  NORMAL
..................................................................
TEMPERATURE (F)
 YESTERDAY
  MAXIMUM         79    202 PM  96    1961  74      5       82
  MINIMUM         54    543 AM  30    1975  49      5       50
                                      1918
  AVERAGE         67                        62      5       66

PRECIPITATION (IN)
  YESTERDAY        0.08          0.76 1922   0.05   0.03     0.00
  MONTH TO DATE    1.42                      1.14   0.28     0.60
  SINCE OCT 1     10.62                      9.64   0.98    11.01
  SINCE JAN 1      4.71                      5.99  -1.28     8.10

SNOWFALL (IN)
  YESTERDAY        0.0           T    1922   0.0    0.0      0.0
  MONTH TO DATE    0.0                       0.0    0.0      0.0
  SINCE OCT 1     13.3                      19.2   -5.9     14.4
  SINCE JUL 1     13.3                      19.2   -5.9     14.4
  SNOW DEPTH       0

DEGREE DAYS
 HEATING
  YESTERDAY        0                         5     -5        0
  MONTH TO DATE  116                       198    -82      134
  SINCE MAR 1    990                      1263   -273     1153
  SINCE JUL 1   4585                      5422   -837     5493

 COOLING
  YESTERDAY        2                         2      0        1
  MONTH TO DATE    8                        29    -21       19
  SINCE MAR 1      8                        32    -24       19
  SINCE JAN 1      8                        32    -24       19
..................................................................


WIND (MPH)
  HIGHEST WIND SPEED    23   HIGHEST WIND DIRECTION    NW (300)
  HIGHEST GUST SPEED    29   HIGHEST GUST DIRECTION     S (200)
  AVERAGE WIND SPEED     7.1


SKY COVER
  POSSIBLE SUNSHINE  MM
  AVERAGE SKY COVER 0.3


WEATHER CONDITIONS
 THE FOLLOWING WEATHER WAS RECORDED YESTERDAY.
  THUNDERSTORM
  LIGHT RAIN


RELATIVE HUMIDITY (PERCENT)
 HIGHEST    80          1100 PM
 LOWEST     26           200 PM
 AVERAGE    53

..........................................................


THE BOISE ID CLIMATE NORMALS FOR TODAY
                         NORMAL    RECORD    YEAR
 MAXIMUM TEMPERATURE (F)   75        98      1966
 MINIMUM TEMPERATURE (F)   49        33      1973
                                             1922


SUNRISE AND SUNSET
MAY 26 2015...........SUNRISE   610 AM MDT   SUNSET   914 PM MDT
MAY 27 2015...........SUNRISE   610 AM MDT   SUNSET   915 PM MDT


-  INDICATES NEGATIVE NUMBERS.
R  INDICATES RECORD WAS SET OR TIED.
MM INDICATES DATA IS MISSING.
T  INDICATES TRACE AMOUNT.




$$
