000
CDUS45 KBOI 050932
CLIBOI


CLIMATE REPORT
NATIONAL WEATHER SERVICE BOISE ID
231 AM MST MON DEC 5 2016


...................................

...THE BOISE ID CLIMATE SUMMARY FOR DECEMBER 4 2016...

CLIMATE NORMAL PERIOD 1981 TO 2010
CLIMATE RECORD PERIOD 1875 TO 2016


WEATHER ITEM   OBSERVED TIME   RECORD YEAR NORMAL DEPARTURE LAST
                VALUE   (LST)  VALUE       VALUE  FROM      YEAR
                                                  NORMAL
..................................................................
TEMPERATURE (F)
 YESTERDAY
  MAXIMUM         45    211 PM  61    1875  40      5       45
  MINIMUM         29   1159 PM   4    1983  26      3       35
  AVERAGE         37                        33      4       40

PRECIPITATION (IN)
  YESTERDAY        0.14          0.56 1879   0.05   0.09     0.13
  MONTH TO DATE    0.14                      0.20  -0.06     0.13
  SINCE OCT 1      1.65                      2.30  -0.65     2.76
  SINCE JAN 1      6.83                     10.38  -3.55     9.38

SNOWFALL (IN)
  YESTERDAY        0.0           2.5  1941   0.2   -0.2      0.0
  MONTH TO DATE    0.0                       0.7   -0.7       T
  SINCE OCT 1      T                         3.4   -3.4      3.7
  SINCE JUL 1      T                         3.4   -3.4      3.7
  SNOW DEPTH       0

DEGREE DAYS
 HEATING
  YESTERDAY       28                        32     -4       25
  MONTH TO DATE  121                       127     -6      150
  SINCE DEC 1    121                       127     -6      150
  SINCE JUL 1   1026                      1381   -355     1222

 COOLING
  YESTERDAY        0                         0      0        0
  MONTH TO DATE    0                         0      0        0
  SINCE DEC 1      0                         0      0        0
  SINCE JAN 1   1001                       942     59     1280
..................................................................


WIND (MPH)
  HIGHEST WIND SPEED    20   HIGHEST WIND DIRECTION    NW (300)
  HIGHEST GUST SPEED    24   HIGHEST GUST DIRECTION    NW (310)
  AVERAGE WIND SPEED    11.5


SKY COVER
  POSSIBLE SUNSHINE  MM
  AVERAGE SKY COVER 0.9


WEATHER CONDITIONS
 THE FOLLOWING WEATHER WAS RECORDED YESTERDAY.
  RAIN
  LIGHT RAIN
  FOG


RELATIVE HUMIDITY (PERCENT)
 HIGHEST    89           500 PM
 LOWEST     59           900 PM
 AVERAGE    74

..........................................................


THE BOISE ID CLIMATE NORMALS FOR TODAY
                         NORMAL    RECORD    YEAR
 MAXIMUM TEMPERATURE (F)   39        59      1918
 MINIMUM TEMPERATURE (F)   26        -6      1972


SUNRISE AND SUNSET
DECEMBER  5 2016......SUNRISE   803 AM MST   SUNSET   508 PM MST
DECEMBER  6 2016......SUNRISE   804 AM MST   SUNSET   508 PM MST


-  INDICATES NEGATIVE NUMBERS.
R  INDICATES RECORD WAS SET OR TIED.
MM INDICATES DATA IS MISSING.
T  INDICATES TRACE AMOUNT.




$$
