000
CDUS45 KBOI 170933
CLIBOI


CLIMATE REPORT
NATIONAL WEATHER SERVICE BOISE ID
333 AM MDT WED SEP 17 2014


...................................

...THE BOISE ID CLIMATE SUMMARY FOR SEPTEMBER 16 2014...

CLIMATE NORMAL PERIOD 1981 TO 2010
CLIMATE RECORD PERIOD 1878 TO 2014


WEATHER ITEM   OBSERVED TIME   RECORD YEAR NORMAL DEPARTURE LAST
                VALUE   (LST)  VALUE       VALUE  FROM      YEAR
                                                  NORMAL
..................................................................
TEMPERATURE (F)
 YESTERDAY
  MAXIMUM         93R   403 PM  93    1998  79     14       86
                                      1943
  MINIMUM         67    521 AM  33    1965  51     16       61
  AVERAGE         80                        65     15       74

PRECIPITATION (IN)
  YESTERDAY        0.02          0.20 1977   0.02   0.00      T
  MONTH TO DATE    0.02                      0.27  -0.25     0.85
  SINCE OCT 1     11.54                     11.42   0.12     8.41
  SINCE JAN 1      8.63                      7.77   0.86     5.76

SNOWFALL (IN)
  YESTERDAY        0.0           0.0  2006   0.0    0.0      0.0
  MONTH TO DATE    0.0                       0.0    0.0      0.0
  SINCE OCT 1     14.4                      19.2   -4.8     16.0
  SINCE JUL 1      0.0                       0.0    0.0      0.0
  SNOW DEPTH       0

DEGREE DAYS
 HEATING
  YESTERDAY        0                         3     -3        0
  MONTH TO DATE   24                        32     -8        0
  SINCE SEP 1     24                        32     -8        0
  SINCE JUL 1     28                        50    -22        0

 COOLING
  YESTERDAY       15                         3     12        9
  MONTH TO DATE   61                        72    -11      142
  SINCE SEP 1     61                        72    -11      142
  SINCE JAN 1   1044                       906    138     1314
..................................................................


WIND (MPH)
  HIGHEST WIND SPEED    22   HIGHEST WIND DIRECTION     W (250)
  HIGHEST GUST SPEED    28   HIGHEST GUST DIRECTION     W (260)
  AVERAGE WIND SPEED     5.7


SKY COVER
  POSSIBLE SUNSHINE  MM
  AVERAGE SKY COVER 0.1


WEATHER CONDITIONS
 THE FOLLOWING WEATHER WAS RECORDED YESTERDAY.
  THUNDERSTORM
  LIGHT RAIN


RELATIVE HUMIDITY (PERCENT)
 HIGHEST    66           500 AM
 LOWEST     18           300 PM
 AVERAGE    42

..........................................................


THE BOISE ID CLIMATE NORMALS FOR TODAY
                         NORMAL    RECORD    YEAR
 MAXIMUM TEMPERATURE (F)   78        95      1998
                                             1981
 MINIMUM TEMPERATURE (F)   51        24      1965


SUNRISE AND SUNSET
SEPTEMBER 17 2014.....SUNRISE   727 AM MDT   SUNSET   751 PM MDT
SEPTEMBER 18 2014.....SUNRISE   728 AM MDT   SUNSET   749 PM MDT


-  INDICATES NEGATIVE NUMBERS.
R  INDICATES RECORD WAS SET OR TIED.
MM INDICATES DATA IS MISSING.
T  INDICATES TRACE AMOUNT.




$$
