000
CDUS45 KBOI 310934
CLIBOI


CLIMATE REPORT
NATIONAL WEATHER SERVICE BOISE ID
332 AM MDT FRI JUL 31 2015


...................................

...THE BOISE ID CLIMATE SUMMARY FOR JULY 30 2015...

CLIMATE NORMAL PERIOD 1981 TO 2010
CLIMATE RECORD PERIOD 1878 TO 2015


WEATHER ITEM   OBSERVED TIME   RECORD YEAR NORMAL DEPARTURE LAST
                VALUE   (LST)  VALUE       VALUE  FROM      YEAR
                                                  NORMAL
..................................................................
TEMPERATURE (F)
 YESTERDAY
  MAXIMUM         95    511 PM 106    2003  93      2       96
  MINIMUM         62    611 AM  46    1950  62      0       72
                                      1890
                                      1877
  AVERAGE         79                        78      1       84

PRECIPITATION (IN)
  YESTERDAY        0.00          1.22 1912   0.01  -0.01     0.00
  MONTH TO DATE    0.97                      0.32   0.65     0.08
  SINCE OCT 1     11.84                     10.90   0.94    11.36
  SINCE JAN 1      5.93                      7.25  -1.32     8.45

SNOWFALL (IN)
  YESTERDAY        0.0           0.0  2006   0.0    0.0      0.0
  MONTH TO DATE    0.0                       0.0    0.0      0.0
  SINCE OCT 1     13.3                      19.2   -5.9     14.4
  SINCE JUL 1      0.0                       0.0    0.0      0.0
  SNOW DEPTH       0

DEGREE DAYS
 HEATING
  YESTERDAY        0                         0      0        0
  MONTH TO DATE    0                         4     -4        0
  SINCE JUN 1      2                        68    -66       36
  SINCE JUL 1      0                         4     -4        0

 COOLING
  YESTERDAY       14                        13      1       19
  MONTH TO DATE  352                       330     22      486
  SINCE JUN 1    690                       469    221      598
  SINCE JAN 1    725                       513    212      622
..................................................................


WIND (MPH)
  HIGHEST WIND SPEED    12   HIGHEST WIND DIRECTION    NW (310)
  HIGHEST GUST SPEED    16   HIGHEST GUST DIRECTION     W (280)
  AVERAGE WIND SPEED     5.4


SKY COVER
  POSSIBLE SUNSHINE  MM
  AVERAGE SKY COVER 0.0


WEATHER CONDITIONS
 THE FOLLOWING WEATHER WAS RECORDED YESTERDAY.
  NO SIGNIFICANT WEATHER WAS OBSERVED.


RELATIVE HUMIDITY (PERCENT)
 HIGHEST    39           400 AM
 LOWEST     11           200 PM
 AVERAGE    25

..........................................................


THE BOISE ID CLIMATE NORMALS FOR TODAY
                         NORMAL    RECORD    YEAR
 MAXIMUM TEMPERATURE (F)   93       109      1892
 MINIMUM TEMPERATURE (F)   62        44      1975


SUNRISE AND SUNSET
JULY 31 2015..........SUNRISE   633 AM MDT   SUNSET   909 PM MDT
AUGUST  1 2015........SUNRISE   634 AM MDT   SUNSET   908 PM MDT


-  INDICATES NEGATIVE NUMBERS.
R  INDICATES RECORD WAS SET OR TIED.
MM INDICATES DATA IS MISSING.
T  INDICATES TRACE AMOUNT.




$$
