000
CDUS45 KBOI 020934
CLIBOI


CLIMATE REPORT
NATIONAL WEATHER SERVICE BOISE ID
333 AM MDT WED SEP 2 2015


...................................

...THE BOISE ID CLIMATE SUMMARY FOR SEPTEMBER 1 2015...

CLIMATE NORMAL PERIOD 1981 TO 2010
CLIMATE RECORD PERIOD 1878 TO 2015


WEATHER ITEM   OBSERVED TIME   RECORD YEAR NORMAL DEPARTURE LAST
                VALUE   (LST)  VALUE       VALUE  FROM      YEAR
                                                  NORMAL
..................................................................
TEMPERATURE (F)
 YESTERDAY
  MAXIMUM         87    520 PM 102    1945  85      2       77
  MINIMUM         58    552 AM  39    1892  56      2       49
  AVERAGE         73                        70      3       63

PRECIPITATION (IN)
  YESTERDAY        0.00          0.65 1964   0.01  -0.01     0.00
  MONTH TO DATE    0.00                      0.01  -0.01     0.00
  SINCE OCT 1     12.02                     11.16   0.86    11.52
  SINCE JAN 1      6.11                      7.51  -1.40     8.61

SNOWFALL (IN)
  YESTERDAY        0.0           0.0  2006   0.0    0.0      0.0
  MONTH TO DATE    0.0                       0.0    0.0      0.0
  SINCE OCT 1     13.3                      19.2   -5.9     14.4
  SINCE JUL 1      0.0                       0.0    0.0      0.0
  SNOW DEPTH       0

DEGREE DAYS
 HEATING
  YESTERDAY        0                         1     -1        2
  MONTH TO DATE    0                         1     -1        2
  SINCE SEP 1      0                         1     -1        2
  SINCE JUL 1      0                        19    -19        6

 COOLING
  YESTERDAY        8                         6      2        0
  MONTH TO DATE    8                         6      2        0
  SINCE SEP 1      8                         6      2        0
  SINCE JAN 1   1144                       840    304      983
..................................................................


WIND (MPH)
  HIGHEST WIND SPEED    12   HIGHEST WIND DIRECTION     S (170)
  HIGHEST GUST SPEED    16   HIGHEST GUST DIRECTION    NW (320)
  AVERAGE WIND SPEED     4.2


SKY COVER
  POSSIBLE SUNSHINE  MM
  AVERAGE SKY COVER 0.0


WEATHER CONDITIONS
 THE FOLLOWING WEATHER WAS RECORDED YESTERDAY.
  HAZE


RELATIVE HUMIDITY (PERCENT)
 HIGHEST    46           300 AM
 LOWEST     20           400 PM
 AVERAGE    33

..........................................................


THE BOISE ID CLIMATE NORMALS FOR TODAY
                         NORMAL    RECORD    YEAR
 MAXIMUM TEMPERATURE (F)   84       101      1950
 MINIMUM TEMPERATURE (F)   56        39      1894


SUNRISE AND SUNSET
SEPTEMBER  2 2015.....SUNRISE   710 AM MDT   SUNSET   819 PM MDT
SEPTEMBER  3 2015.....SUNRISE   711 AM MDT   SUNSET   817 PM MDT


-  INDICATES NEGATIVE NUMBERS.
R  INDICATES RECORD WAS SET OR TIED.
MM INDICATES DATA IS MISSING.
T  INDICATES TRACE AMOUNT.




$$
