000
CDUS45 KBOI 220932
CLIBOI


CLIMATE REPORT
NATIONAL WEATHER SERVICE BOISE ID
231 AM MST SUN JAN 22 2017


...................................

...THE BOISE ID CLIMATE SUMMARY FOR JANUARY 21 2017...

CLIMATE NORMAL PERIOD 1981 TO 2010
CLIMATE RECORD PERIOD 1875 TO 2017


WEATHER ITEM   OBSERVED TIME   RECORD YEAR NORMAL DEPARTURE LAST
                VALUE   (LST)  VALUE       VALUE  FROM      YEAR
                                                  NORMAL
..................................................................
TEMPERATURE (F)
 YESTERDAY
  MAXIMUM         40    413 PM  54    1909  38      2       47
  MINIMUM         31    950 AM -14    1937  25      6       37
  AVERAGE         36                        32      4       42

PRECIPITATION (IN)
  YESTERDAY        0.10          0.79 1903   0.03   0.07     0.00
  MONTH TO DATE    2.86                      0.89   1.97     0.48
  SINCE OCT 1      6.36                      4.54   1.82     4.82
  SINCE JAN 1      2.86                      0.89   1.97     0.48

SNOWFALL (IN)
  YESTERDAY        0.9           3.6  1965   0.1    0.8      0.0
  MONTH TO DATE   18.5                       3.7   14.8      2.2
  SINCE OCT 1     32.5                      13.4   19.1     10.2
  SINCE JUL 1     32.5                      13.4   19.1     10.2
  SNOW DEPTH       3

DEGREE DAYS
 HEATING
  YESTERDAY       29                        33     -4       23
  MONTH TO DATE  928                       721    207      690
  SINCE DEC 1   2212                      1782    430     1713
  SINCE JUL 1   3117                      3036     81     2785

 COOLING
  YESTERDAY        0                         0      0        0
  MONTH TO DATE    0                         0      0        0
  SINCE DEC 1      0                         0      0        0
  SINCE JAN 1      0                         0      0        0
..................................................................


WIND (MPH)
  HIGHEST WIND SPEED    17   HIGHEST WIND DIRECTION    SE (150)
  HIGHEST GUST SPEED    24   HIGHEST GUST DIRECTION    SW (230)
  AVERAGE WIND SPEED     7.6


SKY COVER
  POSSIBLE SUNSHINE  MM
  AVERAGE SKY COVER 0.9


WEATHER CONDITIONS
 THE FOLLOWING WEATHER WAS RECORDED YESTERDAY.
  SNOW
  LIGHT SNOW
  FOG


RELATIVE HUMIDITY (PERCENT)
 HIGHEST    96           800 AM
 LOWEST     76           700 PM
 AVERAGE    86

..........................................................


THE BOISE ID CLIMATE NORMALS FOR TODAY
                         NORMAL    RECORD    YEAR
 MAXIMUM TEMPERATURE (F)   38        55      1878
 MINIMUM TEMPERATURE (F)   25       -16      1930


SUNRISE AND SUNSET
JANUARY 22 2017.......SUNRISE   810 AM MST   SUNSET   543 PM MST
JANUARY 23 2017.......SUNRISE   809 AM MST   SUNSET   545 PM MST


-  INDICATES NEGATIVE NUMBERS.
R  INDICATES RECORD WAS SET OR TIED.
MM INDICATES DATA IS MISSING.
T  INDICATES TRACE AMOUNT.




$$
