000
CDUS45 KBOI 270121
CLIBOI


CLIMATE REPORT
NATIONAL WEATHER SERVICE BOISE ID
620 PM MST SUN FEB 26 2017


...................................

...THE BOISE ID CLIMATE SUMMARY FOR FEBRUARY 26 2017...
VALID TODAY AS OF 0600 PM LOCAL TIME.

CLIMATE NORMAL PERIOD 1981 TO 2010
CLIMATE RECORD PERIOD 1875 TO 2017


WEATHER ITEM   OBSERVED TIME   RECORD YEAR NORMAL DEPARTURE LAST
                VALUE   (LST)  VALUE       VALUE  FROM      YEAR
                                                  NORMAL
..................................................................
TEMPERATURE (F)
 TODAY
  MAXIMUM         38    423 PM  66    1950  49    -11       65
  MINIMUM         29    441 AM   0    1890  30     -1       32
  AVERAGE         34                        40     -6       49

PRECIPITATION (IN)
  TODAY            T             0.64 1930   0.03  -0.03     0.00
  MONTH TO DATE    1.13                      0.91   0.22     0.49
  SINCE OCT 1      7.59                      5.80   1.79     5.66
  SINCE JAN 1      4.09                      2.15   1.94     1.32

DEGREE DAYS
 HEATING
  TODAY           31                        25      6       16
  MONTH TO DATE  689                       748    -59      634
  SINCE DEC 1   3318                      2855    463     2623
  SINCE JUL 1   4223                      4109    114     3695

 COOLING
  TODAY            0                         0      0        0
  MONTH TO DATE    0                         0      0        0
  SINCE DEC 1      0                         0      0        0
  SINCE JAN 1      0                         0      0        0
..................................................................


WIND (MPH)
  HIGHEST WIND SPEED    23   HIGHEST WIND DIRECTION    SE (140)
  HIGHEST GUST SPEED    29   HIGHEST GUST DIRECTION    SE (140)
  AVERAGE WIND SPEED    14.1



WEATHER CONDITIONS
 THE FOLLOWING WEATHER WAS RECORDED TODAY.
  LIGHT SNOW
  FOG
  HAZE


RELATIVE HUMIDITY (PERCENT)
 HIGHEST    69           300 AM
 LOWEST     44          1100 AM
 AVERAGE    57

..........................................................


THE BOISE ID CLIMATE NORMALS FOR TOMORROW
                         NORMAL    RECORD    YEAR
 MAXIMUM TEMPERATURE (F)   49        65      1992
 MINIMUM TEMPERATURE (F)   31        -8      1890


SUNRISE AND SUNSET
FEBRUARY 26 2017......SUNRISE   726 AM MST   SUNSET   630 PM MST
FEBRUARY 27 2017......SUNRISE   724 AM MST   SUNSET   632 PM MST


-  INDICATES NEGATIVE NUMBERS.
R  INDICATES RECORD WAS SET OR TIED.
MM INDICATES DATA IS MISSING.
T  INDICATES TRACE AMOUNT.




$$
