000
CDUS45 KBOI 310121
CLIBOI


CLIMATE REPORT
NATIONAL WEATHER SERVICE BOISE ID
721 PM MDT SAT AUG 30 2014


...................................

...THE BOISE ID CLIMATE SUMMARY FOR AUGUST 30 2014...
VALID TODAY AS OF 0600 PM LOCAL TIME.

CLIMATE NORMAL PERIOD 1981 TO 2010
CLIMATE RECORD PERIOD 1878 TO 2014


WEATHER ITEM   OBSERVED TIME   RECORD YEAR NORMAL DEPARTURE LAST
                VALUE   (LST)  VALUE       VALUE  FROM      YEAR
                                                  NORMAL
..................................................................
TEMPERATURE (F)
 TODAY
  MAXIMUM         81    429 PM 105    1955  85     -4       90
  MINIMUM         63    705 AM  37    1965  56      7       61
  AVERAGE         72                        71      1       76

PRECIPITATION (IN)
  TODAY            T             0.60 1896   0.01  -0.01     0.00
  MONTH TO DATE    0.15                      0.23  -0.08     0.45
  SINCE OCT 1     11.51                     11.14   0.37     7.56
  SINCE JAN 1      8.60                      7.49   1.11     4.91

DEGREE DAYS
 HEATING
  TODAY            0                         1     -1        0
  MONTH TO DATE    0                         5     -5        0
  SINCE JUN 1     36                        77    -41       35
  SINCE JUL 1      0                        13    -13        0

 COOLING
  TODAY            7                         7      0       11
  MONTH TO DATE  346                       300     46      406
  SINCE JUN 1    962                       781    181     1113
  SINCE JAN 1    986                       825    161     1160
..................................................................


WIND (MPH)
  HIGHEST WIND SPEED    16   HIGHEST WIND DIRECTION    NW (330)
  HIGHEST GUST SPEED    22   HIGHEST GUST DIRECTION     W (290)
  AVERAGE WIND SPEED     8.5



WEATHER CONDITIONS
 THE FOLLOWING WEATHER WAS RECORDED TODAY.
  NO SIGNIFICANT WEATHER WAS OBSERVED.


RELATIVE HUMIDITY (PERCENT)
 HIGHEST    48           700 AM
 LOWEST     23           200 PM
 AVERAGE    36

..........................................................


THE BOISE ID CLIMATE NORMALS FOR TOMORROW
                         NORMAL    RECORD    YEAR
 MAXIMUM TEMPERATURE (F)   85       102      2004
 MINIMUM TEMPERATURE (F)   56        39      1887


SUNRISE AND SUNSET
AUGUST 30 2014........SUNRISE   706 AM MDT   SUNSET   824 PM MDT
AUGUST 31 2014........SUNRISE   708 AM MDT   SUNSET   822 PM MDT


-  INDICATES NEGATIVE NUMBERS.
R  INDICATES RECORD WAS SET OR TIED.
MM INDICATES DATA IS MISSING.
T  INDICATES TRACE AMOUNT.




$$
