000
CDUS45 KBOI 070121
CLIBOI


CLIMATE REPORT
NATIONAL WEATHER SERVICE BOISE ID
621 PM MST FRI MAR 6 2015


...................................

...THE BOISE ID CLIMATE SUMMARY FOR MARCH 6 2015...
VALID TODAY AS OF 0600 PM LOCAL TIME.

CLIMATE NORMAL PERIOD 1981 TO 2010
CLIMATE RECORD PERIOD 1878 TO 2015


WEATHER ITEM   OBSERVED TIME   RECORD YEAR NORMAL DEPARTURE LAST
                VALUE   (LST)  VALUE       VALUE  FROM      YEAR
                                                  NORMAL
..................................................................
TEMPERATURE (F)
 TODAY
  MAXIMUM         60    500 PM  68    1889  52      8       60
  MINIMUM         31    759 AM  10    1882  32     -1       44
  AVERAGE         46                        42      4       52

PRECIPITATION (IN)
  TODAY            0.00          0.67 1987   0.04  -0.04     0.26
  MONTH TO DATE    0.01                      0.25  -0.24     1.09
  SINCE OCT 1      8.10                      6.13   1.97     7.01
  SINCE JAN 1      2.19                      2.48  -0.29     4.10

DEGREE DAYS
 HEATING
  TODAY           19                        23     -4       13
  MONTH TO DATE  157                       142     15       99
  SINCE MAR 1    157                       142     15       99
  SINCE JUL 1   3752                      4301   -549     4439

 COOLING
  TODAY            0                         0      0        0
  MONTH TO DATE    0                         0      0        0
  SINCE MAR 1      0                         0      0        0
  SINCE JAN 1      0                         0      0        0
..................................................................


WIND (MPH)
  HIGHEST WIND SPEED     9   HIGHEST WIND DIRECTION    NW (300)
  HIGHEST GUST SPEED    12   HIGHEST GUST DIRECTION    NW (320)
  AVERAGE WIND SPEED     3.7



WEATHER CONDITIONS
 THE FOLLOWING WEATHER WAS RECORDED TODAY.
  NO SIGNIFICANT WEATHER WAS OBSERVED.


RELATIVE HUMIDITY (PERCENT)
 HIGHEST    63           800 AM
 LOWEST     23           400 PM
 AVERAGE    43

..........................................................


THE BOISE ID CLIMATE NORMALS FOR TOMORROW
                         NORMAL    RECORD    YEAR
 MAXIMUM TEMPERATURE (F)   52        66      2007
                                             1954
 MINIMUM TEMPERATURE (F)   33         9      1882


SUNRISE AND SUNSET
MARCH  6 2015.........SUNRISE   713 AM MST   SUNSET   640 PM MST
MARCH  7 2015.........SUNRISE   711 AM MST   SUNSET   641 PM MST


-  INDICATES NEGATIVE NUMBERS.
R  INDICATES RECORD WAS SET OR TIED.
MM INDICATES DATA IS MISSING.
T  INDICATES TRACE AMOUNT.




$$
