000
CDUS45 KBOI 220936
CLIBOI


CLIMATE REPORT
NATIONAL WEATHER SERVICE BOISE ID
236 AM MST WED NOV 22 2017


...................................

...THE BOISE ID CLIMATE SUMMARY FOR NOVEMBER 21 2017...

CLIMATE NORMAL PERIOD 1981 TO 2010
CLIMATE RECORD PERIOD 1875 TO 2017


WEATHER ITEM   OBSERVED TIME   RECORD YEAR NORMAL DEPARTURE LAST
                VALUE   (LST)  VALUE       VALUE  FROM      YEAR
                                                  NORMAL
..................................................................
TEMPERATURE (F)
 YESTERDAY
  MAXIMUM         57    155 PM  67    2006  45     12       50
  MINIMUM         42    808 AM  -2    1985  30     12       30
  AVERAGE         50                        38     12       40

PRECIPITATION (IN)
  YESTERDAY        0.05          0.68 1921   0.05   0.00     0.00
  MONTH TO DATE    1.49                      0.91   0.58     0.08
  SINCE OCT 1      2.09                      1.66   0.43     1.36
  SINCE JAN 1     14.07                      9.74   4.33     6.54

SNOWFALL (IN)
  YESTERDAY        0.0           3.4  1977   0.1   -0.1      0.0
  MONTH TO DATE    0.0                       1.3   -1.3      0.0
  SINCE OCT 1      T                         1.4   -1.4      0.0
  SINCE JUL 1      T                         1.4   -1.4      0.0
  SNOW DEPTH       0

DEGREE DAYS
 HEATING
  YESTERDAY       15                        27    -12       25
  MONTH TO DATE  452                       484    -32      325
  SINCE SEP 1   1045                       972     73      682
  SINCE JUL 1   1045                       990     55      690

 COOLING
  YESTERDAY        0                         0      0        0
  MONTH TO DATE    0                         0      0        0
  SINCE SEP 1    175                       108     67       64
  SINCE JAN 1   1341                       942    399     1001
..................................................................


WIND (MPH)
  HIGHEST WIND SPEED    17   HIGHEST WIND DIRECTION    SE (120)
  HIGHEST GUST SPEED    21   HIGHEST GUST DIRECTION    SE (120)
  AVERAGE WIND SPEED     7.5


SKY COVER
  POSSIBLE SUNSHINE  MM
  AVERAGE SKY COVER 0.9


WEATHER CONDITIONS
 THE FOLLOWING WEATHER WAS RECORDED YESTERDAY.
  LIGHT RAIN


RELATIVE HUMIDITY (PERCENT)
 HIGHEST    96           800 AM
 LOWEST     67           100 PM
 AVERAGE    82

..........................................................


THE BOISE ID CLIMATE NORMALS FOR TODAY
                         NORMAL    RECORD    YEAR
 MAXIMUM TEMPERATURE (F)   45        65      1892
 MINIMUM TEMPERATURE (F)   30        -3      1985


SUNRISE AND SUNSET
NOVEMBER 22 2017......SUNRISE   748 AM MST   SUNSET   514 PM MST
NOVEMBER 23 2017......SUNRISE   749 AM MST   SUNSET   513 PM MST


-  INDICATES NEGATIVE NUMBERS.
R  INDICATES RECORD WAS SET OR TIED.
MM INDICATES DATA IS MISSING.
T  INDICATES TRACE AMOUNT.




$$
