000
CDUS41 KBOX 290554
CLIBOS


CLIMATE REPORT
NATIONAL WEATHER SERVICE TAUNTON MA
151 AM EDT SAT AUG 29 2015


...................................

...THE BOSTON MA CLIMATE SUMMARY FOR AUGUST 28 2015...

CLIMATE NORMAL PERIOD 1981 TO 2010
CLIMATE RECORD PERIOD 1872 TO 2015


WEATHER ITEM   OBSERVED TIME   RECORD YEAR NORMAL DEPARTURE LAST
                VALUE   (LST)  VALUE       VALUE  FROM      YEAR
                                                  NORMAL
..................................................................
TEMPERATURE (F)
 YESTERDAY
  MAXIMUM         75    150 PM  99    1948  78     -3       82
  MINIMUM         64    542 AM  47    1885  63      1       64
  AVERAGE         70                        70      0       73

PRECIPITATION (IN)
  YESTERDAY        0.00          1.31 1891   0.09  -0.09     0.00
  MONTH TO DATE    2.19                      3.06  -0.87     1.21
  SINCE JUN 1      9.29                     10.17  -0.88     8.40
  SINCE JAN 1     22.78                     28.33  -5.55    26.35

SNOWFALL (IN)
  YESTERDAY        0.0           0.0  2002   0.0    0.0      0.0
                                      2001
                                      2000
  MONTH TO DATE    0.0                       0.0    0.0      0.0
  SINCE JUN 1      0.0                       0.0    0.0      0.0
  SINCE JUL 1      0.0                       0.0    0.0      0.0
  SNOW DEPTH      MM

DEGREE DAYS
 HEATING
  YESTERDAY        0                         0      0        0
  MONTH TO DATE    0                         0      0        0
  SINCE JUN 1     99                        61     38       28
  SINCE JUL 1      1                         6     -5        0

 COOLING
  YESTERDAY        5                         6     -1        8
  MONTH TO DATE  269                       211     58      173
  SINCE JUN 1    651                       613     38      602
  SINCE JAN 1    712                       643     69      624
..................................................................


WIND (MPH)
  RESULTANT WIND SPEED   1   RESULTANT WIND DIRECTION  SE (150)
  HIGHEST WIND SPEED    14   HIGHEST WIND DIRECTION     E (110)
  HIGHEST GUST SPEED    18   HIGHEST GUST DIRECTION    NW (300)
  AVERAGE WIND SPEED     7.7


SKY COVER
  POSSIBLE SUNSHINE  MM
  AVERAGE SKY COVER 0.2


WEATHER CONDITIONS
 THE FOLLOWING WEATHER WAS RECORDED YESTERDAY.
  NO SIGNIFICANT WEATHER WAS OBSERVED.


RELATIVE HUMIDITY (PERCENT)
 HIGHEST    73           600 PM
 LOWEST     53          1100 AM
 AVERAGE    63

..........................................................


THE BOSTON MA CLIMATE NORMALS FOR TODAY
                         NORMAL    RECORD    YEAR
 MAXIMUM TEMPERATURE (F)   78        96      1953
 MINIMUM TEMPERATURE (F)   63        47      1986
                                             1908


SUNRISE AND SUNSET
AUGUST 29 2015........SUNRISE   606 AM EDT   SUNSET   724 PM EDT
AUGUST 30 2015........SUNRISE   607 AM EDT   SUNSET   722 PM EDT


-  INDICATES NEGATIVE NUMBERS.
R  INDICATES RECORD WAS SET OR TIED.
MM INDICATES DATA IS MISSING.
T  INDICATES TRACE AMOUNT.




$$
