882
CDUS41 KBOX 220532
CLIBOS


CLIMATE REPORT
NATIONAL WEATHER SERVICE TAUNTON MA
131 AM EDT TUE AUG 22 2017


...................................

...THE BOSTON MA CLIMATE SUMMARY FOR AUGUST 21 2017...

CLIMATE NORMAL PERIOD 1981 TO 2010
CLIMATE RECORD PERIOD 1872 TO 2017


WEATHER ITEM   OBSERVED TIME   RECORD YEAR NORMAL DEPARTURE LAST
                VALUE   (LST)  VALUE       VALUE  FROM      YEAR
                                                  NORMAL
..................................................................
TEMPERATURE (F)
 YESTERDAY
  MAXIMUM         87    320 PM  97    1955  79      8       78
  MINIMUM         69    512 AM  52    1882  64      5       65
                                      1876
  AVERAGE         78                        72      6       72

PRECIPITATION (IN)
  YESTERDAY        0.00          1.72 1991   0.10  -0.10     0.01
  MONTH TO DATE    1.47                      2.36  -0.89     0.83
  SINCE JUN 1     10.35                      9.47   0.88     3.03
  SINCE JAN 1     31.18                     27.63   3.55    19.37

SNOWFALL (IN)
  YESTERDAY        0.0           0.0  2016   0.0    0.0      0.0
  MONTH TO DATE    0.0                       0.0    0.0      0.0
  SINCE JUN 1      0.0                       0.0    0.0      0.0
  SINCE JUL 1      0.0                       0.0    0.0      0.0
  SNOW DEPTH      MM

DEGREE DAYS
 HEATING
  YESTERDAY        0                         0      0        0
  MONTH TO DATE    0                         0      0        0
  SINCE JUN 1     60                        61     -1       24
  SINCE JUL 1     10                         6      4        7

 COOLING
  YESTERDAY       13                         7      6        7
  MONTH TO DATE  179                       167     12      256
  SINCE JUN 1    620                       569     51      743
  SINCE JAN 1    680                       599     81      788
..................................................................


WIND (MPH)
  RESULTANT WIND SPEED   7   RESULTANT WIND DIRECTION   W (250)
  HIGHEST WIND SPEED    17   HIGHEST WIND DIRECTION    SW (240)
  HIGHEST GUST SPEED    23   HIGHEST GUST DIRECTION     W (250)
  AVERAGE WIND SPEED     9.6


SKY COVER
  POSSIBLE SUNSHINE  MM
  AVERAGE SKY COVER 0.3


WEATHER CONDITIONS
 THE FOLLOWING WEATHER WAS RECORDED YESTERDAY.
  NO SIGNIFICANT WEATHER WAS OBSERVED.


RELATIVE HUMIDITY (PERCENT)
 HIGHEST    70           300 AM
 LOWEST     40           100 PM
 AVERAGE    55

..........................................................


THE BOSTON MA CLIMATE NORMALS FOR TODAY
                         NORMAL    RECORD    YEAR
 MAXIMUM TEMPERATURE (F)   79        93      2003
                                             1955
 MINIMUM TEMPERATURE (F)   64        47      1894


SUNRISE AND SUNSET
AUGUST 22 2017........SUNRISE   559 AM EDT   SUNSET   734 PM EDT
AUGUST 23 2017........SUNRISE   600 AM EDT   SUNSET   733 PM EDT


-  INDICATES NEGATIVE NUMBERS.
R  INDICATES RECORD WAS SET OR TIED.
MM INDICATES DATA IS MISSING.
T  INDICATES TRACE AMOUNT.




$$
