000
CDUS45 KRIW 090741
CLIBPI


CLIMATE REPORT
NATIONAL WEATHER SERVICE RIVERTON WY
1233 AM MST FRI DEC 9 2016


...................................

...THE BIG PINEY WY CLIMATE SUMMARY FOR DECEMBER 8 2016...

CLIMATE NORMAL PERIOD 1981 TO 2010
CLIMATE RECORD PERIOD 1976 TO 2016


WEATHER ITEM   OBSERVED TIME   RECORD YEAR NORMAL DEPARTURE LAST
                VALUE   (LST)  VALUE       VALUE  FROM      YEAR
                                                  NORMAL
..................................................................
TEMPERATURE (F)
 YESTERDAY
  MAXIMUM         11    159 PM  49    1987  27    -16       45
  MINIMUM        -20    456 AM -35    2005   0    -20       20
  AVERAGE         -4                        14    -18       33

PRECIPITATION (IN)
  YESTERDAY        0.03          0.08 2004   0.00   0.03      T
  MONTH TO DATE    0.05                      0.07  -0.02      T
  SINCE DEC 1      0.05                      0.07  -0.02      T
  SINCE JAN 1     12.09                      6.25   5.84     6.76

DEGREE DAYS
 HEATING
  YESTERDAY       69                        51     18       32
  MONTH TO DATE  454                       401     53      411
  SINCE DEC 1    454                       401     53      411
  SINCE JUL 1   2903                      3216   -313     2892

 COOLING
  YESTERDAY        0                         0      0        0
  MONTH TO DATE    0                         0      0        0
  SINCE DEC 1      0                         0      0        0
  SINCE JAN 1     23                        35    -12       53
..................................................................


WIND (MPH)
  HIGHEST WIND SPEED     6   HIGHEST WIND DIRECTION    NW (330)
  HIGHEST GUST SPEED     6   HIGHEST GUST DIRECTION    SE (140)
  AVERAGE WIND SPEED     1.5


SKY COVER
  POSSIBLE SUNSHINE  MM
  AVERAGE SKY COVER 0.4


WEATHER CONDITIONS
 THE FOLLOWING WEATHER WAS RECORDED YESTERDAY.
  LIGHT SNOW
  FOG
  HAZE


RELATIVE HUMIDITY (PERCENT)
 HIGHEST    83           900 PM
 LOWEST     63           300 PM
 AVERAGE    73

..........................................................


THE BIG PINEY WY CLIMATE NORMALS FOR TODAY
                         NORMAL    RECORD    YEAR
 MAXIMUM TEMPERATURE (F)   27        46      2014
 MINIMUM TEMPERATURE (F)    0       -27      2009


SUNRISE AND SUNSET
DECEMBER  9 2016......SUNRISE   739 AM MST   SUNSET   447 PM MST
DECEMBER 10 2016......SUNRISE   740 AM MST   SUNSET   447 PM MST


-  INDICATES NEGATIVE NUMBERS.
R  INDICATES RECORD WAS SET OR TIED.
MM INDICATES DATA IS MISSING.
T  INDICATES TRACE AMOUNT.




$$
