000
CDUS45 KRIW 120741
CLIBPI


CLIMATE REPORT
NATIONAL WEATHER SERVICE RIVERTON WY
134 AM MDT SAT JUL 12 2014


...................................

...THE BIG PINEY WY CLIMATE SUMMARY FOR JULY 11 2014...

CLIMATE NORMAL PERIOD 1981 TO 2010
CLIMATE RECORD PERIOD 1976 TO 2014


WEATHER ITEM   OBSERVED TIME   RECORD YEAR NORMAL DEPARTURE LAST
                VALUE   (LST)  VALUE       VALUE  FROM      YEAR
                                                  NORMAL
..................................................................
TEMPERATURE (F)
 YESTERDAY
  MAXIMUM         76    147 PM  92    2002  80     -4       88
  MINIMUM         50    514 AM  27    1977  43      7       46
  AVERAGE         63                        62      1       67

PRECIPITATION (IN)
  YESTERDAY        T             0.30 2001   0.02  -0.02      T
  MONTH TO DATE    0.11                      0.22  -0.11     0.36
  SINCE JUN 1      0.29                      1.01  -0.72     0.36
  SINCE JAN 1      1.44                      3.48  -2.04     2.06

DEGREE DAYS
 HEATING
  YESTERDAY        2                         4     -2        0
  MONTH TO DATE   23                        52    -29        3
  SINCE JUN 1    370                       357     13      220
  SINCE JUL 1     23                        52    -29        3

 COOLING
  YESTERDAY        0                         1     -1        2
  MONTH TO DATE    8                         3      5       35
  SINCE JUN 1      8                         5      3       55
  SINCE JAN 1      8                         5      3       55
..................................................................


WIND (MPH)
  HIGHEST WIND SPEED    25   HIGHEST WIND DIRECTION     E (110)
  HIGHEST GUST SPEED    30   HIGHEST GUST DIRECTION     E (110)
  AVERAGE WIND SPEED     6.2


SKY COVER
  POSSIBLE SUNSHINE  MM
  AVERAGE SKY COVER 0.2


WEATHER CONDITIONS
 THE FOLLOWING WEATHER WAS RECORDED YESTERDAY.
  LIGHT RAIN


RELATIVE HUMIDITY (PERCENT)
 HIGHEST    89           300 AM
 LOWEST     31           200 PM
 AVERAGE    60

..........................................................


THE BIG PINEY WY CLIMATE NORMALS FOR TODAY
                         NORMAL    RECORD    YEAR
 MAXIMUM TEMPERATURE (F)   80        94      2002
 MINIMUM TEMPERATURE (F)   43        30      1994


SUNRISE AND SUNSET
JULY 12 2014..........SUNRISE   554 AM MDT   SUNSET   858 PM MDT
JULY 13 2014..........SUNRISE   555 AM MDT   SUNSET   857 PM MDT


-  INDICATES NEGATIVE NUMBERS.
R  INDICATES RECORD WAS SET OR TIED.
MM INDICATES DATA IS MISSING.
T  INDICATES TRACE AMOUNT.




$$
