000
CDUS45 KRIW 230729
CLIBPI


CLIMATE REPORT
NATIONAL WEATHER SERVICE RIVERTON WY
129 AM MDT SAT SEP 23 2017


...................................

...THE BIG PINEY WY CLIMATE SUMMARY FOR SEPTEMBER 22 2017...

CLIMATE NORMAL PERIOD 1981 TO 2010
CLIMATE RECORD PERIOD 1976 TO 2017


WEATHER ITEM   OBSERVED TIME   RECORD YEAR NORMAL DEPARTURE LAST
                VALUE   (LST)  VALUE       VALUE  FROM      YEAR
                                                  NORMAL
..................................................................
TEMPERATURE (F)
 YESTERDAY
  MAXIMUM         54    125 PM  81    2015  65    -11       64
  MINIMUM         31   1159 PM  15    1983  29      2       48
  AVERAGE         43                        47     -4       56

PRECIPITATION (IN)
  YESTERDAY        0.03          0.35 2016   0.03   0.00     0.35
  MONTH TO DATE    1.01                      0.57   0.44     1.42
  SINCE SEP 1      1.01                      0.57   0.44     1.42
  SINCE JAN 1      8.11                      5.23   2.88     8.90

DEGREE DAYS
 HEATING
  YESTERDAY       22                        18      4        9
  MONTH TO DATE  229                       303    -74      250
  SINCE SEP 1    229                       303    -74      250
  SINCE JUL 1    416                       596   -180      533

 COOLING
  YESTERDAY        0                         0      0        0
  MONTH TO DATE    0                         0      0        0
  SINCE SEP 1      0                         0      0        0
  SINCE JAN 1     27                        35     -8       23
..................................................................


WIND (MPH)
  HIGHEST WIND SPEED    21   HIGHEST WIND DIRECTION    SW (230)
  HIGHEST GUST SPEED    31   HIGHEST GUST DIRECTION     W (250)
  AVERAGE WIND SPEED    10.3


SKY COVER
  POSSIBLE SUNSHINE  MM
  AVERAGE SKY COVER 0.8


WEATHER CONDITIONS
 THE FOLLOWING WEATHER WAS RECORDED YESTERDAY.
  HEAVY RAIN
  LIGHT RAIN
  FOG


RELATIVE HUMIDITY (PERCENT)
 HIGHEST   100          1100 PM
 LOWEST     35           100 PM
 AVERAGE    68

..........................................................


THE BIG PINEY WY CLIMATE NORMALS FOR TODAY
                         NORMAL    RECORD    YEAR
 MAXIMUM TEMPERATURE (F)   65        81      2015
 MINIMUM TEMPERATURE (F)   29        13      1996


SUNRISE AND SUNSET
SEPTEMBER 23 2017.....SUNRISE   709 AM MDT   SUNSET   715 PM MDT
SEPTEMBER 24 2017.....SUNRISE   710 AM MDT   SUNSET   714 PM MDT


-  INDICATES NEGATIVE NUMBERS.
R  INDICATES RECORD WAS SET OR TIED.
MM INDICATES DATA IS MISSING.
T  INDICATES TRACE AMOUNT.




$$
