000
CDUS45 KRIW 270742
CLIBPI


CLIMATE REPORT
NATIONAL WEATHER SERVICE RIVERTON WY
142 AM MDT WED AUG 27 2014


...................................

...THE BIG PINEY WY CLIMATE SUMMARY FOR AUGUST 26 2014...

CLIMATE NORMAL PERIOD 1981 TO 2010
CLIMATE RECORD PERIOD 1976 TO 2014


WEATHER ITEM   OBSERVED TIME   RECORD YEAR NORMAL DEPARTURE LAST
                VALUE   (LST)  VALUE       VALUE  FROM      YEAR
                                                  NORMAL
..................................................................
TEMPERATURE (F)
 YESTERDAY
  MAXIMUM         67    123 PM  88    2010  76     -9       73
  MINIMUM         42   1211 AM  19    1992  38      4       49
  AVERAGE         55                        57     -2       61

PRECIPITATION (IN)
  YESTERDAY        0.02          0.25 1998   0.01   0.01      T
  MONTH TO DATE    1.41                      0.57   0.84     0.39
  SINCE JUN 1      2.03                      2.07  -0.04     1.28
  SINCE JAN 1      3.18                      4.54  -1.36     2.98

DEGREE DAYS
 HEATING
  YESTERDAY       10                         8      2        4
  MONTH TO DATE  123                       132     -9       69
  SINCE JUN 1    524                       554    -30      310
  SINCE JUL 1    177                       249    -72       93

 COOLING
  YESTERDAY        0                         0      0        0
  MONTH TO DATE    0                        12    -12        7
  SINCE JUN 1     26                        36    -10       84
  SINCE JAN 1     26                        36    -10       84
..................................................................


WIND (MPH)
  HIGHEST WIND SPEED    20   HIGHEST WIND DIRECTION     W (260)
  HIGHEST GUST SPEED    31   HIGHEST GUST DIRECTION     W (260)
  AVERAGE WIND SPEED     6.1


SKY COVER
  POSSIBLE SUNSHINE  MM
  AVERAGE SKY COVER 0.5


WEATHER CONDITIONS
 THE FOLLOWING WEATHER WAS RECORDED YESTERDAY.
  THUNDERSTORM
  LIGHT RAIN
  FOG


RELATIVE HUMIDITY (PERCENT)
 HIGHEST    96           100 AM
 LOWEST     36           300 PM
 AVERAGE    66

..........................................................


THE BIG PINEY WY CLIMATE NORMALS FOR TODAY
                         NORMAL    RECORD    YEAR
 MAXIMUM TEMPERATURE (F)   76        87      2001
 MINIMUM TEMPERATURE (F)   38        19      1992


SUNRISE AND SUNSET
AUGUST 27 2014........SUNRISE   640 AM MDT   SUNSET   803 PM MDT
AUGUST 28 2014........SUNRISE   641 AM MDT   SUNSET   801 PM MDT


-  INDICATES NEGATIVE NUMBERS.
R  INDICATES RECORD WAS SET OR TIED.
MM INDICATES DATA IS MISSING.
T  INDICATES TRACE AMOUNT.




$$
