000
CDUS45 KRIW 250735
CLIBPI


CLIMATE REPORT
NATIONAL WEATHER SERVICE RIVERTON WY
135 AM MDT WED MAY 25 2016


...................................

...THE BIG PINEY WY CLIMATE SUMMARY FOR MAY 24 2016...

CLIMATE NORMAL PERIOD 1981 TO 2010
CLIMATE RECORD PERIOD 1976 TO 2016


WEATHER ITEM   OBSERVED TIME   RECORD YEAR NORMAL DEPARTURE LAST
                VALUE   (LST)  VALUE       VALUE  FROM      YEAR
                                                  NORMAL
..................................................................
TEMPERATURE (F)
 YESTERDAY
  MAXIMUM         59   1216 PM  80    2001  64     -5       58
  MINIMUM         27    452 AM  20    2007  32     -5       36
  AVERAGE         43                        48     -5       47

PRECIPITATION (IN)
  YESTERDAY        0.14          0.24 2011   0.03   0.11     0.06
  MONTH TO DATE    3.72                      0.65   3.07     1.88
  SINCE MAR 1      5.61                      1.62   3.99     2.50
  SINCE JAN 1      5.78                      2.28   3.50     2.56

DEGREE DAYS
 HEATING
  YESTERDAY       22                        17      5       18
  MONTH TO DATE  483                       486     -3      468
  SINCE MAR 1   2291                      2494   -203     2178
  SINCE JUL 1   9145                     10017   -872     8278

 COOLING
  YESTERDAY        0                         0      0        0
  MONTH TO DATE    0                         0      0        0
  SINCE MAR 1      0                         0      0        0
  SINCE JAN 1      0                         0      0        0
..................................................................


WIND (MPH)
  HIGHEST WIND SPEED    29   HIGHEST WIND DIRECTION    NW (300)
  HIGHEST GUST SPEED    38   HIGHEST GUST DIRECTION     W (250)
  AVERAGE WIND SPEED     6.8


SKY COVER
  POSSIBLE SUNSHINE  MM
  AVERAGE SKY COVER 0.5


WEATHER CONDITIONS
 THE FOLLOWING WEATHER WAS RECORDED YESTERDAY.
  THUNDERSTORM
  HEAVY RAIN
  RAIN
  LIGHT RAIN
  FOG


RELATIVE HUMIDITY (PERCENT)
 HIGHEST    92           200 AM
 LOWEST     38          1200 PM
 AVERAGE    65

..........................................................


THE BIG PINEY WY CLIMATE NORMALS FOR TODAY
                         NORMAL    RECORD    YEAR
 MAXIMUM TEMPERATURE (F)   65        78      2006
                                             2001
 MINIMUM TEMPERATURE (F)   33        21      2004
                                             1990
                                             1989


SUNRISE AND SUNSET
MAY 25 2016...........SUNRISE   549 AM MDT   SUNSET   846 PM MDT
MAY 26 2016...........SUNRISE   549 AM MDT   SUNSET   847 PM MDT


-  INDICATES NEGATIVE NUMBERS.
R  INDICATES RECORD WAS SET OR TIED.
MM INDICATES DATA IS MISSING.
T  INDICATES TRACE AMOUNT.




$$
