000
CDUS45 KRIW 260730
CLIBPI


CLIMATE REPORT
NATIONAL WEATHER SERVICE RIVERTON WY
129 AM MDT WED JUL 26 2017


...................................

...THE BIG PINEY WY CLIMATE SUMMARY FOR JULY 25 2017...

CLIMATE NORMAL PERIOD 1981 TO 2010
CLIMATE RECORD PERIOD 1976 TO 2017


WEATHER ITEM   OBSERVED TIME   RECORD YEAR NORMAL DEPARTURE LAST
                VALUE   (LST)  VALUE       VALUE  FROM      YEAR
                                                  NORMAL
..................................................................
TEMPERATURE (F)
 YESTERDAY
  MAXIMUM         72    215 PM  90    2016  82    -10       90
                                      1978
  MINIMUM         55    333 AM  35    2000  44     11       37
                                      1995
                                      1993
  AVERAGE         64                        63      1       64

PRECIPITATION (IN)
  YESTERDAY        0.11          0.46 1977   0.03   0.08     0.00
  MONTH TO DATE    0.85                      0.54   0.31     0.12
  SINCE JUN 1      0.99                      1.33  -0.34     0.85
  SINCE JAN 1      6.45                      3.80   2.65     6.90

DEGREE DAYS
 HEATING
  YESTERDAY        1                         3     -2        1
  MONTH TO DATE   20                        97    -77      104
  SINCE JUN 1    291                       402   -111      282
  SINCE JUL 1     20                        97    -77      104

 COOLING
  YESTERDAY        0                         1     -1        0
  MONTH TO DATE   23                        17      6       10
  SINCE JUN 1     24                        19      5       11
  SINCE JAN 1     24                        19      5       11
..................................................................


WIND (MPH)
  HIGHEST WIND SPEED    17   HIGHEST WIND DIRECTION    NE (40)
  HIGHEST GUST SPEED    22   HIGHEST GUST DIRECTION    NE (40)
  AVERAGE WIND SPEED     7.5


SKY COVER
  POSSIBLE SUNSHINE  MM
  AVERAGE SKY COVER 0.8


WEATHER CONDITIONS
 THE FOLLOWING WEATHER WAS RECORDED YESTERDAY.
  LIGHT RAIN


RELATIVE HUMIDITY (PERCENT)
 HIGHEST    93           900 PM
 LOWEST     40          1100 AM
 AVERAGE    67

..........................................................


THE BIG PINEY WY CLIMATE NORMALS FOR TODAY
                         NORMAL    RECORD    YEAR
 MAXIMUM TEMPERATURE (F)   82        91      2002
 MINIMUM TEMPERATURE (F)   44        35      2001
                                             1987
                                             1980


SUNRISE AND SUNSET
JULY 26 2017..........SUNRISE   607 AM MDT   SUNSET   847 PM MDT
JULY 27 2017..........SUNRISE   608 AM MDT   SUNSET   846 PM MDT


-  INDICATES NEGATIVE NUMBERS.
R  INDICATES RECORD WAS SET OR TIED.
MM INDICATES DATA IS MISSING.
T  INDICATES TRACE AMOUNT.




$$
