000
CDUS45 KRIW 260739
CLIBPI


CLIMATE REPORT
NATIONAL WEATHER SERVICE RIVERTON WY
135 AM MDT FRI MAY 26 2017


...................................

...THE BIG PINEY WY CLIMATE SUMMARY FOR MAY 25 2017...

CLIMATE NORMAL PERIOD 1981 TO 2010
CLIMATE RECORD PERIOD 1976 TO 2017


WEATHER ITEM   OBSERVED TIME   RECORD YEAR NORMAL DEPARTURE LAST
                VALUE   (LST)  VALUE       VALUE  FROM      YEAR
                                                  NORMAL
..................................................................
TEMPERATURE (F)
 YESTERDAY
  MAXIMUM         59    300 PM  78    2006  65     -6       54
                                      2001
  MINIMUM         31   1111 PM  21    2004  33     -2       33
                                      1990
                                      1989
  AVERAGE         45                        48     -3       44

PRECIPITATION (IN)
  YESTERDAY        T             0.40 1984   0.02  -0.02     0.13
  MONTH TO DATE    1.02                      0.67   0.35     3.85
  SINCE MAR 1      3.64                      1.64   2.00     5.74
  SINCE JAN 1      5.38                      2.30   3.08     5.91

DEGREE DAYS
 HEATING
  YESTERDAY       20                        17      3       21
  MONTH TO DATE  477                       503    -26      504
  SINCE MAR 1   2440                      2511    -71     2312
  SINCE JUL 1   9870                     10034   -164     9166

 COOLING
  YESTERDAY        0                         0      0        0
  MONTH TO DATE    0                         0      0        0
  SINCE MAR 1      0                         0      0        0
  SINCE JAN 1      0                         0      0        0
..................................................................


WIND (MPH)
  HIGHEST WIND SPEED    25   HIGHEST WIND DIRECTION     N (340)
  HIGHEST GUST SPEED    31   HIGHEST GUST DIRECTION     N (340)
  AVERAGE WIND SPEED     8.7


SKY COVER
  POSSIBLE SUNSHINE  MM
  AVERAGE SKY COVER 0.3


WEATHER CONDITIONS
 THE FOLLOWING WEATHER WAS RECORDED YESTERDAY.
  NO SIGNIFICANT WEATHER WAS OBSERVED.


RELATIVE HUMIDITY (PERCENT)
 HIGHEST    85           100 AM
 LOWEST     22           200 PM
 AVERAGE    54

..........................................................


THE BIG PINEY WY CLIMATE NORMALS FOR TODAY
                         NORMAL    RECORD    YEAR
 MAXIMUM TEMPERATURE (F)   65        80      2003
 MINIMUM TEMPERATURE (F)   33        23      1977


SUNRISE AND SUNSET
MAY 26 2017...........SUNRISE   549 AM MDT   SUNSET   847 PM MDT
MAY 27 2017...........SUNRISE   548 AM MDT   SUNSET   848 PM MDT


-  INDICATES NEGATIVE NUMBERS.
R  INDICATES RECORD WAS SET OR TIED.
MM INDICATES DATA IS MISSING.
T  INDICATES TRACE AMOUNT.




$$
