000
CDUS45 KRIW 060738
CLIBPI


CLIMATE REPORT
NATIONAL WEATHER SERVICE RIVERTON WY
1233 AM MST FRI MAR 6 2015


...................................

...THE BIG PINEY WY CLIMATE SUMMARY FOR MARCH 5 2015...

CLIMATE NORMAL PERIOD 1981 TO 2010
CLIMATE RECORD PERIOD 1976 TO 2015


WEATHER ITEM   OBSERVED TIME   RECORD YEAR NORMAL DEPARTURE LAST
                VALUE   (LST)  VALUE       VALUE  FROM      YEAR
                                                  NORMAL
..................................................................
TEMPERATURE (F)
 YESTERDAY
  MAXIMUM         41    335 PM  49    1983  36      5       41
  MINIMUM          3    657 AM -21    1984   8     -5       16
  AVERAGE         22                        22      0       29

PRECIPITATION (IN)
  YESTERDAY        0.00          0.05 1991   0.01  -0.01     0.00
  MONTH TO DATE    0.01                      0.05  -0.04     0.06
  SINCE MAR 1      0.01                      0.05  -0.04     0.06
  SINCE JAN 1      0.07                      0.71  -0.64     0.10

DEGREE DAYS
 HEATING
  YESTERDAY       43                        43      0       36
  MONTH TO DATE  229                       219     10      173
  SINCE MAR 1    229                       219     10      173
  SINCE JUL 1   6329                      7742  -1413     7117

 COOLING
  YESTERDAY        0                         0      0        0
  MONTH TO DATE    0                         0      0        0
  SINCE MAR 1      0                         0      0        0
  SINCE JAN 1      0                         0      0        0
..................................................................


WIND (MPH)
  HIGHEST WIND SPEED    24   HIGHEST WIND DIRECTION     N (350)
  HIGHEST GUST SPEED    29   HIGHEST GUST DIRECTION     N (340)
  AVERAGE WIND SPEED     9.2


SKY COVER
  POSSIBLE SUNSHINE  MM
  AVERAGE SKY COVER 0.0


WEATHER CONDITIONS
 THE FOLLOWING WEATHER WAS RECORDED YESTERDAY.
  NO SIGNIFICANT WEATHER WAS OBSERVED.


RELATIVE HUMIDITY (PERCENT)
 HIGHEST    80           100 AM
 LOWEST     23           200 PM
 AVERAGE    52

..........................................................


THE BIG PINEY WY CLIMATE NORMALS FOR TODAY
                         NORMAL    RECORD    YEAR
 MAXIMUM TEMPERATURE (F)   37        49      2007
                                             2001
 MINIMUM TEMPERATURE (F)    9       -11      1997


SUNRISE AND SUNSET
MARCH  6 2015.........SUNRISE   648 AM MST   SUNSET   616 PM MST
MARCH  7 2015.........SUNRISE   646 AM MST   SUNSET   617 PM MST


-  INDICATES NEGATIVE NUMBERS.
R  INDICATES RECORD WAS SET OR TIED.
MM INDICATES DATA IS MISSING.
T  INDICATES TRACE AMOUNT.




$$
