639
CDUS45 KRIW 160737
CLIBPI


CLIMATE REPORT
NATIONAL WEATHER SERVICE RIVERTON WY
1232 AM MST TUE JAN 16 2018


...................................

...THE BIG PINEY WY CLIMATE SUMMARY FOR JANUARY 15 2018...

CLIMATE NORMAL PERIOD 1981 TO 2010
CLIMATE RECORD PERIOD 1976 TO 2018


WEATHER ITEM   OBSERVED TIME   RECORD YEAR NORMAL DEPARTURE LAST
                VALUE   (LST)  VALUE       VALUE  FROM      YEAR
                                                  NORMAL
..................................................................
TEMPERATURE (F)
 YESTERDAY
  MAXIMUM         29    435 PM  47    2012  26      3        2
  MINIMUM         17    801 AM -30    2007  -4     21      -21
  AVERAGE         23                        11     12       -9

PRECIPITATION (IN)
  YESTERDAY        0.00          0.09 1995   0.01  -0.01      T
  MONTH TO DATE    0.05                      0.16  -0.11     0.53
  SINCE DEC 1      0.12                      0.46  -0.34     1.08
  SINCE JAN 1      0.05                      0.16  -0.11     0.53

DEGREE DAYS
 HEATING
  YESTERDAY       42                        54    -12       74
  MONTH TO DATE  637                       810   -173      956
  SINCE DEC 1   1961                      2434   -473     2684
  SINCE JUL 1   4517                      5249   -732     5133

 COOLING
  YESTERDAY        0                         0      0        0
  MONTH TO DATE    0                         0      0        0
  SINCE DEC 1      0                         0      0        0
  SINCE JAN 1      0                         0      0        0
..................................................................


WIND (MPH)
  HIGHEST WIND SPEED    21   HIGHEST WIND DIRECTION     N (20)
  HIGHEST GUST SPEED    26   HIGHEST GUST DIRECTION     N (20)
  AVERAGE WIND SPEED     8.7


SKY COVER
  POSSIBLE SUNSHINE  MM
  AVERAGE SKY COVER 0.5


WEATHER CONDITIONS
 THE FOLLOWING WEATHER WAS RECORDED YESTERDAY.
  NO SIGNIFICANT WEATHER WAS OBSERVED.


RELATIVE HUMIDITY (PERCENT)
 HIGHEST    88          1100 AM
 LOWEST     68           800 PM
 AVERAGE    78

..........................................................


THE BIG PINEY WY CLIMATE NORMALS FOR TODAY
                         NORMAL    RECORD    YEAR
 MAXIMUM TEMPERATURE (F)   26        41      1999
 MINIMUM TEMPERATURE (F)   -4       -27      2017


SUNRISE AND SUNSET
JANUARY 16 2018.......SUNRISE   747 AM MST   SUNSET   514 PM MST
JANUARY 17 2018.......SUNRISE   746 AM MST   SUNSET   515 PM MST


-  INDICATES NEGATIVE NUMBERS.
R  INDICATES RECORD WAS SET OR TIED.
MM INDICATES DATA IS MISSING.
T  INDICATES TRACE AMOUNT.




$$
