000
CDUS45 KRIW 280740
CLIBPI


CLIMATE REPORT
NATIONAL WEATHER SERVICE RIVERTON WY
138 AM MDT THU MAY 28 2015


...................................

...THE BIG PINEY WY CLIMATE SUMMARY FOR MAY 27 2015...

CLIMATE NORMAL PERIOD 1981 TO 2010
CLIMATE RECORD PERIOD 1976 TO 2015


WEATHER ITEM   OBSERVED TIME   RECORD YEAR NORMAL DEPARTURE LAST
                VALUE   (LST)  VALUE       VALUE  FROM      YEAR
                                                  NORMAL
..................................................................
TEMPERATURE (F)
 YESTERDAY
  MAXIMUM         58   1139 AM  82    2003  65     -7       80
  MINIMUM         34    503 AM  25    2011  33      1       39
                                      1983
  AVERAGE         46                        49     -3       60

PRECIPITATION (IN)
  YESTERDAY        0.10          0.23 1987   0.03   0.07     0.00
  MONTH TO DATE    2.15                      0.73   1.42     0.73
  SINCE MAR 1      2.77                      1.70   1.07     1.10
  SINCE JAN 1      2.83                      2.36   0.47     1.14

DEGREE DAYS
 HEATING
  YESTERDAY       19                        16      3        5
  MONTH TO DATE  524                       535    -11      469
  SINCE MAR 1   2234                      2543   -309     2387
  SINCE JUL 1   8334                     10066  -1732     9331

 COOLING
  YESTERDAY        0                         0      0        0
  MONTH TO DATE    0                         0      0        0
  SINCE MAR 1      0                         0      0        0
  SINCE JAN 1      0                         0      0        0
..................................................................


WIND (MPH)
  HIGHEST WIND SPEED    24   HIGHEST WIND DIRECTION    SW (230)
  HIGHEST GUST SPEED    30   HIGHEST GUST DIRECTION    SW (220)
  AVERAGE WIND SPEED     4.2


SKY COVER
  POSSIBLE SUNSHINE  MM
  AVERAGE SKY COVER 0.4


WEATHER CONDITIONS
 THE FOLLOWING WEATHER WAS RECORDED YESTERDAY.
  HEAVY RAIN
  LIGHT RAIN
  FOG


RELATIVE HUMIDITY (PERCENT)
 HIGHEST   100           300 AM
 LOWEST     47          1200 PM
 AVERAGE    74

..........................................................


THE BIG PINEY WY CLIMATE NORMALS FOR TODAY
                         NORMAL    RECORD    YEAR
 MAXIMUM TEMPERATURE (F)   66        86      2003
 MINIMUM TEMPERATURE (F)   33        18      1977


SUNRISE AND SUNSET
MAY 28 2015...........SUNRISE   548 AM MDT   SUNSET   848 PM MDT
MAY 29 2015...........SUNRISE   547 AM MDT   SUNSET   849 PM MDT


-  INDICATES NEGATIVE NUMBERS.
R  INDICATES RECORD WAS SET OR TIED.
MM INDICATES DATA IS MISSING.
T  INDICATES TRACE AMOUNT.




$$
