000
CDUS45 KRIW 170740
CLIBPI


CLIMATE REPORT
NATIONAL WEATHER SERVICE RIVERTON WY
1240 AM MST FRI NOV 17 2017


...................................

...THE BIG PINEY WY CLIMATE SUMMARY FOR NOVEMBER 16 2017...

CLIMATE NORMAL PERIOD 1981 TO 2010
CLIMATE RECORD PERIOD 1976 TO 2017


WEATHER ITEM   OBSERVED TIME   RECORD YEAR NORMAL DEPARTURE LAST
                VALUE   (LST)  VALUE       VALUE  FROM      YEAR
                                                  NORMAL
..................................................................
TEMPERATURE (F)
 YESTERDAY
  MAXIMUM         50    125 PM  59    1999  37     13       50
  MINIMUM         21    231 AM -27    1978  10     11       20
  AVERAGE         36                        24     12       35

PRECIPITATION (IN)
  YESTERDAY        T             0.15 1996   0.01  -0.01      T
  MONTH TO DATE    0.16                      0.12   0.04     0.19
  SINCE SEP 1      1.89                      1.43   0.46     4.22
  SINCE JAN 1      8.99                      6.09   2.90    11.70

DEGREE DAYS
 HEATING
  YESTERDAY       29                        42    -13       30
  MONTH TO DATE  552                       599    -47      441
  SINCE SEP 1   1859                      1886    -27     1578
  SINCE JUL 1   2046                      2179   -133     1861

 COOLING
  YESTERDAY        0                         0      0        0
  MONTH TO DATE    0                         0      0        0
  SINCE SEP 1      0                         0      0        0
  SINCE JAN 1     27                        35     -8       23
..................................................................


WIND (MPH)
  HIGHEST WIND SPEED    35   HIGHEST WIND DIRECTION     W (250)
  HIGHEST GUST SPEED    42   HIGHEST GUST DIRECTION     W (250)
  AVERAGE WIND SPEED     9.8


SKY COVER
  POSSIBLE SUNSHINE  MM
  AVERAGE SKY COVER 0.6


WEATHER CONDITIONS
 THE FOLLOWING WEATHER WAS RECORDED YESTERDAY.
  LIGHT RAIN


RELATIVE HUMIDITY (PERCENT)
 HIGHEST    88           500 AM
 LOWEST     53          1200 PM
 AVERAGE    71

..........................................................


THE BIG PINEY WY CLIMATE NORMALS FOR TODAY
                         NORMAL    RECORD    YEAR
 MAXIMUM TEMPERATURE (F)   37        60      1999
 MINIMUM TEMPERATURE (F)    9       -16      1978


SUNRISE AND SUNSET
NOVEMBER 17 2017......SUNRISE   715 AM MST   SUNSET   456 PM MST
NOVEMBER 18 2017......SUNRISE   716 AM MST   SUNSET   455 PM MST


-  INDICATES NEGATIVE NUMBERS.
R  INDICATES RECORD WAS SET OR TIED.
MM INDICATES DATA IS MISSING.
T  INDICATES TRACE AMOUNT.




$$
