000
CDUS44 KLCH 132214
CLIBPT


CLIMATE REPORT
NATIONAL WEATHER SERVICE LAKE CHARLES, LA
414 PM CST WED DEC 13 2017


...................................

...THE BEAUMONT PORT ARTHUR CLIMATE SUMMARY FOR DECEMBER 13 2017...
VALID TODAY AS OF 0400 PM LOCAL TIME.

CLIMATE NORMAL PERIOD 1981 TO 2010
CLIMATE RECORD PERIOD 1901 TO 2017


WEATHER ITEM   OBSERVED TIME   RECORD YEAR NORMAL DEPARTURE LAST
                VALUE   (LST)  VALUE       VALUE  FROM      YEAR
                                                  NORMAL
..................................................................
TEMPERATURE (F)
 TODAY
  MAXIMUM         60   1253 PM  83    1921  64     -4       81
  MINIMUM         31    723 AM  20    1962  45    -14       64
  AVERAGE         46                        54     -8       73

PRECIPITATION (IN)
  TODAY            0.00          7.43 1991   0.17  -0.17     0.07
  MONTH TO DATE    4.09                      2.11   1.98     8.83
  SINCE DEC 1      4.09                      2.11   1.98     8.83
  SINCE JAN 1    102.78                     57.29  45.49    73.81

SNOWFALL (IN)
  TODAY            0.0           0.0    MM   0.0    0.0      0.0
  MONTH TO DATE    3.0                       0.0    3.0      0.0
  SINCE DEC 1      3.0                       0.0    3.0      0.0
  SINCE JUL 1      3.0                       0.0    3.0      0.0
  SNOW DEPTH       0

DEGREE DAYS
 HEATING
  TODAY           19                        11      8        0
  MONTH TO DATE  161                       132     29      115
  SINCE DEC 1    161                       132     29      115
  SINCE JUL 1    291                       327    -36      185

 COOLING
  TODAY            0                         1     -1        8
  MONTH TO DATE    9                        13     -4       14
  SINCE DEC 1      9                        13     -4       14
  SINCE JAN 1   3115                      2868    247     3415
..................................................................


WIND (MPH)
  HIGHEST WIND SPEED    12   HIGHEST WIND DIRECTION    SW (220)
  HIGHEST GUST SPEED    16   HIGHEST GUST DIRECTION    SW (210)
  AVERAGE WIND SPEED     7.2


SKY COVER
  POSSIBLE SUNSHINE  MM
  AVERAGE SKY COVER 0.0


WEATHER CONDITIONS
 THE FOLLOWING WEATHER WAS RECORDED TODAY.
  NO SIGNIFICANT WEATHER WAS OBSERVED.


RELATIVE HUMIDITY (PERCENT)
 HIGHEST    92           100 AM
 LOWEST     33          1100 AM
 AVERAGE    63

..........................................................


THE BEAUMONT PORT ARTHUR CLIMATE NORMALS FOR TOMORROW
                         NORMAL    RECORD    YEAR
 MAXIMUM TEMPERATURE (F)   64        80      1924
 MINIMUM TEMPERATURE (F)   45        22      1901


SUNRISE AND SUNSET
DECEMBER 13 2017......SUNRISE   703 AM CST   SUNSET   518 PM CST
DECEMBER 14 2017......SUNRISE   704 AM CST   SUNSET   518 PM CST


-  INDICATES NEGATIVE NUMBERS.
R  INDICATES RECORD WAS SET OR TIED.
MM INDICATES DATA IS MISSING.
T  INDICATES TRACE AMOUNT.




$$
