000
CDUS43 KDVN 250918
CLIBRL


CLIMATE REPORT
NATIONAL WEATHER SERVICE QUAD CITIES IA IL
416 AM CDT SUN SEP 25 2016


...................................

...THE BURLINGTON IA CLIMATE SUMMARY FOR SEPTEMBER 24 2016...

CLIMATE NORMAL PERIOD 1981 TO 2010
CLIMATE RECORD PERIOD 1897 TO 2016


WEATHER ITEM   OBSERVED TIME   RECORD YEAR NORMAL DEPARTURE LAST
                VALUE   (LST)  VALUE       VALUE  FROM      YEAR
                                                  NORMAL
..................................................................
TEMPERATURE (F)
 YESTERDAY
  MAXIMUM         88    313 PM  91    2007  75     13       85
  MINIMUM         65    634 AM  33    1942  53     12       61
  AVERAGE         77                        64     13       73

PRECIPITATION (IN)
  YESTERDAY        0.00         MM      MM   0.11  -0.11     0.00
  MONTH TO DATE    3.23                      2.91   0.32     1.05
  SINCE SEP 1      3.23                      2.91   0.32     1.05
  SINCE JAN 1     27.48                     30.16  -2.68    29.64

DEGREE DAYS
 HEATING
  YESTERDAY        0                         4     -4        0
  MONTH TO DATE    3                        38    -35       28
  SINCE SEP 1      3                        38    -35       28
  SINCE JUL 1      9                        42    -33       35

 COOLING
  YESTERDAY       12                         3      9        8
  MONTH TO DATE  189                       127     62      206
  SINCE SEP 1    189                       127     62      206
  SINCE JAN 1   1222                      1170     52     1058
..................................................................


WIND (MPH)
  HIGHEST WIND SPEED    12   HIGHEST WIND DIRECTION    SE (140)
  HIGHEST GUST SPEED    15   HIGHEST GUST DIRECTION     S (180)
  AVERAGE WIND SPEED     6.0


SKY COVER
  POSSIBLE SUNSHINE  MM
  AVERAGE SKY COVER 0.1


WEATHER CONDITIONS
 THE FOLLOWING WEATHER WAS RECORDED YESTERDAY.
  FOG


RELATIVE HUMIDITY (PERCENT)
 HIGHEST   100          1200 AM
 LOWEST     50           200 PM
 AVERAGE    75

..........................................................


THE BURLINGTON IA CLIMATE NORMALS FOR TODAY
                         NORMAL    RECORD    YEAR
 MAXIMUM TEMPERATURE (F)   75        92      1999
 MINIMUM TEMPERATURE (F)   52        32      1942


SUNRISE AND SUNSET
SEPTEMBER 25 2016.....SUNRISE   655 AM CDT   SUNSET   656 PM CDT
SEPTEMBER 26 2016.....SUNRISE   656 AM CDT   SUNSET   654 PM CDT


-  INDICATES NEGATIVE NUMBERS.
R  INDICATES RECORD WAS SET OR TIED.
MM INDICATES DATA IS MISSING.
T  INDICATES TRACE AMOUNT.




$$
