000
CDUS43 KDVN 290907
CLIBRL


CLIMATE REPORT
NATIONAL WEATHER SERVICE QUAD CITIES IA IL
406 AM CDT WED JUL 29 2015


...................................

...THE BURLINGTON IA CLIMATE SUMMARY FOR JULY 28 2015...

CLIMATE NORMAL PERIOD 1981 TO 2010
CLIMATE RECORD PERIOD 1897 TO 2015


WEATHER ITEM   OBSERVED TIME   RECORD YEAR NORMAL DEPARTURE LAST
                VALUE   (LST)  VALUE       VALUE  FROM      YEAR
                                                  NORMAL
..................................................................
TEMPERATURE (F)
 YESTERDAY
  MAXIMUM         91    534 PM 103    1983  86      5       75
  MINIMUM         73    114 AM  52    2013  67      6       59
  AVERAGE         82                        76      6       67

PRECIPITATION (IN)
  YESTERDAY        0.00         MM      MM   0.13  -0.13     0.00
  MONTH TO DATE    7.49                      3.86   3.63     2.38
  SINCE JUN 1     16.16                      8.33   7.83    11.47
  SINCE JAN 1     25.12                     22.59   2.53    22.86

DEGREE DAYS
 HEATING
  YESTERDAY        0                         0      0        0
  MONTH TO DATE    4                         0      4        7
  SINCE JUN 1      9                        13     -4        9
  SINCE JUL 1      4                         0      4        7

 COOLING
  YESTERDAY       17                        11      6        2
  MONTH TO DATE  280                       334    -54      174
  SINCE JUN 1    504                       594    -90      429
  SINCE JAN 1    597                       697   -100      567
..................................................................


WIND (MPH)
  HIGHEST WIND SPEED    20   HIGHEST WIND DIRECTION     N (20)
  HIGHEST GUST SPEED    29   HIGHEST GUST DIRECTION     W (280)
  AVERAGE WIND SPEED     5.5


SKY COVER
  POSSIBLE SUNSHINE  MM
  AVERAGE SKY COVER 0.2


WEATHER CONDITIONS
 THE FOLLOWING WEATHER WAS RECORDED YESTERDAY.
  FOG


RELATIVE HUMIDITY (PERCENT)
 HIGHEST   100          1200 AM
 LOWEST     70           100 PM
 AVERAGE    85

..........................................................


THE BURLINGTON IA CLIMATE NORMALS FOR TODAY
                         NORMAL    RECORD    YEAR
 MAXIMUM TEMPERATURE (F)   86       102      1916
 MINIMUM TEMPERATURE (F)   67        49      1981


SUNRISE AND SUNSET
JULY 29 2015..........SUNRISE   558 AM CDT   SUNSET   823 PM CDT
JULY 30 2015..........SUNRISE   559 AM CDT   SUNSET   822 PM CDT


-  INDICATES NEGATIVE NUMBERS.
R  INDICATES RECORD WAS SET OR TIED.
MM INDICATES DATA IS MISSING.
T  INDICATES TRACE AMOUNT.




$$
