000
CDUS43 KDVN 292126
CLIBRL


CLIMATE REPORT
NATIONAL WEATHER SERVICE QUAD CITIES IA IL
422 PM CDT MON AUG 29 2016


...................................

...THE BURLINGTON IA CLIMATE SUMMARY FOR AUGUST 29 2016...
VALID TODAY AS OF 0400 PM LOCAL TIME.

CLIMATE NORMAL PERIOD 1981 TO 2010
CLIMATE RECORD PERIOD 1897 TO 2016


WEATHER ITEM   OBSERVED TIME   RECORD YEAR NORMAL DEPARTURE LAST
                VALUE   (LST)  VALUE       VALUE  FROM      YEAR
                                                  NORMAL
..................................................................
TEMPERATURE (F)
 TODAY
  MAXIMUM         90    144 PM  96    1953  84      6       78
  MINIMUM         71    638 AM  43    1986  63      8       66
  AVERAGE         81                        73      8       72

PRECIPITATION (IN)
  TODAY            0.00         MM      MM   0.14  -0.14     0.00
  MONTH TO DATE    5.03                      3.97   1.06     3.47
  SINCE JUN 1     13.40                     12.69   0.71    19.63
  SINCE JAN 1     24.25                     26.95  -2.70    28.59

DEGREE DAYS
 HEATING
  TODAY            0                         0      0        0
  MONTH TO DATE    0                         0      0        3
  SINCE JUN 1      6                        14     -8       12
  SINCE JUL 1      6                         1      5        7

 COOLING
  TODAY           16                         9      7        7
  MONTH TO DATE  297                       298     -1      201
  SINCE JUN 1    915                       924     -9      737
  SINCE JAN 1   1014                      1027    -13      830
..................................................................


WIND (MPH)
  HIGHEST WIND SPEED    13   HIGHEST WIND DIRECTION     S (190)
  HIGHEST GUST SPEED    17   HIGHEST GUST DIRECTION     S (190)
  AVERAGE WIND SPEED     4.7


SKY COVER
  POSSIBLE SUNSHINE  MM
  AVERAGE SKY COVER 0.1


WEATHER CONDITIONS
 THE FOLLOWING WEATHER WAS RECORDED TODAY.
  THUNDERSTORM


RELATIVE HUMIDITY (PERCENT)
 HIGHEST   100           700 AM
 LOWEST     59           100 PM
 AVERAGE    80

..........................................................


THE BURLINGTON IA CLIMATE NORMALS FOR TOMORROW
                         NORMAL    RECORD    YEAR
 MAXIMUM TEMPERATURE (F)   84       102      1947
 MINIMUM TEMPERATURE (F)   63        46      1915


SUNRISE AND SUNSET
AUGUST 29 2016........SUNRISE   629 AM CDT   SUNSET   741 PM CDT
AUGUST 30 2016........SUNRISE   630 AM CDT   SUNSET   739 PM CDT


-  INDICATES NEGATIVE NUMBERS.
R  INDICATES RECORD WAS SET OR TIED.
MM INDICATES DATA IS MISSING.
T  INDICATES TRACE AMOUNT.




$$
