000
CDUS43 KDVN 242130
CLIBRL


CLIMATE REPORT
NATIONAL WEATHER SERVICE QUAD CITIES IA IL
430 PM CDT THU APR 24 2014


...................................

...THE BURLINGTON IA CLIMATE SUMMARY FOR APRIL 24 2014...
VALID TODAY AS OF 0400 PM LOCAL TIME.

CLIMATE NORMAL PERIOD 1981 TO 2010
CLIMATE RECORD PERIOD 1897 TO 2014


WEATHER ITEM   OBSERVED TIME   RECORD YEAR NORMAL DEPARTURE LAST
                VALUE   (LST)  VALUE       VALUE  FROM      YEAR
                                                  NORMAL
..................................................................
TEMPERATURE (F)
 TODAY
  MAXIMUM         63   1107 AM  85    1954  68     -5       52
  MINIMUM         49    200 AM  22    1956  46      3       34
  AVERAGE         56                        57     -1       43

PRECIPITATION (IN)
  TODAY            0.06         MM      MM   0.15  -0.09      T
  MONTH TO DATE    2.41                      2.86  -0.45     5.66
  SINCE MAR 1      3.58                      5.65  -2.07     7.61
  SINCE JAN 1      7.95                      8.51  -0.56    11.58

DEGREE DAYS
 HEATING
  TODAY            9                         9      0       22
  MONTH TO DATE  349                       308     41      402
  SINCE MAR 1   1314                      1036    278     1357
  SINCE JUL 1   6637                      5414   1223     5728

 COOLING
  TODAY            0                         1     -1        0
  MONTH TO DATE    8                        14     -6        0
  SINCE MAR 1      8                        16     -8        0
  SINCE JAN 1      8                        16     -8        0
..................................................................


WIND (MPH)
  HIGHEST WIND SPEED    22   HIGHEST WIND DIRECTION     S (180)
  HIGHEST GUST SPEED    29   HIGHEST GUST DIRECTION    SE (150)
  AVERAGE WIND SPEED    13.0


SKY COVER
  POSSIBLE SUNSHINE  MM
  AVERAGE SKY COVER 0.6


WEATHER CONDITIONS
 THE FOLLOWING WEATHER WAS RECORDED TODAY.
  LIGHT RAIN


RELATIVE HUMIDITY (PERCENT)
 HIGHEST    83           200 PM
 LOWEST     39          1000 AM
 AVERAGE    61

..........................................................


THE BURLINGTON IA CLIMATE NORMALS FOR TOMORROW
                         NORMAL    RECORD    YEAR
 MAXIMUM TEMPERATURE (F)   68        92      1986
 MINIMUM TEMPERATURE (F)   46        29      1910


SUNRISE AND SUNSET
APRIL 24 2014.........SUNRISE   612 AM CDT   SUNSET   753 PM CDT
APRIL 25 2014.........SUNRISE   611 AM CDT   SUNSET   755 PM CDT


-  INDICATES NEGATIVE NUMBERS.
R  INDICATES RECORD WAS SET OR TIED.
MM INDICATES DATA IS MISSING.
T  INDICATES TRACE AMOUNT.




$$
