311
CDUS43 KDVN 272224
CLIBRL


CLIMATE REPORT
NATIONAL WEATHER SERVICE QUAD CITIES IA IL
423 PM CST MON FEB 27 2017


...................................

...THE BURLINGTON IA CLIMATE SUMMARY FOR FEBRUARY 27 2017...
VALID TODAY AS OF 0400 PM LOCAL TIME.

CLIMATE NORMAL PERIOD 1981 TO 2010
CLIMATE RECORD PERIOD 1897 TO 2017


WEATHER ITEM   OBSERVED TIME   RECORD YEAR NORMAL DEPARTURE LAST
                VALUE   (LST)  VALUE       VALUE  FROM      YEAR
                                                  NORMAL
..................................................................
TEMPERATURE (F)
 TODAY
  MAXIMUM         58    344 PM  72    1976  43     15       63
  MINIMUM         28    710 AM -15    2015  25      3       27
  AVERAGE         43                        34      9       45

PRECIPITATION (IN)
  TODAY            0.00         MM      MM   0.07  -0.07     0.00
  MONTH TO DATE    0.28                      1.54  -1.26     0.84
  SINCE DEC 1      2.72                      4.87  -2.15     5.89
  SINCE JAN 1      1.74                      2.78  -1.04     1.38

DEGREE DAYS
 HEATING
  TODAY           22                        31     -9       20
  MONTH TO DATE  673                       946   -273      913
  SINCE DEC 1   2934                      3274   -340     2932
  SINCE JUL 1   3690                      4347   -657     3849

 COOLING
  TODAY            0                         0      0        0
  MONTH TO DATE    0                         0      0        0
  SINCE DEC 1      0                         0      0        0
  SINCE JAN 1      0                         0      0        0
..................................................................


WIND (MPH)
  HIGHEST WIND SPEED    17   HIGHEST WIND DIRECTION     S (180)
  HIGHEST GUST SPEED    22   HIGHEST GUST DIRECTION     S (180)
  AVERAGE WIND SPEED     6.4


SKY COVER
  POSSIBLE SUNSHINE  MM
  AVERAGE SKY COVER 0.1


WEATHER CONDITIONS
 THE FOLLOWING WEATHER WAS RECORDED TODAY.
  FOG


RELATIVE HUMIDITY (PERCENT)
 HIGHEST   100           500 AM
 LOWEST     30           400 PM
 AVERAGE    65

..........................................................


THE BURLINGTON IA CLIMATE NORMALS FOR TOMORROW
                         NORMAL    RECORD    YEAR
 MAXIMUM TEMPERATURE (F)   44        69      1932
 MINIMUM TEMPERATURE (F)   26        -7      1962


SUNRISE AND SUNSET
FEBRUARY 27 2017......SUNRISE   641 AM CST   SUNSET   554 PM CST
FEBRUARY 28 2017......SUNRISE   639 AM CST   SUNSET   555 PM CST


-  INDICATES NEGATIVE NUMBERS.
R  INDICATES RECORD WAS SET OR TIED.
MM INDICATES DATA IS MISSING.
T  INDICATES TRACE AMOUNT.




$$
