000
CDUS43 KDVN 192125
CLIBRL


CLIMATE REPORT
NATIONAL WEATHER SERVICE QUAD CITIES IA IL
424 PM CDT FRI SEP 19 2014


...................................

...THE BURLINGTON IA CLIMATE SUMMARY FOR SEPTEMBER 19 2014...
VALID TODAY AS OF 0400 PM LOCAL TIME.

CLIMATE NORMAL PERIOD 1981 TO 2010
CLIMATE RECORD PERIOD 1897 TO 2014


WEATHER ITEM   OBSERVED TIME   RECORD YEAR NORMAL DEPARTURE LAST
                VALUE   (LST)  VALUE       VALUE  FROM      YEAR
                                                  NORMAL
..................................................................
TEMPERATURE (F)
 TODAY
  MAXIMUM         77    242 PM  94    2013  78     -1       94
                                      1948
  MINIMUM         50    555 AM  33    1991  55     -5       67
  AVERAGE         64                        66     -2       81

PRECIPITATION (IN)
  TODAY            0.00         MM      MM   0.12  -0.12     0.65
  MONTH TO DATE    5.14                      2.32   2.82     1.08
  SINCE SEP 1      5.14                      2.32   2.82     1.08
  SINCE JAN 1     34.21                     29.57   4.64    28.14

DEGREE DAYS
 HEATING
  TODAY            1                         3     -2        0
  MONTH TO DATE   83                        22     61       16
  SINCE SEP 1     83                        22     61       16
  SINCE JUL 1     90                        26     64       27

 COOLING
  TODAY            0                         4     -4       16
  MONTH TO DATE   52                       112    -60      164
  SINCE SEP 1     52                       112    -60      164
  SINCE JAN 1    906                      1155   -249     1065
..................................................................


WIND (MPH)
  HIGHEST WIND SPEED    16   HIGHEST WIND DIRECTION    SE (150)
  HIGHEST GUST SPEED    22   HIGHEST GUST DIRECTION     S (170)
  AVERAGE WIND SPEED     6.6


SKY COVER
  POSSIBLE SUNSHINE  MM
  AVERAGE SKY COVER 0.0


WEATHER CONDITIONS
 THE FOLLOWING WEATHER WAS RECORDED TODAY.
  NO SIGNIFICANT WEATHER WAS OBSERVED.


RELATIVE HUMIDITY (PERCENT)
 HIGHEST    93           600 AM
 LOWEST     50           100 PM
 AVERAGE    72

..........................................................


THE BURLINGTON IA CLIMATE NORMALS FOR TOMORROW
                         NORMAL    RECORD    YEAR
 MAXIMUM TEMPERATURE (F)   77        93      1940
 MINIMUM TEMPERATURE (F)   54        32      1991


SUNRISE AND SUNSET
SEPTEMBER 19 2014.....SUNRISE   649 AM CDT   SUNSET   707 PM CDT
SEPTEMBER 20 2014.....SUNRISE   650 AM CDT   SUNSET   705 PM CDT


-  INDICATES NEGATIVE NUMBERS.
R  INDICATES RECORD WAS SET OR TIED.
MM INDICATES DATA IS MISSING.
T  INDICATES TRACE AMOUNT.




$$
