110
CDUS43 KDVN 221010
CLIBRL


CLIMATE REPORT
NATIONAL WEATHER SERVICE QUAD CITIES IA IL
408 AM CST THU FEB 22 2018


...................................

...THE BURLINGTON IA CLIMATE SUMMARY FOR FEBRUARY 21 2018...

CLIMATE NORMAL PERIOD 1981 TO 2010
CLIMATE RECORD PERIOD 1897 TO 2018


WEATHER ITEM   OBSERVED TIME   RECORD YEAR NORMAL DEPARTURE LAST
                VALUE   (LST)  VALUE       VALUE  FROM      YEAR
                                                  NORMAL
..................................................................
TEMPERATURE (F)
 YESTERDAY
  MAXIMUM         31    256 PM  68    1983  41    -10       67
  MINIMUM         20    759 AM  -7    1963  23     -3       48
  AVERAGE         26                        32     -6       58

PRECIPITATION (IN)
  YESTERDAY        0.00         MM      MM   0.06  -0.06      T
  MONTH TO DATE    2.97                      1.11   1.86     0.23
  SINCE DEC 1      3.91                      4.44  -0.53     2.67
  SINCE JAN 1      3.58                      2.35   1.23     1.69

DEGREE DAYS
 HEATING
  YESTERDAY       39                        33      6        7
  MONTH TO DATE  858                       755    103      537
  SINCE DEC 1   3278                      3083    195     2798
  SINCE JUL 1   4329                      4156    173     3554

 COOLING
  YESTERDAY        0                         0      0        0
  MONTH TO DATE    0                         0      0        0
  SINCE DEC 1      0                         0      0        0
  SINCE JAN 1      0                         0      0        0
..................................................................


WIND (MPH)
  HIGHEST WIND SPEED    20   HIGHEST WIND DIRECTION    NW (330)
  HIGHEST GUST SPEED    26   HIGHEST GUST DIRECTION    NW (330)
  AVERAGE WIND SPEED    11.4


SKY COVER
  POSSIBLE SUNSHINE  MM
  AVERAGE SKY COVER 0.1


WEATHER CONDITIONS
 THE FOLLOWING WEATHER WAS RECORDED YESTERDAY.
  NO SIGNIFICANT WEATHER WAS OBSERVED.


RELATIVE HUMIDITY (PERCENT)
 HIGHEST    77           300 AM
 LOWEST     63          1200 PM
 AVERAGE    70

..........................................................


THE BURLINGTON IA CLIMATE NORMALS FOR TODAY
                         NORMAL    RECORD    YEAR
 MAXIMUM TEMPERATURE (F)   41        70      2017
 MINIMUM TEMPERATURE (F)   24        -4      1963


SUNRISE AND SUNSET
FEBRUARY 22 2018......SUNRISE   649 AM CST   SUNSET   548 PM CST
FEBRUARY 23 2018......SUNRISE   647 AM CST   SUNSET   549 PM CST


-  INDICATES NEGATIVE NUMBERS.
R  INDICATES RECORD WAS SET OR TIED.
MM INDICATES DATA IS MISSING.
T  INDICATES TRACE AMOUNT.




$$
