000
CDUS43 KDVN 290913
CLIBRL


CLIMATE REPORT
NATIONAL WEATHER SERVICE QUAD CITIES IA IL
411 AM CDT FRI AUG 29 2014


...................................

...THE BURLINGTON IA CLIMATE SUMMARY FOR AUGUST 28 2014...

CLIMATE NORMAL PERIOD 1981 TO 2010
CLIMATE RECORD PERIOD 1897 TO 2014


WEATHER ITEM   OBSERVED TIME   RECORD YEAR NORMAL DEPARTURE LAST
                VALUE   (LST)  VALUE       VALUE  FROM      YEAR
                                                  NORMAL
..................................................................
TEMPERATURE (F)
 YESTERDAY
  MAXIMUM         83    204 PM  97    2013  84     -1       97
  MINIMUM         68    715 AM  42    1986  63      5       75
  AVERAGE         76                        74      2       86

PRECIPITATION (IN)
  YESTERDAY        1.38         MM      MM   0.14   1.24     0.00
  MONTH TO DATE    5.76                      3.83   1.93      T
  SINCE JUN 1     17.23                     12.55   4.68     3.86
  SINCE JAN 1     28.62                     26.81   1.81    27.06

DEGREE DAYS
 HEATING
  YESTERDAY        0                         0      0        0
  MONTH TO DATE    0                         0      0        3
  SINCE JUN 1      9                        14     -5       26
  SINCE JUL 1      7                         1      6       11

 COOLING
  YESTERDAY       11                         9      2       21
  MONTH TO DATE  244                       289    -45      239
  SINCE JUN 1    681                       915   -234      744
  SINCE JAN 1    819                      1018   -199      843
..................................................................


WIND (MPH)
  HIGHEST WIND SPEED    21   HIGHEST WIND DIRECTION    NW (330)
  HIGHEST GUST SPEED    27   HIGHEST GUST DIRECTION    NW (300)
  AVERAGE WIND SPEED     7.8


SKY COVER
  POSSIBLE SUNSHINE  MM
  AVERAGE SKY COVER 0.5


WEATHER CONDITIONS
 THE FOLLOWING WEATHER WAS RECORDED YESTERDAY.
  THUNDERSTORM
  HEAVY RAIN
  RAIN
  LIGHT RAIN
  FOG


RELATIVE HUMIDITY (PERCENT)
 HIGHEST   100           500 PM
 LOWEST     74           200 PM
 AVERAGE    87

..........................................................


THE BURLINGTON IA CLIMATE NORMALS FOR TODAY
                         NORMAL    RECORD    YEAR
 MAXIMUM TEMPERATURE (F)   84        96      1953
 MINIMUM TEMPERATURE (F)   63        43      1986


SUNRISE AND SUNSET
AUGUST 29 2014........SUNRISE   628 AM CDT   SUNSET   741 PM CDT
AUGUST 30 2014........SUNRISE   629 AM CDT   SUNSET   740 PM CDT


-  INDICATES NEGATIVE NUMBERS.
R  INDICATES RECORD WAS SET OR TIED.
MM INDICATES DATA IS MISSING.
T  INDICATES TRACE AMOUNT.




$$
