000
CDUS43 KDVN 240905
CLIBRL


CLIMATE REPORT
NATIONAL WEATHER SERVICE QUAD CITIES IA IL
404 AM CDT SAT JUN 24 2017


...................................

...THE BURLINGTON IA CLIMATE SUMMARY FOR JUNE 23 2017...

CLIMATE NORMAL PERIOD 1981 TO 2010
CLIMATE RECORD PERIOD 1897 TO 2017


WEATHER ITEM   OBSERVED TIME   RECORD YEAR NORMAL DEPARTURE LAST
                VALUE   (LST)  VALUE       VALUE  FROM      YEAR
                                                  NORMAL
..................................................................
TEMPERATURE (F)
 YESTERDAY
  MAXIMUM         83    108 PM  99    1933  86     -3       85
  MINIMUM         63   1026 PM  49    1903  65     -2       66
  AVERAGE         73                        75     -2       76

PRECIPITATION (IN)
  YESTERDAY        0.17         MM      MM   0.15   0.02     0.00
  MONTH TO DATE    0.87                      3.47  -2.60     0.53
  SINCE JUN 1      0.87                      3.47  -2.60     0.53
  SINCE JAN 1     15.02                     17.73  -2.71    11.38

DEGREE DAYS
 HEATING
  YESTERDAY        0                         0      0        0
  MONTH TO DATE    0                         9     -9        0
  SINCE JUN 1      0                         9     -9        0
  SINCE JUL 1   4807                      5596   -789     4996

 COOLING
  YESTERDAY        8                        10     -2       11
  MONTH TO DATE  240                       181     59      248
  SINCE JUN 1    240                       181     59      248
  SINCE JAN 1    316                       284     32      347
..................................................................


WIND (MPH)
  HIGHEST WIND SPEED    21   HIGHEST WIND DIRECTION     N (340)
  HIGHEST GUST SPEED    29   HIGHEST GUST DIRECTION    NW (330)
  AVERAGE WIND SPEED    10.6


SKY COVER
  POSSIBLE SUNSHINE  MM
  AVERAGE SKY COVER 0.2


WEATHER CONDITIONS
 THE FOLLOWING WEATHER WAS RECORDED YESTERDAY.
  THUNDERSTORM
  HEAVY RAIN
  LIGHT RAIN
  FOG


RELATIVE HUMIDITY (PERCENT)
 HIGHEST   100           400 AM
 LOWEST     39           300 PM
 AVERAGE    70

..........................................................


THE BURLINGTON IA CLIMATE NORMALS FOR TODAY
                         NORMAL    RECORD    YEAR
 MAXIMUM TEMPERATURE (F)   86       100      1937
 MINIMUM TEMPERATURE (F)   65        47      1972


SUNRISE AND SUNSET
JUNE 24 2017..........SUNRISE   534 AM CDT   SUNSET   840 PM CDT
JUNE 25 2017..........SUNRISE   534 AM CDT   SUNSET   840 PM CDT


-  INDICATES NEGATIVE NUMBERS.
R  INDICATES RECORD WAS SET OR TIED.
MM INDICATES DATA IS MISSING.
T  INDICATES TRACE AMOUNT.




$$
