725
CDUS43 KDVN 270910
CLIBRL


CLIMATE REPORT
NATIONAL WEATHER SERVICE QUAD CITIES IA IL
409 AM CDT THU APR 27 2017


...................................

...THE BURLINGTON IA CLIMATE SUMMARY FOR APRIL 26 2017...

CLIMATE NORMAL PERIOD 1981 TO 2010
CLIMATE RECORD PERIOD 1897 TO 2017


WEATHER ITEM   OBSERVED TIME   RECORD YEAR NORMAL DEPARTURE LAST
                VALUE   (LST)  VALUE       VALUE  FROM      YEAR
                                                  NORMAL
..................................................................
TEMPERATURE (F)
 YESTERDAY
  MAXIMUM         69   1206 AM  92    1986  68      1       67
  MINIMUM         44   1159 PM  31    1976  46     -2       48
                                      1950
  AVERAGE         57                        57      0       58

PRECIPITATION (IN)
  YESTERDAY        0.66         MM      MM   0.14   0.52     0.32
  MONTH TO DATE    3.74                      3.14   0.60     1.96
  SINCE MAR 1      6.72                      5.93   0.79     5.17
  SINCE JAN 1      8.58                      8.79  -0.21     6.55

DEGREE DAYS
 HEATING
  YESTERDAY        8                         9     -1        7
  MONTH TO DATE  216                       326   -110      321
  SINCE MAR 1    907                      1054   -147      903
  SINCE JUL 1   4601                      5432   -831     4785

 COOLING
  YESTERDAY        0                         1     -1        0
  MONTH TO DATE   20                        16      4       17
  SINCE MAR 1     20                        18      2       18
  SINCE JAN 1     20                        18      2       18
..................................................................


WIND (MPH)
  HIGHEST WIND SPEED    21   HIGHEST WIND DIRECTION    NW (300)
  HIGHEST GUST SPEED    32   HIGHEST GUST DIRECTION     W (290)
  AVERAGE WIND SPEED     9.1


SKY COVER
  POSSIBLE SUNSHINE  MM
  AVERAGE SKY COVER 1.0


WEATHER CONDITIONS
 THE FOLLOWING WEATHER WAS RECORDED YESTERDAY.
  RAIN
  LIGHT RAIN
  FOG


RELATIVE HUMIDITY (PERCENT)
 HIGHEST   100           400 AM
 LOWEST     53          1200 AM
 AVERAGE    77

..........................................................


THE BURLINGTON IA CLIMATE NORMALS FOR TODAY
                         NORMAL    RECORD    YEAR
 MAXIMUM TEMPERATURE (F)   69        87      1956
 MINIMUM TEMPERATURE (F)   47        30      1953


SUNRISE AND SUNSET
APRIL 27 2017.........SUNRISE   608 AM CDT   SUNSET   757 PM CDT
APRIL 28 2017.........SUNRISE   606 AM CDT   SUNSET   758 PM CDT


-  INDICATES NEGATIVE NUMBERS.
R  INDICATES RECORD WAS SET OR TIED.
MM INDICATES DATA IS MISSING.
T  INDICATES TRACE AMOUNT.




$$
