000
CDUS43 KDVN 072125
CLIBRL


CLIMATE REPORT
NATIONAL WEATHER SERVICE QUAD CITIES IA IL
424 PM CDT TUE JUL 7 2015


...................................

...THE BURLINGTON IA CLIMATE SUMMARY FOR JULY 7 2015...
VALID TODAY AS OF 0400 PM LOCAL TIME.

CLIMATE NORMAL PERIOD 1981 TO 2010
CLIMATE RECORD PERIOD 1897 TO 2015


WEATHER ITEM   OBSERVED TIME   RECORD YEAR NORMAL DEPARTURE LAST
                VALUE   (LST)  VALUE       VALUE  FROM      YEAR
                                                  NORMAL
..................................................................
TEMPERATURE (F)
 TODAY
  MAXIMUM         75    259 PM 105    1936  87    -12       88
  MINIMUM         63    700 AM  52    1997  67     -4       70
  AVERAGE         69                        77     -8       79

PRECIPITATION (IN)
  TODAY            0.02         MM      MM   0.15  -0.13     0.02
  MONTH TO DATE    1.69                      1.02   0.67     0.50
  SINCE JUN 1     10.36                      5.49   4.87     9.59
  SINCE JAN 1     19.32                     19.75  -0.43    20.98

DEGREE DAYS
 HEATING
  TODAY            0                         0      0        0
  MONTH TO DATE    0                         0      0        3
  SINCE JUN 1      5                        13     -8        5
  SINCE JUL 1      0                         0      0        3

 COOLING
  TODAY            4                        12     -8       14
  MONTH TO DATE   46                        84    -38       38
  SINCE JUN 1    270                       344    -74      293
  SINCE JAN 1    363                       447    -84      431
..................................................................


WIND (MPH)
  HIGHEST WIND SPEED    20   HIGHEST WIND DIRECTION     N (20)
  HIGHEST GUST SPEED    26   HIGHEST GUST DIRECTION     N (20)
  AVERAGE WIND SPEED    10.3


SKY COVER
  POSSIBLE SUNSHINE  MM
  AVERAGE SKY COVER 0.8


WEATHER CONDITIONS
 THE FOLLOWING WEATHER WAS RECORDED TODAY.
  LIGHT RAIN
  FOG
  HAZE


RELATIVE HUMIDITY (PERCENT)
 HIGHEST   100          1200 AM
 LOWEST     54           300 PM
 AVERAGE    77

..........................................................


THE BURLINGTON IA CLIMATE NORMALS FOR TOMORROW
                         NORMAL    RECORD    YEAR
 MAXIMUM TEMPERATURE (F)   87       105      1936
 MINIMUM TEMPERATURE (F)   67        53      1922


SUNRISE AND SUNSET
JULY  7 2015..........SUNRISE   540 AM CDT   SUNSET   838 PM CDT
JULY  8 2015..........SUNRISE   541 AM CDT   SUNSET   838 PM CDT


-  INDICATES NEGATIVE NUMBERS.
R  INDICATES RECORD WAS SET OR TIED.
MM INDICATES DATA IS MISSING.
T  INDICATES TRACE AMOUNT.




$$
