858
CDUS43 KDVN 232122
CLIBRL


CLIMATE REPORT
NATIONAL WEATHER SERVICE QUAD CITIES IA IL
422 PM CDT MON MAY 23 2016


...................................

...THE BURLINGTON IA CLIMATE SUMMARY FOR MAY 23 2016...
VALID TODAY AS OF 0400 PM LOCAL TIME.

CLIMATE NORMAL PERIOD 1981 TO 2010
CLIMATE RECORD PERIOD 1897 TO 2016


WEATHER ITEM   OBSERVED TIME   RECORD YEAR NORMAL DEPARTURE LAST
                VALUE   (LST)  VALUE       VALUE  FROM      YEAR
                                                  NORMAL
..................................................................
TEMPERATURE (F)
 TODAY
  MAXIMUM         84    239 PM  92    1939  77      7       78
  MINIMUM         56    123 AM  34    1963  55      1       51
  AVERAGE         70                        66      4       65

PRECIPITATION (IN)
  TODAY            0.00         MM      MM   0.15  -0.15     0.00
  MONTH TO DATE    1.49                      3.66  -2.17     2.21
  SINCE MAR 1      7.96                     10.21  -2.25     4.11
  SINCE JAN 1      9.34                     13.07  -3.73     6.53

DEGREE DAYS
 HEATING
  TODAY            0                         3     -3        0
  MONTH TO DATE  158                       109     49       90
  SINCE MAR 1   1114                      1193    -79     1154
  SINCE JUL 1   4996                      5571   -575     6085

 COOLING
  TODAY            5                         4      1        0
  MONTH TO DATE   17                        48    -31       53
  SINCE MAR 1     35                        68    -33       56
  SINCE JAN 1     35                        68    -33       56
..................................................................


WIND (MPH)
  HIGHEST WIND SPEED    20   HIGHEST WIND DIRECTION     S (180)
  HIGHEST GUST SPEED    25   HIGHEST GUST DIRECTION     S (190)
  AVERAGE WIND SPEED     8.3


SKY COVER
  POSSIBLE SUNSHINE  MM
  AVERAGE SKY COVER 0.0


WEATHER CONDITIONS
 THE FOLLOWING WEATHER WAS RECORDED TODAY.
  HAZE


RELATIVE HUMIDITY (PERCENT)
 HIGHEST    75           100 AM
 LOWEST     29           200 PM
 AVERAGE    52

..........................................................


THE BURLINGTON IA CLIMATE NORMALS FOR TOMORROW
                         NORMAL    RECORD    YEAR
 MAXIMUM TEMPERATURE (F)   77        95      1939
 MINIMUM TEMPERATURE (F)   56        38      1925


SUNRISE AND SUNSET
MAY 23 2016...........SUNRISE   540 AM CDT   SUNSET   823 PM CDT
MAY 24 2016...........SUNRISE   539 AM CDT   SUNSET   824 PM CDT


-  INDICATES NEGATIVE NUMBERS.
R  INDICATES RECORD WAS SET OR TIED.
MM INDICATES DATA IS MISSING.
T  INDICATES TRACE AMOUNT.




$$
