000
CDUS43 KDVN 120925
CLIBRL


CLIMATE REPORT
NATIONAL WEATHER SERVICE QUAD CITIES IA IL
423 AM CDT SAT JUL 12 2014


...................................

...THE BURLINGTON IA CLIMATE SUMMARY FOR JULY 11 2014...

CLIMATE NORMAL PERIOD 1981 TO 2010
CLIMATE RECORD PERIOD 1897 TO 2014


WEATHER ITEM   OBSERVED TIME   RECORD YEAR NORMAL DEPARTURE LAST
                VALUE   (LST)  VALUE       VALUE  FROM      YEAR
                                                  NORMAL
..................................................................
TEMPERATURE (F)
 YESTERDAY
  MAXIMUM         82    158 PM 107    1936  87     -5       83
  MINIMUM         65    529 AM  51    1945  67     -2       59
  AVERAGE         74                        77     -3       71

PRECIPITATION (IN)
  YESTERDAY        0.01         MM      MM   0.14  -0.13     0.00
  MONTH TO DATE    0.51                      1.56  -1.05     0.15
  SINCE JUN 1      9.60                      6.03   3.57     2.42
  SINCE JAN 1     20.99                     20.29   0.70    25.62

DEGREE DAYS
 HEATING
  YESTERDAY        0                         0      0        0
  MONTH TO DATE    3                         0      3        0
  SINCE JUN 1      5                        13     -8       15
  SINCE JUL 1      3                         0      3        0

 COOLING
  YESTERDAY        9                        12     -3        6
  MONTH TO DATE   67                       132    -65      110
  SINCE JUN 1    322                       392    -70      318
  SINCE JAN 1    460                       495    -35      417
..................................................................


WIND (MPH)
  HIGHEST WIND SPEED    18   HIGHEST WIND DIRECTION    SE (150)
  HIGHEST GUST SPEED    23   HIGHEST GUST DIRECTION    SE (150)
  AVERAGE WIND SPEED     8.5


SKY COVER
  POSSIBLE SUNSHINE  MM
  AVERAGE SKY COVER 0.1


WEATHER CONDITIONS
 THE FOLLOWING WEATHER WAS RECORDED YESTERDAY.
  LIGHT RAIN


RELATIVE HUMIDITY (PERCENT)
 HIGHEST    82           600 PM
 LOWEST     62          1100 AM
 AVERAGE    72

..........................................................


THE BURLINGTON IA CLIMATE NORMALS FOR TODAY
                         NORMAL    RECORD    YEAR
 MAXIMUM TEMPERATURE (F)   87       109      1936
 MINIMUM TEMPERATURE (F)   67        53      1975


SUNRISE AND SUNSET
JULY 12 2014..........SUNRISE   544 AM CDT   SUNSET   836 PM CDT
JULY 13 2014..........SUNRISE   544 AM CDT   SUNSET   836 PM CDT


-  INDICATES NEGATIVE NUMBERS.
R  INDICATES RECORD WAS SET OR TIED.
MM INDICATES DATA IS MISSING.
T  INDICATES TRACE AMOUNT.




$$
