000
CDUS43 KDVN 160901
CLIBRL


CLIMATE REPORT
NATIONAL WEATHER SERVICE QUAD CITIES IA IL
401 AM CDT WED AUG 16 2017


...................................

...THE BURLINGTON IA CLIMATE SUMMARY FOR AUGUST 15 2017...

CLIMATE NORMAL PERIOD 1981 TO 2010
CLIMATE RECORD PERIOD 1897 TO 2017


WEATHER ITEM   OBSERVED TIME   RECORD YEAR NORMAL DEPARTURE LAST
                VALUE   (LST)  VALUE       VALUE  FROM      YEAR
                                                  NORMAL
..................................................................
TEMPERATURE (F)
 YESTERDAY
  MAXIMUM         87    354 PM 102    1913  85      2       80
  MINIMUM         63    530 AM  46    2004  66     -3       66
  AVERAGE         75                        75      0       73

PRECIPITATION (IN)
  YESTERDAY        0.46         MM      MM   0.14   0.32     0.00
  MONTH TO DATE    0.99                      1.98  -0.99     3.72
  SINCE JUN 1      7.61                     10.70  -3.09    12.09
  SINCE JAN 1     21.76                     24.96  -3.20    22.94

DEGREE DAYS
 HEATING
  YESTERDAY        0                         0      0        0
  MONTH TO DATE    0                         0      0        0
  SINCE JUN 1      8                        14     -6        6
  SINCE JUL 1      0                         1     -1        6

 COOLING
  YESTERDAY       10                        10      0        8
  MONTH TO DATE   74                       164    -90      163
  SINCE JUN 1    715                       790    -75      781
  SINCE JAN 1    791                       893   -102      880
..................................................................


WIND (MPH)
  HIGHEST WIND SPEED    18   HIGHEST WIND DIRECTION    NE (50)
  HIGHEST GUST SPEED    23   HIGHEST GUST DIRECTION    NE (40)
  AVERAGE WIND SPEED     3.8


SKY COVER
  POSSIBLE SUNSHINE  MM
  AVERAGE SKY COVER 0.2


WEATHER CONDITIONS
 THE FOLLOWING WEATHER WAS RECORDED YESTERDAY.
  HEAVY RAIN
  LIGHT RAIN
  FOG
  FOG W/VISIBILITY <= 1/4 MILE


RELATIVE HUMIDITY (PERCENT)
 HIGHEST   100           100 AM
 LOWEST     59           400 PM
 AVERAGE    80

..........................................................


THE BURLINGTON IA CLIMATE NORMALS FOR TODAY
                         NORMAL    RECORD    YEAR
 MAXIMUM TEMPERATURE (F)   85       102      1913
 MINIMUM TEMPERATURE (F)   66        53      1992


SUNRISE AND SUNSET
AUGUST 16 2017........SUNRISE   616 AM CDT   SUNSET   801 PM CDT
AUGUST 17 2017........SUNRISE   617 AM CDT   SUNSET   759 PM CDT


-  INDICATES NEGATIVE NUMBERS.
R  INDICATES RECORD WAS SET OR TIED.
MM INDICATES DATA IS MISSING.
T  INDICATES TRACE AMOUNT.




$$
