000
CDUS44 KBRO 300627
CLIBRO


CLIMATE REPORT
NATIONAL WEATHER SERVICE BROWNSVILLE TX
127 AM CDT SUN AUG 30 2015


...................................

...THE BROWNSVILLE CLIMATE SUMMARY FOR AUGUST 29 2015...

CLIMATE NORMAL PERIOD 1981 TO 2010
CLIMATE RECORD PERIOD 1878 TO 2015


WEATHER ITEM   OBSERVED TIME   RECORD YEAR NORMAL DEPARTURE LAST
                VALUE   (LST)  VALUE       VALUE  FROM      YEAR
                                                  NORMAL
..................................................................
TEMPERATURE (F)
 YESTERDAY
  MAXIMUM         94   1129 AM 104    2012  93      1       91
  MINIMUM         68    621 AM  66    1958  76     -8       77
  AVERAGE         81                        84     -3       84

PRECIPITATION (IN)
  YESTERDAY        0.00          2.60 1936   0.11  -0.11     0.12
  MONTH TO DATE    1.38                      2.19  -0.81     0.33
  SINCE JUN 1      4.50                      6.80  -2.30     2.61
  SINCE JAN 1     24.99                     14.56  10.43     7.94

SNOWFALL (IN)
  YESTERDAY        0.0           0.0  2002   0.0
                                      2001
  MONTH TO DATE    0.0                       0.0
  SINCE JUN 1      0.0                       0.0
  SINCE JUL 1      0.0                       0.0

DEGREE DAYS
 HEATING
  YESTERDAY        0                         0      0        0
  MONTH TO DATE    0                         0      0        0
  SINCE JUN 1      0                         0      0        0
  SINCE JUL 1      0                         0      0        0

 COOLING
  YESTERDAY       16                        20     -4       19
  MONTH TO DATE  590                       596     -6      640
  SINCE JUN 1   1368                      1781   -413     1861
  SINCE JAN 1   2430                      2874   -444     2783
..................................................................


WIND (MPH)
  HIGHEST WIND SPEED    17   HIGHEST WIND DIRECTION     E (80)
  HIGHEST GUST SPEED    24   HIGHEST GUST DIRECTION    NE (60)
  AVERAGE WIND SPEED     6.5


SKY COVER
  POSSIBLE SUNSHINE  MM
  AVERAGE SKY COVER 0.2


WEATHER CONDITIONS
 THE FOLLOWING WEATHER WAS RECORDED YESTERDAY.
  NO SIGNIFICANT WEATHER WAS OBSERVED.


RELATIVE HUMIDITY (PERCENT)
 HIGHEST    93           500 AM
 LOWEST     44          1200 PM
 AVERAGE    69

..........................................................


THE BROWNSVILLE CLIMATE NORMALS FOR TODAY
                         NORMAL    RECORD    YEAR
 MAXIMUM TEMPERATURE (F)   93       105      2012
 MINIMUM TEMPERATURE (F)   76        65      1896
                                             1895


SUNRISE AND SUNSET
AUGUST 30 2015........SUNRISE   709 AM CDT   SUNSET   751 PM CDT
AUGUST 31 2015........SUNRISE   709 AM CDT   SUNSET   750 PM CDT


-  INDICATES NEGATIVE NUMBERS.
R  INDICATES RECORD WAS SET OR TIED.
MM INDICATES DATA IS MISSING.
T  INDICATES TRACE AMOUNT.




$$
