000
CDUS44 KBRO 250627
CLIBRO


CLIMATE REPORT
NATIONAL WEATHER SERVICE BROWNSVILLE TX
127 AM CDT SUN JUN 25 2017


...................................

...THE BROWNSVILLE CLIMATE SUMMARY FOR JUNE 24 2017...

CLIMATE NORMAL PERIOD 1981 TO 2010
CLIMATE RECORD PERIOD 1878 TO 2017


WEATHER ITEM   OBSERVED TIME   RECORD YEAR NORMAL DEPARTURE LAST
                VALUE   (LST)  VALUE       VALUE  FROM      YEAR
                                                  NORMAL
..................................................................
TEMPERATURE (F)
 YESTERDAY
  MAXIMUM         95    245 PM 102    1900  93      2       94
  MINIMUM         80    601 AM  68    1956  76      4       78
                                      1887
  AVERAGE         88                        84      4       86

PRECIPITATION (IN)
  YESTERDAY        T             2.00 1920   0.10  -0.10      T
  MONTH TO DATE    T                         2.01  -2.01     2.77
  SINCE JUN 1      T                         2.01  -2.01     2.77
  SINCE JAN 1      5.86                      9.77  -3.91    12.76

SNOWFALL (IN)
  YESTERDAY        0.0          MM    2001   0.0
  MONTH TO DATE    0.0                       0.0
  SINCE JUN 1      0.0                       0.0
  SINCE JUL 1      0.0                       0.0

DEGREE DAYS
 HEATING
  YESTERDAY        0                         0      0        0
  MONTH TO DATE    0                         0      0        0
  SINCE JUN 1      0                         0      0        0
  SINCE JUL 1    201                       554   -353      374

 COOLING
  YESTERDAY       23                        19      4       21
  MONTH TO DATE  504                       449     55      443
  SINCE JUN 1    504                       449     55      443
  SINCE JAN 1   2141                      1542    599     1603
..................................................................


WIND (MPH)
  HIGHEST WIND SPEED    20   HIGHEST WIND DIRECTION     E (90)
  HIGHEST GUST SPEED    25   HIGHEST GUST DIRECTION    SE (120)
  AVERAGE WIND SPEED    11.2


SKY COVER
  POSSIBLE SUNSHINE  MM
  AVERAGE SKY COVER 0.4


WEATHER CONDITIONS
 THE FOLLOWING WEATHER WAS RECORDED YESTERDAY.
  NO SIGNIFICANT WEATHER WAS OBSERVED.


RELATIVE HUMIDITY (PERCENT)
 HIGHEST    94           300 AM
 LOWEST     56           100 PM
 AVERAGE    75

..........................................................


THE BROWNSVILLE CLIMATE NORMALS FOR TODAY
                         NORMAL    RECORD    YEAR
 MAXIMUM TEMPERATURE (F)   93       100      2012
 MINIMUM TEMPERATURE (F)   76        66      1974


SUNRISE AND SUNSET
JUNE 25 2017..........SUNRISE   640 AM CDT   SUNSET   825 PM CDT
JUNE 26 2017..........SUNRISE   640 AM CDT   SUNSET   825 PM CDT


-  INDICATES NEGATIVE NUMBERS.
R  INDICATES RECORD WAS SET OR TIED.
MM INDICATES DATA IS MISSING.
T  INDICATES TRACE AMOUNT.




$$
