000
CDUS44 KBRO 280625
CLIBRO


CLIMATE REPORT
NATIONAL WEATHER SERVICE BROWNSVILLE TX
125 AM CDT MON JUL 28 2014


...................................

...THE BROWNSVILLE CLIMATE SUMMARY FOR JULY 27 2014...

CLIMATE NORMAL PERIOD 1981 TO 2010
CLIMATE RECORD PERIOD 1878 TO 2014


WEATHER ITEM   OBSERVED TIME   RECORD YEAR NORMAL DEPARTURE LAST
                VALUE   (LST)  VALUE       VALUE  FROM      YEAR
                                                  NORMAL
..................................................................
TEMPERATURE (F)
 YESTERDAY
  MAXIMUM         95    239 PM 100    1954  94      1       95
  MINIMUM         79    603 AM  72    1987  76      3       79
                                      1984
                                      1961
  AVERAGE         87                        85      2       87

PRECIPITATION (IN)
  YESTERDAY        0.00          1.65 2007   0.05  -0.05     0.00
  MONTH TO DATE    1.64                      1.81  -0.17     2.13
  SINCE JUN 1      2.28                      4.38  -2.10     2.98
  SINCE JAN 1      7.61                     12.14  -4.53     8.58

SNOWFALL (IN)
  YESTERDAY        0.0           0.0  2002   0.0
                                      2001
  MONTH TO DATE    0.0                       0.0
  SINCE JUN 1      0.0                       0.0
  SINCE JUL 1      0.0                       0.0

DEGREE DAYS
 HEATING
  YESTERDAY        0                         0      0        0
  MONTH TO DATE    0                         0      0        0
  SINCE JUN 1      0                         0      0        0
  SINCE JUL 1      0                         0      0        0

 COOLING
  YESTERDAY       22                        20      2       22
  MONTH TO DATE  537                       540     -3      544
  SINCE JUN 1   1134                      1107     27     1167
  SINCE JAN 1   2056                      2200   -144     2289
..................................................................


WIND (MPH)
  HIGHEST WIND SPEED    26   HIGHEST WIND DIRECTION    SE (150)
  HIGHEST GUST SPEED    35   HIGHEST GUST DIRECTION    SE (150)
  AVERAGE WIND SPEED    15.0


SKY COVER
  POSSIBLE SUNSHINE  MM
  AVERAGE SKY COVER 0.2


WEATHER CONDITIONS
 THE FOLLOWING WEATHER WAS RECORDED YESTERDAY.
  NO SIGNIFICANT WEATHER WAS OBSERVED.


RELATIVE HUMIDITY (PERCENT)
 HIGHEST   100           600 AM
 LOWEST     46          1200 PM
 AVERAGE    73

..........................................................


THE BROWNSVILLE CLIMATE NORMALS FOR TODAY
                         NORMAL    RECORD    YEAR
 MAXIMUM TEMPERATURE (F)   94        99      1960
                                             1954
 MINIMUM TEMPERATURE (F)   76        70      1904


SUNRISE AND SUNSET
JULY 28 2014..........SUNRISE   654 AM CDT   SUNSET   818 PM CDT
JULY 29 2014..........SUNRISE   654 AM CDT   SUNSET   818 PM CDT


-  INDICATES NEGATIVE NUMBERS.
R  INDICATES RECORD WAS SET OR TIED.
MM INDICATES DATA IS MISSING.
T  INDICATES TRACE AMOUNT.




$$
