000
CDUS44 KBRO 260629
CLIBRO


CLIMATE REPORT
NATIONAL WEATHER SERVICE BROWNSVILLE TX
127 AM CDT THU MAY 26 2016


...................................

...THE BROWNSVILLE CLIMATE SUMMARY FOR MAY 25 2016...

CLIMATE NORMAL PERIOD 1981 TO 2010
CLIMATE RECORD PERIOD 1878 TO 2016


WEATHER ITEM   OBSERVED TIME   RECORD YEAR NORMAL DEPARTURE LAST
                VALUE   (LST)  VALUE       VALUE  FROM      YEAR
                                                  NORMAL
..................................................................
TEMPERATURE (F)
 YESTERDAY
  MAXIMUM         90    329 PM  96    2011  90      0       89
                                      1919
  MINIMUM         79    117 AM  52    1901  74      5       77
  AVERAGE         85                        82      3       83

PRECIPITATION (IN)
  YESTERDAY        0.01          1.76 2007   0.09  -0.08     0.00
  MONTH TO DATE    1.59                      2.09  -0.50     3.73
  SINCE MAR 1      7.52                      4.86   2.66    10.18
  SINCE JAN 1      9.40                      7.21   2.19    14.50

DEGREE DAYS
 HEATING
  YESTERDAY        0                         0      0        0
  MONTH TO DATE    0                         0      0        0
  SINCE MAR 1     14                        51    -37       67
  SINCE JUL 1    374                       554   -180      690

 COOLING
  YESTERDAY       20                        17      3       18
  MONTH TO DATE  370                       372     -2      408
  SINCE MAR 1    938                       848     90      905
  SINCE JAN 1   1046                       989     57      962
..................................................................


WIND (MPH)
  HIGHEST WIND SPEED    22   HIGHEST WIND DIRECTION    SE (150)
  HIGHEST GUST SPEED    27   HIGHEST GUST DIRECTION    SE (140)
  AVERAGE WIND SPEED    14.1


SKY COVER
  POSSIBLE SUNSHINE  MM
  AVERAGE SKY COVER 0.8


WEATHER CONDITIONS
 THE FOLLOWING WEATHER WAS RECORDED YESTERDAY.
  THUNDERSTORM
  LIGHT RAIN


RELATIVE HUMIDITY (PERCENT)
 HIGHEST    94          1200 AM
 LOWEST     64           200 PM
 AVERAGE    79

..........................................................


THE BROWNSVILLE CLIMATE NORMALS FOR TODAY
                         NORMAL    RECORD    YEAR
 MAXIMUM TEMPERATURE (F)   90        98      1928
 MINIMUM TEMPERATURE (F)   74        50      1901


SUNRISE AND SUNSET
MAY 26 2016...........SUNRISE   639 AM CDT   SUNSET   815 PM CDT
MAY 27 2016...........SUNRISE   639 AM CDT   SUNSET   815 PM CDT


-  INDICATES NEGATIVE NUMBERS.
R  INDICATES RECORD WAS SET OR TIED.
MM INDICATES DATA IS MISSING.
T  INDICATES TRACE AMOUNT.

$$
