000
CDUS44 KBRO 250735
CLIBRO


CLIMATE REPORT
NATIONAL WEATHER SERVICE BROWNSVILLE TX
134 AM CST THU DEC 25 2014


...................................

...THE BROWNSVILLE CLIMATE SUMMARY FOR DECEMBER 24 2014...

CLIMATE NORMAL PERIOD 1981 TO 2010
CLIMATE RECORD PERIOD 1878 TO 2014


WEATHER ITEM   OBSERVED TIME   RECORD YEAR NORMAL DEPARTURE LAST
                VALUE   (LST)  VALUE       VALUE  FROM      YEAR
                                                  NORMAL
..................................................................
TEMPERATURE (F)
 YESTERDAY
  MAXIMUM         63    415 PM  87    1964  70     -7       68
  MINIMUM         41   1132 PM  18    1989  51    -10       43
  AVERAGE         52                        61     -9       56

PRECIPITATION (IN)
  YESTERDAY        0.00          1.24 1975   0.03  -0.03     0.00
  MONTH TO DATE    0.88                      0.92  -0.04     0.11
  SINCE DEC 1      0.88                      0.92  -0.04     0.11
  SINCE JAN 1     28.04                     27.21   0.83    25.60

DEGREE DAYS
 HEATING
  YESTERDAY       13                         6      7        9
  MONTH TO DATE   29                       121    -92      158
  SINCE DEC 1     29                       121    -92      158
  SINCE JUL 1    142                       175    -33      266

 COOLING
  YESTERDAY        0                         2     -2        0
  MONTH TO DATE   99                        65     34       77
  SINCE DEC 1     99                        65     34       77
  SINCE JAN 1   3999                      4010    -11     4197
..................................................................


WIND (MPH)
  HIGHEST WIND SPEED    26   HIGHEST WIND DIRECTION    NW (320)
  HIGHEST GUST SPEED    35   HIGHEST GUST DIRECTION     N (340)
  AVERAGE WIND SPEED    11.6


SKY COVER
  POSSIBLE SUNSHINE  MM
  AVERAGE SKY COVER 0.1


WEATHER CONDITIONS
 THE FOLLOWING WEATHER WAS RECORDED YESTERDAY.
  NO SIGNIFICANT WEATHER WAS OBSERVED.


RELATIVE HUMIDITY (PERCENT)
 HIGHEST    76          1000 PM
 LOWEST     27           200 PM
 AVERAGE    52

..........................................................


THE BROWNSVILLE CLIMATE NORMALS FOR TODAY
                         NORMAL    RECORD    YEAR
 MAXIMUM TEMPERATURE (F)   70        88      2012
 MINIMUM TEMPERATURE (F)   51        20      1983


SUNRISE AND SUNSET
DECEMBER 25 2014......SUNRISE   714 AM CST   SUNSET   546 PM CST
DECEMBER 26 2014......SUNRISE   715 AM CST   SUNSET   546 PM CST


-  INDICATES NEGATIVE NUMBERS.
R  INDICATES RECORD WAS SET OR TIED.
MM INDICATES DATA IS MISSING.
T  INDICATES TRACE AMOUNT.

$$
