482
CDUS44 KBRO 300630
CLIBRO


CLIMATE REPORT
NATIONAL WEATHER SERVICE BROWNSVILLE TX
130 AM CDT SAT APR 30 2016


...................................

...THE BROWNSVILLE CLIMATE SUMMARY FOR APRIL 29 2016...

CLIMATE NORMAL PERIOD 1981 TO 2010
CLIMATE RECORD PERIOD 1878 TO 2016


WEATHER ITEM   OBSERVED TIME   RECORD YEAR NORMAL DEPARTURE LAST
                VALUE   (LST)  VALUE       VALUE  FROM      YEAR
                                                  NORMAL
..................................................................
TEMPERATURE (F)
 YESTERDAY
  MAXIMUM         85   1239 PM  99    1953  86     -1       76
                                      1937
  MINIMUM         79   1159 PM  50    1916  69     10       56
  AVERAGE         82                        77      5       66

PRECIPITATION (IN)
  YESTERDAY        0.00          2.64 1976   0.05  -0.05     0.00
  MONTH TO DATE    3.23                      1.49   1.74     1.73
  SINCE MAR 1      5.90                      2.72   3.18     6.45
  SINCE JAN 1      7.78                      5.07   2.71    10.77

SNOWFALL (IN)
  YESTERDAY        0.0          90.0  2001   0.0
  MONTH TO DATE    0.0                       0.0
  SINCE MAR 1      0.0                       0.0
  SINCE JUL 1      0.0                       0.0

DEGREE DAYS
 HEATING
  YESTERDAY        0                         0      0        0
  MONTH TO DATE    1                         6     -5        0
  SINCE MAR 1     14                        49    -35       67
  SINCE JUL 1    374                       552   -178      690

 COOLING
  YESTERDAY       17                        12      5        1
  MONTH TO DATE  306                       289     17      370
  SINCE MAR 1    549                       463     86      494
  SINCE JAN 1    657                       604     53      551
..................................................................


WIND (MPH)
  HIGHEST WIND SPEED    26   HIGHEST WIND DIRECTION    SE (150)
  HIGHEST GUST SPEED    34   HIGHEST GUST DIRECTION    SE (150)
  AVERAGE WIND SPEED    17.1


SKY COVER
  POSSIBLE SUNSHINE  MM
  AVERAGE SKY COVER 1.0


WEATHER CONDITIONS
 THE FOLLOWING WEATHER WAS RECORDED YESTERDAY.
  FOG
  HAZE


RELATIVE HUMIDITY (PERCENT)
 HIGHEST    97           200 AM
 LOWEST     79          1100 AM
 AVERAGE    88

..........................................................


THE BROWNSVILLE CLIMATE NORMALS FOR TODAY
                         NORMAL    RECORD    YEAR
 MAXIMUM TEMPERATURE (F)   86       100      1909
 MINIMUM TEMPERATURE (F)   69        48      1996


SUNRISE AND SUNSET
APRIL 30 2016.........SUNRISE   653 AM CDT   SUNSET   801 PM CDT
MAY  1 2016...........SUNRISE   652 AM CDT   SUNSET   801 PM CDT


-  INDICATES NEGATIVE NUMBERS.
R  INDICATES RECORD WAS SET OR TIED.
MM INDICATES DATA IS MISSING.
T  INDICATES TRACE AMOUNT.




$$
