000
CDUS44 KBRO 202125
CLIBRO


CLIMATE REPORT
NATIONAL WEATHER SERVICE BROWNSVILLE TX
425 PM CDT SUN APR 20 2014


...................................

...THE BROWNSVILLE CLIMATE SUMMARY FOR APRIL 20 2014...
VALID TODAY AS OF 0400 PM LOCAL TIME.

CLIMATE NORMAL PERIOD 1981 TO 2010
CLIMATE RECORD PERIOD 1878 TO 2014


WEATHER ITEM   OBSERVED TIME   RECORD YEAR NORMAL DEPARTURE LAST
                VALUE   (LST)  VALUE       VALUE  FROM      YEAR
                                                  NORMAL
..................................................................
TEMPERATURE (F)
 TODAY
  MAXIMUM         84   1154 AM  95    1916  84      0       77
  MINIMUM         68    327 AM  48    2013  67      1       48
                                      1884
  AVERAGE         76                        76      0       63

PRECIPITATION (IN)
  TODAY            0.00          1.84 1888   0.04  -0.04     0.00
  MONTH TO DATE    0.28                      1.05  -0.77     0.01
  SINCE MAR 1      1.74                      2.28  -0.54     0.29
  SINCE JAN 1      2.50                      4.63  -2.13     1.77

SNOWFALL (IN)
  TODAY            0.0           0.0  2002   0.0
                                      2001
  MONTH TO DATE    0.0                       0.0
  SINCE MAR 1      0.0                       0.0
  SINCE JUL 1      0.0                       0.0

DEGREE DAYS
 HEATING
  TODAY            0                         0      0        2
  MONTH TO DATE   10                         6      4        8
  SINCE MAR 1    100                        49     51       32
  SINCE JUL 1    824                       552    272      325

 COOLING
  TODAY           11                        11      0        0
  MONTH TO DATE  160                       185    -25      186
  SINCE MAR 1    283                       359    -76      352
  SINCE JAN 1    403                       500    -97      573
..................................................................


WIND (MPH)
  HIGHEST WIND SPEED    21   HIGHEST WIND DIRECTION    SE (130)
  HIGHEST GUST SPEED    28   HIGHEST GUST DIRECTION    SE (130)
  AVERAGE WIND SPEED    13.0


SKY COVER
  POSSIBLE SUNSHINE  MM
  AVERAGE SKY COVER 0.6


WEATHER CONDITIONS
 THE FOLLOWING WEATHER WAS RECORDED TODAY.
  NO SIGNIFICANT WEATHER WAS OBSERVED.


RELATIVE HUMIDITY (PERCENT)
 HIGHEST    97           500 AM
 LOWEST     55          1200 PM
 AVERAGE    76

..........................................................


THE BROWNSVILLE CLIMATE NORMALS FOR TOMORROW
                         NORMAL    RECORD    YEAR
 MAXIMUM TEMPERATURE (F)   84        99      1921
 MINIMUM TEMPERATURE (F)   67        50      1884


SUNRISE AND SUNSET
APRIL 20 2014.........SUNRISE   702 AM CDT   SUNSET   756 PM CDT
APRIL 21 2014.........SUNRISE   701 AM CDT   SUNSET   756 PM CDT


-  INDICATES NEGATIVE NUMBERS.
R  INDICATES RECORD WAS SET OR TIED.
MM INDICATES DATA IS MISSING.
T  INDICATES TRACE AMOUNT.




$$
