000
CDUS44 KBRO 040730
CLIBRO


CLIMATE REPORT
NATIONAL WEATHER SERVICE BROWNSVILLE TX
127 AM CST SUN DEC 4 2016


...................................

...THE BROWNSVILLE CLIMATE SUMMARY FOR DECEMBER 3 2016...

CLIMATE NORMAL PERIOD 1981 TO 2010
CLIMATE RECORD PERIOD 1878 TO 2016


WEATHER ITEM   OBSERVED TIME   RECORD YEAR NORMAL DEPARTURE LAST
                VALUE   (LST)  VALUE       VALUE  FROM      YEAR
                                                  NORMAL
..................................................................
TEMPERATURE (F)
 YESTERDAY
  MAXIMUM         85    142 PM  89    1964  74     11       72
  MINIMUM         66   1134 PM  34    1976  55     11       53
                                      1897
  AVERAGE         76                        65     11       63

PRECIPITATION (IN)
  YESTERDAY        0.15          2.66 1943   0.05   0.10     0.00
  MONTH TO DATE    0.17                      0.13   0.04     0.06
  SINCE DEC 1      0.17                      0.13   0.04     0.06
  SINCE JAN 1     21.31                     26.42  -5.11    46.76

SNOWFALL (IN)
  YESTERDAY        0.0           0.0  2001   0.0
  MONTH TO DATE    0.0                       0.0
  SINCE DEC 1      0.0                       0.0
  SINCE JUL 1      0.0                       0.0

DEGREE DAYS
 HEATING
  YESTERDAY        0                         4     -4        2
  MONTH TO DATE    0                        12    -12        6
  SINCE DEC 1      0                        12    -12        6
  SINCE JUL 1      8                        66    -58       28

 COOLING
  YESTERDAY       11                         3      8        0
  MONTH TO DATE   24                        11     13        0
  SINCE DEC 1     24                        11     13        0
  SINCE JAN 1   4491                      3956    535     3675
..................................................................


WIND (MPH)
  HIGHEST WIND SPEED    25   HIGHEST WIND DIRECTION     S (170)
  HIGHEST GUST SPEED    32   HIGHEST GUST DIRECTION     S (190)
  AVERAGE WIND SPEED    12.7


SKY COVER
  POSSIBLE SUNSHINE  MM
  AVERAGE SKY COVER 0.5


WEATHER CONDITIONS
 THE FOLLOWING WEATHER WAS RECORDED YESTERDAY.
  RAIN
  LIGHT RAIN
  FOG
  HAZE


RELATIVE HUMIDITY (PERCENT)
 HIGHEST    88           800 AM
 LOWEST     65           100 PM
 AVERAGE    77

..........................................................


THE BROWNSVILLE CLIMATE NORMALS FOR TODAY
                         NORMAL    RECORD    YEAR
 MAXIMUM TEMPERATURE (F)   74        87      2012
                                             1983
 MINIMUM TEMPERATURE (F)   55        31      1897


SUNRISE AND SUNSET
DECEMBER  4 2016......SUNRISE   702 AM CST   SUNSET   538 PM CST
DECEMBER  5 2016......SUNRISE   703 AM CST   SUNSET   538 PM CST


-  INDICATES NEGATIVE NUMBERS.
R  INDICATES RECORD WAS SET OR TIED.
MM INDICATES DATA IS MISSING.
T  INDICATES TRACE AMOUNT.




$$
