795
CDAK49 PABR 220912
CLIBRW

CLIMATE REPORT
NATIONAL WEATHER SERVICE BARROW, AK
112 AM AKDT FRI MAY 22 2015

...................................
...THE BARROW WSO AP CLIMATE SUMMARY FOR MAY 21 2015...

CLIMATE NORMAL PERIOD  1981 TO  2010
CLIMATE RECORD PERIOD  1915 TO  2015

WEATHER ITEM   OBSERVED TIME    RECORD YEAR NORMAL DEPARTURE LAST
               VALUE    (LST)   VALUE       VALUE  FROM      YEAR
                                                   NORMAL
...................................................................
TEMPERATURE
YESTERDAY
 MAXIMUM            47  0506 PM    47  2015     28      19     31
 MINIMUM            31  0221 AM     4  1924     20      11     24
 AVERAGE            39                          24      15     28

PRECIPITATION
(INCHES)
 YESTERDAY           T           0.24  1933   0.01   -0.01   0.04
 MONTH TO DATE    0.14                        0.11    0.03   0.80
 SINCE MAR 1      0.88                        0.36    0.52   1.15
 SINCE JAN 1      1.45                        0.63    0.82   1.52

SNOWFALL
(INCHES)
 YESTERDAY         0.0            3.6  1933    0.1    -0.1    0.4
 MONTH TO DATE     1.0                         1.9    -0.9    3.3
 SINCE MAR 1      11.6                         7.2     4.4    8.9
 SINCE JUL 1      54.7                        36.2    18.5   51.5
 SNOW DEPTH (IN)     T                                          1

DEGREE DAYS
 HEATING
  YESTERDAY         26                          41     -15     37
  MONTH TO DATE    823                         980    -157    773
  SINCE MAR 1     4912                        5279    -367   4757
  SINCE JUL 1    17055                       18127   -1072  16480

 COOLING
  YESTERDAY          0                           0       0      0
  MONTH TO DATE      0                           0       0      0
  SINCE MAR 1        0                           0       0      0
  SINCE JAN 1        0                           0       0      0
...................................................................

WIND (MPH)
 HIGHEST WIND SPEED    18     HIGHEST WIND DIRECTION    120
 HIGHEST GUST SPEED    23     HIGHEST GUST DIRECTION    100
 AVERAGE WIND SPEED  10.8

WEATHER CONDITIONS
 THE FOLLOWING WEATHER WAS RECORDED YESTERDAY.
  FOG
RAIN


RELATIVE HUMIDITY
 HIGHEST RH     100 PERCENT       07:53 AM
 LOWEST  RH     79 PERCENT       07:53 PM
 AVERAGE RH     92 PERCENT       MM
...................................................................

THE BARROW CLIMATE NORMALS FOR TODAY
                           NORMAL    RECORD   YEAR
 MAXIMUM TEMPERATURE (F)     29        42     1965
 MINIMUM TEMPERATURE (F)     21         2     1924

SUNRISE AND SUNSET
 MAY 22 2015..........SUNRISE  **.**      SUNSET **.**
 MAY 23 2015..........SUNRISE  **.**      SUNSET **.**

-  INDICATES NEGATIVE NUMBERS.
R  INDICATES RECORD HAS BEEN SET OR TIED.
MM INDICATES DATA IS MISSING.
T  INDICATES TRACE OF PRECIPITATION.

&&
-------------------------------------------------------------------

AMOUNT OF DAYLIGHT TODAY  (HOUR:MIN)........24 HOURS 00 MINUTES
GAIN/LOSS SINCE YESTERDAY (HOUR:MIN:SEC)....+0:00:00

$$
DZB MAY 15
