000
CDAK49 PAFG 260950
CLIBRW

CLIMATE REPORT
NATIONAL WEATHER SERVICE FAIRBANKS AK
150 AM AKDT WED JUL 26 2017


...................................

...THE BARROW AK CLIMATE SUMMARY FOR JULY 25 2017...

CLIMATE NORMAL PERIOD 1981 TO 2010
CLIMATE RECORD PERIOD 1920 TO 2017


WEATHER ITEM   OBSERVED TIME   RECORD YEAR NORMAL DEPARTURE LAST
                VALUE   (LST)  VALUE       VALUE  FROM      YEAR
                                                  NORMAL
..................................................................
TEMPERATURE (F)
 YESTERDAY
  MAXIMUM         43    911 AM  68    1932  47     -4       57
                                      1921
  MINIMUM         34   1159 PM  23    1931  35     -1       38
  AVERAGE         39                        41     -2       48

PRECIPITATION (IN)
  YESTERDAY        T             0.52 1951   0.04  -0.04     0.00
  MONTH TO DATE    1.42                      0.77   0.65     0.14
  SINCE JUN 1      1.68                      1.09   0.59     0.83
  SINCE JAN 1      3.79                      1.79   2.00     4.18

SNOWFALL (IN)
  YESTERDAY        0.0           0.3  2000   0.0    0.0      0.0
                                      1975
                                      1969
  MONTH TO DATE    0.0                       0.1   -0.1       T
  SINCE JUN 1      0.5                       0.8   -0.3      1.9
  SINCE JUL 1      0.0                       0.1   -0.1       T
  SNOW DEPTH       0

DEGREE DAYS
 HEATING
  YESTERDAY       26                        24      2       17
  MONTH TO DATE  490                       603   -113      516
  SINCE JUN 1   1391                      1484    -93     1325
  SINCE JUL 1    490                       603   -113      516

 COOLING
  YESTERDAY        0                         0      0        0
  MONTH TO DATE    0                         0      0        0
  SINCE JUN 1      0                         0      0        0
  SINCE JAN 1      0                         0      0        0
..................................................................


WIND (MPH)
  HIGHEST GUST SPEED    14   HIGHEST GUST DIRECTION    NW (320)


SKY COVER
  AVERAGE SKY COVER 1.0


WEATHER CONDITIONS
 THE FOLLOWING WEATHER WAS RECORDED YESTERDAY.
  LIGHT RAIN
  FOG
  FOG W/VISIBILITY <= 1/4 MILE


RELATIVE HUMIDITY (PERCENT)
 HIGHEST   100
 LOWEST     85
 AVERAGE    93

..........................................................


THE BARROW AK CLIMATE NORMALS FOR TODAY
                         NORMAL    RECORD    YEAR
 MAXIMUM TEMPERATURE (F)   47        69      1930
 MINIMUM TEMPERATURE (F)   35        27      1953


SUNRISE AND SUNSET
JULY 26 2017..........SUN ABOVE VISIBLE HORIZON.
JULY 27 2017..........SUN ABOVE VISIBLE HORIZON.

-  INDICATES NEGATIVE NUMBERS.
R  INDICATES RECORD WAS SET OR TIED.
MM INDICATES DATA IS MISSING.
T  INDICATES TRACE AMOUNT.

&&

SNOW DEPTH IS MEASURED AT 3AM AKST/4AM AKDT.

----------------------------
AVAILABLE DAYLIGHT

AMOUNT OF DAYLIGHT TODAY  (HOUR:MIN)........24:00
GAIN/LOSS SINCE YESTERDAY (HOUR:MIN:SEC)....+0:00:00

$$
JUL 17
