000
CDAK49 PAFG 290946
CLIBRW

CLIMATE REPORT
NATIONAL WEATHER SERVICE FAIRBANKS AK
146 AM AKDT WED MAR 29 2017


...................................

...THE BARROW AK CLIMATE SUMMARY FOR MARCH 28 2017...

CLIMATE NORMAL PERIOD 1981 TO 2010
CLIMATE RECORD PERIOD 1920 TO 2017


WEATHER ITEM   OBSERVED TIME   RECORD YEAR NORMAL DEPARTURE LAST
                VALUE   (LST)  VALUE       VALUE  FROM      YEAR
                                                  NORMAL
..................................................................
TEMPERATURE (F)
 YESTERDAY
  MAXIMUM         -4    718 PM  29    1954  -3     -1       -5
  MINIMUM        -14    237 AM -38    1938 -16      2      -21
  AVERAGE         -9                       -10      1      -13

PRECIPITATION (IN)
  YESTERDAY        T             0.05 1925   0.00   0.00     0.00
                                      1923
  MONTH TO DATE    0.30                      0.08   0.22     0.14
  SINCE MAR 1      0.30                      0.08   0.22     0.14
  SINCE JAN 1      1.17                      0.35   0.82     3.20

SNOWFALL (IN)
  YESTERDAY        T             0.5  1925   0.1   -0.1      0.0
                                      1923
  MONTH TO DATE    2.4                       1.9    0.5      0.2
  SINCE MAR 1      2.4                       1.9    0.5      0.2
  SINCE JUL 1     29.3                      30.9   -1.6      9.0
  SNOW DEPTH       9

DEGREE DAYS
 HEATING
  YESTERDAY       74                        75     -1       78
  MONTH TO DATE 2014                      2183   -169     1780
  SINCE MAR 1   2014                      2183   -169     1780
  SINCE JUL 1  12976                     15040  -2064    13176

 COOLING
  YESTERDAY        0                         0      0        0
  MONTH TO DATE    0                         0      0        0
  SINCE MAR 1      0                         0      0        0
  SINCE JAN 1      0                         0      0        0
..................................................................


WIND (MPH)
  HIGHEST GUST SPEED    21   HIGHEST GUST DIRECTION    NE (40)


SKY COVER
  AVERAGE SKY COVER 0.2


WEATHER CONDITIONS
 THE FOLLOWING WEATHER WAS RECORDED YESTERDAY.
  FOG
  HAZE


RELATIVE HUMIDITY (PERCENT)
 HIGHEST    83
 LOWEST     68
 AVERAGE    76

..........................................................


THE BARROW AK CLIMATE NORMALS FOR TODAY
                         NORMAL    RECORD    YEAR
 MAXIMUM TEMPERATURE (F)   -2        27      1954
 MINIMUM TEMPERATURE (F)  -16       -36      1944


SUNRISE AND SUNSET
MARCH 29 2017.........SUNRISE   738 AM AKDT  SUNSET   929 PM AKDT
MARCH 30 2017.........SUNRISE   733 AM AKDT  SUNSET   933 PM AKDT

-  INDICATES NEGATIVE NUMBERS.
R  INDICATES RECORD WAS SET OR TIED.
MM INDICATES DATA IS MISSING.
T  INDICATES TRACE AMOUNT.

&&

SNOW DEPTH IS MEASURED AT 3AM AKST/4AM AKDT.

----------------------------
AVAILABLE DAYLIGHT

AMOUNT OF DAYLIGHT TODAY  (HOUR:MIN)........13:50
GAIN/LOSS SINCE YESTERDAY (HOUR:MIN:SEC)....+0:09:28

$$
MAR 17
