000
CDAK49 PABR 250911
CLIBRW

CLIMATE REPORT
NATIONAL WEATHER SERVICE BARROW, AK
111 AM AKDT WED MAY 25 2016

...................................
...THE BARROW WSO AP CLIMATE SUMMARY FOR MAY 24 2016...

CLIMATE NORMAL PERIOD  1981 TO  2010
CLIMATE RECORD PERIOD  1915 TO  2016

WEATHER ITEM   OBSERVED TIME    RECORD YEAR NORMAL DEPARTURE LAST
               VALUE    (LST)   VALUE       VALUE  FROM      YEAR
                                                   NORMAL
...................................................................
TEMPERATURE
YESTERDAY
 MAXIMUM            37  0129 PM    43  2011     30       7     35
 MINIMUM            30  0122 AM     3  2001     22       8     31
 AVERAGE            34                          26       8     33

PRECIPITATION
(INCHES)
 YESTERDAY        0.02           0.14  1991   0.01    0.01   0.00
 MONTH TO DATE    0.06                        0.13   -0.07   0.15
 SINCE MAR 1      0.17                        0.38   -0.21   0.89
 SINCE JAN 1      1.32                        0.65    0.67   1.46

SNOWFALL
(INCHES)
 YESTERDAY         0.0            2.2  1991    0.1    -0.1    0.0
 MONTH TO DATE     0.9                         2.2    -1.3    1.0
 SINCE MAR 1       3.1                         7.5    -4.4   11.6
 SINCE JUL 1      33.0                        36.5    -3.5   54.7
 SNOW DEPTH (IN)     0                                          T

DEGREE DAYS
 HEATING
  YESTERDAY         31                          39      -8     32
  MONTH TO DATE    897                        1099    -202    913
  SINCE MAR 1     4765                        5398    -633   5002
  SINCE JUL 1    16926                       18246   -1320  17213

 COOLING
  YESTERDAY          0                           0       0      0
  MONTH TO DATE      0                           0       0      0
  SINCE MAR 1        0                           0       0      0
  SINCE JAN 1        0                           0       0      0
...................................................................

WIND (MPH)
 HIGHEST WIND SPEED    18     HIGHEST WIND DIRECTION    110
 HIGHEST GUST SPEED    23     HIGHEST GUST DIRECTION    100
 AVERAGE WIND SPEED  12.2

WEATHER CONDITIONS
 THE FOLLOWING WEATHER WAS RECORDED YESTERDAY.
  RAIN


...................................................................

THE BARROW CLIMATE NORMALS FOR TODAY
                           NORMAL    RECORD   YEAR
 MAXIMUM TEMPERATURE (F)     30        44     1938
 MINIMUM TEMPERATURE (F)     22         9     2001

SUNRISE AND SUNSET
 MAY 25 2016..........SUNRISE  **.**      SUNSET **.**
 MAY 26 2016..........SUNRISE  **.**      SUNSET **.**

-  INDICATES NEGATIVE NUMBERS.
R  INDICATES RECORD HAS BEEN SET OR TIED.
MM INDICATES DATA IS MISSING.
T  INDICATES TRACE OF PRECIPITATION.

&&
-------------------------------------------------------------------

AMOUNT OF DAYLIGHT TODAY  (HOUR:MIN)........24 HOURS 00 MINUTES
GAIN/LOSS SINCE YESTERDAY (HOUR:MIN:SEC)....+0:00:00

$$
*** MAY 16
