000
CDAK49 PABR 260938
CLIBRW

CLIMATE REPORT
NATIONAL WEATHER SERVICE BARROW, AK
1239 AM AKST MON JAN 26 2015

...................................
...THE BARROW WSO AP CLIMATE SUMMARY FOR JANUARY 25 2015...

CLIMATE NORMAL PERIOD  1981 TO  2010
CLIMATE RECORD PERIOD  1915 TO  2015

WEATHER ITEM   OBSERVED TIME    RECORD YEAR NORMAL DEPARTURE LAST
               VALUE    (LST)   VALUE       VALUE  FROM      YEAR
                                                   NORMAL
...................................................................
TEMPERATURE
YESTERDAY
 MAXIMUM           -15  1051 PM    30  1949     -8      -7      8
 MINIMUM           -22  0904 AM   -50  1925    -20      -2      0
 AVERAGE           -19                         -14      -5      4

PRECIPITATION
(INCHES)
 YESTERDAY           T           0.12  1963   0.01   -0.01   0.03
 MONTH TO DATE    0.22                        0.11    0.11   0.18
 SINCE DEC 1      0.42                        0.25    0.17   1.35
 SINCE JAN 1      0.22                        0.11    0.11   0.18

SNOWFALL
(INCHES)
 YESTERDAY           T            1.2  1963    0.1    -0.1    0.8
 MONTH TO DATE     4.2                         2.1     2.1    3.3
 SINCE DEC 1       7.2                         5.6     1.6   16.4
 SINCE JUL 1      38.3                        25.9    12.4   40.3
 SNOW DEPTH (IN)     7                                          9

DEGREE DAYS
 HEATING
  YESTERDAY         84                          79       5     61
  MONTH TO DATE   1880                        1955     -75   1867
  SINCE DEC 1     4084                        4212    -128   3940
  SINCE JUL 1     9686                       10162    -476   9339

 COOLING
  YESTERDAY          0                           0       0      0
  MONTH TO DATE      0                           0       0      0
  SINCE DEC 1        0                           0       0      0
  SINCE JAN 1        0                           0       0      0
...................................................................

WIND (MPH)
 HIGHEST WIND SPEED    21     HIGHEST WIND DIRECTION    270
 HIGHEST GUST SPEED    25     HIGHEST GUST DIRECTION    280
 AVERAGE WIND SPEED  15.2

WEATHER CONDITIONS
 THE FOLLOWING WEATHER WAS RECORDED YESTERDAY.
  FOG WITH VISIBILITY AS LOW AS ONE AND ONE HALF MILES.
  BLOWING SNOW
  SNOW

RELATIVE HUMIDITY
 HIGHEST RH     86 PERCENT  AT  1153 PM AST
 LOWEST  RH     73 PERCENT  AT  1153 AM AST
 AVERAGE RH     79 PERCENT
...................................................................

THE BARROW CLIMATE NORMALS FOR TODAY
                           NORMAL    RECORD   YEAR
 MAXIMUM TEMPERATURE (F)     -8        31     1957
 MINIMUM TEMPERATURE (F)    -20       -49     1989

SUNRISE AND SUNSET
 JAN 26 2015..........SUNRISE 12:25 PM      SUNSET  2:56 PM
 JAN 27 2015..........SUNRISE 12:16 PM      SUNSET  3:06 PM

-  INDICATES NEGATIVE NUMBERS.
R  INDICATES RECORD HAS BEEN SET OR TIED.
MM INDICATES DATA IS MISSING.
T  INDICATES TRACE OF PRECIPITATION.

&&
-------------------------------------------------------------------

AMOUNT OF DAYLIGHT TODAY  (HOUR:MIN)........2 HOURS 31 MINUTES
GAIN/LOSS SINCE YESTERDAY (HOUR:MIN:SEC)....+0:21:58

$$
RFL JAN 15
