000
CDAK49 PAFG 250938
CLIBRW

CLIMATE REPORT
NATIONAL WEATHER SERVICE FAIRBANKS AK
138 AM AKDT MON SEP 25 2017


...................................

...THE BARROW AK CLIMATE SUMMARY FOR SEPTEMBER 24 2017...

CLIMATE NORMAL PERIOD 1981 TO 2010
CLIMATE RECORD PERIOD 1920 TO 2017


WEATHER ITEM   OBSERVED TIME   RECORD YEAR NORMAL DEPARTURE LAST
                VALUE   (LST)  VALUE       VALUE  FROM      YEAR
                                                  NORMAL
..................................................................
TEMPERATURE (F)
 YESTERDAY
  MAXIMUM         34   1159 PM  53    1995  33      1       37
  MINIMUM         28    411 AM   3    1985  26      2       27
  AVERAGE         31                        29      2       32

PRECIPITATION (IN)
  YESTERDAY        0.02          0.45 1943   0.02   0.00      T
  MONTH TO DATE    0.52                      0.61  -0.09     0.45
  SINCE SEP 1      0.52                      0.61  -0.09     0.45
  SINCE JAN 1      6.19                      3.66   2.53     6.10

SNOWFALL (IN)
  YESTERDAY        0.2           1.5  1921   0.2    0.0       T
  MONTH TO DATE    0.2                       3.1   -2.9      1.7
  SINCE SEP 1      0.2                       3.1   -2.9      1.7
  SINCE JUL 1      1.0                       4.2   -3.2      3.5
  SNOW DEPTH       0

DEGREE DAYS
 HEATING
  YESTERDAY       34                        36     -2       33
  MONTH TO DATE  702                       761    -59      728
  SINCE SEP 1    702                       761    -59      728
  SINCE JUL 1   2045                      2316   -271     2157

 COOLING
  YESTERDAY        0                         0      0        0
  MONTH TO DATE    0                         0      0        0
  SINCE SEP 1      0                         0      0        0
  SINCE JAN 1      0                         0      0        0
..................................................................


WIND (MPH)
  HIGHEST GUST SPEED    16   HIGHEST GUST DIRECTION     E (90)


SKY COVER
  AVERAGE SKY COVER 1.0


WEATHER CONDITIONS
 THE FOLLOWING WEATHER WAS RECORDED YESTERDAY.
  LT FREEZING RAIN
  LIGHT SNOW
  FOG


RELATIVE HUMIDITY (PERCENT)
 HIGHEST   100
 LOWEST     89
 AVERAGE    95

..........................................................


THE BARROW AK CLIMATE NORMALS FOR TODAY
                         NORMAL    RECORD    YEAR
 MAXIMUM TEMPERATURE (F)   32        46      1984
 MINIMUM TEMPERATURE (F)   25         7      1924


SUNRISE AND SUNSET
SEPTEMBER 25 2017.....SUNRISE   822 AM AKDT  SUNSET   814 PM AKDT
SEPTEMBER 26 2017.....SUNRISE   826 AM AKDT  SUNSET   809 PM AKDT

-  INDICATES NEGATIVE NUMBERS.
R  INDICATES RECORD WAS SET OR TIED.
MM INDICATES DATA IS MISSING.
T  INDICATES TRACE AMOUNT.

&&

SNOW DEPTH IS MEASURED AT 3AM AKST/4AM AKDT.

----------------------------
AVAILABLE DAYLIGHT

AMOUNT OF DAYLIGHT TODAY  (HOUR:MIN)........11:52
GAIN/LOSS SINCE YESTERDAY (HOUR:MIN:SEC)....-0:09:11

$$
SDB SEP 17
