052
CDAK49 PABR 270906
CLIBRW

CLIMATE REPORT
NATIONAL WEATHER SERVICE BARROW, AK
106 AM AKDT WED JUL 27 2016

...................................
...THE BARROW WSO AP CLIMATE SUMMARY FOR JULY 26 2016...

CLIMATE NORMAL PERIOD  1981 TO  2010
CLIMATE RECORD PERIOD  1915 TO  2016

WEATHER ITEM   OBSERVED TIME    RECORD YEAR NORMAL DEPARTURE LAST
               VALUE    (LST)   VALUE       VALUE  FROM      YEAR
                                                   NORMAL
...................................................................
TEMPERATURE
YESTERDAY
 MAXIMUM            55   510 PM    69  1930     47       8     39
 MINIMUM            41   449 AM    27  1953     35       6     34
 AVERAGE            48                          41       7     37

PRECIPITATION
(INCHES)
 YESTERDAY        0.00           0.21  1943   0.03   -0.03   0.00
 MONTH TO DATE    0.14                        0.80   -0.66   0.09
 SINCE JUN 1      0.84                        1.12   -0.28   0.93
 SINCE JAN 1      2.17                        1.82    0.35   2.89

SNOWFALL
(INCHES)
 YESTERDAY         0.0            1.4  1982    0.0     0.0    0.0
 MONTH TO DATE       T                         0.1    -0.1    0.0
 SINCE JUN 1       2.7                         0.8     1.9    1.0
 SINCE JUL 1         T                         0.1    -0.1    0.0
 SNOW DEPTH (IN)     0                                          0

DEGREE DAYS
 HEATING
  YESTERDAY         17                          24      -7     28
  MONTH TO DATE    533                         627     -94    620
  SINCE JUN 1     1343                        1507    -164   1362
  SINCE JUL 1      533                         627     -94    620

 COOLING
  YESTERDAY          0                           0       0      0
  MONTH TO DATE      0                           0       0      0
  SINCE JUN 1        0                           0       0      0
  SINCE JAN 1        0                           0       0      0
...................................................................

WIND (MPH)
 HIGHEST WIND SPEED    17     HIGHEST WIND DIRECTION    130
 HIGHEST GUST SPEED    20     HIGHEST GUST DIRECTION    130
 AVERAGE WIND SPEED   8.9

SKY COVER
  POSSIBLE SUNSHINE    MM          AVERAGE SKY COVER     MM

WEATHER CONDITIONS
 THE FOLLOWING WEATHER WAS RECORDED YESTERDAY.
  NO SIGNIFICANT WEATHER WAS OBSERVED.

...................................................................

THE BARROW CLIMATE NORMALS FOR TODAY
                           NORMAL    RECORD   YEAR
 MAXIMUM TEMPERATURE (F)     47        70     1928
 MINIMUM TEMPERATURE (F)     35        25     1992

SUNRISE AND SUNSET
 SUN ABOVE VISIBLE HORIZON

-  INDICATES NEGATIVE NUMBERS.
R  INDICATES RECORD HAS BEEN SET OR TIED.
MM INDICATES DATA IS MISSING.
T  INDICATES TRACE OF PRECIPITATION.

&&
-------------------------------------------------------------------

AMOUNT OF DAYLIGHT TODAY  (HOUR:MIN)........24 HOURS 00 MINUTES
GAIN/LOSS SINCE YESTERDAY (HOUR:MIN:SEC)....+0:00:00

$$
*** JUL 16
