000
CDAK49 PABR 112315
CLIBRW

CLIMATE REPORT
NATIONAL WEATHER SERVICE BARROW, AK
315 PM AKDT FRI JUL 11 2014

...................................
...THE BARROW WSO AP CLIMATE SUMMARY FOR JULY 11 2014...
VALID TODAY AS OF 2:00 PM LOCAL TIME

CLIMATE NORMAL PERIOD  1981 TO  2010
CLIMATE RECORD PERIOD  1915 TO  2014

WEATHER ITEM   OBSERVED TIME    RECORD YEAR NORMAL DEPARTURE LAST
               VALUE    (LST)   VALUE       VALUE  FROM      YEAR
                                                   NORMAL
...................................................................
TEMPERATURE
TODAY
 MAXIMUM            50  1142 AM    75  1960     47       3     43
 MINIMUM            39  0351 AM    27  1979     35       4     34
 AVERAGE            45                          41       4     39

PRECIPITATION
(INCHES)
 TODAY            0.00           1.03  1989   0.03   -0.03   0.00
 MONTH TO DATE    0.05                        0.30   -0.25   0.53
 SINCE JUN 1      1.52                        0.62    0.90   1.30
 SINCE JAN 1      3.14                        1.32    1.82   2.52

SNOWFALL
(INCHES)
 TODAY             0.0              T  2010    0.1    -0.1    0.0
 MONTH TO DATE     0.0                         0.1    -0.1    0.0
 SINCE JUN 1       0.9                         0.8     0.1    0.3
 SINCE JUL 1       0.0                         0.1    -0.1    0.0
 SNOW DEPTH (IN)     0                                          0

DEGREE DAYS
 HEATING
  TODAY             20                          24      -4     26
  MONTH TO DATE    277                         267      10    242
  SINCE JUN 1     1210                        1147      63   1020
  SINCE JUL 1      277                         267      10    242

 COOLING
  TODAY              0                           0       0      0
  MONTH TO DATE      0                           0       0      0
  SINCE JUN 1        0                           0       0      0
  SINCE JAN 1        0                           0       0      0
...................................................................

WIND (MPH)
 HIGHEST WIND SPEED    18     HIGHEST WIND DIRECTION    120
 HIGHEST GUST SPEED    21     HIGHEST GUST DIRECTION    110
 AVERAGE WIND SPEED    MM

WEATHER CONDITIONS
 THE FOLLOWING WEATHER WAS RECORDED TODAY.
NO SIGNIFICANT WEATHER WAS OBSERVED.

RELATIVE HUMIDITY
 HIGHEST RH     92 PERCENT       04:53 AM
 LOWEST  RH     66 PERCENT       11:11 AM
 AVERAGE RH     80 PERCENT       MM
...................................................................

THE BARROW CLIMATE NORMALS FOR TOMORROW
                        NORMAL    RECORD   YEAR
 MAXIMUM TEMPERATURE      47        73     2009
 MINIMUM TEMPERATURE      35        28     2000

SUNRISE AND SUNSET
 JUL 11 2014..........SUNRISE  **.**      SUNSET **.**
 JUL 12 2014..........SUNRISE  **.**      SUNSET **.**

-  INDICATES NEGATIVE NUMBERS.
R  INDICATES RECORD HAS BEEN SET OR TIED.
MM INDICATES DATA IS MISSING.
T  INDICATES TRACE OF PRECIPITATION.

&&
-------------------------------------------------------------------

AMOUNT OF DAYLIGHT TODAY  (HOUR:MIN)........24 HOURS 00 MINUTES
GAIN/LOSS SINCE YESTERDAY (HOUR:MIN:SEC)....+0:00:00

$$
DZB JUL 14
