000
CDUS43 KGRR 240518
CLIBTL


CLIMATE REPORT
NATIONAL WEATHER SERVICE GRAND RAPIDS, MI
114 AM EDT THU JUL 24 2014


...................................

...THE BATTLE CREEK MI CLIMATE SUMMARY FOR JULY 23 2014...

CLIMATE NORMAL PERIOD 1981 TO 2010
CLIMATE RECORD PERIOD 9999 TO 9999


WEATHER ITEM   OBSERVED TIME   NORMAL DEPARTURE LAST
                VALUE   (LST)  VALUE  FROM      YEAR
                                      NORMAL
......................................................
TEMPERATURE (F)
 YESTERDAY
  MAXIMUM         77    359 PM  82     -5       82
  MINIMUM         59   1158 PM  59      0       57
  AVERAGE         68            71     -3       70

PRECIPITATION (IN)
  YESTERDAY        0.02          0.11  -0.09     0.03
  MONTH TO DATE    3.62          2.47   1.15     4.59
  SINCE JUN 1      9.19          5.70   3.49     8.33
  SINCE JAN 1     17.15         17.18  -0.03    21.11

DEGREE DAYS
 HEATING
  YESTERDAY        0             0      0        0
  MONTH TO DATE   13             6      7        1
  SINCE JUN 1     31            63    -32       43
  SINCE JUL 1     13             6      7        1

 COOLING
  YESTERDAY        3             6     -3        5
  MONTH TO DATE   84           150    -66      221
  SINCE JUN 1    260           276    -16      367
  SINCE JAN 1    312           314     -2      444
......................................................


WIND (MPH)
  RESULTANT WIND SPEED   9   RESULTANT WIND DIRECTION   N (0)
  HIGHEST WIND SPEED    24   HIGHEST WIND DIRECTION     W (260)
  HIGHEST GUST SPEED    30   HIGHEST GUST DIRECTION     W (260)
  AVERAGE WIND SPEED     9.6


SKY COVER
  AVERAGE SKY COVER 0.6


WEATHER CONDITIONS
 THE FOLLOWING WEATHER WAS RECORDED YESTERDAY.
  THUNDERSTORM
  LIGHT RAIN


RELATIVE HUMIDITY (PERCENT)
 HIGHEST    90           400 AM
 LOWEST     49           600 PM
 AVERAGE    70

..........................................................


THE BATTLE CREEK MI CLIMATE NORMALS FOR TODAY
                         NORMAL
 MAXIMUM TEMPERATURE (F)   82
 MINIMUM TEMPERATURE (F)   59


SUNRISE AND SUNSET
JULY 24 2014..........SUNRISE   626 AM EDT   SUNSET   909 PM EDT
JULY 25 2014..........SUNRISE   627 AM EDT   SUNSET   908 PM EDT


-  INDICATES NEGATIVE NUMBERS.
R  INDICATES RECORD WAS SET OR TIED.
MM INDICATES DATA IS MISSING.
T  INDICATES TRACE AMOUNT.




$$
