000
CDUS43 KGRR 212127
CLIBTL


CLIMATE REPORT
NATIONAL WEATHER SERVICE GRAND RAPIDS, MI
526 PM EDT SAT OCT 21 2017


...................................

...THE BATTLE CREEK MI CLIMATE SUMMARY FOR OCTOBER 21 2017...
VALID TODAY AS OF 0500 PM LOCAL TIME.

CLIMATE NORMAL PERIOD 1981 TO 2010
CLIMATE RECORD PERIOD 1998 TO 2017


WEATHER ITEM   OBSERVED TIME   NORMAL DEPARTURE LAST
                VALUE   (LST)  VALUE  FROM      YEAR
                                      NORMAL
......................................................
TEMPERATURE (F)
 TODAY
  MAXIMUM         75    301 PM  59     16       53
  MINIMUM         54    705 AM  38     16       40
  AVERAGE         65            48     17       47

PRECIPITATION (IN)
  TODAY            0.00          0.10  -0.10     0.00
  MONTH TO DATE    8.24          2.15   6.09     1.69
  SINCE SEP 1      8.65          5.80   2.85     3.74
  SINCE JAN 1     30.25         27.34   2.91    27.20

DEGREE DAYS
 HEATING
  TODAY            0            16    -16       18
  MONTH TO DATE  104           283   -179      129
  SINCE SEP 1    191           439   -248      172
  SINCE JUL 1    211           480   -269      180

 COOLING
  TODAY            0             0      0        0
  MONTH TO DATE   13             2     11       19
  SINCE SEP 1    146            57     89      111
  SINCE JAN 1    733           575    158      727
......................................................


WIND (MPH)
  RESULTANT WIND SPEED  11   RESULTANT WIND DIRECTION   S (190)
  HIGHEST WIND SPEED    22   HIGHEST WIND DIRECTION     S (190)
  HIGHEST GUST SPEED    27   HIGHEST GUST DIRECTION     S (200)
  AVERAGE WIND SPEED    10.9


SKY COVER
  AVERAGE SKY COVER 0.0


WEATHER CONDITIONS
 THE FOLLOWING WEATHER WAS RECORDED TODAY.
  NO SIGNIFICANT WEATHER WAS OBSERVED.


RELATIVE HUMIDITY (PERCENT)
 HIGHEST    83           700 AM
 LOWEST     33           200 PM
 AVERAGE    58

..........................................................


THE BATTLE CREEK MI CLIMATE NORMALS FOR TOMORROW
                         NORMAL
 MAXIMUM TEMPERATURE (F)   59
 MINIMUM TEMPERATURE (F)   38


SUNRISE AND SUNSET
OCTOBER 21 2017.......SUNRISE   801 AM EDT   SUNSET   649 PM EDT
OCTOBER 22 2017.......SUNRISE   802 AM EDT   SUNSET   648 PM EDT


-  INDICATES NEGATIVE NUMBERS.
R  INDICATES RECORD WAS SET OR TIED.
MM INDICATES DATA IS MISSING.
T  INDICATES TRACE AMOUNT.




$$
