000
CDUS43 KGRR 221351
CLIBTL


CLIMATE REPORT
NATIONAL WEATHER SERVICE GRAND RAPIDS, MI
949 AM EDT TUE AUG 22 2017


...................................

...THE BATTLE CREEK MI CLIMATE SUMMARY FOR AUGUST 22 2017...
VALID AS OF 0900 AM LOCAL TIME.

CLIMATE NORMAL PERIOD 1981 TO 2010
CLIMATE RECORD PERIOD 1998 TO 2017


WEATHER ITEM   OBSERVED TIME   NORMAL DEPARTURE LAST
                VALUE   (LST)  VALUE  FROM      YEAR
                                      NORMAL
......................................................
TEMPERATURE (F)
 TODAY
  MAXIMUM         73    256 AM  80     -7       74
  MINIMUM         69    638 AM  57     12       52
  AVERAGE         71            69      2       63

PRECIPITATION (IN)
  TODAY            0.21          0.10   0.11     0.00
  MONTH TO DATE    1.97          2.47  -0.50     7.47
  SINCE JUN 1      6.03          9.06  -3.03    13.01
  SINCE JAN 1     21.51         20.54   0.97    22.85

DEGREE DAYS
 HEATING
  TODAY            0             1     -1        2
  MONTH TO DATE    4            22    -18        3
  SINCE JUN 1     27            94    -67       42
  SINCE JUL 1      4            37    -33        8

 COOLING
  TODAY            6             5      1        0
  MONTH TO DATE  135           122     13      152
  SINCE JUN 1    544           445     99      507
  SINCE JAN 1    581           483     98      562
......................................................


WIND (MPH)
  RESULTANT WIND SPEED  14   RESULTANT WIND DIRECTION  SW (210)
  HIGHEST WIND SPEED    28   HIGHEST WIND DIRECTION    SW (210)
  HIGHEST GUST SPEED    35   HIGHEST GUST DIRECTION    SW (220)
  AVERAGE WIND SPEED    14.2


SKY COVER
  AVERAGE SKY COVER 0.5


WEATHER CONDITIONS
 THE FOLLOWING WEATHER WAS RECORDED TODAY.
  RAIN
  LIGHT RAIN


RELATIVE HUMIDITY (PERCENT)
 HIGHEST   100           100 AM
 LOWEST     87           300 AM
 AVERAGE    94

..........................................................


THE BATTLE CREEK MI CLIMATE NORMALS FOR TOMORROW
                         NORMAL
 MAXIMUM TEMPERATURE (F)   80
 MINIMUM TEMPERATURE (F)   57


SUNRISE AND SUNSET
AUGUST 22 2017........SUNRISE   656 AM EDT   SUNSET   831 PM EDT
AUGUST 23 2017........SUNRISE   657 AM EDT   SUNSET   829 PM EDT


-  INDICATES NEGATIVE NUMBERS.
R  INDICATES RECORD WAS SET OR TIED.
MM INDICATES DATA IS MISSING.
T  INDICATES TRACE AMOUNT.




$$

63
