000
CDUS43 KGRR 210516
CLIBTL


CLIMATE REPORT
NATIONAL WEATHER SERVICE GRAND RAPIDS, MI
115 AM EDT TUE OCT 21 2014


...................................

...THE BATTLE CREEK MI CLIMATE SUMMARY FOR OCTOBER 20 2014...

CLIMATE NORMAL PERIOD 1981 TO 2010
CLIMATE RECORD PERIOD 1998 TO 2014


WEATHER ITEM   OBSERVED TIME   NORMAL DEPARTURE LAST
                VALUE   (LST)  VALUE  FROM      YEAR
                                      NORMAL
......................................................
TEMPERATURE (F)
 YESTERDAY
  MAXIMUM         60    347 PM  60      0       58
  MINIMUM         47    726 AM  38      9       40
  AVERAGE         54            49      5       49

PRECIPITATION (IN)
  YESTERDAY        0.04          0.09  -0.05     0.00
  MONTH TO DATE    3.21          2.05   1.16     1.84
  SINCE SEP 1      5.58          5.70  -0.12     3.52
  SINCE JAN 1     25.52         27.24  -1.72    29.69

DEGREE DAYS
 HEATING
  YESTERDAY       11            16     -5       16
  MONTH TO DATE  256           267    -11      170
  SINCE SEP 1    396           423    -27      306
  SINCE JUL 1    425           464    -39      344

 COOLING
  YESTERDAY        0             0      0        0
  MONTH TO DATE    0             2     -2       14
  SINCE SEP 1     56            57     -1       84
  SINCE JAN 1    593           575     18      689
......................................................


WIND (MPH)
  RESULTANT WIND SPEED   7   RESULTANT WIND DIRECTION   W (250)
  HIGHEST WIND SPEED    18   HIGHEST WIND DIRECTION    NW (330)
  HIGHEST GUST SPEED    24   HIGHEST GUST DIRECTION     N (340)
  AVERAGE WIND SPEED    10.4


SKY COVER
  AVERAGE SKY COVER 0.8


WEATHER CONDITIONS
 THE FOLLOWING WEATHER WAS RECORDED YESTERDAY.
  THUNDERSTORM
  LIGHT RAIN


RELATIVE HUMIDITY (PERCENT)
 HIGHEST    86           600 AM
 LOWEST     67           400 PM
 AVERAGE    77

..........................................................


THE BATTLE CREEK MI CLIMATE NORMALS FOR TODAY
                         NORMAL
 MAXIMUM TEMPERATURE (F)   59
 MINIMUM TEMPERATURE (F)   38


SUNRISE AND SUNSET
OCTOBER 21 2014.......SUNRISE   801 AM EDT   SUNSET   650 PM EDT
OCTOBER 22 2014.......SUNRISE   802 AM EDT   SUNSET   648 PM EDT


-  INDICATES NEGATIVE NUMBERS.
R  INDICATES RECORD WAS SET OR TIED.
MM INDICATES DATA IS MISSING.
T  INDICATES TRACE AMOUNT.




$$
