000
CDUS45 KMSO 290739
CLIBTM


CLIMATE REPORT
NATIONAL WEATHER SERVICE MISSOULA, MT
139 AM MDT FRI MAY 29 2015


...................................

...THE BUTTE MT CLIMATE SUMMARY FOR MAY 28 2015...

CLIMATE NORMAL PERIOD 1981 TO 2010
CLIMATE RECORD PERIOD 1895 TO 2015


WEATHER ITEM   OBSERVED TIME   RECORD YEAR NORMAL DEPARTURE LAST
                VALUE   (LST)  VALUE       VALUE  FROM      YEAR
                                                  NORMAL
..................................................................
TEMPERATURE (F)
 YESTERDAY
  MAXIMUM         61   1257 PM  90    1919  64     -3       71
  MINIMUM         43    504 AM  21    1947  38      5       41
  AVERAGE         52                        51      1       56

PRECIPITATION (IN)
  YESTERDAY        0.05          2.50 1927   0.09  -0.04     0.00
  MONTH TO DATE    1.52                      1.81  -0.29     0.82
  SINCE OCT 1      5.50                      6.53  -1.03     5.32
  SINCE JAN 1      3.11                      4.64  -1.53     4.28

SNOWFALL (IN)
  YESTERDAY       MM
  MONTH TO DATE   MM
  SINCE JAN 1     MM
  SINCE JUL 1     MM
  SNOW DEPTH      MM

DEGREE DAYS
 HEATING
  YESTERDAY       13                        14     -1        9
  MONTH TO DATE  494                       500     -6      489
  SINCE MAR 1   2118                      2322   -204     2332
  SINCE JUL 1   7999                      8891   -892     8710

 COOLING
  YESTERDAY        0                         0      0        0
  MONTH TO DATE    0                         0      0        0
  SINCE MAR 1      0                         0      0        0
  SINCE JAN 1      0                         0      0        0
..................................................................


WIND (MPH)
  HIGHEST WIND SPEED    29   HIGHEST WIND DIRECTION     N (10)
  HIGHEST GUST SPEED    38   HIGHEST GUST DIRECTION     N (10)
  AVERAGE WIND SPEED     4.8


SKY COVER
  POSSIBLE SUNSHINE  MM
  AVERAGE SKY COVER 0.9


WEATHER CONDITIONS
 THE FOLLOWING WEATHER WAS RECORDED YESTERDAY.
  THUNDERSTORM
  LIGHT RAIN


RELATIVE HUMIDITY (PERCENT)
 HIGHEST    96           500 AM
 LOWEST     46           100 PM
 AVERAGE    71

..........................................................


THE BUTTE MT CLIMATE NORMALS FOR TODAY
                         NORMAL    RECORD    YEAR
 MAXIMUM TEMPERATURE (F)   65        87      1936
 MINIMUM TEMPERATURE (F)   38        21      1947


SUNRISE AND SUNSET
MAY 29 2015...........SUNRISE   545 AM MDT   SUNSET   910 PM MDT
MAY 30 2015...........SUNRISE   544 AM MDT   SUNSET   911 PM MDT


-  INDICATES NEGATIVE NUMBERS.
R  INDICATES RECORD WAS SET OR TIED.
MM INDICATES DATA IS MISSING.
T  INDICATES TRACE AMOUNT.




$$
