000
CDUS45 KMSO 130737
CLIBTM


CLIMATE REPORT
NATIONAL WEATHER SERVICE MISSOULA, MT
137 AM MDT SUN JUL 13 2014


...................................

...THE BUTTE MT CLIMATE SUMMARY FOR JULY 12 2014...

CLIMATE NORMAL PERIOD 1981 TO 2010
CLIMATE RECORD PERIOD 1895 TO 2014


WEATHER ITEM   OBSERVED TIME   RECORD YEAR NORMAL DEPARTURE LAST
                VALUE   (LST)  VALUE       VALUE  FROM      YEAR
                                                  NORMAL
..................................................................
TEMPERATURE (F)
 YESTERDAY
  MAXIMUM         84        MM  98    2002  80      4       82
  MINIMUM         52        MM  33    1950  46      6       45
  AVERAGE         68                        63      5       64

PRECIPITATION (IN)
  YESTERDAY        0.00          1.00 1904   0.04  -0.04      T
  MONTH TO DATE    0.24                      0.55  -0.31     0.26
  SINCE OCT 1      8.99                      9.61  -0.62     6.85
  SINCE JAN 1      7.95                      7.72   0.23     5.22

SNOWFALL (IN)
  YESTERDAY       MM
  MONTH TO DATE   MM
  SINCE JAN 1     MM
  SINCE JUL 1     MM
  SNOW DEPTH      MM

DEGREE DAYS
 HEATING
  YESTERDAY        0                         3     -3        1
  MONTH TO DATE    9                        53    -44        4
  SINCE JUN 1    362                       340     22      247
  SINCE JUL 1      9                        53    -44        4

 COOLING
  YESTERDAY        3                         1      2        0
  MONTH TO DATE   32                        12     20       39
  SINCE JUN 1     32                        19     13       52
  SINCE JAN 1     32                        19     13       52
..................................................................


WIND (MPH)
  HIGHEST WIND SPEED    15   HIGHEST WIND DIRECTION     S (170)
  HIGHEST GUST SPEED    30   HIGHEST GUST DIRECTION     S (160)
  AVERAGE WIND SPEED     4.7


SKY COVER
  POSSIBLE SUNSHINE  MM
  AVERAGE SKY COVER 0.2


WEATHER CONDITIONS
 THE FOLLOWING WEATHER WAS RECORDED YESTERDAY.
  NO SIGNIFICANT WEATHER WAS OBSERVED.


RELATIVE HUMIDITY (PERCENT)
 HIGHEST    83           600 AM
 LOWEST     23           200 PM
 AVERAGE    53

..........................................................


THE BUTTE MT CLIMATE NORMALS FOR TODAY
                         NORMAL    RECORD    YEAR
 MAXIMUM TEMPERATURE (F)   81        97      2002
 MINIMUM TEMPERATURE (F)   46        36      1965


SUNRISE AND SUNSET
JULY 13 2014..........SUNRISE   552 AM MDT   SUNSET   919 PM MDT
JULY 14 2014..........SUNRISE   553 AM MDT   SUNSET   918 PM MDT


-  INDICATES NEGATIVE NUMBERS.
R  INDICATES RECORD WAS SET OR TIED.
MM INDICATES DATA IS MISSING.
T  INDICATES TRACE AMOUNT.




$$
