000
CDUS45 KMSO 242230
CLIBTM


CLIMATE REPORT
NATIONAL WEATHER SERVICE MISSOULA, MT
430 PM MDT WED AUG 24 2016


...................................

...THE BUTTE MT CLIMATE SUMMARY FOR AUGUST 24 2016...
VALID TODAY AS OF 0400 PM LOCAL TIME.

CLIMATE NORMAL PERIOD 1981 TO 2010
CLIMATE RECORD PERIOD 1895 TO 2016


WEATHER ITEM   OBSERVED TIME   RECORD YEAR NORMAL DEPARTURE LAST
                VALUE   (LST)  VALUE       VALUE  FROM      YEAR
                                                  NORMAL
..................................................................
TEMPERATURE (F)
 TODAY
  MAXIMUM         64    259 PM  95    1969  78    -14       84
  MINIMUM         36    504 AM  31    1992  42     -6       38
  AVERAGE         50                        60    -10       61

PRECIPITATION (IN)
  TODAY            0.00          0.54 1987   0.04  -0.04     0.00
  MONTH TO DATE    0.66                      1.05  -0.39     0.32
  SINCE OCT 1      8.80                     11.46  -2.66     8.85
  SINCE JAN 1      6.06                      9.57  -3.51     6.46

SNOWFALL (IN)
  TODAY           MM
  MONTH TO DATE   MM
  SINCE JAN 1     MM
  SINCE JUL 1     MM
  SNOW DEPTH      MM

DEGREE DAYS
 HEATING
  TODAY           15                         5     10        4
  MONTH TO DATE  125                        81     44      112
  SINCE JUN 1    447                       468    -21      364
  SINCE JUL 1    258                       181     77      216

 COOLING
  TODAY            0                         0      0        0
  MONTH TO DATE    4                        24    -20       26
  SINCE JUN 1     51                        75    -24       93
  SINCE JAN 1     51                        75    -24       93
..................................................................


WIND (MPH)
  HIGHEST WIND SPEED    17   HIGHEST WIND DIRECTION     N (20)
  HIGHEST GUST SPEED    21   HIGHEST GUST DIRECTION     N (20)
  AVERAGE WIND SPEED     4.0


SKY COVER
  POSSIBLE SUNSHINE  MM
  AVERAGE SKY COVER 0.6


WEATHER CONDITIONS
 THE FOLLOWING WEATHER WAS RECORDED TODAY.
  NO SIGNIFICANT WEATHER WAS OBSERVED.


RELATIVE HUMIDITY (PERCENT)
 HIGHEST    79           700 AM
 LOWEST     36           200 PM
 AVERAGE    58

..........................................................


THE BUTTE MT CLIMATE NORMALS FOR TOMORROW
                         NORMAL    RECORD    YEAR
 MAXIMUM TEMPERATURE (F)   77        94      1981
 MINIMUM TEMPERATURE (F)   42        23      1992


SUNRISE AND SUNSET
AUGUST 24 2016........SUNRISE   642 AM MDT   SUNSET   822 PM MDT
AUGUST 25 2016........SUNRISE   643 AM MDT   SUNSET   820 PM MDT


-  INDICATES NEGATIVE NUMBERS.
R  INDICATES RECORD WAS SET OR TIED.
MM INDICATES DATA IS MISSING.
T  INDICATES TRACE AMOUNT.




$$
