000
CDUS45 KMSO 040738
CLIBTM


CLIMATE REPORT
NATIONAL WEATHER SERVICE MISSOULA, MT
138 AM MDT FRI SEP 4 2015


...................................

...THE BUTTE MT CLIMATE SUMMARY FOR SEPTEMBER 3 2015...

CLIMATE NORMAL PERIOD 1981 TO 2010
CLIMATE RECORD PERIOD 1895 TO 2015


WEATHER ITEM   OBSERVED TIME   RECORD YEAR NORMAL DEPARTURE LAST
                VALUE   (LST)  VALUE       VALUE  FROM      YEAR
                                                  NORMAL
..................................................................
TEMPERATURE (F)
 YESTERDAY
  MAXIMUM         57    446 PM  92    1998  74    -17       62
  MINIMUM         43   1159 PM  23    1958  40      3       36
  AVERAGE         50                        57     -7       49

PRECIPITATION (IN)
  YESTERDAY        0.15          0.65 1912   0.04   0.11     0.00
  MONTH TO DATE    0.15                      0.12   0.03     0.00
  SINCE OCT 1      9.35                     11.89  -2.54    12.51
  SINCE JAN 1      6.96                     10.00  -3.04    11.47

SNOWFALL (IN)
  YESTERDAY       MM
  MONTH TO DATE   MM
  SINCE JAN 1     MM
  SINCE JUL 1     MM
  SNOW DEPTH      MM

DEGREE DAYS
 HEATING
  YESTERDAY       15                         8      7       16
  MONTH TO DATE   24                        24      0       38
  SINCE SEP 1     24                        24      0       38
  SINCE JUL 1    254                       252      2      201

 COOLING
  YESTERDAY        0                         0      0        0
  MONTH TO DATE    0                         0      0        0
  SINCE SEP 1      0                         0      0        0
  SINCE JAN 1    101                        79     22       77
..................................................................


WIND (MPH)
  HIGHEST WIND SPEED    17   HIGHEST WIND DIRECTION    NW (300)
  HIGHEST GUST SPEED    24   HIGHEST GUST DIRECTION     W (290)
  AVERAGE WIND SPEED     5.1


SKY COVER
  POSSIBLE SUNSHINE  MM
  AVERAGE SKY COVER 0.6


WEATHER CONDITIONS
 THE FOLLOWING WEATHER WAS RECORDED YESTERDAY.
  HEAVY RAIN
  LIGHT RAIN
  FOG


RELATIVE HUMIDITY (PERCENT)
 HIGHEST    76           300 AM
 LOWEST     47           600 PM
 AVERAGE    62

..........................................................


THE BUTTE MT CLIMATE NORMALS FOR TODAY
                         NORMAL    RECORD    YEAR
 MAXIMUM TEMPERATURE (F)   73        93      1998
 MINIMUM TEMPERATURE (F)   39        24      1969


SUNRISE AND SUNSET
SEPTEMBER  4 2015.....SUNRISE   654 AM MDT   SUNSET   803 PM MDT
SEPTEMBER  5 2015.....SUNRISE   655 AM MDT   SUNSET   801 PM MDT


-  INDICATES NEGATIVE NUMBERS.
R  INDICATES RECORD WAS SET OR TIED.
MM INDICATES DATA IS MISSING.
T  INDICATES TRACE AMOUNT.




$$
