000
CDUS45 KMSO 302231
CLIBTM


CLIMATE REPORT
NATIONAL WEATHER SERVICE MISSOULA, MT
431 PM MDT SAT JUL 30 2016


...................................

...THE BUTTE MT CLIMATE SUMMARY FOR JULY 30 2016...
VALID TODAY AS OF 0400 PM LOCAL TIME.

CLIMATE NORMAL PERIOD 1981 TO 2010
CLIMATE RECORD PERIOD 1895 TO 2016


WEATHER ITEM   OBSERVED TIME   RECORD YEAR NORMAL DEPARTURE LAST
                VALUE   (LST)  VALUE       VALUE  FROM      YEAR
                                                  NORMAL
..................................................................
TEMPERATURE (F)
 TODAY
  MAXIMUM         89    234 PM  98    2000  83      6       84
  MINIMUM         49    602 AM  37    1995  46      3       42
  AVERAGE         69                        64      5       63

PRECIPITATION (IN)
  TODAY            0.00          0.92 1975   0.04  -0.04     0.00
  MONTH TO DATE    0.94                      1.31  -0.37     1.86
  SINCE OCT 1      8.14                     10.37  -2.23     8.53
  SINCE JAN 1      5.40                      8.48  -3.08     6.14

SNOWFALL (IN)
  TODAY           MM
  MONTH TO DATE   MM
  SINCE JAN 1     MM
  SINCE JUL 1     MM
  SNOW DEPTH      MM

DEGREE DAYS
 HEATING
  TODAY            0                         2     -2        2
  MONTH TO DATE  133                        97     36      104
  SINCE JUN 1    322                       384    -62      252
  SINCE JUL 1    133                        97     36      104

 COOLING
  TODAY            4                         2      2        0
  MONTH TO DATE   23                        47    -24       20
  SINCE JUN 1     46                        54     -8       66
  SINCE JAN 1     46                        54     -8       66
..................................................................


WIND (MPH)
  HIGHEST WIND SPEED    18   HIGHEST WIND DIRECTION     W (290)
  HIGHEST GUST SPEED    27   HIGHEST GUST DIRECTION     W (260)
  AVERAGE WIND SPEED     5.2


SKY COVER
  POSSIBLE SUNSHINE  MM
  AVERAGE SKY COVER 0.1


WEATHER CONDITIONS
 THE FOLLOWING WEATHER WAS RECORDED TODAY.
  NO SIGNIFICANT WEATHER WAS OBSERVED.


RELATIVE HUMIDITY (PERCENT)
 HIGHEST    71           600 AM
 LOWEST     14           300 PM
 AVERAGE    43

..........................................................


THE BUTTE MT CLIMATE NORMALS FOR TOMORROW
                         NORMAL    RECORD    YEAR
 MAXIMUM TEMPERATURE (F)   83        97      2000
 MINIMUM TEMPERATURE (F)   46        31      1968


SUNRISE AND SUNSET
JULY 30 2016..........SUNRISE   611 AM MDT   SUNSET   901 PM MDT
JULY 31 2016..........SUNRISE   612 AM MDT   SUNSET   900 PM MDT


-  INDICATES NEGATIVE NUMBERS.
R  INDICATES RECORD WAS SET OR TIED.
MM INDICATES DATA IS MISSING.
T  INDICATES TRACE AMOUNT.




$$
