000
CDUS44 KLIX 140708
CLIBTR


CLIMATE REPORT
NATIONAL WEATHER SERVICE NEW ORLEANS
208 AM CDT MON JUL 14 2014


...................................

...THE BATON ROUGE  ASOS CLIMATE SUMMARY FOR JULY 13 2014...

CLIMATE NORMAL PERIOD 1981 TO 2010
CLIMATE RECORD PERIOD 1894 TO 2014


WEATHER ITEM   OBSERVED TIME   RECORD YEAR NORMAL DEPARTURE LAST
                VALUE   (LST)  VALUE       VALUE  FROM      YEAR
                                                  NORMAL
..................................................................
TEMPERATURE (F)
 YESTERDAY
  MAXIMUM         91   1131 AM 103    1901  92     -1       92
  MINIMUM         73    111 PM  65    1898  74     -1       69
  AVERAGE         82                        83     -1       81

PRECIPITATION (IN)
  YESTERDAY        0.01          2.10 1967   0.15  -0.14      T
  MONTH TO DATE    1.49                      2.25  -0.76     0.58
  SINCE JUN 1     12.85                      8.66   4.19     7.05
  SINCE JAN 1     37.19                     33.18   4.01    45.23

SNOWFALL (IN)
  YESTERDAY        0.0
  MONTH TO DATE    0.0
  SINCE JUN 1      0.0
  SINCE JUL 1      0.0
  SNOW DEPTH       0

DEGREE DAYS
 HEATING
  YESTERDAY        0                         0      0        0
  MONTH TO DATE    0                         0      0        0
  SINCE JUN 1      0                         0      0        0
  SINCE JUL 1      0                         0      0        0

 COOLING
  YESTERDAY       17                        18     -1       16
  MONTH TO DATE  214                       234    -20      204
  SINCE JUN 1    683                       718    -35      706
  SINCE JAN 1   1189                      1283    -94     1129
..................................................................


WIND (MPH)
  HIGHEST WIND SPEED    28   HIGHEST WIND DIRECTION    SW (220)
  HIGHEST GUST SPEED    34   HIGHEST GUST DIRECTION    SW (220)
  AVERAGE WIND SPEED     3.2


SKY COVER
  POSSIBLE SUNSHINE  MM
  AVERAGE SKY COVER 0.2


WEATHER CONDITIONS
 THE FOLLOWING WEATHER WAS RECORDED YESTERDAY.
  THUNDERSTORM
  RAIN
  FOG


RELATIVE HUMIDITY (PERCENT)
 HIGHEST   100           500 AM
 LOWEST     59          1100 AM
 AVERAGE    80

..........................................................


THE BATON ROUGE  ASOS CLIMATE NORMALS FOR TODAY
                         NORMAL    RECORD    YEAR
 MAXIMUM TEMPERATURE (F)   92        99      1932
                                             1918
                                             1909
 MINIMUM TEMPERATURE (F)   74        62      1897


SUNRISE AND SUNSET
JULY 14 2014..........SUNRISE   612 AM CDT   SUNSET   809 PM CDT
JULY 15 2014..........SUNRISE   613 AM CDT   SUNSET   808 PM CDT


-  INDICATES NEGATIVE NUMBERS.
R  INDICATES RECORD WAS SET OR TIED.
MM INDICATES DATA IS MISSING.
T  INDICATES TRACE AMOUNT.




$$
