000
CDUS44 KLIX 220705
CLIBTR


CLIMATE REPORT
NATIONAL WEATHER SERVICE NEW ORLEANS
205 AM CDT WED OCT 22 2014


...................................

...THE BATON ROUGE  ASOS CLIMATE SUMMARY FOR OCTOBER 21 2014...

CLIMATE NORMAL PERIOD 1981 TO 2010
CLIMATE RECORD PERIOD 1894 TO 2014


WEATHER ITEM   OBSERVED TIME   RECORD YEAR NORMAL DEPARTURE LAST
                VALUE   (LST)  VALUE       VALUE  FROM      YEAR
                                                  NORMAL
..................................................................
TEMPERATURE (F)
 YESTERDAY
  MAXIMUM         82    307 PM  91    1919  80      2       72
  MINIMUM         54    632 AM  36    1976  56     -2       53
  AVERAGE         68                        68      0       63

PRECIPITATION (IN)
  YESTERDAY        0.00          2.45 1990   0.17  -0.17     0.00
  MONTH TO DATE    2.35                      3.15  -0.80     2.61
  SINCE SEP 1      5.41                      7.69  -2.28     9.51
  SINCE JAN 1     52.53                     49.40   3.13    62.17

SNOWFALL (IN)
  YESTERDAY        0.0
  MONTH TO DATE    0.0
  SINCE SEP 1      0.0
  SINCE JUL 1      0.0
  SNOW DEPTH       0

DEGREE DAYS
 HEATING
  YESTERDAY        0                         2     -2        2
  MONTH TO DATE    3                        19    -16        4
  SINCE SEP 1      3                        21    -18        4
  SINCE JUL 1      3                        21    -18        4

 COOLING
  YESTERDAY        3                         5     -2        0
  MONTH TO DATE  159                       141     18      156
  SINCE SEP 1    605                       551     54      633
  SINCE JAN 1   2633                      2712    -79     2601
..................................................................


WIND (MPH)
  HIGHEST WIND SPEED    10   HIGHEST WIND DIRECTION    NE (60)
  HIGHEST GUST SPEED    14   HIGHEST GUST DIRECTION    NE (40)
  AVERAGE WIND SPEED     4.2


SKY COVER
  POSSIBLE SUNSHINE  MM
  AVERAGE SKY COVER 0.0


WEATHER CONDITIONS
 THE FOLLOWING WEATHER WAS RECORDED YESTERDAY.
  NO SIGNIFICANT WEATHER WAS OBSERVED.


RELATIVE HUMIDITY (PERCENT)
 HIGHEST    90          1000 PM
 LOWEST     39           100 PM
 AVERAGE    65

..........................................................


THE BATON ROUGE  ASOS CLIMATE NORMALS FOR TODAY
                         NORMAL    RECORD    YEAR
 MAXIMUM TEMPERATURE (F)   79        90      1941
                                             1934
 MINIMUM TEMPERATURE (F)   56        39      1976


SUNRISE AND SUNSET
OCTOBER 22 2014.......SUNRISE   712 AM CDT   SUNSET   626 PM CDT
OCTOBER 23 2014.......SUNRISE   712 AM CDT   SUNSET   625 PM CDT


-  INDICATES NEGATIVE NUMBERS.
R  INDICATES RECORD WAS SET OR TIED.
MM INDICATES DATA IS MISSING.
T  INDICATES TRACE AMOUNT.




$$
