212
CDUS44 KLIX 060820
CLIBTR


CLIMATE REPORT
NATIONAL WEATHER SERVICE NEW ORLEANS
220 AM CST SAT FEB 6 2016


...................................

...THE BATON ROUGE  ASOS CLIMATE SUMMARY FOR FEBRUARY 5 2016...

CLIMATE NORMAL PERIOD 1981 TO 2010
CLIMATE RECORD PERIOD 1894 TO 2016


WEATHER ITEM   OBSERVED TIME   RECORD YEAR NORMAL DEPARTURE LAST
                VALUE   (LST)  VALUE       VALUE  FROM      YEAR
                                                  NORMAL
..................................................................
TEMPERATURE (F)
 YESTERDAY
  MAXIMUM         57    403 PM  83    2008  64     -7       57
  MINIMUM         30    718 AM  15    1996  43    -13       38
  AVERAGE         44                        53     -9       48

PRECIPITATION (IN)
  YESTERDAY        0.00          3.90 2004   0.18  -0.18     0.00
  MONTH TO DATE    1.85                      0.95   0.90     0.78
  SINCE DEC 1     13.91                     12.27   1.64    12.82
  SINCE JAN 1      7.58                      6.67   0.91     7.15

SNOWFALL (IN)
  YESTERDAY        0.0
  MONTH TO DATE    0.0
  SINCE DEC 1      0.0
  SINCE JUL 1      0.0
  SNOW DEPTH       0

DEGREE DAYS
 HEATING
  YESTERDAY       21                        12      9       17
  MONTH TO DATE   50                        63    -13       88
  SINCE DEC 1    666                       868   -202      865
  SINCE JUL 1    777                      1103   -326     1206

 COOLING
  YESTERDAY        0                         1     -1        0
  MONTH TO DATE    7                         3      4        0
  SINCE DEC 1     98                        38     60       15
  SINCE JAN 1     11                        16     -5        1
..................................................................


WIND (MPH)
  HIGHEST WIND SPEED     9   HIGHEST WIND DIRECTION     E (80)
  HIGHEST GUST SPEED    16   HIGHEST GUST DIRECTION    NE (40)
  AVERAGE WIND SPEED     1.5


SKY COVER
  POSSIBLE SUNSHINE  MM
  AVERAGE SKY COVER 0.0


WEATHER CONDITIONS
 THE FOLLOWING WEATHER WAS RECORDED YESTERDAY.
  NO SIGNIFICANT WEATHER WAS OBSERVED.


RELATIVE HUMIDITY (PERCENT)
 HIGHEST    89           800 AM
 LOWEST     20           400 PM
 AVERAGE    55

..........................................................


THE BATON ROUGE  ASOS CLIMATE NORMALS FOR TODAY
                         NORMAL    RECORD    YEAR
 MAXIMUM TEMPERATURE (F)   64        81      1957
                                             1914
 MINIMUM TEMPERATURE (F)   43        24      1984


SUNRISE AND SUNSET
FEBRUARY  6 2016......SUNRISE   653 AM CST   SUNSET   545 PM CST
FEBRUARY  7 2016......SUNRISE   652 AM CST   SUNSET   546 PM CST


-  INDICATES NEGATIVE NUMBERS.
R  INDICATES RECORD WAS SET OR TIED.
MM INDICATES DATA IS MISSING.
T  INDICATES TRACE AMOUNT.




$$
