000
CDUS44 KLIX 282119
CLIBTR


CLIMATE REPORT
NATIONAL WEATHER SERVICE NEW ORLEANS
418 PM CDT THU APR 28 2016


...................................

...THE BATON ROUGE  ASOS CLIMATE SUMMARY FOR APRIL 28 2016...
VALID TODAY AS OF 0400 PM LOCAL TIME.

CLIMATE NORMAL PERIOD 1981 TO 2010
CLIMATE RECORD PERIOD 1894 TO 2016


WEATHER ITEM   OBSERVED TIME   RECORD YEAR NORMAL DEPARTURE LAST
                VALUE   (LST)  VALUE       VALUE  FROM      YEAR
                                                  NORMAL
..................................................................
TEMPERATURE (F)
 TODAY
  MAXIMUM         85   1232 PM  90    1987  82      3       72
                                      1963
                                      1899
  MINIMUM         71    605 AM  44    1992  60     11       58
  AVERAGE         78

PRECIPITATION (IN)
  TODAY            0.11          3.25 1998   0.14  -0.03     0.02
  MONTH TO DATE    3.12                      4.19  -1.07     8.08
  SINCE MAR 1     13.12                      8.60   4.52    11.46
  SINCE JAN 1     22.43                     19.36   3.07    21.21

SNOWFALL (IN)
  TODAY            0.0
  MONTH TO DATE    0.0
  SINCE MAR 1      0.0
  SINCE JUL 1      0.0
  SNOW DEPTH       0

DEGREE DAYS
 HEATING
  TODAY            0                         0      0        0
  MONTH TO DATE   19                        51    -32        4
  SINCE MAR 1     88                       218   -130       97
  SINCE JUL 1   1079                      1553   -474     1639

 COOLING
  TODAY           13                         7      6        0
  MONTH TO DATE  136                       128      8      202
  SINCE MAR 1    233                       186     47      305
  SINCE JAN 1    250                       217     33      309
..................................................................


WIND (MPH)
  HIGHEST WIND SPEED    16   HIGHEST WIND DIRECTION     E (110)
  HIGHEST GUST SPEED    22   HIGHEST GUST DIRECTION    NE (30)
  AVERAGE WIND SPEED     4.9


SKY COVER
  POSSIBLE SUNSHINE  MM
  AVERAGE SKY COVER 0.9


WEATHER CONDITIONS
 THE FOLLOWING WEATHER WAS RECORDED TODAY.
  HEAVY RAIN
  FOG
  HAZE


RELATIVE HUMIDITY (PERCENT)
 HIGHEST    93           300 AM
 LOWEST     65          1100 AM
 AVERAGE    79

..........................................................


THE BATON ROUGE  ASOS CLIMATE NORMALS FOR TOMORROW
                         NORMAL    RECORD    YEAR
 MAXIMUM TEMPERATURE (F)   82        91      1955
                                             1915
 MINIMUM TEMPERATURE (F)   61        47      1965


SUNRISE AND SUNSET
APRIL 28 2016.........SUNRISE   623 AM CDT   SUNSET   741 PM CDT
APRIL 29 2016.........SUNRISE   622 AM CDT   SUNSET   742 PM CDT


-  INDICATES NEGATIVE NUMBERS.
R  INDICATES RECORD WAS SET OR TIED.
MM INDICATES DATA IS MISSING.
T  INDICATES TRACE AMOUNT.




$$
