000
CDUS44 KLIX 210800
CLIBTR


CLIMATE REPORT
NATIONAL WEATHER SERVICE NEW ORLEANS
200 AM CST FRI NOV 21 2014


...................................

...THE BATON ROUGE  ASOS CLIMATE SUMMARY FOR NOVEMBER 20 2014...

CLIMATE NORMAL PERIOD 1981 TO 2010
CLIMATE RECORD PERIOD 1894 TO 2014


WEATHER ITEM   OBSERVED TIME   RECORD YEAR NORMAL DEPARTURE LAST
                VALUE   (LST)  VALUE       VALUE  FROM      YEAR
                                                  NORMAL
..................................................................
TEMPERATURE (F)
 YESTERDAY
  MAXIMUM         71    334 PM  88    1900  71      0       73
  MINIMUM         37    435 AM  24    1903  48    -11       39
  AVERAGE         54                        59     -5       56

PRECIPITATION (IN)
  YESTERDAY        0.00          3.88 1934   0.14  -0.14     0.00
  MONTH TO DATE    3.10                      2.72   0.38     0.35
  SINCE SEP 1      8.51                     11.96  -3.45    11.12
  SINCE JAN 1     55.63                     53.67   1.96    63.78

SNOWFALL (IN)
  YESTERDAY        0.0
  MONTH TO DATE    0.0
  SINCE SEP 1      0.0
  SINCE JUL 1      0.0
  SNOW DEPTH       0

DEGREE DAYS
 HEATING
  YESTERDAY       11                         7      4        9
  MONTH TO DATE  239                       104    135      109
  SINCE SEP 1    254                       150    104      128
  SINCE JUL 1    254                       150    104      128

 COOLING
  YESTERDAY        0                         1     -1        0
  MONTH TO DATE   11                        39    -28       33
  SINCE SEP 1    644                       628     16      695
  SINCE JAN 1   2672                      2789   -117     2663
..................................................................


WIND (MPH)
  HIGHEST WIND SPEED    12   HIGHEST WIND DIRECTION     S (180)
  HIGHEST GUST SPEED    15   HIGHEST GUST DIRECTION     S (160)
  AVERAGE WIND SPEED     5.3


SKY COVER
  POSSIBLE SUNSHINE  MM
  AVERAGE SKY COVER 0.3


WEATHER CONDITIONS
 THE FOLLOWING WEATHER WAS RECORDED YESTERDAY.
  NO SIGNIFICANT WEATHER WAS OBSERVED.


RELATIVE HUMIDITY (PERCENT)
 HIGHEST    92           200 AM
 LOWEST     40           200 PM
 AVERAGE    66

..........................................................


THE BATON ROUGE  ASOS CLIMATE NORMALS FOR TODAY
                         NORMAL    RECORD    YEAR
 MAXIMUM TEMPERATURE (F)   70        87      1942
                                             1900
 MINIMUM TEMPERATURE (F)   47        25      1937


SUNRISE AND SUNSET
NOVEMBER 21 2014......SUNRISE   636 AM CST   SUNSET   505 PM CST
NOVEMBER 22 2014......SUNRISE   637 AM CST   SUNSET   505 PM CST


-  INDICATES NEGATIVE NUMBERS.
R  INDICATES RECORD WAS SET OR TIED.
MM INDICATES DATA IS MISSING.
T  INDICATES TRACE AMOUNT.




$$
