000
CDUS44 KLIX 040802
CLIBTR


CLIMATE REPORT
NATIONAL WEATHER SERVICE NEW ORLEANS
202 AM CST SUN DEC 4 2016


...................................

...THE BATON ROUGE  ASOS CLIMATE SUMMARY FOR DECEMBER 3 2016...

CLIMATE NORMAL PERIOD 1981 TO 2010
CLIMATE RECORD PERIOD 1894 TO 2016


WEATHER ITEM   OBSERVED TIME   RECORD YEAR NORMAL DEPARTURE LAST
                VALUE   (LST)  VALUE       VALUE  FROM      YEAR
                                                  NORMAL
..................................................................
TEMPERATURE (F)
 YESTERDAY
  MAXIMUM         61   1159 PM  85    1921  67     -6       60
  MINIMUM         50    946 AM  25    1929  45      5       41
  AVERAGE         56                        56      0       51

PRECIPITATION (IN)
  YESTERDAY        0.38          7.22 1982   0.16   0.22     0.00
  MONTH TO DATE    0.45                      0.49  -0.04     0.38
  SINCE DEC 1      0.45                      0.49  -0.04     0.38
  SINCE JAN 1     80.36                     55.54  24.82    71.64

SNOWFALL (IN)
  YESTERDAY        0.0
  MONTH TO DATE    0.0
  SINCE DEC 1      0.0
  SINCE JUL 1      0.0
  SNOW DEPTH       0

DEGREE DAYS
 HEATING
  YESTERDAY        9                        10     -1       14
  MONTH TO DATE   33                        30      3       24
  SINCE DEC 1     33                        30      3       24
  SINCE JUL 1    146                       265   -119      135

 COOLING
  YESTERDAY        0                         1     -1        0
  MONTH TO DATE    0                         3     -3        0
  SINCE DEC 1      0                         3     -3        0
  SINCE JAN 1   3109                      2804    305     3124
..................................................................


WIND (MPH)
  HIGHEST WIND SPEED    23   HIGHEST WIND DIRECTION     E (100)
  HIGHEST GUST SPEED    31   HIGHEST GUST DIRECTION     E (90)
  AVERAGE WIND SPEED    14.4


SKY COVER
  POSSIBLE SUNSHINE  MM
  AVERAGE SKY COVER 1.0


WEATHER CONDITIONS
 THE FOLLOWING WEATHER WAS RECORDED YESTERDAY.
  HEAVY RAIN
  RAIN
  LIGHT RAIN
  FOG


RELATIVE HUMIDITY (PERCENT)
 HIGHEST    86           700 AM
 LOWEST     64           800 PM
 AVERAGE    75

..........................................................


THE BATON ROUGE  ASOS CLIMATE NORMALS FOR TODAY
                         NORMAL    RECORD    YEAR
 MAXIMUM TEMPERATURE (F)   66        83      1904
 MINIMUM TEMPERATURE (F)   44        26      1929
                                             1908
                                             1895


SUNRISE AND SUNSET
DECEMBER  4 2016......SUNRISE   647 AM CST   SUNSET   503 PM CST
DECEMBER  5 2016......SUNRISE   648 AM CST   SUNSET   503 PM CST


-  INDICATES NEGATIVE NUMBERS.
R  INDICATES RECORD WAS SET OR TIED.
MM INDICATES DATA IS MISSING.
T  INDICATES TRACE AMOUNT.




$$
