000
CDUS44 KLIX 180820
CLIBTR


CLIMATE REPORT
NATIONAL WEATHER SERVICE NEW ORLEANS
NATIONAL WEATHER SERVICE NEW ORL
220 AM CST MON DEC 18 2017


...................................

...THE BATON ROUGE  ASOS CLIMATE SUMMARY FOR DECEMBER 17 2017...

CLIMATE NORMAL PERIOD 1981 TO 2010
CLIMATE RECORD PERIOD 1894 TO 2017


WEATHER ITEM   OBSERVED TIME   RECORD YEAR NORMAL DEPARTURE LAST
                VALUE   (LST)  VALUE       VALUE  FROM      YEAR
                                                  NORMAL
..................................................................
TEMPERATURE (F)
 YESTERDAY
  MAXIMUM         66    450 PM  85    1908  64      2       82
  MINIMUM         56   1233 AM  20    1901  42     14       69
  AVERAGE         61                        53      8       76

PRECIPITATION (IN)
  YESTERDAY        1.12          2.41 2009   0.20   0.92      T
  MONTH TO DATE    4.37                      2.98   1.39     6.08
  SINCE DEC 1      4.37                      2.98   1.39     6.08
  SINCE JAN 1     66.16                     58.03   8.13    86.91

SNOWFALL (IN)
  YESTERDAY        0.0
  MONTH TO DATE    3.5
  SINCE DEC 1      3.5
  SINCE JUL 1      3.5
  SNOW DEPTH       0

DEGREE DAYS
 HEATING
  YESTERDAY        4                        13     -9        0
  MONTH TO DATE  235                       193     42      168
  SINCE DEC 1    235                       193     42      168
  SINCE JUL 1    442                       428     14      281

 COOLING
  YESTERDAY        0                         1     -1       11
  MONTH TO DATE    2                        17    -15       23
  SINCE DEC 1      2                        17    -15       23
  SINCE JAN 1   2976                      2818    158     3144
..................................................................


WIND (MPH)
  HIGHEST WIND SPEED    22   HIGHEST WIND DIRECTION     W (270)
  HIGHEST GUST SPEED    25   HIGHEST GUST DIRECTION    SE (120)
  AVERAGE WIND SPEED     5.5


SKY COVER
  POSSIBLE SUNSHINE  MM
  AVERAGE SKY COVER 0.9


WEATHER CONDITIONS
 THE FOLLOWING WEATHER WAS RECORDED YESTERDAY.
  HEAVY RAIN
  RAIN
  LIGHT RAIN
  FOG
  FOG W/VISIBILITY <= 1/4 MILE


RELATIVE HUMIDITY (PERCENT)
 HIGHEST   100           600 AM
 LOWEST     77          1200 AM
 AVERAGE    89

..........................................................


THE BATON ROUGE  ASOS CLIMATE NORMALS FOR TODAY
                         NORMAL    RECORD    YEAR
 MAXIMUM TEMPERATURE (F)   64        82      1924
 MINIMUM TEMPERATURE (F)   42        20      1979


SUNRISE AND SUNSET
DECEMBER 18 2017......SUNRISE   656 AM CST   SUNSET   507 PM CST
DECEMBER 19 2017......SUNRISE   657 AM CST   SUNSET   507 PM CST


-  INDICATES NEGATIVE NUMBERS.
R  INDICATES RECORD WAS SET OR TIED.
MM INDICATES DATA IS MISSING.
T  INDICATES TRACE AMOUNT.




$$
