000
CDUS41 KBTV 270528
CLIBTV


CLIMATE REPORT
NATIONAL WEATHER SERVICE BURLINGTON VT
125 AM EDT SAT MAY 27 2017


...................................

...THE BURLINGTON VT CLIMATE SUMMARY FOR MAY 26 2017...

CLIMATE NORMAL PERIOD 1981 TO 2010
CLIMATE RECORD PERIOD 1884 TO 2017


WEATHER ITEM   OBSERVED TIME   RECORD YEAR NORMAL DEPARTURE LAST
                VALUE   (LST)  VALUE       VALUE  FROM      YEAR
                                                  NORMAL
..................................................................
TEMPERATURE (F)
 YESTERDAY
  MAXIMUM         58    126 PM  92    2010  70    -12       82
  MINIMUM         53   1159 PM  32    1969  49      4       55
  AVERAGE         56                        60     -4       69

PRECIPITATION (IN)
  YESTERDAY        0.27          1.27 1983   0.12   0.15     0.00
  MONTH TO DATE    3.54                      2.84   0.70     1.79
  SINCE MAR 1     10.64                      7.88   2.76     5.85
  SINCE JAN 1     15.31                     11.70   3.61    10.18

SNOWFALL (IN)
  YESTERDAY        0.0           0.0  2002   0.0    0.0      0.0
                                      2001
  MONTH TO DATE    0.0                       0.0    0.0       T
  SINCE MAR 1     41.2                      20.4   20.8      5.3
  SINCE JUL 1    100.4                      81.2   19.2     34.3
  SNOW DEPTH       0

DEGREE DAYS
 HEATING
  YESTERDAY        9                         6      3        0
  MONTH TO DATE  258                       258      0      231
  SINCE MAR 1   1885                      1922    -37     1794
  SINCE JUL 1   6263                      7332  -1069     6178

 COOLING
  YESTERDAY        0                         1     -1        4
  MONTH TO DATE   27                         9     18       10
  SINCE MAR 1     42                        11     31       10
  SINCE JAN 1     42                        11     31       10
..................................................................


WIND (MPH)
  HIGHEST WIND SPEED    20   HIGHEST WIND DIRECTION     N (340)
  HIGHEST GUST SPEED    24   HIGHEST GUST DIRECTION     N (350)
  AVERAGE WIND SPEED     7.3


SKY COVER
  POSSIBLE SUNSHINE  MM
  AVERAGE SKY COVER 1.0


WEATHER CONDITIONS
 THE FOLLOWING WEATHER WAS RECORDED YESTERDAY.
  RAIN
  LIGHT RAIN
  FOG


RELATIVE HUMIDITY (PERCENT)
 HIGHEST    93           300 AM
 LOWEST     86           100 AM
 AVERAGE    90

..........................................................


THE BURLINGTON VT CLIMATE NORMALS FOR TODAY
                         NORMAL    RECORD    YEAR
 MAXIMUM TEMPERATURE (F)   71        91      2016
                                             1944
 MINIMUM TEMPERATURE (F)   49        28      1969


SUNRISE AND SUNSET
MAY 27 2017...........SUNRISE   514 AM EDT   SUNSET   826 PM EDT
MAY 28 2017...........SUNRISE   513 AM EDT   SUNSET   827 PM EDT


-  INDICATES NEGATIVE NUMBERS.
R  INDICATES RECORD WAS SET OR TIED.
MM INDICATES DATA IS MISSING.
T  INDICATES TRACE AMOUNT.

&&

LAKE CHAMPLAIN DATA:
LEVEL...............98.18 FEET
TEMPERATURE.........51 DEGREES

MOUNT MANSFIELD DATA:
HIGH................46 DEGREES
LOW.................40 DEGREES
PRECIPITATION.......0.65 INCHES

$$
