000
CDUS41 KBTV 280717
CLIBTV


CLIMATE REPORT
NATIONAL WEATHER SERVICE BURLINGTON VT
316 AM EDT FRI JUL 28 2017


...................................

...THE BURLINGTON VT CLIMATE SUMMARY FOR JULY 27 2017...

CLIMATE NORMAL PERIOD 1981 TO 2010
CLIMATE RECORD PERIOD 1884 TO 2017


WEATHER ITEM   OBSERVED TIME   RECORD YEAR NORMAL DEPARTURE LAST
                VALUE   (LST)  VALUE       VALUE  FROM      YEAR
                                                  NORMAL
..................................................................
TEMPERATURE (F)
 YESTERDAY
  MAXIMUM         77    402 PM  98    1949  81     -4       90
  MINIMUM         65    801 AM  46    2001  60      5       63
  AVERAGE         71                        71      0       77

PRECIPITATION (IN)
  YESTERDAY        0.72          1.78 1949   0.13   0.59     0.00
  MONTH TO DATE    3.42                      3.61  -0.19     3.04
  SINCE JUN 1     10.59                      7.30   3.29     6.09
  SINCE JAN 1     27.27                     19.61   7.66    16.94

SNOWFALL (IN)
  YESTERDAY        0.0           0.0  2002   0.0    0.0      0.0
                                      2001
  MONTH TO DATE    0.0                       0.0    0.0      0.0
  SINCE JUN 1      0.0                       0.0    0.0      0.0
  SINCE JUL 1      0.0                       0.0    0.0      0.0
  SNOW DEPTH       0

DEGREE DAYS
 HEATING
  YESTERDAY        0                         0      0        0
  MONTH TO DATE    4                         8     -4        3
  SINCE JUN 1     56                        81    -25       51
  SINCE JUL 1      4                         8     -4        3

 COOLING
  YESTERDAY        6                         6      0       12
  MONTH TO DATE  176                       162     14      225
  SINCE JUN 1    302                       259     43      358
  SINCE JAN 1    344                       278     66      430
..................................................................


WIND (MPH)
  HIGHEST WIND SPEED    21   HIGHEST WIND DIRECTION     N (360)
  HIGHEST GUST SPEED    27   HIGHEST GUST DIRECTION     S (190)
  AVERAGE WIND SPEED     8.9


SKY COVER
  POSSIBLE SUNSHINE  MM
  AVERAGE SKY COVER 0.8


WEATHER CONDITIONS
 THE FOLLOWING WEATHER WAS RECORDED YESTERDAY.
  THUNDERSTORM
  HEAVY RAIN
  RAIN
  LIGHT RAIN
  FOG


RELATIVE HUMIDITY (PERCENT)
 HIGHEST   100          1100 PM
 LOWEST     64           400 PM
 AVERAGE    82

..........................................................


THE BURLINGTON VT CLIMATE NORMALS FOR TODAY
                         NORMAL    RECORD    YEAR
 MAXIMUM TEMPERATURE (F)   81        96      1964
 MINIMUM TEMPERATURE (F)   60        45      2001


SUNRISE AND SUNSET
JULY 28 2017..........SUNRISE   535 AM EDT   SUNSET   822 PM EDT
JULY 29 2017..........SUNRISE   536 AM EDT   SUNSET   821 PM EDT


-  INDICATES NEGATIVE NUMBERS.
R  INDICATES RECORD WAS SET OR TIED.
MM INDICATES DATA IS MISSING.
T  INDICATES TRACE AMOUNT.







&&

LAKE CHAMPLAIN DATA:
LEVEL...............97.32 FEET
TEMPERATURE.........70 DEGREES

MOUNT MANSFIELD DATA:
HIGH................62 DEGREES
LOW.................51 DEGREES
PRECIPITATION.......0.19 INCHES

$$
