000
CDUS41 KBTV 210540
CLIBTV


CLIMATE REPORT
NATIONAL WEATHER SERVICE BURLINGTON VT
1238 AM EST SUN DEC 21 2014


...................................

...THE BURLINGTON VT CLIMATE SUMMARY FOR DECEMBER 20 2014...

CLIMATE NORMAL PERIOD 1981 TO 2010
CLIMATE RECORD PERIOD 1884 TO 2014


WEATHER ITEM   OBSERVED TIME   RECORD YEAR NORMAL DEPARTURE LAST
                VALUE   (LST)  VALUE       VALUE  FROM      YEAR
                                                  NORMAL
..................................................................
TEMPERATURE (F)
 YESTERDAY
  MAXIMUM         27    151 PM  62    1957  32     -5       35
  MINIMUM         10    747 AM -23    1942  17     -7       21
  AVERAGE         19                        24     -5       28

PRECIPITATION (IN)
  YESTERDAY        0.00          0.67 1939   0.07  -0.07     0.08
  MONTH TO DATE    2.21                      1.61   0.60     1.10
  SINCE DEC 1      2.21                      1.61   0.60     1.10
  SINCE JAN 1     35.69                     36.05  -0.36    43.55

SNOWFALL (IN)
  YESTERDAY        0.0           7.0  1995   0.7   -0.7      0.2
  MONTH TO DATE   19.4                      10.7    8.7      9.2
  SINCE DEC 1     19.4                      10.7    8.7      9.2
  SINCE JUL 1     30.0                      16.1   13.9     15.6
  SNOW DEPTH       7

DEGREE DAYS
 HEATING
  YESTERDAY       46                        41      5       37
  MONTH TO DATE  719                       741    -22      806
  SINCE DEC 1    719                       741    -22      806
  SINCE JUL 1   2044                      2286   -242     2299

 COOLING
  YESTERDAY        0                         0      0        0
  MONTH TO DATE    0                         0      0        0
  SINCE DEC 1      0                         0      0        0
  SINCE JAN 1    582                       491     91      662
..................................................................


WIND (MPH)
  HIGHEST WIND SPEED     7   HIGHEST WIND DIRECTION    NW (310)
  HIGHEST GUST SPEED     8   HIGHEST GUST DIRECTION     E (80)
  AVERAGE WIND SPEED     2.9


SKY COVER
  POSSIBLE SUNSHINE  MM
  AVERAGE SKY COVER 0.2


WEATHER CONDITIONS
 THE FOLLOWING WEATHER WAS RECORDED YESTERDAY.
  FOG
  HAZE


RELATIVE HUMIDITY (PERCENT)
 HIGHEST    84           400 AM
 LOWEST     62          1200 PM
 AVERAGE    73

..........................................................


THE BURLINGTON VT CLIMATE NORMALS FOR TODAY
                         NORMAL    RECORD    YEAR
 MAXIMUM TEMPERATURE (F)   31        61      1957
 MINIMUM TEMPERATURE (F)   16       -22      1955


SUNRISE AND SUNSET
DECEMBER 21 2014......SUNRISE   726 AM EST   SUNSET   416 PM EST
DECEMBER 22 2014......SUNRISE   726 AM EST   SUNSET   416 PM EST


-  INDICATES NEGATIVE NUMBERS.
R  INDICATES RECORD WAS SET OR TIED.
MM INDICATES DATA IS MISSING.
T  INDICATES TRACE AMOUNT.

&&

LAKE CHAMPLAIN DATA:
LEVEL...............94.88 FEET
TEMPERATURE.........40 DEGREES

MOUNT MANSFIELD DATA:
HIGH................28 DEGREES
LOW.................10 DEGREES
PRECIPITATION.......NONE
NEW SNOW............NONE
SNOW AT STAKE.......33 INCHES

$$
