000
CDUS41 KBUF 281028
CLIBUF


CLIMATE REPORT
NATIONAL WEATHER SERVICE BUFFALO NY
526 AM EST TUE FEB 28 2017


...................................

...THE BUFFALO NY CLIMATE SUMMARY FOR FEBRUARY 27 2017...

CLIMATE NORMAL PERIOD 1981 TO 2010
CLIMATE RECORD PERIOD 1871 TO 2017


WEATHER ITEM   OBSERVED TIME   RECORD YEAR NORMAL DEPARTURE LAST
                VALUE   (LST)  VALUE       VALUE  FROM      YEAR
                                                  NORMAL
..................................................................
TEMPERATURE (F)
 YESTERDAY
  MAXIMUM         46   1240 PM  64    2000  36     10       42
  MINIMUM         35   1246 AM  -4    1934  21     14       21
                                      1920
  AVERAGE         41                        29     12       32

PRECIPITATION (IN)
  YESTERDAY        0.00          0.87 1910   0.09  -0.09      T
  MONTH TO DATE    2.26                      2.39  -0.13     3.28
  SINCE DEC 1      9.24                      9.46  -0.22     7.99
  SINCE JAN 1      5.18                      5.57  -0.39     5.09

SNOWFALL (IN)
  YESTERDAY        0.0           8.5  2002   0.5   -0.5       T
  MONTH TO DATE    5.0                      16.7  -11.7     20.5
  SINCE DEC 1     46.1                      69.4  -23.3     47.1
  SINCE JUL 1     47.0                      78.2  -31.2     47.1
  SNOW DEPTH       0

DEGREE DAYS
 HEATING
  YESTERDAY       24                        36    -12       33
  MONTH TO DATE  819                      1048   -229      979
  SINCE DEC 1   2904                      3374   -470     2855
  SINCE JUL 1   3874                      4707   -833     3899

 COOLING
  YESTERDAY        0                         0      0        0
  MONTH TO DATE    0                         0      0        0
  SINCE DEC 1      0                         0      0        0
  SINCE JAN 1      0                         0      0        0
..................................................................


WIND (MPH)
  HIGHEST WIND SPEED    28   HIGHEST WIND DIRECTION    SW (230)
  HIGHEST GUST SPEED    38   HIGHEST GUST DIRECTION    SW (230)
  AVERAGE WIND SPEED    13.8


SKY COVER
  AVERAGE SKY COVER 0.3


WEATHER CONDITIONS
 THE FOLLOWING WEATHER WAS RECORDED YESTERDAY.
  NO SIGNIFICANT WEATHER WAS OBSERVED.


RELATIVE HUMIDITY (PERCENT)
 HIGHEST    64           600 PM
 LOWEST     39           900 AM
 AVERAGE    52

..........................................................


THE BUFFALO NY CLIMATE NORMALS FOR TODAY
                         NORMAL    RECORD    YEAR
 MAXIMUM TEMPERATURE (F)   36        64      1954
 MINIMUM TEMPERATURE (F)   21        -4      1884


SUNRISE AND SUNSET
FEBRUARY 28 2017......SUNRISE   652 AM EST   SUNSET   603 PM EST
MARCH  1 2017.........SUNRISE   650 AM EST   SUNSET   605 PM EST


-  INDICATES NEGATIVE NUMBERS.
R  INDICATES RECORD WAS SET OR TIED.
MM INDICATES DATA IS MISSING.
T  INDICATES TRACE AMOUNT.




$$
