868
CDUS41 KBUF 212033
CLIBUF


CLIMATE REPORT
NATIONAL WEATHER SERVICE BUFFALO NY
433 PM EDT SAT OCT 21 2017


...................................

...THE BUFFALO NY CLIMATE SUMMARY FOR OCTOBER 21 2017...
VALID TODAY AS OF 0400 PM LOCAL TIME.

CLIMATE NORMAL PERIOD 1981 TO 2010
CLIMATE RECORD PERIOD 1871 TO 2017


WEATHER ITEM   OBSERVED TIME   RECORD YEAR NORMAL DEPARTURE LAST
                VALUE   (LST)  VALUE       VALUE  FROM      YEAR
                                                  NORMAL
..................................................................
TEMPERATURE (F)
 TODAY
  MAXIMUM         73    254 PM  81    1894  57     16       53
  MINIMUM         46    651 AM  27    1952  41      5       44
  AVERAGE         60                        49     11       49

PRECIPITATION (IN)
  TODAY            0.00          1.30 2016   0.10  -0.10     1.30
  MONTH TO DATE    2.46                      2.42   0.04     3.70
  SINCE SEP 1      5.63                      6.32  -0.69     7.23
  SINCE JAN 1     37.91                     31.48   6.43    25.75

SNOWFALL (IN)
  TODAY            0.0           1.5  1925   0.0    0.0      0.0
  MONTH TO DATE    0.0                       0.4   -0.4      0.0
  SINCE SEP 1      0.0                       0.4   -0.4      0.0
  SINCE JUL 1      0.0                       0.4   -0.4      0.0
  SNOW DEPTH       0

DEGREE DAYS
 HEATING
  TODAY            5                        16    -11       16
  MONTH TO DATE  115                       266   -151      134
  SINCE SEP 1    208                       401   -193      178
  SINCE JUL 1    224                       428   -204      178

 COOLING
  TODAY            0                         0      0        0
  MONTH TO DATE   16                         0     16       12
  SINCE SEP 1    132                        53     79      121
  SINCE JAN 1    602                       540     62      939
..................................................................


WIND (MPH)
  HIGHEST WIND SPEED    13   HIGHEST WIND DIRECTION    SW (240)
  HIGHEST GUST SPEED    15   HIGHEST GUST DIRECTION    SW (230)
  AVERAGE WIND SPEED     6.9


SKY COVER
  AVERAGE SKY COVER 0.6


WEATHER CONDITIONS
 THE FOLLOWING WEATHER WAS RECORDED TODAY.
  NO SIGNIFICANT WEATHER WAS OBSERVED.


RELATIVE HUMIDITY (PERCENT)
 HIGHEST    77           100 AM
 LOWEST     33           200 PM
 AVERAGE    55

..........................................................


THE BUFFALO NY CLIMATE NORMALS FOR TOMORROW
                         NORMAL    RECORD    YEAR
 MAXIMUM TEMPERATURE (F)   57        81      1979
 MINIMUM TEMPERATURE (F)   41        27      1969


SUNRISE AND SUNSET
OCTOBER 21 2017.......SUNRISE   736 AM EDT   SUNSET   622 PM EDT
OCTOBER 22 2017.......SUNRISE   737 AM EDT   SUNSET   621 PM EDT


-  INDICATES NEGATIVE NUMBERS.
R  INDICATES RECORD WAS SET OR TIED.
MM INDICATES DATA IS MISSING.
T  INDICATES TRACE AMOUNT.




$$
