000
CDUS46 KLOX 260112
CLIBUR


CLIMATE REPORT
NATIONAL WEATHER SERVICE LOS ANGELES/OXNARD CA
511 PM PST TUE NOV 25 2014


...................................

...THE BOB HOPE AIRPORT (BURBANK) CA CLIMATE SUMMARY FOR NOVEMBER 25 2014...
VALID TODAY AS OF 0500 PM LOCAL TIME.

CLIMATE NORMAL PERIOD 1981 TO 2010
CLIMATE RECORD PERIOD 1939 TO 2014


WEATHER ITEM   OBSERVED TIME   RECORD YEAR NORMAL DEPARTURE LAST
                VALUE   (LST)  VALUE       VALUE  FROM      YEAR
                                                  NORMAL
..................................................................
TEMPERATURE (F)
 TODAY
  MAXIMUM         80    158 PM  95    1977  70     10       73
  MINIMUM         51    414 AM  35    1952  43      8       46
  AVERAGE         66                        57      9       60

PRECIPITATION (IN)
  TODAY            0.00          1.03 1985   0.05  -0.05     0.00
  MONTH TO DATE    0.07                      0.84  -0.77     0.24
  SINCE JUL 1      0.45                      2.13  -1.68     0.35
  SINCE JAN 1      5.36                     14.68  -9.32     2.95

SNOWFALL (IN)
  TODAY            0.0
  MONTH TO DATE    0.0
  SINCE SEP 1      0.0
  SINCE JUL 1      0.0

DEGREE DAYS
 HEATING
  TODAY            0                         8     -8        5
  MONTH TO DATE   50                       134    -84       51
  SINCE SEP 1     51                       183   -132       78
  SINCE JUL 1     51                       183   -132       78

 COOLING
  TODAY            1                         0      1        0
  MONTH TO DATE   38                        12     26       52
  SINCE SEP 1    648                       361    287      582
  SINCE JAN 1   1948                      1243    705     2011
..................................................................


WIND (MPH)
  HIGHEST WIND SPEED    13   HIGHEST WIND DIRECTION    NW (330)
  HIGHEST GUST SPEED    16   HIGHEST GUST DIRECTION    NW (330)
  AVERAGE WIND SPEED     4.4


SKY COVER
  POSSIBLE SUNSHINE  MM
  AVERAGE SKY COVER 0.0


WEATHER CONDITIONS
 THE FOLLOWING WEATHER WAS RECORDED TODAY.
  NO SIGNIFICANT WEATHER WAS OBSERVED.


RELATIVE HUMIDITY (PERCENT)
 HIGHEST    24           100 AM
 LOWEST      8           200 PM
 AVERAGE    16

..........................................................


THE BOB HOPE AIRPORT (BURBANK) CA CLIMATE NORMALS FOR TOMORROW
                         NORMAL    RECORD    YEAR
 MAXIMUM TEMPERATURE (F)   70        89      1977
 MINIMUM TEMPERATURE (F)   43        34      1978


SUNRISE AND SUNSET
NOVEMBER 25 2014......SUNRISE   636 AM PST   SUNSET   445 PM PST
NOVEMBER 26 2014......SUNRISE   637 AM PST   SUNSET   445 PM PST


-  INDICATES NEGATIVE NUMBERS.
R  INDICATES RECORD WAS SET OR TIED.
MM INDICATES DATA IS MISSING.
T  INDICATES TRACE AMOUNT.




$$
