000
CDUS46 KLOX 140116
CLIBUR


CLIMATE REPORT
NATIONAL WEATHER SERVICE LOS ANGELES/OXNARD CA
515 PM PST WED DEC 13 2017


...................................

...THE BOB HOPE AIRPORT (BURBANK) CA CLIMATE SUMMARY FOR DECEMBER 13 2017...
VALID TODAY AS OF 0500 PM LOCAL TIME.

CLIMATE NORMAL PERIOD 1981 TO 2010
CLIMATE RECORD PERIOD 1939 TO 2017


WEATHER ITEM   OBSERVED TIME   RECORD YEAR NORMAL DEPARTURE LAST
                VALUE   (LST)  VALUE       VALUE  FROM      YEAR
                                                  NORMAL
..................................................................
TEMPERATURE (F)
 TODAY
  MAXIMUM         83    149 PM  85    1953  67     16       65
  MINIMUM         48    659 AM  29    1945  41      7       52
  AVERAGE         66                        54     12       59

PRECIPITATION (IN)
  TODAY            0.00          0.33 1995   0.06  -0.06     0.00
  MONTH TO DATE    0.00                      0.79  -0.79     0.00
  SINCE OCT 1      0.08                      2.83  -2.75     1.34
  SINCE JAN 1      9.70                     15.70  -6.00     7.90

SNOWFALL (IN)
  TODAY            0.0
  MONTH TO DATE    0.0
  SINCE DEC 1      0.0
  SINCE JUL 1      0.0

DEGREE DAYS
 HEATING
  TODAY            0                        11    -11        6
  MONTH TO DATE   12                       137   -125      105
  SINCE DEC 1     12                       137   -125      105
  SINCE JUL 1     51                       365   -314      223

 COOLING
  TODAY            1                         0      1        0
  MONTH TO DATE    7                         0      7        0
  SINCE DEC 1      7                         0      7        0
  SINCE JAN 1   1939                      1245    694     1730
..................................................................


WIND (MPH)
  HIGHEST WIND SPEED    10   HIGHEST WIND DIRECTION     S (180)
  HIGHEST GUST SPEED    15   HIGHEST GUST DIRECTION     E (110)
  AVERAGE WIND SPEED     2.6


SKY COVER
  POSSIBLE SUNSHINE  MM
  AVERAGE SKY COVER 0.0


WEATHER CONDITIONS
 THE FOLLOWING WEATHER WAS RECORDED TODAY.
  NO SIGNIFICANT WEATHER WAS OBSERVED.


RELATIVE HUMIDITY (PERCENT)
 HIGHEST    29           300 AM
 LOWEST      6          1200 PM
 AVERAGE    18

..........................................................


THE BOB HOPE AIRPORT (BURBANK) CA CLIMATE NORMALS FOR TOMORROW
                         NORMAL    RECORD    YEAR
 MAXIMUM TEMPERATURE (F)   67        84      1953
 MINIMUM TEMPERATURE (F)   41        30      1972


SUNRISE AND SUNSET
DECEMBER 13 2017......SUNRISE   651 AM PST   SUNSET   445 PM PST
DECEMBER 14 2017......SUNRISE   652 AM PST   SUNSET   445 PM PST


-  INDICATES NEGATIVE NUMBERS.
R  INDICATES RECORD WAS SET OR TIED.
MM INDICATES DATA IS MISSING.
T  INDICATES TRACE AMOUNT.




$$
