935
CDUS46 KLOX 110906
CLIBUR


CLIMATE REPORT
NATIONAL WEATHER SERVICE LOS ANGELES/OXNARD CA
106 AM PST THU FEB 11 2016


...................................

...THE BOB HOPE AIRPORT (BURBANK) CA CLIMATE SUMMARY FOR FEBRUARY 10 2016...

CLIMATE NORMAL PERIOD 1981 TO 2010
CLIMATE RECORD PERIOD 1939 TO 2016


WEATHER ITEM   OBSERVED TIME   RECORD YEAR NORMAL DEPARTURE LAST
                VALUE   (LST)  VALUE       VALUE  FROM      YEAR
                                                  NORMAL
..................................................................
TEMPERATURE (F)
 YESTERDAY
  MAXIMUM         87R   323 PM  87    1971  68     19       82
  MINIMUM         53    720 AM  31    1946  43     10       49
  AVERAGE         70                        56     14       66

PRECIPITATION (IN)
  YESTERDAY        0.00          4.35 1962   0.16  -0.16     0.00
  MONTH TO DATE    T                         1.48  -1.48     0.01
  SINCE OCT 1      4.84                      9.45  -4.61     5.62
  SINCE JAN 1      3.74                      5.01  -1.27     1.12

SNOWFALL (IN)
  YESTERDAY        0.0
  MONTH TO DATE    0.0
  SINCE DEC 1      0.0
  SINCE JUL 1      0.0

DEGREE DAYS
 HEATING
  YESTERDAY        0                        10    -10        0
  MONTH TO DATE   65                       100    -35       22
  SINCE DEC 1    705                       755    -50      429
  SINCE JUL 1    881                       983   -102      489

 COOLING
  YESTERDAY        5                         0      5        1
  MONTH TO DATE   18                         0     18        5
  SINCE DEC 1     22                         3     19       14
  SINCE JAN 1     18                         2     16       11
..................................................................


WIND (MPH)
  HIGHEST WIND SPEED    10   HIGHEST WIND DIRECTION     S (200)
  HIGHEST GUST SPEED    15   HIGHEST GUST DIRECTION     W (250)
  AVERAGE WIND SPEED     1.7


SKY COVER
  POSSIBLE SUNSHINE  MM
  AVERAGE SKY COVER 0.0


WEATHER CONDITIONS
 THE FOLLOWING WEATHER WAS RECORDED YESTERDAY.
  NO SIGNIFICANT WEATHER WAS OBSERVED.


RELATIVE HUMIDITY (PERCENT)
 HIGHEST    38           700 AM
 LOWEST     10           200 PM
 AVERAGE    24

..........................................................


THE BOB HOPE AIRPORT (BURBANK) CA CLIMATE NORMALS FOR TODAY
                         NORMAL    RECORD    YEAR
 MAXIMUM TEMPERATURE (F)   68        88      1971
 MINIMUM TEMPERATURE (F)   44        33      1979


SUNRISE AND SUNSET
FEBRUARY 11 2016......SUNRISE   643 AM PST   SUNSET   533 PM PST
FEBRUARY 12 2016......SUNRISE   642 AM PST   SUNSET   534 PM PST


-  INDICATES NEGATIVE NUMBERS.
R  INDICATES RECORD WAS SET OR TIED.
MM INDICATES DATA IS MISSING.
T  INDICATES TRACE AMOUNT.




$$
