000
CDUS46 KLOX 300113
CLIBUR


CLIMATE REPORT
NATIONAL WEATHER SERVICE LOS ANGELES/OXNARD CA
613 PM PDT FRI MAY 29 2015


...................................

...THE BOB HOPE AIRPORT (BURBANK) CA CLIMATE SUMMARY FOR MAY 29 2015...
VALID TODAY AS OF 0600 PM LOCAL TIME.

CLIMATE NORMAL PERIOD 1981 TO 2010
CLIMATE RECORD PERIOD 1939 TO 2015


WEATHER ITEM   OBSERVED TIME   RECORD YEAR NORMAL DEPARTURE LAST
                VALUE   (LST)  VALUE       VALUE  FROM      YEAR
                                                  NORMAL
..................................................................
TEMPERATURE (F)
 TODAY
  MAXIMUM         85    315 PM 107    1984  77      8       80
  MINIMUM         57    432 AM  43    1953  56      1       62
  AVERAGE         71                        67      4       71

PRECIPITATION (IN)
  TODAY            0.00          0.09 1990   0.01  -0.01     0.00
  MONTH TO DATE    0.30                      0.34  -0.04      T
  SINCE OCT 1      7.58                     16.87  -9.29     5.54
  SINCE JAN 1      3.08                     12.43  -9.35     4.91

SNOWFALL (IN)
  TODAY            0.0
  MONTH TO DATE    0.0
  SINCE MAR 1      0.0
  SINCE JUL 1      0.0

DEGREE DAYS
 HEATING
  TODAY            0                         1     -1        0
  MONTH TO DATE   65                        55     10       22
  SINCE MAR 1    177                       411   -234      182
  SINCE JUL 1    734                      1552   -818      659

 COOLING
  TODAY            6                         3      3        6
  MONTH TO DATE   35                        64    -29      186
  SINCE MAR 1    230                       109    121      287
  SINCE JAN 1    256                       115    141      347
..................................................................


WIND (MPH)
  HIGHEST WIND SPEED    13   HIGHEST WIND DIRECTION     S (190)
  HIGHEST GUST SPEED    17   HIGHEST GUST DIRECTION     E (110)
  AVERAGE WIND SPEED     6.1


SKY COVER
  POSSIBLE SUNSHINE  MM
  AVERAGE SKY COVER 0.3


WEATHER CONDITIONS
 THE FOLLOWING WEATHER WAS RECORDED TODAY.
  FOG
  HAZE


RELATIVE HUMIDITY (PERCENT)
 HIGHEST    86           400 AM
 LOWEST     34           300 PM
 AVERAGE    60

..........................................................


THE BOB HOPE AIRPORT (BURBANK) CA CLIMATE NORMALS FOR TOMORROW
                         NORMAL    RECORD    YEAR
 MAXIMUM TEMPERATURE (F)   77        99      1984
 MINIMUM TEMPERATURE (F)   56        46      1940


SUNRISE AND SUNSET
MAY 29 2015...........SUNRISE   544 AM PDT   SUNSET   758 PM PDT
MAY 30 2015...........SUNRISE   543 AM PDT   SUNSET   759 PM PDT


-  INDICATES NEGATIVE NUMBERS.
R  INDICATES RECORD WAS SET OR TIED.
MM INDICATES DATA IS MISSING.
T  INDICATES TRACE AMOUNT.




$$
