000
CDUS46 KLOX 240901
CLIBUR


CLIMATE REPORT
NATIONAL WEATHER SERVICE LOS ANGELES/OXNARD CA
201 AM PDT MON APR 24 2017


...................................

...THE BOB HOPE AIRPORT (BURBANK) CA CLIMATE SUMMARY FOR APRIL 23 2017...

CLIMATE NORMAL PERIOD 1981 TO 2010
CLIMATE RECORD PERIOD 1939 TO 2017


WEATHER ITEM   OBSERVED TIME   RECORD YEAR NORMAL DEPARTURE LAST
                VALUE   (LST)  VALUE       VALUE  FROM      YEAR
                                                  NORMAL
..................................................................
TEMPERATURE (F)
 YESTERDAY
  MAXIMUM         79   1250 PM  94    1946  74      5       78
  MINIMUM         59   1159 PM  38    1978  51      8       52
  AVERAGE         69                        63      6       65

PRECIPITATION (IN)
  YESTERDAY        0.00          0.35 1988   0.03  -0.03     0.00
  MONTH TO DATE    0.09                      0.92  -0.83     0.30
  SINCE OCT 1     13.70                     16.34  -2.64     7.64
  SINCE JAN 1      9.44                     11.90  -2.46     6.54

SNOWFALL (IN)
  YESTERDAY        0.0
  MONTH TO DATE    0.0
  SINCE MAR 1      0.0
  SINCE JUL 1      0.0

DEGREE DAYS
 HEATING
  YESTERDAY        0                         4     -4        0
  MONTH TO DATE   37                       115    -78       28
  SINCE MAR 1    125                       333   -208      143
  SINCE JUL 1   1118                      1474   -356     1050

 COOLING
  YESTERDAY        4                         2      2        0
  MONTH TO DATE   41                        25     16       73
  SINCE MAR 1    107                        35     72       89
  SINCE JAN 1    108                        41     67      144
..................................................................


WIND (MPH)
  HIGHEST WIND SPEED    14   HIGHEST WIND DIRECTION     S (180)
  HIGHEST GUST SPEED    19   HIGHEST GUST DIRECTION     S (190)
  AVERAGE WIND SPEED     7.6


SKY COVER
  POSSIBLE SUNSHINE  MM
  AVERAGE SKY COVER 0.0


WEATHER CONDITIONS
 THE FOLLOWING WEATHER WAS RECORDED YESTERDAY.
  NO SIGNIFICANT WEATHER WAS OBSERVED.


RELATIVE HUMIDITY (PERCENT)
 HIGHEST    72           500 AM
 LOWEST     31          1200 PM
 AVERAGE    52

..........................................................


THE BOB HOPE AIRPORT (BURBANK) CA CLIMATE NORMALS FOR TODAY
                         NORMAL    RECORD    YEAR
 MAXIMUM TEMPERATURE (F)   74        93      1965
 MINIMUM TEMPERATURE (F)   51        39      1978


SUNRISE AND SUNSET
APRIL 24 2017.........SUNRISE   611 AM PDT   SUNSET   732 PM PDT
APRIL 25 2017.........SUNRISE   610 AM PDT   SUNSET   733 PM PDT


-  INDICATES NEGATIVE NUMBERS.
R  INDICATES RECORD WAS SET OR TIED.
MM INDICATES DATA IS MISSING.
T  INDICATES TRACE AMOUNT.




$$
