448
CDUS43 KLMK 300626
CLIBWG


CLIMATE REPORT
NATIONAL WEATHER SERVICE LOUISVILLE KY
226 AM EDT FRI SEP 30 2016


...................................

...THE BOWLING GREEN KY CLIMATE SUMMARY FOR SEPTEMBER 29 2016...

CLIMATE NORMAL PERIOD 1981 TO 2010
CLIMATE RECORD PERIOD 1870 TO 2016


WEATHER ITEM   OBSERVED TIME   RECORD YEAR NORMAL DEPARTURE LAST
                VALUE   (LST)  VALUE       VALUE  FROM      YEAR
                                                  NORMAL
..................................................................
TEMPERATURE (F)
 YESTERDAY
  MAXIMUM         65    127 PM  98    1953  77    -12       76
  MINIMUM         48    606 AM  31    1888  52     -4       68
  AVERAGE         57                        65     -8       72

PRECIPITATION (IN)
  YESTERDAY        0.00          3.45 1916   0.13  -0.13     0.74
  MONTH TO DATE    1.47                      3.80  -2.33     1.66
  SINCE SEP 1      1.47                      3.80  -2.33     1.66
  SINCE JAN 1     39.39                     37.36   2.03    36.70

SNOWFALL (IN)
  YESTERDAY        0.0           0.0    MM   0.0    0.0      0.0
  MONTH TO DATE    0.0                       0.0    0.0      0.0
  SINCE SEP 1      0.0                       0.0    0.0      0.0
  SINCE JUL 1      0.0                       0.0    0.0      0.0
  SNOW DEPTH       0

DEGREE DAYS
 HEATING
  YESTERDAY        8                         3      5        0
  MONTH TO DATE   12                        29    -17        8
  SINCE SEP 1     12                        29    -17        8
  SINCE JUL 1     12                        30    -18        8

 COOLING
  YESTERDAY        0                         3     -3        7
  MONTH TO DATE  305                       183    122      242
  SINCE SEP 1    305                       183    122      242
  SINCE JAN 1   1864                      1452    412     1623
..................................................................


WIND (MPH)
  HIGHEST WIND SPEED    12   HIGHEST WIND DIRECTION     W (280)
  HIGHEST GUST SPEED    15   HIGHEST GUST DIRECTION     W (280)
  AVERAGE WIND SPEED     2.7


SKY COVER
  POSSIBLE SUNSHINE  MM
  AVERAGE SKY COVER 0.5


WEATHER CONDITIONS
 THE FOLLOWING WEATHER WAS RECORDED YESTERDAY.
  FOG


RELATIVE HUMIDITY (PERCENT)
 HIGHEST    96          1000 PM
 LOWEST     63           100 PM
 AVERAGE    80

..........................................................


THE BOWLING GREEN KY CLIMATE NORMALS FOR TODAY
                         NORMAL    RECORD    YEAR
 MAXIMUM TEMPERATURE (F)   77        95      1953
 MINIMUM TEMPERATURE (F)   52        33      1949


SUNRISE AND SUNSET
SEPTEMBER 30 2016.....SUNRISE   641 AM CDT   SUNSET   630 PM CDT
OCTOBER  1 2016.......SUNRISE   641 AM CDT   SUNSET   628 PM CDT


-  INDICATES NEGATIVE NUMBERS.
R  INDICATES RECORD WAS SET OR TIED.
MM INDICATES DATA IS MISSING.
T  INDICATES TRACE AMOUNT.




$$
