000
CDUS43 KLMK 192130
CLIBWG


CLIMATE REPORT
NATIONAL WEATHER SERVICE LOUISVILLE KY
429 PM EST MON FEB 19 2018


...................................

...THE BOWLING GREEN CLIMATE SUMMARY FOR FEBRUARY 19 2018...
VALID TODAY AS OF 0400 PM LOCAL TIME.

CLIMATE NORMAL PERIOD 1981 TO 2010
CLIMATE RECORD PERIOD 1870 TO 2018


WEATHER ITEM   OBSERVED TIME   RECORD YEAR NORMAL DEPARTURE LAST
                VALUE   (LST)  VALUE       VALUE  FROM      YEAR
                                                  NORMAL
..................................................................
TEMPERATURE (F)
 TODAY
  MAXIMUM         76R   235 PM  73    1994  51     25       66
                                      1939
                                      1913
  MINIMUM         58    548 AM  -7    2015  31     27       42
  AVERAGE         67                        41     26       54

PRECIPITATION (IN)
  TODAY            0.00          1.85 1996   0.14  -0.14     0.00
  MONTH TO DATE    4.21                      2.71   1.50     2.10
  SINCE DEC 1      9.98                     11.12  -1.14    11.90
  SINCE JAN 1      6.49                      6.32   0.17     6.26

SNOWFALL (IN)
  TODAY            0.0           2.0  1963   0.1   -0.1      0.0
                                      1921
                                      1905
  MONTH TO DATE    0.2                       2.6   -2.4      0.0
  SINCE DEC 1      8.4                       7.1    1.3      0.7
  SINCE JUL 1      8.4                       7.1    1.3      0.7
  SNOW DEPTH       0

DEGREE DAYS
 HEATING
  TODAY            0                        24    -24       11
  MONTH TO DATE  426                       500    -74      380
  SINCE DEC 1   2250                      2229     21     1815
  SINCE JUL 1   2951                      2992    -41     2301

 COOLING
  TODAY            2                         0      2        0
  MONTH TO DATE    7                         0      7        0
  SINCE DEC 1      7                         1      6        0
  SINCE JAN 1      7                         0      7        0
..................................................................


WIND (MPH)
  HIGHEST WIND SPEED    26   HIGHEST WIND DIRECTION     S (190)
  HIGHEST GUST SPEED    36   HIGHEST GUST DIRECTION    SW (210)
  AVERAGE WIND SPEED    15.7


SKY COVER
  POSSIBLE SUNSHINE  MM
  AVERAGE SKY COVER 0.7


WEATHER CONDITIONS
 THE FOLLOWING WEATHER WAS RECORDED TODAY.
  NO SIGNIFICANT WEATHER WAS OBSERVED.


RELATIVE HUMIDITY (PERCENT)
 HIGHEST    93           500 AM
 LOWEST     54           200 PM
 AVERAGE    74

..........................................................


THE BOWLING GREEN CLIMATE NORMALS FOR TOMORROW
                         NORMAL    RECORD    YEAR
 MAXIMUM TEMPERATURE (F)   51        76      2017
 MINIMUM TEMPERATURE (F)   31        -4      2015


SUNRISE AND SUNSET
FEBRUARY 19 2018......SUNRISE   629 AM CST   SUNSET   530 PM CST
FEBRUARY 20 2018......SUNRISE   628 AM CST   SUNSET   531 PM CST


-  INDICATES NEGATIVE NUMBERS.
R  INDICATES RECORD WAS SET OR TIED.
MM INDICATES DATA IS MISSING.
T  INDICATES TRACE AMOUNT.




$$
