507
CDUS43 KLMK 162129
CLIBWG


CLIMATE REPORT
NATIONAL WEATHER SERVICE LOUISVILLE KY
429 PM EST MON JAN 16 2017


...................................

...THE BOWLING GREEN CLIMATE SUMMARY FOR JANUARY 16 2017...
VALID TODAY AS OF 0400 PM LOCAL TIME.

CLIMATE NORMAL PERIOD 1981 TO 2010
CLIMATE RECORD PERIOD 1870 TO 2017


WEATHER ITEM   OBSERVED TIME   RECORD YEAR NORMAL DEPARTURE LAST
                VALUE   (LST)  VALUE       VALUE  FROM      YEAR
                                                  NORMAL
..................................................................
TEMPERATURE (F)
 TODAY
  MAXIMUM         68    218 PM  73    1928  45     23       40
  MINIMUM         45    738 AM  -9    1982  26     19       32
  AVERAGE         57                        35     22       36

PRECIPITATION (IN)
  TODAY            0.00          1.67 1895   0.11  -0.11     0.00
  MONTH TO DATE    2.22                      1.83   0.39     0.57
  SINCE DEC 1      7.86                      6.63   1.23     5.80
  SINCE JAN 1      2.22                      1.83   0.39     0.57

SNOWFALL (IN)
  TODAY            0.0           6.0  1948   0.1   -0.1      0.0
  MONTH TO DATE    0.7                       1.5   -0.8      0.1
  SINCE DEC 1      0.7                       2.7   -2.0      0.1
  SINCE JUL 1      0.7                       2.7   -2.0      0.1
  SNOW DEPTH       0

DEGREE DAYS
 HEATING
  TODAY            8                        30    -22       29
  MONTH TO DATE  382                       475    -93      447
  SINCE DEC 1   1177                      1296   -119      888
  SINCE JUL 1   1663                      2059   -396     1426

 COOLING
  TODAY            0                         0      0        0
  MONTH TO DATE    0                         0      0        0
  SINCE DEC 1      0                         1     -1        2
  SINCE JAN 1      0                         0      0        0
..................................................................


WIND (MPH)
  HIGHEST WIND SPEED     9   HIGHEST WIND DIRECTION     S (180)
  HIGHEST GUST SPEED    11   HIGHEST GUST DIRECTION     S (170)
  AVERAGE WIND SPEED     3.2


SKY COVER
  POSSIBLE SUNSHINE  MM
  AVERAGE SKY COVER 0.9


WEATHER CONDITIONS
 THE FOLLOWING WEATHER WAS RECORDED TODAY.
  FOG
  FOG W/VISIBILITY <= 1/4 MILE


RELATIVE HUMIDITY (PERCENT)
 HIGHEST   100          1200 AM
 LOWEST     63           200 PM
 AVERAGE    82

..........................................................


THE BOWLING GREEN CLIMATE NORMALS FOR TOMORROW
                         NORMAL    RECORD    YEAR
 MAXIMUM TEMPERATURE (F)   45        72      1894
 MINIMUM TEMPERATURE (F)   26       -15      1982


SUNRISE AND SUNSET
JANUARY 16 2017.......SUNRISE   657 AM CST   SUNSET   454 PM CST
JANUARY 17 2017.......SUNRISE   657 AM CST   SUNSET   455 PM CST


-  INDICATES NEGATIVE NUMBERS.
R  INDICATES RECORD WAS SET OR TIED.
MM INDICATES DATA IS MISSING.
T  INDICATES TRACE AMOUNT.




$$
