000
CDUS43 KLMK 202126
CLIBWG


CLIMATE REPORT
NATIONAL WEATHER SERVICE LOUISVILLE KY
426 PM EST SAT DEC 20 2014


...................................

...THE BOWLING GREEN CLIMATE SUMMARY FOR DECEMBER 20 2014...
VALID TODAY AS OF 0400 PM LOCAL TIME.

CLIMATE NORMAL PERIOD 1981 TO 2010
CLIMATE RECORD PERIOD 1870 TO 2014


WEATHER ITEM   OBSERVED TIME   RECORD YEAR NORMAL DEPARTURE LAST
                VALUE   (LST)  VALUE       VALUE  FROM      YEAR
                                                  NORMAL
..................................................................
TEMPERATURE (F)
 TODAY
  MAXIMUM         43    300 PM  67    1949  47     -4       63
  MINIMUM         29        MM -10    1901  28      1       52
  AVERAGE         36                        37     -1       58

PRECIPITATION (IN)
  TODAY            0.00          2.00 1926   0.15  -0.15     0.06
  MONTH TO DATE    1.10                      3.23  -2.13     3.03
  SINCE DEC 1      1.10                      3.23  -2.13     3.03
  SINCE JAN 1     45.53                     48.32  -2.79    57.68

SNOWFALL (IN)
  TODAY            0.0           1.5  1929   0.0    0.0      0.0
  MONTH TO DATE    T                         0.5   -0.5      0.1
  SINCE DEC 1      T                         0.5   -0.5      0.1
  SINCE JUL 1      0.3                       0.5   -0.2      1.2
  SNOW DEPTH       0

DEGREE DAYS
 HEATING
  TODAY           29                        28      1        7
  MONTH TO DATE  456                       505    -49      499
  SINCE DEC 1    456                       505    -49      499
  SINCE JUL 1   1353                      1268     85     1379

 COOLING
  TODAY            0                         0      0        0
  MONTH TO DATE    0                         0      0        0
  SINCE DEC 1      0                         0      0        0
  SINCE JAN 1   1488                      1491     -3     1499
..................................................................


WIND (MPH)
  HIGHEST WIND SPEED     6   HIGHEST WIND DIRECTION    NE (40)
  HIGHEST GUST SPEED    MM   HIGHEST GUST DIRECTION    MM
  AVERAGE WIND SPEED     1.9


SKY COVER
  POSSIBLE SUNSHINE   0 PERCENT
  AVERAGE SKY COVER 0.0


WEATHER CONDITIONS
 THE FOLLOWING WEATHER WAS RECORDED TODAY.
  NO SIGNIFICANT WEATHER WAS OBSERVED.


RELATIVE HUMIDITY (PERCENT)
 HIGHEST     0          1200 AM
 LOWEST      0          1200 AM
 AVERAGE     0

..........................................................


THE BOWLING GREEN CLIMATE NORMALS FOR TOMORROW
                         NORMAL    RECORD    YEAR
 MAXIMUM TEMPERATURE (F)   46        74      2013
 MINIMUM TEMPERATURE (F)   28        -8      1901


SUNRISE AND SUNSET
DECEMBER 20 2014......SUNRISE   655 AM CST   SUNSET   432 PM CST
DECEMBER 21 2014......SUNRISE   655 AM CST   SUNSET   433 PM CST


-  INDICATES NEGATIVE NUMBERS.
R  INDICATES RECORD WAS SET OR TIED.
MM INDICATES DATA IS MISSING.
T  INDICATES TRACE AMOUNT.




$$
