000
CDUS43 KLMK 300628
CLIBWG


CLIMATE REPORT
NATIONAL WEATHER SERVICE LOUISVILLE KY
127 AM EST FRI JAN 30 2015


...................................

...THE BOWLING GREEN KY CLIMATE SUMMARY FOR JANUARY 29 2015...

CLIMATE NORMAL PERIOD 1981 TO 2010
CLIMATE RECORD PERIOD 1870 TO 2015


WEATHER ITEM   OBSERVED TIME   RECORD YEAR NORMAL DEPARTURE LAST
                VALUE   (LST)  VALUE       VALUE  FROM      YEAR
                                                  NORMAL
..................................................................
TEMPERATURE (F)
 YESTERDAY
  MAXIMUM         61   1216 PM  74    1975  46     15       26
  MINIMUM         36   1204 AM  -4    1977  27      9        2
                                      1966
  AVERAGE         49                        36     13       14

PRECIPITATION (IN)
  YESTERDAY        0.04          4.75 1956   0.12  -0.08     0.00
  MONTH TO DATE    1.88                      3.34  -1.46     1.75
  SINCE DEC 1      3.57                      8.14  -4.57     6.76
  SINCE JAN 1      1.88                      3.34  -1.46     1.75

SNOWFALL (IN)
  YESTERDAY        0.0           4.0  1895   0.1   -0.1      0.0
  MONTH TO DATE    3.4                       3.0    0.4      2.1
  SINCE DEC 1      3.4                       4.2   -0.8      2.2
  SINCE JUL 1      3.7                       4.2   -0.5      3.3
  SNOW DEPTH       0

DEGREE DAYS
 HEATING
  YESTERDAY       16                        29    -13       51
  MONTH TO DATE  870                       854     16     1025
  SINCE DEC 1   1586                      1675    -89     1832
  SINCE JUL 1   2483                      2438     45     2712

 COOLING
  YESTERDAY        0                         0      0        0
  MONTH TO DATE    0                         0      0        0
  SINCE DEC 1      0                         1     -1        2
  SINCE JAN 1      0                         0      0        0
..................................................................


WIND (MPH)
  HIGHEST WIND SPEED    23   HIGHEST WIND DIRECTION    SW (230)
  HIGHEST GUST SPEED    31   HIGHEST GUST DIRECTION    SW (230)
  AVERAGE WIND SPEED    14.4


SKY COVER
  POSSIBLE SUNSHINE  MM
  AVERAGE SKY COVER 0.7


WEATHER CONDITIONS
 THE FOLLOWING WEATHER WAS RECORDED YESTERDAY.
  LIGHT RAIN
  FOG


RELATIVE HUMIDITY (PERCENT)
 HIGHEST    70           800 PM
 LOWEST     42           200 AM
 AVERAGE    56

..........................................................


THE BOWLING GREEN KY CLIMATE NORMALS FOR TODAY
                         NORMAL    RECORD    YEAR
 MAXIMUM TEMPERATURE (F)   46        72      2013
 MINIMUM TEMPERATURE (F)   27       -11      1966


SUNRISE AND SUNSET
JANUARY 30 2015.......SUNRISE   650 AM CST   SUNSET   508 PM CST
JANUARY 31 2015.......SUNRISE   649 AM CST   SUNSET   510 PM CST


-  INDICATES NEGATIVE NUMBERS.
R  INDICATES RECORD WAS SET OR TIED.
MM INDICATES DATA IS MISSING.
T  INDICATES TRACE AMOUNT.




$$
