000
CDUS41 KLWX 040527
CLIBWI


CLIMATE REPORT
NATIONAL WEATHER SERVICE BALTIMORE MD/WASHINGTON DC
1227 AM EST WED MAR 4 2015


...................................

...THE BALTIMORE MD CLIMATE SUMMARY FOR MARCH 3 2015...

CLIMATE NORMAL PERIOD 1981 TO 2010
CLIMATE RECORD PERIOD 1870 TO 2015


WEATHER ITEM   OBSERVED TIME   RECORD YEAR NORMAL DEPARTURE LAST
                VALUE   (LST)  VALUE       VALUE  FROM      YEAR
                                                  NORMAL
..................................................................
TEMPERATURE (F)
 YESTERDAY
  MAXIMUM         36   1159 PM  78    1923  49    -13       34
  MINIMUM         23    232 AM   5    2014  30     -7        5
  AVERAGE         30                        40    -10       20

PRECIPITATION (IN)
  YESTERDAY        0.12          1.67 1997   0.11   0.01     0.63
  MONTH TO DATE    0.73                      0.33   0.40     0.92
  SINCE MAR 1      0.73                      0.33   0.40     0.92
  SINCE JAN 1      6.86                      6.28   0.58     8.21

SNOWFALL (IN)
  YESTERDAY        T            10.0  1960   0.1   -0.1
  MONTH TO DATE    0.3                       0.4   -0.1
  SINCE JUL 1     21.3                      18.6    2.7
  SNOW DEPTH       2

DEGREE DAYS
 HEATING
  YESTERDAY       35                        25     10       45
  MONTH TO DATE  108                        77     31      108
  SINCE MAR 1    108                        77     31      108
  SINCE JUL 1   3923                      3672    251     3865

 COOLING
  YESTERDAY        0                         0      0        0
  MONTH TO DATE    0                         0      0        0
  SINCE MAR 1      0                         0      0        0
  SINCE JAN 1      0                         0      0        0
..................................................................


WIND (MPH)
  HIGHEST WIND SPEED    12   HIGHEST WIND DIRECTION     E (70)
  HIGHEST GUST SPEED    16   HIGHEST GUST DIRECTION     E (90)
  AVERAGE WIND SPEED     5.4


SKY COVER
  POSSIBLE SUNSHINE  MM
  AVERAGE SKY COVER 0.9


WEATHER CONDITIONS
 THE FOLLOWING WEATHER WAS RECORDED YESTERDAY.
  LT FREEZING RAIN
  LIGHT SNOW
  SLEET
  FOG


RELATIVE HUMIDITY (PERCENT)
 HIGHEST    89          1100 PM
 LOWEST     50           700 AM
 AVERAGE    70

..........................................................


THE BALTIMORE MD CLIMATE NORMALS FOR TODAY
                         NORMAL    RECORD    YEAR
 MAXIMUM TEMPERATURE (F)   50        80      1923
 MINIMUM TEMPERATURE (F)   30         4      2014


SUNRISE AND SUNSET
MARCH  4 2015.........SUNRISE   635 AM EST   SUNSET   602 PM EST
MARCH  5 2015.........SUNRISE   634 AM EST   SUNSET   603 PM EST


-  INDICATES NEGATIVE NUMBERS.
R  INDICATES RECORD WAS SET OR TIED.
MM INDICATES DATA IS MISSING.
T  INDICATES TRACE AMOUNT.




$$
