000
CDUS41 KLWX 240524
CLIBWI


CLIMATE REPORT
NATIONAL WEATHER SERVICE BALTIMORE MD/WASHINGTON DC
1223 AM EST FRI FEB 24 2017


...................................

...THE BALTIMORE MD CLIMATE SUMMARY FOR FEBRUARY 23 2017...

CLIMATE NORMAL PERIOD 1981 TO 2010
CLIMATE RECORD PERIOD 1870 TO 2017


WEATHER ITEM   OBSERVED TIME   RECORD YEAR NORMAL DEPARTURE LAST
                VALUE   (LST)  VALUE       VALUE  FROM      YEAR
                                                  NORMAL
..................................................................
TEMPERATURE (F)
 YESTERDAY
  MAXIMUM         77    338 PM  78    1874  47     30       43
  MINIMUM         45    615 AM   5    1963  28     17       38
  AVERAGE         61                        37     24       41

PRECIPITATION (IN)
  YESTERDAY        0.00          1.56 1998   0.10  -0.10     0.60
  MONTH TO DATE    0.46                      2.37  -1.91     3.08
  SINCE DEC 1      5.92                      8.79  -2.87    12.43
  SINCE JAN 1      3.15                      5.42  -2.27     6.58

SNOWFALL (IN)
  YESTERDAY        0.0           6.1  1987   0.3   -0.3
  MONTH TO DATE    T                         7.0   -7.0
  SINCE JUL 1      0.7                      17.2  -16.5
  SNOW DEPTH       0

DEGREE DAYS
 HEATING
  YESTERDAY        4                        28    -24       24
  MONTH TO DATE  500                       685   -185      675
  SINCE DEC 1   2116                      2557   -441     2181
  SINCE JUL 1   2815                      3461   -646     2901

 COOLING
  YESTERDAY        0                         0      0        0
  MONTH TO DATE    0                         0      0        0
  SINCE DEC 1      0                         0      0        1
  SINCE JAN 1      0                         0      0        0
..................................................................


WIND (MPH)
  HIGHEST WIND SPEED    16   HIGHEST WIND DIRECTION    SW (230)
  HIGHEST GUST SPEED    23   HIGHEST GUST DIRECTION    SW (220)
  AVERAGE WIND SPEED     3.5


SKY COVER
  POSSIBLE SUNSHINE  MM
  AVERAGE SKY COVER 0.6


WEATHER CONDITIONS
 THE FOLLOWING WEATHER WAS RECORDED YESTERDAY.
  FOG
  FOG W/VISIBILITY <= 1/4 MILE


RELATIVE HUMIDITY (PERCENT)
 HIGHEST   100          1200 AM
 LOWEST     43           200 PM
 AVERAGE    72

..........................................................


THE BALTIMORE MD CLIMATE NORMALS FOR TODAY
                         NORMAL    RECORD    YEAR
 MAXIMUM TEMPERATURE (F)   47        79      1985
 MINIMUM TEMPERATURE (F)   28         2      1873


SUNRISE AND SUNSET
FEBRUARY 24 2017......SUNRISE   646 AM EST   SUNSET   554 PM EST
FEBRUARY 25 2017......SUNRISE   645 AM EST   SUNSET   555 PM EST


-  INDICATES NEGATIVE NUMBERS.
R  INDICATES RECORD WAS SET OR TIED.
MM INDICATES DATA IS MISSING.
T  INDICATES TRACE AMOUNT.




$$
