000
CDUS41 KLWX 240521
CLIBWI


CLIMATE REPORT
NATIONAL WEATHER SERVICE BALTIMORE MD/WASHINGTON DC
120 AM EDT THU APR 24 2014


...................................

...THE BALTIMORE MD CLIMATE SUMMARY FOR APRIL 23 2014...

CLIMATE NORMAL PERIOD 1981 TO 2010
CLIMATE RECORD PERIOD 1870 TO 2014


WEATHER ITEM   OBSERVED TIME   RECORD YEAR NORMAL DEPARTURE LAST
                VALUE   (LST)  VALUE       VALUE  FROM      YEAR
                                                  NORMAL
..................................................................
TEMPERATURE (F)
 YESTERDAY
  MAXIMUM         60    208 PM  94    1960  67     -7       62
  MINIMUM         41   1142 PM  31    1982  45     -4       46
  AVERAGE         51                        56     -5       54

PRECIPITATION (IN)
  YESTERDAY        0.00          1.11 1907   0.11  -0.11     0.00
  MONTH TO DATE    3.35                      2.46   0.89     1.72
  SINCE MAR 1      7.73                      6.36   1.37     4.36
  SINCE JAN 1     15.02                     12.31   2.71     9.95

SNOWFALL (IN)
  YESTERDAY        0.0           T    1986   0.0    0.0
  MONTH TO DATE    T                         0.0    0.0
  SINCE JUL 1     39.0                      20.1   18.9
  SNOW DEPTH       0

DEGREE DAYS
 HEATING
  YESTERDAY       14                        10      4       11
  MONTH TO DATE  285                       295    -10      241
  SINCE MAR 1   1098                       961    137      990
  SINCE JUL 1   4855                      4556    299     4282

 COOLING
  YESTERDAY        0                         1     -1        0
  MONTH TO DATE    7                         5      2       26
  SINCE MAR 1      7                         6      1       26
  SINCE JAN 1      7                         6      1       26
..................................................................


WIND (MPH)
  HIGHEST WIND SPEED    30   HIGHEST WIND DIRECTION    NW (310)
  HIGHEST GUST SPEED    39   HIGHEST GUST DIRECTION    NW (310)
  AVERAGE WIND SPEED    15.3


SKY COVER
  POSSIBLE SUNSHINE  MM
  AVERAGE SKY COVER 0.4


WEATHER CONDITIONS
 THE FOLLOWING WEATHER WAS RECORDED YESTERDAY.
  NO SIGNIFICANT WEATHER WAS OBSERVED.


RELATIVE HUMIDITY (PERCENT)
 HIGHEST    66          1200 AM
 LOWEST     43          1200 PM
 AVERAGE    55

..........................................................


THE BALTIMORE MD CLIMATE NORMALS FOR TODAY
                         NORMAL    RECORD    YEAR
 MAXIMUM TEMPERATURE (F)   68        93      1960
 MINIMUM TEMPERATURE (F)   45        32      2003


SUNRISE AND SUNSET
APRIL 24 2014.........SUNRISE   617 AM EDT   SUNSET   753 PM EDT
APRIL 25 2014.........SUNRISE   616 AM EDT   SUNSET   754 PM EDT


-  INDICATES NEGATIVE NUMBERS.
R  INDICATES RECORD WAS SET OR TIED.
MM INDICATES DATA IS MISSING.
T  INDICATES TRACE AMOUNT.




$$
