000
CDUS41 KLWX 210523
CLIBWI


CLIMATE REPORT
NATIONAL WEATHER SERVICE BALTIMORE MD/WASHINGTON DC
122 AM EDT SUN SEP 21 2014


...................................

...THE BALTIMORE MD CLIMATE SUMMARY FOR SEPTEMBER 20 2014...

CLIMATE NORMAL PERIOD 1981 TO 2010
CLIMATE RECORD PERIOD 1870 TO 2014


WEATHER ITEM   OBSERVED TIME   RECORD YEAR NORMAL DEPARTURE LAST
                VALUE   (LST)  VALUE       VALUE  FROM      YEAR
                                                  NORMAL
..................................................................
TEMPERATURE (F)
 YESTERDAY
  MAXIMUM         80    214 PM  92    1983  76      4       78
  MINIMUM         60   1143 PM  42    1959  56      4       52
                                      1956
  AVERAGE         70                        66      4       65

PRECIPITATION (IN)
  YESTERDAY        0.00          1.75 1966   0.14  -0.14     0.00
  MONTH TO DATE    0.95                      2.61  -1.66     0.70
  SINCE SEP 1      0.95                      2.61  -1.66     0.70
  SINCE JAN 1     39.22                     30.46   8.76    26.27

SNOWFALL (IN)
  YESTERDAY        0.0          MM      MM   0.0    0.0
  MONTH TO DATE    0.0                       0.0    0.0
  SINCE JUL 1      0.0                       0.0    0.0
  SNOW DEPTH       0

DEGREE DAYS
 HEATING
  YESTERDAY        0                         2     -2        0
  MONTH TO DATE   18                        16      2       24
  SINCE SEP 1     18                        16      2       24
  SINCE JUL 1     18                        17      1       24

 COOLING
  YESTERDAY        5                         3      2        0
  MONTH TO DATE  139                       111     28      139
  SINCE SEP 1    139                       111     28      139
  SINCE JAN 1   1056                      1121    -65     1284
..................................................................


WIND (MPH)
  HIGHEST WIND SPEED    13   HIGHEST WIND DIRECTION     E (110)
  HIGHEST GUST SPEED    17   HIGHEST GUST DIRECTION     E (110)
  AVERAGE WIND SPEED     3.5


SKY COVER
  POSSIBLE SUNSHINE  MM
  AVERAGE SKY COVER 0.5


WEATHER CONDITIONS
 THE FOLLOWING WEATHER WAS RECORDED YESTERDAY.
  FOG
  HAZE


RELATIVE HUMIDITY (PERCENT)
 HIGHEST    93           100 AM
 LOWEST     37           200 PM
 AVERAGE    65

..........................................................


THE BALTIMORE MD CLIMATE NORMALS FOR TODAY
                         NORMAL    RECORD    YEAR
 MAXIMUM TEMPERATURE (F)   76        96      1931
                                             1895
 MINIMUM TEMPERATURE (F)   56        37      1962
                                             1956


SUNRISE AND SUNSET
SEPTEMBER 21 2014.....SUNRISE   653 AM EDT   SUNSET   705 PM EDT
SEPTEMBER 22 2014.....SUNRISE   654 AM EDT   SUNSET   704 PM EDT


-  INDICATES NEGATIVE NUMBERS.
R  INDICATES RECORD WAS SET OR TIED.
MM INDICATES DATA IS MISSING.
T  INDICATES TRACE AMOUNT.




$$
