000
CDUS45 KRIW 180731
CLIBYG


CLIMATE REPORT
NATIONAL WEATHER SERVICE RIVERTON WY
130 AM MDT WED OCT 18 2017


...................................

...THE BUFFALO WY CLIMATE SUMMARY FOR OCTOBER 17 2017...

CLIMATE NORMAL PERIOD 1981 TO 2010
CLIMATE RECORD PERIOD 1998 TO 2017


WEATHER ITEM   OBSERVED TIME   RECORD YEAR NORMAL DEPARTURE LAST
                VALUE   (LST)  VALUE       VALUE  FROM      YEAR
                                                  NORMAL
..................................................................
TEMPERATURE (F)
 YESTERDAY
  MAXIMUM         75    321 PM  83    2003  57     18       54
  MINIMUM         46    637 AM  22    2006  34     12       36
  AVERAGE         61                        46     15       45

PRECIPITATION (IN)
  YESTERDAY        0.00          0.13 2016   0.03  -0.03     0.13
  MONTH TO DATE    0.24                      0.67  -0.43     1.56
  SINCE SEP 1      2.03                      1.98   0.05     4.80
  SINCE JAN 1     13.93                     12.25   1.68    11.12

DEGREE DAYS
 HEATING
  YESTERDAY        4                        19    -15       20
  MONTH TO DATE  274                       288    -14      251
  SINCE SEP 1    551                       537     14      423
  SINCE JUL 1    573                       602    -29      462

 COOLING
  YESTERDAY        0                         0      0        0
  MONTH TO DATE    0                         0      0        2
  SINCE SEP 1     90                        45     45       38
  SINCE JAN 1    622                       491    131      632
..................................................................


WIND (MPH)
  HIGHEST WIND SPEED    29   HIGHEST WIND DIRECTION     W (250)
  HIGHEST GUST SPEED    35   HIGHEST GUST DIRECTION    SW (240)
  AVERAGE WIND SPEED     8.6


SKY COVER
  POSSIBLE SUNSHINE  MM
  AVERAGE SKY COVER 0.0


WEATHER CONDITIONS
 THE FOLLOWING WEATHER WAS RECORDED YESTERDAY.
  NO SIGNIFICANT WEATHER WAS OBSERVED.


RELATIVE HUMIDITY (PERCENT)
 HIGHEST    23          1200 AM
 LOWEST      7           300 PM
 AVERAGE    15

..........................................................


THE BUFFALO WY CLIMATE NORMALS FOR TODAY
                         NORMAL    RECORD    YEAR
 MAXIMUM TEMPERATURE (F)   57        79      2003
                                             2000
 MINIMUM TEMPERATURE (F)   34        17      2006


SUNRISE AND SUNSET
OCTOBER 18 2017.......SUNRISE   726 AM MDT   SUNSET   617 PM MDT
OCTOBER 19 2017.......SUNRISE   727 AM MDT   SUNSET   615 PM MDT


-  INDICATES NEGATIVE NUMBERS.
R  INDICATES RECORD WAS SET OR TIED.
MM INDICATES DATA IS MISSING.
T  INDICATES TRACE AMOUNT.




$$
