000
CDUS45 KRIW 240750
CLIBYG


CLIMATE REPORT
NATIONAL WEATHER SERVICE RIVERTON WY
1248 AM MST MON NOV 24 2014


...................................

...THE BUFFALO WY CLIMATE SUMMARY FOR NOVEMBER 23 2014...

CLIMATE NORMAL PERIOD 1981 TO 2010
CLIMATE RECORD PERIOD 1998 TO 2014


WEATHER ITEM   OBSERVED TIME   RECORD YEAR NORMAL DEPARTURE LAST
                VALUE   (LST)  VALUE       VALUE  FROM      YEAR
                                                  NORMAL
..................................................................
TEMPERATURE (F)
 YESTERDAY
  MAXIMUM         38   1040 AM  60    2006  41     -3       46
  MINIMUM         26    350 AM  -7    2010  20      6       18
  AVERAGE         32                        30      2       32

PRECIPITATION (IN)
  YESTERDAY        T             0.50 2002   0.02  -0.02     0.00
  MONTH TO DATE    0.13                      0.41  -0.28     0.12
  SINCE SEP 1      1.44                      2.65  -1.21     5.71
  SINCE JAN 1     11.65                     12.92  -1.27    10.13

DEGREE DAYS
 HEATING
  YESTERDAY       33                        35     -2       33
  MONTH TO DATE  809                       675    134      676
  SINCE SEP 1   1452                      1516    -64     1514
  SINCE JUL 1   1511                      1581    -70     1515

 COOLING
  YESTERDAY        0                         0      0        0
  MONTH TO DATE    0                         0      0        0
  SINCE SEP 1     53                        46      7       95
  SINCE JAN 1    387                       492   -105      709
..................................................................


WIND (MPH)
  HIGHEST WIND SPEED    36   HIGHEST WIND DIRECTION    NW (330)
  HIGHEST GUST SPEED    47   HIGHEST GUST DIRECTION     N (340)
  AVERAGE WIND SPEED    18.4


SKY COVER
  POSSIBLE SUNSHINE  MM
  AVERAGE SKY COVER 0.2


WEATHER CONDITIONS
 THE FOLLOWING WEATHER WAS RECORDED YESTERDAY.
  LIGHT SNOW


RELATIVE HUMIDITY (PERCENT)
 HIGHEST    52          1200 PM
 LOWEST     27           100 AM
 AVERAGE    40

..........................................................


THE BUFFALO WY CLIMATE NORMALS FOR TODAY
                         NORMAL    RECORD    YEAR
 MAXIMUM TEMPERATURE (F)   40        57      2011
                                             1998
 MINIMUM TEMPERATURE (F)   20       -13      2010


SUNRISE AND SUNSET
NOVEMBER 24 2014......SUNRISE   715 AM MST   SUNSET   432 PM MST
NOVEMBER 25 2014......SUNRISE   716 AM MST   SUNSET   432 PM MST


-  INDICATES NEGATIVE NUMBERS.
R  INDICATES RECORD WAS SET OR TIED.
MM INDICATES DATA IS MISSING.
T  INDICATES TRACE AMOUNT.




$$
