000
CDUS45 KRIW 160033
CLIBYG


CLIMATE REPORT
NATIONAL WEATHER SERVICE RIVERTON WY
533 PM MST FRI DEC 15 2017


...................................

...THE BUFFALO WY CLIMATE SUMMARY FOR DECEMBER 15 2017...
VALID TODAY AS OF 0500 PM LOCAL TIME.

CLIMATE NORMAL PERIOD 1981 TO 2010
CLIMATE RECORD PERIOD 1998 TO 2017


WEATHER ITEM   OBSERVED TIME   RECORD YEAR NORMAL DEPARTURE LAST
                VALUE   (LST)  VALUE       VALUE  FROM      YEAR
                                                  NORMAL
..................................................................
TEMPERATURE (F)
 TODAY
  MAXIMUM         60R       MM  59    2006  36     24       17
  MINIMUM         29        MM -20    2008  15     14       10
  AVERAGE         45

PRECIPITATION (IN)
  TODAY            0.00          0.10 2010   0.01  -0.01      T
  MONTH TO DATE    0.01                      0.22  -0.21     0.07
  SINCE DEC 1      0.01                      0.22  -0.21     0.07
  SINCE JAN 1     14.58                     13.27   1.31    12.11

DEGREE DAYS
 HEATING
  TODAY           20                        40    -20       51
  MONTH TO DATE  399                       588   -189      723
  SINCE DEC 1    399                       588   -189      723
  SINCE JUL 1   2061                      2422   -361     1905

 COOLING
  TODAY            0                         0      0        0
  MONTH TO DATE    0                         0      0        0
  SINCE DEC 1      0                         0      0        0
  SINCE JAN 1    622                       492    130      632
..................................................................


WIND (MPH)
  HIGHEST WIND SPEED    13   HIGHEST WIND DIRECTION     S (160)
  HIGHEST GUST SPEED    MM   HIGHEST GUST DIRECTION    MM
  AVERAGE WIND SPEED     5.8


SKY COVER
  POSSIBLE SUNSHINE  MM
  AVERAGE SKY COVER 0.0


WEATHER CONDITIONS
 THE FOLLOWING WEATHER WAS RECORDED TODAY.
  NO SIGNIFICANT WEATHER WAS OBSERVED.


RELATIVE HUMIDITY (PERCENT)
 HIGHEST    29          1200 AM
 LOWEST     11          1200 PM
 AVERAGE    20

..........................................................


THE BUFFALO WY CLIMATE NORMALS FOR TOMORROW
                         NORMAL    RECORD    YEAR
 MAXIMUM TEMPERATURE (F)   36        53      1999
 MINIMUM TEMPERATURE (F)   15       -15      2008


SUNRISE AND SUNSET
DECEMBER 15 2017......SUNRISE   736 AM MST   SUNSET   428 PM MST
DECEMBER 16 2017......SUNRISE   737 AM MST   SUNSET   428 PM MST


-  INDICATES NEGATIVE NUMBERS.
R  INDICATES RECORD WAS SET OR TIED.
MM INDICATES DATA IS MISSING.
T  INDICATES TRACE AMOUNT.




$$
