000
CDUS45 KRIW 280735
CLIBYG


CLIMATE REPORT
NATIONAL WEATHER SERVICE RIVERTON WY
135 AM MDT MON JUL 28 2014


...................................

...THE BUFFALO WY CLIMATE SUMMARY FOR JULY 27 2014...

CLIMATE NORMAL PERIOD 1981 TO 2010
CLIMATE RECORD PERIOD 1998 TO 2014


WEATHER ITEM   OBSERVED TIME   RECORD YEAR NORMAL DEPARTURE LAST
                VALUE   (LST)  VALUE       VALUE  FROM      YEAR
                                                  NORMAL
..................................................................
TEMPERATURE (F)
 YESTERDAY
  MAXIMUM         85    428 PM  97    2006  86     -1       80
  MINIMUM         53    516 AM  51    2004  58     -5       58
  AVERAGE         69                        72     -3       69

PRECIPITATION (IN)
  YESTERDAY        0.00          1.20 2009   0.06  -0.06      T
  MONTH TO DATE    0.94                      1.44  -0.50      T
  SINCE JUN 1      3.85                      3.72   0.13     0.95
  SINCE JAN 1      7.61                      9.24  -1.63     4.08

DEGREE DAYS
 HEATING
  YESTERDAY        0                         1     -1        0
  MONTH TO DATE   11                        30    -19        0
  SINCE JUN 1    217                       193     24      100
  SINCE JUL 1     11                        30    -19        0

 COOLING
  YESTERDAY        4                         8     -4        4
  MONTH TO DATE  170                       174     -4      245
  SINCE JUN 1    175                       225    -50      322
  SINCE JAN 1    186                       232    -46      332
..................................................................


WIND (MPH)
  HIGHEST WIND SPEED    13   HIGHEST WIND DIRECTION    NE (50)
  HIGHEST GUST SPEED    20   HIGHEST GUST DIRECTION     E (110)
  AVERAGE WIND SPEED     6.4


SKY COVER
  POSSIBLE SUNSHINE  MM
  AVERAGE SKY COVER 0.0


WEATHER CONDITIONS
 THE FOLLOWING WEATHER WAS RECORDED YESTERDAY.
  NO SIGNIFICANT WEATHER WAS OBSERVED.


RELATIVE HUMIDITY (PERCENT)
 HIGHEST    51           100 AM
 LOWEST     17           400 PM
 AVERAGE    34

..........................................................


THE BUFFALO WY CLIMATE NORMALS FOR TODAY
                         NORMAL    RECORD    YEAR
 MAXIMUM TEMPERATURE (F)   86       100      2006
 MINIMUM TEMPERATURE (F)   58        49      2004


SUNRISE AND SUNSET
JULY 28 2014..........SUNRISE   550 AM MDT   SUNSET   836 PM MDT
JULY 29 2014..........SUNRISE   551 AM MDT   SUNSET   835 PM MDT


-  INDICATES NEGATIVE NUMBERS.
R  INDICATES RECORD WAS SET OR TIED.
MM INDICATES DATA IS MISSING.
T  INDICATES TRACE AMOUNT.




$$
