000
CDUS45 KRIW 050733
CLIBYG


CLIMATE REPORT
NATIONAL WEATHER SERVICE RIVERTON WY
1231 AM MST MON DEC 5 2016


...................................

...THE BUFFALO WY CLIMATE SUMMARY FOR DECEMBER 4 2016...

CLIMATE NORMAL PERIOD 1981 TO 2010
CLIMATE RECORD PERIOD 1998 TO 2016


WEATHER ITEM   OBSERVED TIME   RECORD YEAR NORMAL DEPARTURE LAST
                VALUE   (LST)  VALUE       VALUE  FROM      YEAR
                                                  NORMAL
..................................................................
TEMPERATURE (F)
 YESTERDAY
  MAXIMUM         44    212 PM  61    2007  37      7       53
  MINIMUM         24    225 AM  -9    2013  16      8       21
  AVERAGE         34                        26      8       37

PRECIPITATION (IN)
  YESTERDAY        T             0.02 2011   0.02  -0.02     0.00
                                      2002
  MONTH TO DATE    T                         0.08  -0.08     0.00
  SINCE DEC 1      T                         0.08  -0.08     0.00
  SINCE JAN 1     12.04                     13.13  -1.09    13.67

DEGREE DAYS
 HEATING
  YESTERDAY       31                        39     -8       28
  MONTH TO DATE  131                       153    -22      128
  SINCE DEC 1    131                       153    -22      128
  SINCE JUL 1   1313                      1987   -674     1557

 COOLING
  YESTERDAY        0                         0      0        0
  MONTH TO DATE    0                         0      0        0
  SINCE DEC 1      0                         0      0        0
  SINCE JAN 1    632                       492    140      560
..................................................................


WIND (MPH)
  HIGHEST WIND SPEED    30   HIGHEST WIND DIRECTION    NW (330)
  HIGHEST GUST SPEED    39   HIGHEST GUST DIRECTION     N (340)
  AVERAGE WIND SPEED     6.1


SKY COVER
  POSSIBLE SUNSHINE  MM
  AVERAGE SKY COVER 0.4


WEATHER CONDITIONS
 THE FOLLOWING WEATHER WAS RECORDED YESTERDAY.
  LIGHT SNOW
  FOG


RELATIVE HUMIDITY (PERCENT)
 HIGHEST    56          1100 PM
 LOWEST     29          1200 AM
 AVERAGE    43

..........................................................


THE BUFFALO WY CLIMATE NORMALS FOR TODAY
                         NORMAL    RECORD    YEAR
 MAXIMUM TEMPERATURE (F)   37        61      2012
 MINIMUM TEMPERATURE (F)   16       -15      2013


SUNRISE AND SUNSET
DECEMBER  5 2016......SUNRISE   728 AM MST   SUNSET   428 PM MST
DECEMBER  6 2016......SUNRISE   729 AM MST   SUNSET   428 PM MST


-  INDICATES NEGATIVE NUMBERS.
R  INDICATES RECORD WAS SET OR TIED.
MM INDICATES DATA IS MISSING.
T  INDICATES TRACE AMOUNT.




$$
