000
CDUS45 KRIW 260735
CLIBYG


CLIMATE REPORT
NATIONAL WEATHER SERVICE RIVERTON WY
134 AM MDT WED APR 26 2017


...................................

...THE BUFFALO WY CLIMATE SUMMARY FOR APRIL 25 2017...

CLIMATE NORMAL PERIOD 1981 TO 2010
CLIMATE RECORD PERIOD 1998 TO 2017


WEATHER ITEM   OBSERVED TIME   RECORD YEAR NORMAL DEPARTURE LAST
                VALUE   (LST)  VALUE       VALUE  FROM      YEAR
                                                  NORMAL
..................................................................
TEMPERATURE (F)
 YESTERDAY
  MAXIMUM         MM        MM  74    2012  57     MM       45
  MINIMUM         MM        MM  19    2008  36     MM       34
  AVERAGE         MM                        46     MM       40

PRECIPITATION (IN)
  YESTERDAY       MM             0.27 1999   0.05  MM        0.01
  MONTH TO DATE    2.52                      0.89   1.63     2.08
  SINCE MAR 1      4.54                      1.81   2.73     2.73
  SINCE JAN 1      4.97                      2.58   2.39     3.32

DEGREE DAYS
 HEATING
  YESTERDAY       MM                        19     MM       25
  MONTH TO DATE  417                       565   -148      387
  SINCE MAR 1   1107                      1515   -408     1061
  SINCE JUL 1   5949                      6755   -806     5452

 COOLING
  YESTERDAY       MM                         0     MM        0
  MONTH TO DATE    0                         0      0        1
  SINCE MAR 1      0                         0      0        1
  SINCE JAN 1      0                         0      0        1
..................................................................


WIND (MPH)
  HIGHEST WIND SPEED    32   HIGHEST WIND DIRECTION    NW (320)
  HIGHEST GUST SPEED    45   HIGHEST GUST DIRECTION    NW (330)
  AVERAGE WIND SPEED    23.5


SKY COVER
  POSSIBLE SUNSHINE  MM
  AVERAGE SKY COVER 1.0


WEATHER CONDITIONS
 THE FOLLOWING WEATHER WAS RECORDED YESTERDAY.
  HEAVY SNOW
  SNOW
  FOG
  FOG W/VISIBILITY <= 1/4 MILE


RELATIVE HUMIDITY (PERCENT)
 HIGHEST    96           400 AM
 LOWEST     89          1200 AM
 AVERAGE    93

..........................................................


THE BUFFALO WY CLIMATE NORMALS FOR TODAY
                         NORMAL    RECORD    YEAR
 MAXIMUM TEMPERATURE (F)   57        81      2012
 MINIMUM TEMPERATURE (F)   36        26      2008
                                             2002


SUNRISE AND SUNSET
APRIL 26 2017.........SUNRISE   605 AM MDT   SUNSET   805 PM MDT
APRIL 27 2017.........SUNRISE   603 AM MDT   SUNSET   807 PM MDT


-  INDICATES NEGATIVE NUMBERS.
R  INDICATES RECORD WAS SET OR TIED.
MM INDICATES DATA IS MISSING.
T  INDICATES TRACE AMOUNT.




$$
