000
CDUS45 KRIW 270736
CLIBYG


CLIMATE REPORT
NATIONAL WEATHER SERVICE RIVERTON WY
126 AM MDT WED JUL 27 2016


...................................

...THE BUFFALO WY CLIMATE SUMMARY FOR JULY 26 2016...

CLIMATE NORMAL PERIOD 1981 TO 2010
CLIMATE RECORD PERIOD 1998 TO 2016


WEATHER ITEM   OBSERVED TIME   RECORD YEAR NORMAL DEPARTURE LAST
                VALUE   (LST)  VALUE       VALUE  FROM      YEAR
                                                  NORMAL
..................................................................
TEMPERATURE (F)
 YESTERDAY
  MAXIMUM         91    256 PM  96    2010  86      5       94
                                      2008
  MINIMUM         64   1110 PM  47    2005  58      6       61
  AVERAGE         78                        72      6       78

PRECIPITATION (IN)
  YESTERDAY        0.21          0.46 2007   0.05   0.16     0.00
  MONTH TO DATE    0.35                      1.38  -1.03     0.75
  SINCE JUN 1      0.74                      3.66  -2.92     3.98
  SINCE JAN 1      5.66                      9.18  -3.52    11.24

DEGREE DAYS
 HEATING
  YESTERDAY        0                         1     -1        0
  MONTH TO DATE    1                        29    -28       22
  SINCE JUN 1     16                       192   -176       76
  SINCE JUL 1      1                        29    -28       22

 COOLING
  YESTERDAY       13                         8      5       13
  MONTH TO DATE  214                       166     48      131
  SINCE JUN 1    349                       217    132      201
  SINCE JAN 1    354                       224    130      201
..................................................................


WIND (MPH)
  HIGHEST WIND SPEED    35   HIGHEST WIND DIRECTION    NW (300)
  HIGHEST GUST SPEED    43   HIGHEST GUST DIRECTION    NW (300)
  AVERAGE WIND SPEED    10.6


SKY COVER
  POSSIBLE SUNSHINE  MM
  AVERAGE SKY COVER 0.1


WEATHER CONDITIONS
 THE FOLLOWING WEATHER WAS RECORDED YESTERDAY.
  THUNDERSTORM
  HEAVY RAIN
  LIGHT RAIN


RELATIVE HUMIDITY (PERCENT)
 HIGHEST    57           900 PM
 LOWEST     19           200 PM
 AVERAGE    38

..........................................................


THE BUFFALO WY CLIMATE NORMALS FOR TODAY
                         NORMAL    RECORD    YEAR
 MAXIMUM TEMPERATURE (F)   86        97      2006
 MINIMUM TEMPERATURE (F)   58        49      2015


SUNRISE AND SUNSET
JULY 27 2016..........SUNRISE   549 AM MDT   SUNSET   837 PM MDT
JULY 28 2016..........SUNRISE   550 AM MDT   SUNSET   836 PM MDT


-  INDICATES NEGATIVE NUMBERS.
R  INDICATES RECORD WAS SET OR TIED.
MM INDICATES DATA IS MISSING.
T  INDICATES TRACE AMOUNT.




$$
