000
CDUS45 KRIW 240107
CLIBYG


CLIMATE REPORT
NATIONAL WEATHER SERVICE RIVERTON WY
706 PM MDT THU MAR 23 2017


...................................

...THE BUFFALO WY CLIMATE SUMMARY FOR MARCH 23 2017...
VALID TODAY AS OF 0500 PM LOCAL TIME.

CLIMATE NORMAL PERIOD 1981 TO 2010
CLIMATE RECORD PERIOD 1998 TO 2017


WEATHER ITEM   OBSERVED TIME   RECORD YEAR NORMAL DEPARTURE LAST
                VALUE   (LST)  VALUE       VALUE  FROM      YEAR
                                                  NORMAL
..................................................................
TEMPERATURE (F)
 TODAY
  MAXIMUM         49        MM  76    2012  48      1       38
  MINIMUM         39        MM  10    2014  25     14       26
  AVERAGE         44

PRECIPITATION (IN)
  TODAY            0.44          0.45 2009   0.03   0.41      T
  MONTH TO DATE    0.83                      0.59   0.24     0.52
  SINCE MAR 1      0.83                      0.59   0.24     0.52
  SINCE JAN 1      1.26                      1.36  -0.10     1.11

DEGREE DAYS
 HEATING
  TODAY           21                        29     -8       33
  MONTH TO DATE  529                       730   -201      536
  SINCE MAR 1    529                       730   -201      536
  SINCE JUL 1   5371                      5970   -599     4927

 COOLING
  TODAY            0                         0      0        0
  MONTH TO DATE    0                         0      0        0
  SINCE MAR 1      0                         0      0        0
  SINCE JAN 1      0                         0      0        0
..................................................................


WIND (MPH)
  HIGHEST WIND SPEED    21   HIGHEST WIND DIRECTION    NW (330)
  HIGHEST GUST SPEED    33   HIGHEST GUST DIRECTION     N (340)
  AVERAGE WIND SPEED    15.0


SKY COVER
  POSSIBLE SUNSHINE  MM
  AVERAGE SKY COVER 1.0


WEATHER CONDITIONS
 THE FOLLOWING WEATHER WAS RECORDED TODAY.
  LIGHT RAIN
  FOG


RELATIVE HUMIDITY (PERCENT)
 HIGHEST    89           900 AM
 LOWEST     71          1200 AM
 AVERAGE    80

..........................................................


THE BUFFALO WY CLIMATE NORMALS FOR TOMORROW
                         NORMAL    RECORD    YEAR
 MAXIMUM TEMPERATURE (F)   48        70      2004
 MINIMUM TEMPERATURE (F)   25        10      2013


SUNRISE AND SUNSET
MARCH 23 2017.........SUNRISE   704 AM MDT   SUNSET   723 PM MDT
MARCH 24 2017.........SUNRISE   702 AM MDT   SUNSET   725 PM MDT


-  INDICATES NEGATIVE NUMBERS.
R  INDICATES RECORD WAS SET OR TIED.
MM INDICATES DATA IS MISSING.
T  INDICATES TRACE AMOUNT.




$$
