000
CDUS45 KRIW 160051
CLIBYG


CLIMATE REPORT
NATIONAL WEATHER SERVICE RIVERTON WY
650 PM MDT TUE APR 15 2014


...................................

...THE BUFFALO WY CLIMATE SUMMARY FOR APRIL 15 2014...
VALID TODAY AS OF 0500 PM LOCAL TIME.

CLIMATE NORMAL PERIOD 1981 TO 2010
CLIMATE RECORD PERIOD 1998 TO 2014


WEATHER ITEM   OBSERVED TIME   RECORD YEAR NORMAL DEPARTURE LAST
                VALUE   (LST)  VALUE       VALUE  FROM      YEAR
                                                  NORMAL
..................................................................
TEMPERATURE (F)
 TODAY
  MAXIMUM         59        MM  69    2006  54      5       29
  MINIMUM         33        MM  15    2013  32      1       15
  AVERAGE         46

PRECIPITATION (IN)
  TODAY            0.00          0.32 2002   0.03  -0.03      T
  MONTH TO DATE    0.53                      0.46   0.07     0.26
  SINCE MAR 1      1.14                      1.38  -0.24     0.34
  SINCE JAN 1      1.50                      2.15  -0.65     0.95

DEGREE DAYS
 HEATING
  TODAY           19                        22     -3       43
  MONTH TO DATE  384                       363     21      408
  SINCE MAR 1   1380                      1313     67     1343
  SINCE JUL 1   6624                      6553     71     6292

 COOLING
  TODAY            0                         0      0        0
  MONTH TO DATE    0                         0      0        0
  SINCE MAR 1      0                         0      0        0
  SINCE JAN 1      0                         0      0        0
..................................................................


WIND (MPH)
  HIGHEST WIND SPEED    13   HIGHEST WIND DIRECTION    SE (150)
  HIGHEST GUST SPEED    MM   HIGHEST GUST DIRECTION    MM
  AVERAGE WIND SPEED     6.0


SKY COVER
  POSSIBLE SUNSHINE  MM
  AVERAGE SKY COVER 0.4


WEATHER CONDITIONS
 THE FOLLOWING WEATHER WAS RECORDED TODAY.
  NO SIGNIFICANT WEATHER WAS OBSERVED.


RELATIVE HUMIDITY (PERCENT)
 HIGHEST    47           100 AM
 LOWEST     18          1100 AM
 AVERAGE    33

..........................................................


THE BUFFALO WY CLIMATE NORMALS FOR TOMORROW
                         NORMAL    RECORD    YEAR
 MAXIMUM TEMPERATURE (F)   54        74      2006
 MINIMUM TEMPERATURE (F)   33        20      2013


SUNRISE AND SUNSET
APRIL 15 2014.........SUNRISE   623 AM MDT   SUNSET   752 PM MDT
APRIL 16 2014.........SUNRISE   621 AM MDT   SUNSET   753 PM MDT


-  INDICATES NEGATIVE NUMBERS.
R  INDICATES RECORD WAS SET OR TIED.
MM INDICATES DATA IS MISSING.
T  INDICATES TRACE AMOUNT.




$$
