000
CDUS45 KRIW 280740
CLIBYG


CLIMATE REPORT
NATIONAL WEATHER SERVICE RIVERTON WY
138 AM MDT THU MAY 28 2015


...................................

...THE BUFFALO WY CLIMATE SUMMARY FOR MAY 27 2015...

CLIMATE NORMAL PERIOD 1981 TO 2010
CLIMATE RECORD PERIOD 1998 TO 2015


WEATHER ITEM   OBSERVED TIME   RECORD YEAR NORMAL DEPARTURE LAST
                VALUE   (LST)  VALUE       VALUE  FROM      YEAR
                                                  NORMAL
..................................................................
TEMPERATURE (F)
 YESTERDAY
  MAXIMUM         68    302 PM  84    2010  67      1       75
  MINIMUM         49    118 AM  33    2008  43      6       51
  AVERAGE         59                        55      4       63

PRECIPITATION (IN)
  YESTERDAY        0.06          0.18 2002   0.07  -0.01     0.01
  MONTH TO DATE    5.47                      2.21   3.26     1.64
  SINCE MAR 1      6.33                      4.43   1.90     3.36
  SINCE JAN 1      6.97                      5.20   1.77     3.72

DEGREE DAYS
 HEATING
  YESTERDAY        6                        11     -5        2
  MONTH TO DATE  440                       370     70      379
  SINCE MAR 1   1695                      1974   -279     2037
  SINCE JUL 1   6391                      7214   -823     7281

 COOLING
  YESTERDAY        0                         0      0        0
  MONTH TO DATE    0                         0      0        2
  SINCE MAR 1      0                         0      0        2
  SINCE JAN 1      0                         0      0        2
..................................................................


WIND (MPH)
  HIGHEST WIND SPEED    20   HIGHEST WIND DIRECTION     N (360)
  HIGHEST GUST SPEED    26   HIGHEST GUST DIRECTION     N (340)
  AVERAGE WIND SPEED     8.0


SKY COVER
  POSSIBLE SUNSHINE  MM
  AVERAGE SKY COVER 0.8


WEATHER CONDITIONS
 THE FOLLOWING WEATHER WAS RECORDED YESTERDAY.
  THUNDERSTORM
  LIGHT RAIN
  FOG


RELATIVE HUMIDITY (PERCENT)
 HIGHEST    86           200 AM
 LOWEST     52           100 PM
 AVERAGE    69

..........................................................


THE BUFFALO WY CLIMATE NORMALS FOR TODAY
                         NORMAL    RECORD    YEAR
 MAXIMUM TEMPERATURE (F)   67        90      2014
 MINIMUM TEMPERATURE (F)   43        36      2012
                                             2011


SUNRISE AND SUNSET
MAY 28 2015...........SUNRISE   528 AM MDT   SUNSET   841 PM MDT
MAY 29 2015...........SUNRISE   528 AM MDT   SUNSET   841 PM MDT


-  INDICATES NEGATIVE NUMBERS.
R  INDICATES RECORD WAS SET OR TIED.
MM INDICATES DATA IS MISSING.
T  INDICATES TRACE AMOUNT.




$$
