000
CDUS45 KRIW 050735
CLIBYG


CLIMATE REPORT
NATIONAL WEATHER SERVICE RIVERTON WY
134 AM MDT SAT SEP 5 2015


...................................

...THE BUFFALO WY CLIMATE SUMMARY FOR SEPTEMBER 4 2015...

CLIMATE NORMAL PERIOD 1981 TO 2010
CLIMATE RECORD PERIOD 1998 TO 2015


WEATHER ITEM   OBSERVED TIME   RECORD YEAR NORMAL DEPARTURE LAST
                VALUE   (LST)  VALUE       VALUE  FROM      YEAR
                                                  NORMAL
..................................................................
TEMPERATURE (F)
 YESTERDAY
  MAXIMUM         85    310 PM  98    1998  78      7       59
  MINIMUM         54    614 AM  40    1999  50      4       43
  AVERAGE         70                        64      6       51

PRECIPITATION (IN)
  YESTERDAY        0.00          0.59 1999   0.04  -0.04      T
  MONTH TO DATE    0.00                      0.14  -0.14     0.06
  SINCE SEP 1      0.00                      0.14  -0.14     0.06
  SINCE JAN 1     12.41                     10.41   2.00    10.27

DEGREE DAYS
 HEATING
  YESTERDAY        0                         4     -4       14
  MONTH TO DATE    0                        15    -15       28
  SINCE SEP 1      0                        15    -15       28
  SINCE JUL 1     79                        80     -1       87

 COOLING
  YESTERDAY        5                         3      2        0
  MONTH TO DATE   45                        13     32        4
  SINCE SEP 1     45                        13     32        4
  SINCE JAN 1    488                       459     29      338
..................................................................


WIND (MPH)
  HIGHEST WIND SPEED    22   HIGHEST WIND DIRECTION     N (340)
  HIGHEST GUST SPEED    28   HIGHEST GUST DIRECTION    NW (330)
  AVERAGE WIND SPEED     9.7


SKY COVER
  POSSIBLE SUNSHINE  MM
  AVERAGE SKY COVER 0.1


WEATHER CONDITIONS
 THE FOLLOWING WEATHER WAS RECORDED YESTERDAY.
  NO SIGNIFICANT WEATHER WAS OBSERVED.


RELATIVE HUMIDITY (PERCENT)
 HIGHEST    72          1000 PM
 LOWEST     24           300 PM
 AVERAGE    48

..........................................................


THE BUFFALO WY CLIMATE NORMALS FOR TODAY
                         NORMAL    RECORD    YEAR
 MAXIMUM TEMPERATURE (F)   77        95      2013
 MINIMUM TEMPERATURE (F)   50        38      2008


SUNRISE AND SUNSET
SEPTEMBER  5 2015.....SUNRISE   634 AM MDT   SUNSET   736 PM MDT
SEPTEMBER  6 2015.....SUNRISE   635 AM MDT   SUNSET   734 PM MDT


-  INDICATES NEGATIVE NUMBERS.
R  INDICATES RECORD WAS SET OR TIED.
MM INDICATES DATA IS MISSING.
T  INDICATES TRACE AMOUNT.




$$
