000
CDUS45 KRIW 270756
CLIBYG


CLIMATE REPORT
NATIONAL WEATHER SERVICE RIVERTON WY
130 AM MDT TUE SEP 27 2016


...................................

...THE BUFFALO WY CLIMATE SUMMARY FOR SEPTEMBER 26 2016...

CLIMATE NORMAL PERIOD 1981 TO 2010
CLIMATE RECORD PERIOD 1998 TO 2016


WEATHER ITEM   OBSERVED TIME   RECORD YEAR NORMAL DEPARTURE LAST
                VALUE   (LST)  VALUE       VALUE  FROM      YEAR
                                                  NORMAL
..................................................................
TEMPERATURE (F)
 YESTERDAY
  MAXIMUM         70    156 PM  94    2015  66      4       94
  MINIMUM         47    158 AM  29    1999  41      6       63
  AVERAGE         59                        53      6       79

PRECIPITATION (IN)
  YESTERDAY        0.00          0.63 2013   0.06  -0.06     0.00
  MONTH TO DATE    3.24                      1.08   2.16     0.10
  SINCE SEP 1      3.24                      1.08   2.16     0.10
  SINCE JAN 1      9.56                     11.35  -1.79    12.51

DEGREE DAYS
 HEATING
  YESTERDAY        6                        12     -6        0
  MONTH TO DATE  172                       195    -23       57
  SINCE SEP 1    172                       195    -23       57
  SINCE JUL 1    211                       260    -49      136

 COOLING
  YESTERDAY        0                         0      0       14
  MONTH TO DATE   30                        44    -14      106
  SINCE SEP 1     30                        44    -14      106
  SINCE JAN 1    624                       490    134      549
..................................................................


WIND (MPH)
  HIGHEST WIND SPEED    15   HIGHEST WIND DIRECTION    NW (330)
  HIGHEST GUST SPEED    19   HIGHEST GUST DIRECTION    NW (330)
  AVERAGE WIND SPEED     5.7


SKY COVER
  POSSIBLE SUNSHINE  MM
  AVERAGE SKY COVER 0.0


WEATHER CONDITIONS
 THE FOLLOWING WEATHER WAS RECORDED YESTERDAY.
  HAZE


RELATIVE HUMIDITY (PERCENT)
 HIGHEST    72           700 PM
 LOWEST     36           200 PM
 AVERAGE    54

..........................................................


THE BUFFALO WY CLIMATE NORMALS FOR TODAY
                         NORMAL    RECORD    YEAR
 MAXIMUM TEMPERATURE (F)   65        86      2001
 MINIMUM TEMPERATURE (F)   40        29      1999


SUNRISE AND SUNSET
SEPTEMBER 27 2016.....SUNRISE   701 AM MDT   SUNSET   654 PM MDT
SEPTEMBER 28 2016.....SUNRISE   702 AM MDT   SUNSET   652 PM MDT


-  INDICATES NEGATIVE NUMBERS.
R  INDICATES RECORD WAS SET OR TIED.
MM INDICATES DATA IS MISSING.
T  INDICATES TRACE AMOUNT.




$$
