000
CDUS45 KRIW 240735
CLIBYG


CLIMATE REPORT
NATIONAL WEATHER SERVICE RIVERTON WY
133 AM MDT SAT JUN 24 2017


...................................

...THE BUFFALO WY CLIMATE SUMMARY FOR JUNE 23 2017...

CLIMATE NORMAL PERIOD 1981 TO 2010
CLIMATE RECORD PERIOD 1998 TO 2017


WEATHER ITEM   OBSERVED TIME   RECORD YEAR NORMAL DEPARTURE LAST
                VALUE   (LST)  VALUE       VALUE  FROM      YEAR
                                                  NORMAL
..................................................................
TEMPERATURE (F)
 YESTERDAY
  MAXIMUM         65    348 PM  97    2007  78    -13       96
  MINIMUM         38R   438 AM  41    2009  51    -13       54
  AVERAGE         52                        64    -12       75

PRECIPITATION (IN)
  YESTERDAY        T             0.28 2004   0.07  -0.07     0.00
  MONTH TO DATE    1.14                      1.85  -0.71     0.20
  SINCE JUN 1      1.14                      1.85  -0.71     0.20
  SINCE JAN 1      9.42                      7.37   2.05     5.12

DEGREE DAYS
 HEATING
  YESTERDAY       13                         3     10        0
  MONTH TO DATE   70                       144    -74       12
  SINCE JUN 1     70                       144    -74       12
  SINCE JUL 1   6509                      7398   -889     5911

 COOLING
  YESTERDAY        0                         3     -3       10
  MONTH TO DATE   42                        29     13       90
  SINCE JUN 1     42                        29     13       90
  SINCE JAN 1     53                        36     17       95
..................................................................


WIND (MPH)
  HIGHEST WIND SPEED    25   HIGHEST WIND DIRECTION     N (350)
  HIGHEST GUST SPEED    36   HIGHEST GUST DIRECTION     N (350)
  AVERAGE WIND SPEED    10.6


SKY COVER
  POSSIBLE SUNSHINE  MM
  AVERAGE SKY COVER 0.3


WEATHER CONDITIONS
 THE FOLLOWING WEATHER WAS RECORDED YESTERDAY.
  LIGHT RAIN


RELATIVE HUMIDITY (PERCENT)
 HIGHEST    79           400 AM
 LOWEST     31           400 PM
 AVERAGE    55

..........................................................


THE BUFFALO WY CLIMATE NORMALS FOR TODAY
                         NORMAL    RECORD    YEAR
 MAXIMUM TEMPERATURE (F)   78       100      2012
 MINIMUM TEMPERATURE (F)   51        40      2003


SUNRISE AND SUNSET
JUNE 24 2017..........SUNRISE   524 AM MDT   SUNSET   855 PM MDT
JUNE 25 2017..........SUNRISE   524 AM MDT   SUNSET   855 PM MDT


-  INDICATES NEGATIVE NUMBERS.
R  INDICATES RECORD WAS SET OR TIED.
MM INDICATES DATA IS MISSING.
T  INDICATES TRACE AMOUNT.




$$
