000
CDUS45 KPIH 010735
CLIBYI


CLIMATE REPORT
NATIONAL WEATHER SERVICE POCATELLO ID
1234 AM MST SUN FEB 1 2015


...................................

...THE BURLEY ID CLIMATE SUMMARY FOR JANUARY 31 2015...

CLIMATE NORMAL PERIOD 1981 TO 2010
CLIMATE RECORD PERIOD 1948 TO 2015


WEATHER ITEM   OBSERVED TIME   RECORD YEAR NORMAL DEPARTURE LAST
                VALUE   (LST)  VALUE       VALUE  FROM      YEAR
                                                  NORMAL
..................................................................
TEMPERATURE (F)
 YESTERDAY
  MAXIMUM         43    336 PM  60    1992  36      7       37
  MINIMUM         24   1150 PM -23    1985  20      4       26
  AVERAGE         34                        28      6       32

PRECIPITATION (IN)
  YESTERDAY        0.00          0.61 1963   0.02  -0.02     0.00
  MONTH TO DATE    0.62                      0.91  -0.29     0.60
  SINCE OCT 1      2.67                      3.74  -1.07     1.21
  SINCE JAN 1      0.62                      0.91  -0.29     0.60

SNOWFALL (IN)
  YESTERDAY       MM
  MONTH TO DATE   MM
  SINCE DEC 1     MM
  SINCE JUL 1     MM
  SNOW DEPTH      MM

DEGREE DAYS
 HEATING
  YESTERDAY       31                        37     -6       33
  MONTH TO DATE 1040                      1185   -145     1051
  SINCE DEC 1   1917                      2378   -461     2322
  SINCE JUL 1   3298                      4066   -768     3890

 COOLING
  YESTERDAY        0                         0      0        0
  MONTH TO DATE    0                         0      0        0
  SINCE DEC 1      0                         0      0        0
  SINCE JAN 1      0                         0      0        0
..................................................................


WIND (MPH)
  HIGHEST WIND SPEED    18   HIGHEST WIND DIRECTION     W (280)
  HIGHEST GUST SPEED    25   HIGHEST GUST DIRECTION     W (290)
  AVERAGE WIND SPEED     7.6


SKY COVER
  POSSIBLE SUNSHINE  MM
  AVERAGE SKY COVER 0.5


WEATHER CONDITIONS
 THE FOLLOWING WEATHER WAS RECORDED YESTERDAY.
  NO SIGNIFICANT WEATHER WAS OBSERVED.


RELATIVE HUMIDITY (PERCENT)
 HIGHEST    92          1100 PM
 LOWEST     53           200 PM
 AVERAGE    73

..........................................................


THE BURLEY ID CLIMATE NORMALS FOR TODAY
                         NORMAL    RECORD    YEAR
 MAXIMUM TEMPERATURE (F)   36        57      1992
 MINIMUM TEMPERATURE (F)   20       -26      1985


SUNRISE AND SUNSET
FEBRUARY  1 2015......SUNRISE   749 AM MST   SUNSET   549 PM MST
FEBRUARY  2 2015......SUNRISE   748 AM MST   SUNSET   550 PM MST


-  INDICATES NEGATIVE NUMBERS.
R  INDICATES RECORD WAS SET OR TIED.
MM INDICATES DATA IS MISSING.
T  INDICATES TRACE AMOUNT.




$$
