000
CDUS45 KPIH 072325
CLIBYI


CLIMATE REPORT
NATIONAL WEATHER SERVICE POCATELLO ID
523 PM MDT TUE JUL 7 2015


...................................

...THE BURLEY ID CLIMATE SUMMARY FOR JULY 7 2015...
VALID TODAY AS OF 0500 PM LOCAL TIME.

CLIMATE NORMAL PERIOD 1981 TO 2010
CLIMATE RECORD PERIOD 1948 TO 2015


WEATHER ITEM   OBSERVED TIME   RECORD YEAR NORMAL DEPARTURE LAST
                VALUE   (LST)  VALUE       VALUE  FROM      YEAR
                                                  NORMAL
..................................................................
TEMPERATURE (F)
 TODAY
  MAXIMUM         89    324 PM 100    1989  84      5       91
  MINIMUM         60    505 AM  41    1971  53      7       56
  AVERAGE         75                        68      7       74

PRECIPITATION (IN)
  TODAY            0.00          0.01 1982   0.01  -0.01     0.00
  MONTH TO DATE    T                         0.08  -0.08      T
  SINCE OCT 1      7.22                      8.97  -1.75     7.37
  SINCE JAN 1      5.17                      6.14  -0.97     6.76

SNOWFALL (IN)
  TODAY           MM
  MONTH TO DATE   MM
  SINCE JUN 1     MM
  SINCE JUL 1     MM
  SNOW DEPTH       0

DEGREE DAYS
 HEATING
  TODAY            0                         1     -1        0
  MONTH TO DATE    0                         9     -9        0
  SINCE JUN 1     26                       143   -117      104
  SINCE JUL 1      0                         9     -9        0

 COOLING
  TODAY           10                         4      6        9
  MONTH TO DATE   77                        25     52       51
  SINCE JUN 1    225                        72    153       70
  SINCE JAN 1    230                        78    152       71
..................................................................


WIND (MPH)
  HIGHEST WIND SPEED    10   HIGHEST WIND DIRECTION     E (80)
  HIGHEST GUST SPEED    14   HIGHEST GUST DIRECTION    NW (330)
  AVERAGE WIND SPEED     5.2


SKY COVER
  POSSIBLE SUNSHINE  MM
  AVERAGE SKY COVER 0.0


WEATHER CONDITIONS
 THE FOLLOWING WEATHER WAS RECORDED TODAY.
  NO SIGNIFICANT WEATHER WAS OBSERVED.


RELATIVE HUMIDITY (PERCENT)
 HIGHEST    78           500 AM
 LOWEST     20           200 PM
 AVERAGE    49

..........................................................


THE BURLEY ID CLIMATE NORMALS FOR TOMORROW
                         NORMAL    RECORD    YEAR
 MAXIMUM TEMPERATURE (F)   84        99      1975
 MINIMUM TEMPERATURE (F)   53        33      1981


SUNRISE AND SUNSET
JULY  7 2015..........SUNRISE   605 AM MDT   SUNSET   915 PM MDT
JULY  8 2015..........SUNRISE   606 AM MDT   SUNSET   914 PM MDT


-  INDICATES NEGATIVE NUMBERS.
R  INDICATES RECORD WAS SET OR TIED.
MM INDICATES DATA IS MISSING.
T  INDICATES TRACE AMOUNT.




$$
