000
CDUS45 KPIH 200736
CLIBYI


CLIMATE REPORT
NATIONAL WEATHER SERVICE POCATELLO ID
135 AM MDT SUN AUG 20 2017


...................................

...THE BURLEY ID CLIMATE SUMMARY FOR AUGUST 19 2017...

CLIMATE NORMAL PERIOD 1981 TO 2010
CLIMATE RECORD PERIOD 1948 TO 2017


WEATHER ITEM   OBSERVED TIME   RECORD YEAR NORMAL DEPARTURE LAST
                VALUE   (LST)  VALUE       VALUE  FROM      YEAR
                                                  NORMAL
..................................................................
TEMPERATURE (F)
 YESTERDAY
  MAXIMUM         85    412 PM  98    1992  84      1       82
  MINIMUM         52    559 AM  40    1995  51      1       53
  AVERAGE         69                        68      1       68

PRECIPITATION (IN)
  YESTERDAY        0.00          0.64 1968   0.01  -0.01     0.00
  MONTH TO DATE    0.07                      0.22  -0.15     0.02
  SINCE OCT 1     13.26                      9.41   3.85     8.19
  SINCE JAN 1      8.47                      6.58   1.89     5.39

SNOWFALL (IN)
  YESTERDAY       MM
  MONTH TO DATE   MM
  SINCE JUN 1     MM
  SINCE JUL 1     MM
  SNOW DEPTH      MM

DEGREE DAYS
 HEATING
  YESTERDAY        0                         1     -1        0
  MONTH TO DATE    6                        12     -6       10
  SINCE JUN 1     83                       168    -85       86
  SINCE JUL 1      6                        34    -28       36

 COOLING
  YESTERDAY        4                         4      0        3
  MONTH TO DATE  102                        97      5       79
  SINCE JUN 1    454                       304    150      316
  SINCE JAN 1    459                       310    149      320
..................................................................


WIND (MPH)
  HIGHEST WIND SPEED    16   HIGHEST WIND DIRECTION    SW (240)
  HIGHEST GUST SPEED    21   HIGHEST GUST DIRECTION    SW (240)
  AVERAGE WIND SPEED     7.8


SKY COVER
  POSSIBLE SUNSHINE  MM
  AVERAGE SKY COVER 0.0


WEATHER CONDITIONS
 THE FOLLOWING WEATHER WAS RECORDED YESTERDAY.
  NO SIGNIFICANT WEATHER WAS OBSERVED.


RELATIVE HUMIDITY (PERCENT)
 HIGHEST    59           600 AM
 LOWEST     17           200 PM
 AVERAGE    38

..........................................................


THE BURLEY ID CLIMATE NORMALS FOR TODAY
                         NORMAL    RECORD    YEAR
 MAXIMUM TEMPERATURE (F)   84        98      1995
 MINIMUM TEMPERATURE (F)   51        34      1964


SUNRISE AND SUNSET
AUGUST 20 2017........SUNRISE   648 AM MDT   SUNSET   828 PM MDT
AUGUST 21 2017........SUNRISE   649 AM MDT   SUNSET   827 PM MDT


-  INDICATES NEGATIVE NUMBERS.
R  INDICATES RECORD WAS SET OR TIED.
MM INDICATES DATA IS MISSING.
T  INDICATES TRACE AMOUNT.




$$
