000
CDUS45 KPIH 230734
CLIBYI


CLIMATE REPORT
NATIONAL WEATHER SERVICE POCATELLO ID
1232 AM MST SUN NOV 23 2014


...................................

...THE BURLEY ID CLIMATE SUMMARY FOR NOVEMBER 22 2014...

CLIMATE NORMAL PERIOD 1981 TO 2010
CLIMATE RECORD PERIOD 1948 TO 2014


WEATHER ITEM   OBSERVED TIME   RECORD YEAR NORMAL DEPARTURE LAST
                VALUE   (LST)  VALUE       VALUE  FROM      YEAR
                                                  NORMAL
..................................................................
TEMPERATURE (F)
 YESTERDAY
  MAXIMUM         45   1028 AM  64    1954  42      3       36
  MINIMUM         34   1159 PM   0    1994  24     10       10
  AVERAGE         40                        33      7       23

PRECIPITATION (IN)
  YESTERDAY        0.46R         0.45 1996   0.03   0.43     0.00
  MONTH TO DATE    1.05                      0.66   0.39     0.19
  SINCE OCT 1      1.17                      1.42  -0.25     0.44
  SINCE JAN 1     11.09                      8.73   2.36     4.52

SNOWFALL (IN)
  YESTERDAY       MM
  MONTH TO DATE   MM
  SINCE SEP 1     MM
  SINCE JUL 1     MM
  SNOW DEPTH      MM

DEGREE DAYS
 HEATING
  YESTERDAY       25                        32     -7       42
  MONTH TO DATE  671                       608     63      567
  SINCE SEP 1   1174                      1359   -185     1316
  SINCE JUL 1   1204                      1416   -212     1316

 COOLING
  YESTERDAY        0                         0      0        0
  MONTH TO DATE    0                         0      0        0
  SINCE SEP 1     27                        21      6       54
  SINCE JAN 1    428                       365     63      642
..................................................................


WIND (MPH)
  HIGHEST WIND SPEED    31   HIGHEST WIND DIRECTION    SW (220)
  HIGHEST GUST SPEED    40   HIGHEST GUST DIRECTION     S (200)
  AVERAGE WIND SPEED    17.9


SKY COVER
  POSSIBLE SUNSHINE  MM
  AVERAGE SKY COVER 0.8


WEATHER CONDITIONS
 THE FOLLOWING WEATHER WAS RECORDED YESTERDAY.
  THUNDERSTORM
  RAIN
  LIGHT RAIN
  LIGHT SNOW
  FOG


RELATIVE HUMIDITY (PERCENT)
 HIGHEST    89          1100 AM
 LOWEST     62           200 AM
 AVERAGE    76

..........................................................


THE BURLEY ID CLIMATE NORMALS FOR TODAY
                         NORMAL    RECORD    YEAR
 MAXIMUM TEMPERATURE (F)   42        60      1995
 MINIMUM TEMPERATURE (F)   23        -6      1985


SUNRISE AND SUNSET
NOVEMBER 23 2014......SUNRISE   736 AM MST   SUNSET   507 PM MST
NOVEMBER 24 2014......SUNRISE   737 AM MST   SUNSET   506 PM MST


-  INDICATES NEGATIVE NUMBERS.
R  INDICATES RECORD WAS SET OR TIED.
MM INDICATES DATA IS MISSING.
T  INDICATES TRACE AMOUNT.




$$
