000
CDUS45 KPIH 282323
CLIBYI


CLIMATE REPORT
NATIONAL WEATHER SERVICE POCATELLO ID
523 PM MDT THU JUL 28 2016


...................................

...THE BURLEY ID CLIMATE SUMMARY FOR JULY 28 2016...
VALID TODAY AS OF 0500 PM LOCAL TIME.

CLIMATE NORMAL PERIOD 1981 TO 2010
CLIMATE RECORD PERIOD 1948 TO 2016


WEATHER ITEM   OBSERVED TIME   RECORD YEAR NORMAL DEPARTURE LAST
                VALUE   (LST)  VALUE       VALUE  FROM      YEAR
                                                  NORMAL
..................................................................
TEMPERATURE (F)
 TODAY
  MAXIMUM         92    312 PM 102    1995  87      5       74
  MINIMUM         53    547 AM  41    2015  55     -2       41
  AVERAGE         73                        71      2       58

PRECIPITATION (IN)
  TODAY            0.00          0.49 1956   0.01  -0.01     0.00
  MONTH TO DATE    0.24                      0.27  -0.03     1.10
  SINCE OCT 1      8.17                      9.16  -0.99     8.32
  SINCE JAN 1      5.37                      6.33  -0.96     6.27

SNOWFALL (IN)
  TODAY           MM
  MONTH TO DATE   MM
  SINCE JUN 1     MM
  SINCE JUL 1     MM
  SNOW DEPTH      MM

DEGREE DAYS
 HEATING
  TODAY            0                         0      0        7
  MONTH TO DATE   26                        20      6       16
  SINCE JUN 1     76                       154    -78       42
  SINCE JUL 1     26                        20      6       16

 COOLING
  TODAY            8                         6      2        0
  MONTH TO DATE  107                       142    -35      145
  SINCE JUN 1    207                       189     18      293
  SINCE JAN 1    211                       195     16      298
..................................................................


WIND (MPH)
  HIGHEST WIND SPEED    15   HIGHEST WIND DIRECTION     W (270)
  HIGHEST GUST SPEED    19   HIGHEST GUST DIRECTION    SW (240)
  AVERAGE WIND SPEED     4.3


SKY COVER
  POSSIBLE SUNSHINE  MM
  AVERAGE SKY COVER 0.0


WEATHER CONDITIONS
 THE FOLLOWING WEATHER WAS RECORDED TODAY.
  HAZE


RELATIVE HUMIDITY (PERCENT)
 HIGHEST    83           600 AM
 LOWEST     23           300 PM
 AVERAGE    53

..........................................................


THE BURLEY ID CLIMATE NORMALS FOR TOMORROW
                         NORMAL    RECORD    YEAR
 MAXIMUM TEMPERATURE (F)   87       101      2000
 MINIMUM TEMPERATURE (F)   55        41      2015
                                             1959


SUNRISE AND SUNSET
JULY 28 2016..........SUNRISE   624 AM MDT   SUNSET   859 PM MDT
JULY 29 2016..........SUNRISE   625 AM MDT   SUNSET   858 PM MDT


-  INDICATES NEGATIVE NUMBERS.
R  INDICATES RECORD WAS SET OR TIED.
MM INDICATES DATA IS MISSING.
T  INDICATES TRACE AMOUNT.




$$
