000
CDUS45 KPIH 220733
CLIBYI


CLIMATE REPORT
NATIONAL WEATHER SERVICE POCATELLO ID
133 AM MDT MON SEP 22 2014


...................................

...THE BURLEY ID CLIMATE SUMMARY FOR SEPTEMBER 21 2014...

CLIMATE NORMAL PERIOD 1981 TO 2010
CLIMATE RECORD PERIOD 1948 TO 2014


WEATHER ITEM   OBSERVED TIME   RECORD YEAR NORMAL DEPARTURE LAST
                VALUE   (LST)  VALUE       VALUE  FROM      YEAR
                                                  NORMAL
..................................................................
TEMPERATURE (F)
 YESTERDAY
  MAXIMUM         71    147 PM  90    1979  72     -1       82
  MINIMUM         48    512 AM  25    1983  41      7       50
  AVERAGE         60                        56      4       66

PRECIPITATION (IN)
  YESTERDAY        0.08          0.59 1998   0.02   0.06     0.00
  MONTH TO DATE    0.08                      0.36  -0.28     1.22
  SINCE OCT 1     10.17                      9.95   0.22     7.52
  SINCE JAN 1      9.56                      7.12   2.44     3.92

SNOWFALL (IN)
  YESTERDAY       MM
  MONTH TO DATE   MM
  SINCE SEP 1     MM
  SINCE JUL 1     MM
  SNOW DEPTH      MM

DEGREE DAYS
 HEATING
  YESTERDAY        5                         9     -4        0
  MONTH TO DATE   72                       118    -46       35
  SINCE SEP 1     72                       118    -46       35
  SINCE JUL 1    102                       175    -73       35

 COOLING
  YESTERDAY        0                         0      0        1
  MONTH TO DATE   19                        19      0       54
  SINCE SEP 1     19                        19      0       54
  SINCE JAN 1    420                       363     57      642
..................................................................


WIND (MPH)
  HIGHEST WIND SPEED    13   HIGHEST WIND DIRECTION    SW (210)
  HIGHEST GUST SPEED    17   HIGHEST GUST DIRECTION    SW (220)
  AVERAGE WIND SPEED     2.1


SKY COVER
  POSSIBLE SUNSHINE  MM
  AVERAGE SKY COVER 0.4


WEATHER CONDITIONS
 THE FOLLOWING WEATHER WAS RECORDED YESTERDAY.
  LIGHT RAIN
  FOG
  FOG W/VISIBILITY <= 1/4 MILE


RELATIVE HUMIDITY (PERCENT)
 HIGHEST    93           800 PM
 LOWEST     47          1200 PM
 AVERAGE    70

..........................................................


THE BURLEY ID CLIMATE NORMALS FOR TODAY
                         NORMAL    RECORD    YEAR
 MAXIMUM TEMPERATURE (F)   71        93      1992
 MINIMUM TEMPERATURE (F)   41        28      1956


SUNRISE AND SUNSET
SEPTEMBER 22 2014.....SUNRISE   722 AM MDT   SUNSET   732 PM MDT
SEPTEMBER 23 2014.....SUNRISE   724 AM MDT   SUNSET   730 PM MDT


-  INDICATES NEGATIVE NUMBERS.
R  INDICATES RECORD WAS SET OR TIED.
MM INDICATES DATA IS MISSING.
T  INDICATES TRACE AMOUNT.




$$
