000
CDUS45 KPIH 260730
CLIBYI


CLIMATE REPORT
NATIONAL WEATHER SERVICE POCATELLO ID
130 AM MDT SAT JUL 26 2014


...................................

...THE BURLEY ID CLIMATE SUMMARY FOR JULY 25 2014...

CLIMATE NORMAL PERIOD 1981 TO 2010
CLIMATE RECORD PERIOD 1948 TO 2014


WEATHER ITEM   OBSERVED TIME   RECORD YEAR NORMAL DEPARTURE LAST
                VALUE   (LST)  VALUE       VALUE  FROM      YEAR
                                                  NORMAL
..................................................................
TEMPERATURE (F)
 YESTERDAY
  MAXIMUM         82    516 PM 103    1994  87     -5       91
  MINIMUM         45R   445 AM  45    1964  55    -10       57
  AVERAGE         64                        71     -7       74

PRECIPITATION (IN)
  YESTERDAY        0.00          0.07 2003   0.01  -0.01     0.00
  MONTH TO DATE    0.01                      0.24  -0.23     0.03
  SINCE OCT 1      7.38                      9.13  -1.75     5.92
  SINCE JAN 1      6.77                      6.30   0.47     2.32

SNOWFALL (IN)
  YESTERDAY       MM
  MONTH TO DATE   MM
  SINCE JUN 1     MM
  SINCE JUL 1     MM
  SNOW DEPTH      MM

DEGREE DAYS
 HEATING
  YESTERDAY        1                         0      1        0
  MONTH TO DATE    3                        20    -17        0
  SINCE JUN 1    107                       154    -47      101
  SINCE JUL 1      3                        20    -17        0

 COOLING
  YESTERDAY        0                         6     -6        9
  MONTH TO DATE  207                       124     83      222
  SINCE JUN 1    226                       171     55      308
  SINCE JAN 1    227                       177     50      318
..................................................................


WIND (MPH)
  HIGHEST WIND SPEED    14   HIGHEST WIND DIRECTION     W (260)
  HIGHEST GUST SPEED    18   HIGHEST GUST DIRECTION     W (270)
  AVERAGE WIND SPEED     7.4


SKY COVER
  POSSIBLE SUNSHINE  MM
  AVERAGE SKY COVER 0.0


WEATHER CONDITIONS
 THE FOLLOWING WEATHER WAS RECORDED YESTERDAY.
  HAZE


RELATIVE HUMIDITY (PERCENT)
 HIGHEST    65           600 AM
 LOWEST     16           500 PM
 AVERAGE    41

..........................................................


THE BURLEY ID CLIMATE NORMALS FOR TODAY
                         NORMAL    RECORD    YEAR
 MAXIMUM TEMPERATURE (F)   87       103      1994
 MINIMUM TEMPERATURE (F)   55        45      1953


SUNRISE AND SUNSET
JULY 26 2014..........SUNRISE   621 AM MDT   SUNSET   901 PM MDT
JULY 27 2014..........SUNRISE   622 AM MDT   SUNSET   900 PM MDT


-  INDICATES NEGATIVE NUMBERS.
R  INDICATES RECORD WAS SET OR TIED.
MM INDICATES DATA IS MISSING.
T  INDICATES TRACE AMOUNT.




$$
