000
CDUS45 KPIH 190738
CLIBYI


CLIMATE REPORT
NATIONAL WEATHER SERVICE POCATELLO ID
1234 AM MST SUN NOV 19 2017


...................................

...THE BURLEY ID CLIMATE SUMMARY FOR NOVEMBER 18 2017...

CLIMATE NORMAL PERIOD 1981 TO 2010
CLIMATE RECORD PERIOD 1948 TO 2017


WEATHER ITEM   OBSERVED TIME   RECORD YEAR NORMAL DEPARTURE LAST
                VALUE   (LST)  VALUE       VALUE  FROM      YEAR
                                                  NORMAL
..................................................................
TEMPERATURE (F)
 YESTERDAY
  MAXIMUM         43    329 PM  65    2008  44     -1       46
  MINIMUM         27   1159 PM   6    2000  25      2       16
  AVERAGE         35                        34      1       31

PRECIPITATION (IN)
  YESTERDAY        0.00          0.74 1996   0.03  -0.03     0.00
  MONTH TO DATE    0.67                      0.53   0.14     0.01
  SINCE OCT 1      0.80                      1.29  -0.49     2.96
  SINCE JAN 1     10.99                      8.60   2.39    11.66

SNOWFALL (IN)
  YESTERDAY       MM
  MONTH TO DATE   MM
  SINCE SEP 1     MM
  SINCE JUL 1     MM
  SNOW DEPTH      MM

DEGREE DAYS
 HEATING
  YESTERDAY       30                        31     -1       34
  MONTH TO DATE  440                       482    -42      358
  SINCE SEP 1   1285                      1233     52     1018
  SINCE JUL 1   1291                      1290      1     1074

 COOLING
  YESTERDAY        0                         0      0        0
  MONTH TO DATE    0                         0      0        0
  SINCE SEP 1     68                        21     47       10
  SINCE JAN 1    601                       365    236      353
..................................................................


WIND (MPH)
  HIGHEST WIND SPEED    14   HIGHEST WIND DIRECTION     S (200)
  HIGHEST GUST SPEED    17   HIGHEST GUST DIRECTION    SW (210)
  AVERAGE WIND SPEED     7.2


SKY COVER
  POSSIBLE SUNSHINE  MM
  AVERAGE SKY COVER 0.0


WEATHER CONDITIONS
 THE FOLLOWING WEATHER WAS RECORDED YESTERDAY.
  NO SIGNIFICANT WEATHER WAS OBSERVED.


RELATIVE HUMIDITY (PERCENT)
 HIGHEST    84          1100 PM
 LOWEST     36           200 PM
 AVERAGE    60

..........................................................


THE BURLEY ID CLIMATE NORMALS FOR TODAY
                         NORMAL    RECORD    YEAR
 MAXIMUM TEMPERATURE (F)   44        67      1954
 MINIMUM TEMPERATURE (F)   25         7      2000


SUNRISE AND SUNSET
NOVEMBER 19 2017......SUNRISE   732 AM MST   SUNSET   509 PM MST
NOVEMBER 20 2017......SUNRISE   733 AM MST   SUNSET   508 PM MST


-  INDICATES NEGATIVE NUMBERS.
R  INDICATES RECORD WAS SET OR TIED.
MM INDICATES DATA IS MISSING.
T  INDICATES TRACE AMOUNT.




$$
