000
CDUS45 KTFX 260817
CLIBZN


CLIMATE REPORT
NATIONAL WEATHER SERVICE GREAT FALLS MT
216 AM MDT MON JUN 26 2017


...................................

...THE BOZEMAN/GALLATIN FIELD MT CLIMATE SUMMARY FOR JUNE 25 2017...

CLIMATE NORMAL PERIOD 1981 TO 2010
CLIMATE RECORD PERIOD 1935 TO 2017


WEATHER ITEM   OBSERVED TIME   RECORD YEAR NORMAL DEPARTURE LAST
                VALUE   (LST)  VALUE       VALUE  FROM      YEAR
                                                  NORMAL
..................................................................
TEMPERATURE (F)
 YESTERDAY
  MAXIMUM         82    613 PM  98    1974  81      1       76
  MINIMUM         43    402 AM  34    1953  48     -5       36
  AVERAGE         63                        64     -1       56

PRECIPITATION (IN)
  YESTERDAY        0.00          2.14 1969   0.06  -0.06     0.00
  MONTH TO DATE    2.14                      2.12   0.02     0.91
  SINCE OCT 1     11.02                     10.40   0.62     8.66
  SINCE JAN 1      7.69                      8.02  -0.33     5.81

SNOWFALL (IN)
  YESTERDAY        0.0           0.0  1998   0.0    0.0      0.0
                                      2001
                                      1994
  MONTH TO DATE    0.0                       0.3   -0.3      0.0
  SINCE JUN 1      0.0                       0.3   -0.3      0.0
  SINCE JUL 1     44.5                      40.2    4.3     25.7
  SNOW DEPTH       0

DEGREE DAYS
 HEATING
  YESTERDAY        2                         3     -1        9
  MONTH TO DATE  143                       129     14       95
  SINCE JUN 1    143                       129     14       95
  SINCE JUL 1   8108                      7546    562     7591

 COOLING
  YESTERDAY        0                         2     -2        0
  MONTH TO DATE   17                        26     -9       34
  SINCE JUN 1     17                        26     -9       34
  SINCE JAN 1     17                        30    -13       34
..................................................................


WIND (MPH)
  HIGHEST WIND SPEED    15   HIGHEST WIND DIRECTION     N (340)
  HIGHEST GUST SPEED    17   HIGHEST GUST DIRECTION     N (340)
  AVERAGE WIND SPEED     4.0


SKY COVER
  AVERAGE SKY COVER 0.0


WEATHER CONDITIONS
 THE FOLLOWING WEATHER WAS RECORDED YESTERDAY.
  NO SIGNIFICANT WEATHER WAS OBSERVED.


RELATIVE HUMIDITY (PERCENT)
 HIGHEST    76
 LOWEST     14
 AVERAGE    45

..........................................................


THE BOZEMAN/GALLATIN FIELD MT CLIMATE NORMALS FOR TODAY
                         NORMAL    RECORD    YEAR
 MAXIMUM TEMPERATURE (F)   81        96      1990
 MINIMUM TEMPERATURE (F)   48        32      1985


SUNRISE AND SUNSET
JUNE 26 2017..........SUNRISE   536 AM MDT   SUNSET   919 PM MDT
JUNE 27 2017..........SUNRISE   537 AM MDT   SUNSET   919 PM MDT


-  INDICATES NEGATIVE NUMBERS.
R  INDICATES RECORD WAS SET OR TIED.
MM INDICATES DATA IS MISSING.
T  INDICATES TRACE AMOUNT.




$$
