000
CDUS45 KTFX 230958
CLIBZN


CLIMATE REPORT
NATIONAL WEATHER SERVICE GREAT FALLS MT
358 AM MDT MON OCT 23 2017


...................................

...THE BOZEMAN/GALLATIN FIELD MT CLIMATE SUMMARY FOR OCTOBER 22 2017...

CLIMATE NORMAL PERIOD 1981 TO 2010
CLIMATE RECORD PERIOD 1935 TO 2017


WEATHER ITEM   OBSERVED TIME   RECORD YEAR NORMAL DEPARTURE LAST
                VALUE   (LST)  VALUE       VALUE  FROM      YEAR
                                                  NORMAL
..................................................................
TEMPERATURE (F)
 YESTERDAY
  MAXIMUM         62   1138 AM  76    2003  59      3       58
  MINIMUM         42   1217 AM  16    1961  29     13       35
  AVERAGE         52                        44      8       47

PRECIPITATION (IN)
  YESTERDAY        T             0.41 1955   0.03  -0.03      T
  MONTH TO DATE    0.34                      0.83  -0.49     1.69
  SINCE OCT 1      0.34                      0.83  -0.49     1.69
  SINCE JAN 1     10.44                     12.44  -2.00    11.58

SNOWFALL (IN)
  YESTERDAY        0.0           3.7  1975   0.1   -0.1      0.0
  MONTH TO DATE    0.3                       1.2   -0.9      3.0
  SINCE SEP 1      0.3                       1.5   -1.2      3.0
  SINCE JUL 1      0.3                       1.5   -1.2      3.0
  SNOW DEPTH       0

DEGREE DAYS
 HEATING
  YESTERDAY       13                        21     -8       18
  MONTH TO DATE  457                       383     74      416
  SINCE SEP 1    775                       621    154      723
  SINCE JUL 1    786                       688     98      832

 COOLING
  YESTERDAY        0                         0      0        0
  MONTH TO DATE    0                         0      0        0
  SINCE SEP 1     27                        22      5       10
  SINCE JAN 1    327                       368    -41      232
..................................................................


WIND (MPH)
  HIGHEST WIND SPEED    37   HIGHEST WIND DIRECTION     W (290)
  HIGHEST GUST SPEED    48   HIGHEST GUST DIRECTION     W (290)
  AVERAGE WIND SPEED    18.9


SKY COVER
  AVERAGE SKY COVER 0.7


WEATHER CONDITIONS
 THE FOLLOWING WEATHER WAS RECORDED YESTERDAY.
  LIGHT RAIN


RELATIVE HUMIDITY (PERCENT)
 HIGHEST    68
 LOWEST     36
 AVERAGE    52

..........................................................


THE BOZEMAN/GALLATIN FIELD MT CLIMATE NORMALS FOR TODAY
                         NORMAL    RECORD    YEAR
 MAXIMUM TEMPERATURE (F)   58        73      2007
                                             1948
 MINIMUM TEMPERATURE (F)   29         9      1975


SUNRISE AND SUNSET
OCTOBER 23 2017.......SUNRISE   753 AM MDT   SUNSET   624 PM MDT
OCTOBER 24 2017.......SUNRISE   754 AM MDT   SUNSET   623 PM MDT


-  INDICATES NEGATIVE NUMBERS.
R  INDICATES RECORD WAS SET OR TIED.
MM INDICATES DATA IS MISSING.
T  INDICATES TRACE AMOUNT.




$$
