000
CDUS45 KTFX 300839
CLIBZN


CLIMATE REPORT
NATIONAL WEATHER SERVICE GREAT FALLS MT
238 AM MDT SUN APR 30 2017


...................................

...THE BOZEMAN/GALLATIN FIELD MT CLIMATE SUMMARY FOR APRIL 29 2017...

CLIMATE NORMAL PERIOD 1981 TO 2010
CLIMATE RECORD PERIOD 1935 TO 2017


WEATHER ITEM   OBSERVED TIME   RECORD YEAR NORMAL DEPARTURE LAST
                VALUE   (LST)  VALUE       VALUE  FROM      YEAR
                                                  NORMAL
..................................................................
TEMPERATURE (F)
 YESTERDAY
  MAXIMUM         56    513 PM  82    2007  63     -7       56
                                      1992
  MINIMUM         28    546 AM  15    2005  34     -6       31
  AVERAGE         42                        49     -7       44

PRECIPITATION (IN)
  YESTERDAY        0.00          0.49 1937   0.07  -0.07     0.00
  MONTH TO DATE    1.97                      1.54   0.43     0.84
  SINCE OCT 1      7.15                      5.77   1.38     5.24
  SINCE JAN 1      3.82                      3.39   0.43     2.39

SNOWFALL (IN)
  YESTERDAY        0.0           4.0  1969   0.1   -0.1      0.0
  MONTH TO DATE    2.5                       7.3   -4.8       T
  SINCE MAR 1      4.3                      15.0  -10.7      2.1
  SINCE JUL 1     43.5                      37.3    6.2     25.7
  SNOW DEPTH       0

DEGREE DAYS
 HEATING
  YESTERDAY       23                        16      7       21
  MONTH TO DATE  635                       582     53      527
  SINCE MAR 1   1349                      1466   -117     1352
  SINCE JUL 1   7542                      7046    496     7037

 COOLING
  YESTERDAY        0                         0      0        0
  MONTH TO DATE    0                         0      0        0
  SINCE MAR 1      0                         0      0        0
  SINCE JAN 1      0                         0      0        0
..................................................................


WIND (MPH)
  HIGHEST WIND SPEED    15   HIGHEST WIND DIRECTION     S (200)
  HIGHEST GUST SPEED    20   HIGHEST GUST DIRECTION     S (200)
  AVERAGE WIND SPEED     5.3


SKY COVER
  AVERAGE SKY COVER 0.3


WEATHER CONDITIONS
 THE FOLLOWING WEATHER WAS RECORDED YESTERDAY.
  FOG


RELATIVE HUMIDITY (PERCENT)
 HIGHEST   100
 LOWEST     30
 AVERAGE    65

..........................................................


THE BOZEMAN/GALLATIN FIELD MT CLIMATE NORMALS FOR TODAY
                         NORMAL    RECORD    YEAR
 MAXIMUM TEMPERATURE (F)   64        81      1987
 MINIMUM TEMPERATURE (F)   35        14      1969


SUNRISE AND SUNSET
APRIL 30 2017.........SUNRISE   613 AM MDT   SUNSET   831 PM MDT
MAY  1 2017...........SUNRISE   612 AM MDT   SUNSET   833 PM MDT


-  INDICATES NEGATIVE NUMBERS.
R  INDICATES RECORD WAS SET OR TIED.
MM INDICATES DATA IS MISSING.
T  INDICATES TRACE AMOUNT.




$$
