000
CDUS45 KTFX 251010
CLIBZN


CLIMATE REPORT
NATIONAL WEATHER SERVICE GREAT FALLS MT
409 AM MDT SAT OCT 25 2014


...................................

...THE BOZEMAN/GALLATIN FIELD MT CLIMATE SUMMARY FOR OCTOBER 24 2014...

CLIMATE NORMAL PERIOD 1981 TO 2010
CLIMATE RECORD PERIOD 1935 TO 2014


WEATHER ITEM   OBSERVED TIME   RECORD YEAR NORMAL DEPARTURE
                VALUE   (LST)  VALUE       VALUE  FROM
                                                  NORMAL
...............................................................
TEMPERATURE (F)
 YESTERDAY
  MAXIMUM         57    141 AM  77    2007  58     -1
  MINIMUM         34   1102 PM   6    1975  28      6
  AVERAGE         46                        43      3

PRECIPITATION (IN)
  YESTERDAY        0.01          0.64 1989   0.03  -0.02
  MONTH TO DATE    0.38                      0.89  -0.51
  SINCE OCT 1      0.38                      0.89  -0.51
  SINCE JAN 1     13.99                     12.50   1.49

SNOWFALL (IN)
  YESTERDAY        0.0           2.0  1951   0.1   -0.1
  MONTH TO DATE    0.0                       1.3   -1.3
  SINCE SEP 1      T                         1.6   -1.6
  SINCE JUL 1      T                         1.6   -1.6
  SNOW DEPTH       0

DEGREE DAYS
 HEATING
  YESTERDAY       19                               -3
  MONTH TO DATE  386                              -41
  SINCE SEP 1    691                               26
  SINCE JUL 1    777                               45

 COOLING
  YESTERDAY        0                                0
  MONTH TO DATE    0                                0
  SINCE SEP 1      5                              -17
  SINCE JAN 1    187                             -181
...............................................................


WIND (MPH)
  HIGHEST WIND SPEED    21   HIGHEST WIND DIRECTION     W (250)
  HIGHEST GUST SPEED    26   HIGHEST GUST DIRECTION     W (260)
  AVERAGE WIND SPEED     6.1



WEATHER CONDITIONS
 THE FOLLOWING WEATHER WAS RECORDED YESTERDAY.
  LIGHT RAIN
  FOG


RELATIVE HUMIDITY (PERCENT)
 HIGHEST    92
 LOWEST     43
 AVERAGE    68

..........................................................


THE BOZEMAN/GALLATIN FIELD MT CLIMATE NORMALS FOR TODAY
                         NORMAL    RECORD    YEAR
 MAXIMUM TEMPERATURE (F)   57        76      1990
 MINIMUM TEMPERATURE (F)   28         9      1961


SUNRISE AND SUNSET
OCTOBER 25 2014.......SUNRISE   755 AM MDT   SUNSET   622 PM MDT
OCTOBER 26 2014.......SUNRISE   756 AM MDT   SUNSET   620 PM MDT


-  INDICATES NEGATIVE NUMBERS.
R  INDICATES RECORD WAS SET OR TIED.
MM INDICATES DATA IS MISSING.
T  INDICATES TRACE AMOUNT.




$$
