000
CDUS45 KTFX 262324
CLIBZN


CLIMATE REPORT
NATIONAL WEATHER SERVICE GREAT FALLS MT
424 PM MST THU FEB 26 2015


...................................

...THE BOZEMAN/GALLATIN FIELD MT CLIMATE SUMMARY FOR FEBRUARY 26 2015...
VALID TODAY AS OF 0400 PM LOCAL TIME.

CLIMATE NORMAL PERIOD 1981 TO 2010
CLIMATE RECORD PERIOD 1935 TO 2015


WEATHER ITEM   OBSERVED TIME   RECORD YEAR NORMAL DEPARTURE LAST
                VALUE   (LST)  VALUE       VALUE  FROM      YEAR
                                                  NORMAL
..................................................................
TEMPERATURE (F)
 TODAY
  MAXIMUM         22    248 PM  63    1950  43    -21       17
  MINIMUM         13    827 AM -26    1962  18     -5      -18
  AVERAGE         18                        30    -12        0

PRECIPITATION (IN)
  TODAY            0.01          0.18 1948   0.02  -0.01     0.00
  MONTH TO DATE    0.15                      0.39  -0.24     0.51
  SINCE OCT 1      2.30                      3.25  -0.95     1.85
  SINCE JAN 1      0.37                      0.87  -0.50     0.80

SNOWFALL (IN)
  TODAY            0.5           0.7  1948   0.2    0.3      0.0
  MONTH TO DATE    1.9                       4.5   -2.6     10.7
  SINCE DEC 1     14.8                      14.5    0.3     22.5
  SINCE JUL 1     30.4                      21.9    8.5     23.0
  SNOW DEPTH       1

DEGREE DAYS
 HEATING
  TODAY           47                        35     12       65
  MONTH TO DATE  815                       990   -175     1288
  SINCE DEC 1   3359                      3631   -272     3942
  SINCE JUL 1   5486                      5512    -26     5914

 COOLING
  TODAY            0                         0      0        0
  MONTH TO DATE    0                         0      0        0
  SINCE DEC 1      0                         0      0        0
  SINCE JAN 1      0                         0      0        0
..................................................................


WIND (MPH)
  HIGHEST WIND SPEED    12   HIGHEST WIND DIRECTION    SE (150)
  HIGHEST GUST SPEED    13   HIGHEST GUST DIRECTION    SE (150)
  AVERAGE WIND SPEED     4.1


SKY COVER
  AVERAGE SKY COVER 1.0


WEATHER CONDITIONS
 THE FOLLOWING WEATHER WAS RECORDED TODAY.
  LIGHT SNOW
  FOG


RELATIVE HUMIDITY (PERCENT)
 HIGHEST    88           400 AM
 LOWEST     62           100 PM
 AVERAGE    75

..........................................................


THE BOZEMAN/GALLATIN FIELD MT CLIMATE NORMALS FOR TOMORROW
                         NORMAL    RECORD    YEAR
 MAXIMUM TEMPERATURE (F)   43        59      1992
 MINIMUM TEMPERATURE (F)   18       -29      1962


SUNRISE AND SUNSET
FEBRUARY 26 2015......SUNRISE   709 AM MST   SUNSET   607 PM MST
FEBRUARY 27 2015......SUNRISE   707 AM MST   SUNSET   608 PM MST


-  INDICATES NEGATIVE NUMBERS.
R  INDICATES RECORD WAS SET OR TIED.
MM INDICATES DATA IS MISSING.
T  INDICATES TRACE AMOUNT.




$$
