000
CDUS45 KTFX 051038
CLIBZN


CLIMATE REPORT
NATIONAL WEATHER SERVICE GREAT FALLS MT
437 AM MDT SUN JUL 5 2015


...................................

...THE BOZEMAN/GALLATIN FIELD MT CLIMATE SUMMARY FOR JULY 4 2015...

CLIMATE NORMAL PERIOD 1981 TO 2010
CLIMATE RECORD PERIOD 1935 TO 2015


WEATHER ITEM   OBSERVED TIME   RECORD YEAR NORMAL DEPARTURE LAST
                VALUE   (LST)  VALUE       VALUE  FROM      YEAR
                                                  NORMAL
..................................................................
TEMPERATURE (F)
 YESTERDAY
  MAXIMUM         93    521 PM 102    2008  84      9       92
  MINIMUM         52    514 AM  34    1994  50      2       50
  AVERAGE         73                        67      6       71

PRECIPITATION (IN)
  YESTERDAY        0.00          0.56 1986   0.05  -0.05     0.06
  MONTH TO DATE    0.00                      0.19  -0.19     0.06
  SINCE OCT 1      8.49                     10.87  -2.38    10.11
  SINCE JAN 1      6.56                      8.49  -1.93     9.06

SNOWFALL (IN)
  YESTERDAY        0.0           0.0  1999   0.0    0.0      0.0
                                      1994
  MONTH TO DATE    0.0                       0.0    0.0      0.0
  SINCE JUN 1      0.0                       0.0    0.0      0.0
  SINCE JUL 1      0.0                       0.0    0.0      0.0
  SNOW DEPTH       0

DEGREE DAYS
 HEATING
  YESTERDAY        0                         2     -2        0
  MONTH TO DATE    0                         8     -8        6
  SINCE JUN 1     72                       149    -77      242
  SINCE JUL 1      0                         8     -8        6

 COOLING
  YESTERDAY        8                         4      4        6
  MONTH TO DATE   27                        14     13       13
  SINCE JUN 1     97                        52     45       13
  SINCE JAN 1     97                        56     41       13
..................................................................


WIND (MPH)
  HIGHEST WIND SPEED    15   HIGHEST WIND DIRECTION     S (170)
  HIGHEST GUST SPEED    19   HIGHEST GUST DIRECTION     S (180)
  AVERAGE WIND SPEED     6.9


SKY COVER
  AVERAGE SKY COVER 0.0


WEATHER CONDITIONS
 THE FOLLOWING WEATHER WAS RECORDED YESTERDAY.
  NO SIGNIFICANT WEATHER WAS OBSERVED.


RELATIVE HUMIDITY (PERCENT)
 HIGHEST    77
 LOWEST     17
 AVERAGE    47

..........................................................


THE BOZEMAN/GALLATIN FIELD MT CLIMATE NORMALS FOR TODAY
                         NORMAL    RECORD    YEAR
 MAXIMUM TEMPERATURE (F)   85       100      2007
 MINIMUM TEMPERATURE (F)   50        38      1999


SUNRISE AND SUNSET
JULY  5 2015..........SUNRISE   541 AM MDT   SUNSET   917 PM MDT
JULY  6 2015..........SUNRISE   542 AM MDT   SUNSET   917 PM MDT


-  INDICATES NEGATIVE NUMBERS.
R  INDICATES RECORD WAS SET OR TIED.
MM INDICATES DATA IS MISSING.
T  INDICATES TRACE AMOUNT.




$$
