000
CDUS45 KTFX 220902
CLIBZN


CLIMATE REPORT
NATIONAL WEATHER SERVICE GREAT FALLS MT
301 AM MDT TUE AUG 22 2017


...................................

...THE BOZEMAN/GALLATIN FIELD MT CLIMATE SUMMARY FOR AUGUST 21 2017...

CLIMATE NORMAL PERIOD 1981 TO 2010
CLIMATE RECORD PERIOD 1935 TO 2017


WEATHER ITEM   OBSERVED TIME   RECORD YEAR NORMAL DEPARTURE LAST
                VALUE   (LST)  VALUE       VALUE  FROM      YEAR
                                                  NORMAL
..................................................................
TEMPERATURE (F)
 YESTERDAY
  MAXIMUM         80    527 PM  98    2010  86     -6       89
  MINIMUM         42    444 AM  35    1945  48     -6       43
  AVERAGE         61                        67     -6       66

PRECIPITATION (IN)
  YESTERDAY        0.00          0.87 1986   0.04  -0.04     0.00
  MONTH TO DATE    0.12                      0.72  -0.60     1.11
  SINCE OCT 1     11.70                     12.52  -0.82    11.64
  SINCE JAN 1      8.37                     10.14  -1.77     8.79

SNOWFALL (IN)
  YESTERDAY        0.0           0.0  1999   0.0    0.0      0.0
                                      1994
  MONTH TO DATE    0.0                       0.0    0.0      0.0
  SINCE JUN 1      0.0                       0.0    0.0      0.0
  SINCE JUL 1      0.0                       0.0    0.0      0.0
  SNOW DEPTH       0

DEGREE DAYS
 HEATING
  YESTERDAY        4                         1      3        0
  MONTH TO DATE   11                        15     -4       26
  SINCE JUN 1    175                       184     -9      167
  SINCE JUL 1     11                        43    -32       68

 COOLING
  YESTERDAY        0                         4     -4        1
  MONTH TO DATE   33                       110    -77       37
  SINCE JUN 1    254                       314    -60      207
  SINCE JAN 1    254                       318    -64      207
..................................................................


WIND (MPH)
  HIGHEST WIND SPEED    10   HIGHEST WIND DIRECTION    SE (150)
  HIGHEST GUST SPEED    12   HIGHEST GUST DIRECTION     S (160)
  AVERAGE WIND SPEED     4.9


SKY COVER
  AVERAGE SKY COVER 0.0


WEATHER CONDITIONS
 THE FOLLOWING WEATHER WAS RECORDED YESTERDAY.
  HAZE


RELATIVE HUMIDITY (PERCENT)
 HIGHEST    70
 LOWEST     15
 AVERAGE    43

..........................................................


THE BOZEMAN/GALLATIN FIELD MT CLIMATE NORMALS FOR TODAY
                         NORMAL    RECORD    YEAR
 MAXIMUM TEMPERATURE (F)   86        98      1976
 MINIMUM TEMPERATURE (F)   48        34      1996


SUNRISE AND SUNSET
AUGUST 22 2017........SUNRISE   634 AM MDT   SUNSET   820 PM MDT
AUGUST 23 2017........SUNRISE   635 AM MDT   SUNSET   818 PM MDT


-  INDICATES NEGATIVE NUMBERS.
R  INDICATES RECORD WAS SET OR TIED.
MM INDICATES DATA IS MISSING.
T  INDICATES TRACE AMOUNT.




$$
