000
CDUS42 KCAE 032134
CLICAE


CLIMATE REPORT
NATIONAL WEATHER SERVICE COLUMBIA SC
533 PM EDT WED JUN 3 2015


...................................

...THE COLUMBIA METRO AIRPORT SC CLIMATE SUMMARY FOR JUNE 3 2015...
VALID TODAY AS OF 0500 PM LOCAL TIME.

CLIMATE NORMAL PERIOD 1981 TO 2010
CLIMATE RECORD PERIOD 1887 TO 2015


WEATHER ITEM   OBSERVED TIME   RECORD YEAR NORMAL DEPARTURE LAST
                VALUE   (LST)  VALUE       VALUE  FROM      YEAR
                                                  NORMAL
..................................................................
TEMPERATURE (F)
 TODAY
  MAXIMUM         80    409 PM 104    1951  88     -8       88
  MINIMUM         68    656 AM  49    1953  65      3       67
  AVERAGE         74                        76     -2       78

PRECIPITATION (IN)
  TODAY            0.01          1.94 1909   0.14  -0.13     0.00
  MONTH TO DATE    3.69                      0.41   3.28     0.00
  SINCE JUN 1      3.69                      0.41   3.28     0.00
  SINCE JAN 1     19.57                     16.92   2.65    18.96

SNOWFALL (IN)
  TODAY            0.0          MM      MM   0.0             0.0
  MONTH TO DATE    0.0                       0.0             0.0
  SINCE JUN 1      0.0                       0.0             0.0
  SINCE JUL 1      T                         1.5             4.2

DEGREE DAYS
 HEATING
  TODAY            0                         0      0        0
  MONTH TO DATE    0                         0      0        0
  SINCE JUN 1      0                         0      0        0
  SINCE JUL 1   2463                      2551    -88     2560

 COOLING
  TODAY            9                        12     -3       13
  MONTH TO DATE   36                        34      2       28
  SINCE JUN 1     36                        34      2       28
  SINCE JAN 1    457                       355    102      442
..................................................................


WIND (MPH)
  HIGHEST WIND SPEED    14   HIGHEST WIND DIRECTION     E (110)
  HIGHEST GUST SPEED    17   HIGHEST GUST DIRECTION    SE (130)
  AVERAGE WIND SPEED     5.8


SKY COVER
  AVERAGE SKY COVER 0.8


WEATHER CONDITIONS
 THE FOLLOWING WEATHER WAS RECORDED TODAY.
  LIGHT RAIN
  FOG
  HAZE


RELATIVE HUMIDITY (PERCENT)
 HIGHEST    87          1200 AM
 LOWEST     62           400 PM
 AVERAGE    75

..........................................................


THE COLUMBIA METRO AIRPORT SC CLIMATE NORMALS FOR TOMORROW
                         NORMAL    RECORD    YEAR
 MAXIMUM TEMPERATURE (F)   88       100      1985
 MINIMUM TEMPERATURE (F)   66        52      1988
                                             1969
                                             1956


SUNRISE AND SUNSET
JUNE  3 2015..........SUNRISE   614 AM EDT   SUNSET   831 PM EDT
JUNE  4 2015..........SUNRISE   614 AM EDT   SUNSET   832 PM EDT


-  INDICATES NEGATIVE NUMBERS.
R  INDICATES RECORD WAS SET OR TIED.
MM INDICATES DATA IS MISSING.
T  INDICATES TRACE AMOUNT.




$$
