000
CDUS42 KCAE 140642
CLICAE


CLIMATE REPORT
NATIONAL WEATHER SERVICE COLUMBIA SC
241 AM EDT MON JUL 14 2014


...................................

...THE COLUMBIA METRO AIRPORT SC CLIMATE SUMMARY FOR JULY 13 2014...

CLIMATE NORMAL PERIOD 1981 TO 2010
CLIMATE RECORD PERIOD 1887 TO 2014


WEATHER ITEM   OBSERVED TIME   RECORD YEAR NORMAL DEPARTURE LAST
                VALUE   (LST)  VALUE       VALUE  FROM      YEAR
                                                  NORMAL
..................................................................
TEMPERATURE (F)
 YESTERDAY
  MAXIMUM         94    349 PM 104    1986  93      1       85
  MINIMUM         73    613 AM  57    1898  72      1       72
  AVERAGE         84                        82      2       79

PRECIPITATION (IN)
  YESTERDAY        0.00          3.05 1935   0.17  -0.17     0.82
  MONTH TO DATE    1.51                      2.13  -0.62     4.94
  SINCE JUN 1      2.92                      6.82  -3.90    11.11
  SINCE JAN 1     21.88                     23.33  -1.45    29.73

SNOWFALL (IN)
  YESTERDAY        0.0          MM      MM   0.0             0.0
  MONTH TO DATE    0.0                       0.0             0.0
  SINCE JUN 1      0.0                       0.0             0.0
  SINCE JUL 1      0.0                       0.0             0.0

DEGREE DAYS
 HEATING
  YESTERDAY        0                         0      0        0
  MONTH TO DATE    0                         0      0        0
  SINCE JUN 1      0                         1     -1        0
  SINCE JUL 1      0                         0      0        0

 COOLING
  YESTERDAY       19                        17      2       14
  MONTH TO DATE  242                       221     21      193
  SINCE JUN 1    762                       645    117      627
  SINCE JAN 1   1176                       966    210      947
..................................................................


WIND (MPH)
  HIGHEST WIND SPEED    12   HIGHEST WIND DIRECTION    SE (130)
  HIGHEST GUST SPEED    14   HIGHEST GUST DIRECTION    SE (120)
  AVERAGE WIND SPEED     3.9


SKY COVER
  AVERAGE SKY COVER 0.5


WEATHER CONDITIONS
 THE FOLLOWING WEATHER WAS RECORDED YESTERDAY.
  NO SIGNIFICANT WEATHER WAS OBSERVED.


RELATIVE HUMIDITY (PERCENT)
 HIGHEST    87           300 AM
 LOWEST     41           100 PM
 AVERAGE    64

..........................................................


THE COLUMBIA METRO AIRPORT SC CLIMATE NORMALS FOR TODAY
                         NORMAL    RECORD    YEAR
 MAXIMUM TEMPERATURE (F)   93       103      1983
                                             1954
 MINIMUM TEMPERATURE (F)   72        62      2001
                                             1891


SUNRISE AND SUNSET
JULY 14 2014..........SUNRISE   624 AM EDT   SUNSET   837 PM EDT
JULY 15 2014..........SUNRISE   624 AM EDT   SUNSET   836 PM EDT


-  INDICATES NEGATIVE NUMBERS.
R  INDICATES RECORD WAS SET OR TIED.
MM INDICATES DATA IS MISSING.
T  INDICATES TRACE AMOUNT.




$$
