000
CDUS42 KCAE 190540
CLICAE


CLIMATE REPORT
NATIONAL WEATHER SERVICE COLUMBIA SC
1239 AM EST THU JAN 19 2017


...................................

...THE COLUMBIA METRO AIRPORT SC CLIMATE SUMMARY FOR JANUARY 18 2017...

CLIMATE NORMAL PERIOD 1981 TO 2010
CLIMATE RECORD PERIOD 1887 TO 2017


WEATHER ITEM   OBSERVED TIME   RECORD YEAR NORMAL DEPARTURE LAST
                VALUE   (LST)  VALUE       VALUE  FROM      YEAR
                                                  NORMAL
..................................................................
TEMPERATURE (F)
 YESTERDAY
  MAXIMUM         80R   340 PM  77    1952  56     24       48
                                      1937
                                      1928
  MINIMUM         50   1147 PM  14    1977  34     16       27
  AVERAGE         65                        45     20       38

PRECIPITATION (IN)
  YESTERDAY        0.00          2.93 1892   0.11  -0.11     0.00
  MONTH TO DATE    4.53                      2.04   2.49     1.08
  SINCE DEC 1      7.88                      5.26   2.62     7.53
  SINCE JAN 1      4.53                      2.04   2.49     1.08

SNOWFALL (IN)
  YESTERDAY        0.0           0.1  1992   0.0             0.0
  MONTH TO DATE    0.1                       0.5             0.0
  SINCE DEC 1      0.1                       0.6             0.0
  SINCE JUL 1      0.1                       0.6             0.0

DEGREE DAYS
 HEATING
  YESTERDAY        0                        20    -20       27
  MONTH TO DATE  210                       373   -163      354
  SINCE DEC 1    679                       942   -263      554
  SINCE JUL 1    981                      1383   -402      824

 COOLING
  YESTERDAY        0                         0      0        0
  MONTH TO DATE    2                         0      2        0
  SINCE DEC 1      5                         3      2       59
  SINCE JAN 1      2                         0      2        0
..................................................................


WIND (MPH)
  HIGHEST WIND SPEED    24   HIGHEST WIND DIRECTION     W (270)
  HIGHEST GUST SPEED    31   HIGHEST GUST DIRECTION     W (260)
  AVERAGE WIND SPEED     9.8


SKY COVER
  AVERAGE SKY COVER 0.5


WEATHER CONDITIONS
 THE FOLLOWING WEATHER WAS RECORDED YESTERDAY.
  NO SIGNIFICANT WEATHER WAS OBSERVED.


RELATIVE HUMIDITY (PERCENT)
 HIGHEST    84           800 AM
 LOWEST     32           400 PM
 AVERAGE    58

..........................................................


THE COLUMBIA METRO AIRPORT SC CLIMATE NORMALS FOR TODAY
                         NORMAL    RECORD    YEAR
 MAXIMUM TEMPERATURE (F)   56        76      2001
 MINIMUM TEMPERATURE (F)   34        10      1976


SUNRISE AND SUNSET
JANUARY 19 2017.......SUNRISE   728 AM EST   SUNSET   543 PM EST
JANUARY 20 2017.......SUNRISE   728 AM EST   SUNSET   544 PM EST


-  INDICATES NEGATIVE NUMBERS.
R  INDICATES RECORD WAS SET OR TIED.
MM INDICATES DATA IS MISSING.
T  INDICATES TRACE AMOUNT.




$$
