000
CDUS42 KCAE 242135
CLICAE


CLIMATE REPORT
NATIONAL WEATHER SERVICE COLUMBIA SC
533 PM EDT MON APR 24 2017


...................................

...THE COLUMBIA METRO AIRPORT SC CLIMATE SUMMARY FOR APRIL 24 2017...
VALID TODAY AS OF 0500 PM LOCAL TIME.

CLIMATE NORMAL PERIOD 1981 TO 2010
CLIMATE RECORD PERIOD 1887 TO 2017


WEATHER ITEM   OBSERVED TIME   RECORD YEAR NORMAL DEPARTURE LAST
                VALUE   (LST)  VALUE       VALUE  FROM      YEAR
                                                  NORMAL
..................................................................
TEMPERATURE (F)
 TODAY
  MAXIMUM         64   1124 AM  94    1925  78    -14       81
  MINIMUM         59    310 AM  30    1986  53      6       53
  AVERAGE         62                        66     -4       67

PRECIPITATION (IN)
  TODAY            0.79          1.19 1937   0.08   0.71     0.00
  MONTH TO DATE    6.08                      2.10   3.98     2.80
  SINCE MAR 1      8.46                      5.83   2.63     4.68
  SINCE JAN 1     17.10                     13.02   4.08    11.31

SNOWFALL (IN)
  TODAY            0.0          MM      MM   0.0             0.0
  MONTH TO DATE    0.0                       0.0             0.0
  SINCE MAR 1      T                         0.1             0.0
  SINCE JUL 1      0.1                       1.5              T

DEGREE DAYS
 HEATING
  TODAY            3                         3      0        0
  MONTH TO DATE   37                       109    -72       75
  SINCE MAR 1    311                       419   -108      222
  SINCE JUL 1   1652                      2518   -866     1785

 COOLING
  TODAY            0                         3     -3        2
  MONTH TO DATE  113                        51     62       43
  SINCE MAR 1    162                        69     93      116
  SINCE JAN 1    180                        73    107      120
..................................................................


WIND (MPH)
  HIGHEST WIND SPEED    15   HIGHEST WIND DIRECTION    NE (50)
  HIGHEST GUST SPEED    21   HIGHEST GUST DIRECTION    NE (40)
  AVERAGE WIND SPEED     6.6


SKY COVER
  AVERAGE SKY COVER 0.9


WEATHER CONDITIONS
 THE FOLLOWING WEATHER WAS RECORDED TODAY.
  HEAVY RAIN
  RAIN
  LIGHT RAIN
  FOG


RELATIVE HUMIDITY (PERCENT)
 HIGHEST   100           100 AM
 LOWEST     84           900 AM
 AVERAGE    92

..........................................................


THE COLUMBIA METRO AIRPORT SC CLIMATE NORMALS FOR TOMORROW
                         NORMAL    RECORD    YEAR
 MAXIMUM TEMPERATURE (F)   79        93      1960
 MINIMUM TEMPERATURE (F)   53        35      1974


SUNRISE AND SUNSET
APRIL 24 2017.........SUNRISE   643 AM EDT   SUNSET   803 PM EDT
APRIL 25 2017.........SUNRISE   642 AM EDT   SUNSET   804 PM EDT


-  INDICATES NEGATIVE NUMBERS.
R  INDICATES RECORD WAS SET OR TIED.
MM INDICATES DATA IS MISSING.
T  INDICATES TRACE AMOUNT.




$$
