000
CDUS42 KCAE 040631
CLICAE


CLIMATE REPORT
NATIONAL WEATHER SERVICE COLUMBIA SC
231 AM EDT TUE AUG 4 2015


...................................

...THE COLUMBIA METRO AIRPORT SC CLIMATE SUMMARY FOR AUGUST 3 2015...

CLIMATE NORMAL PERIOD 1981 TO 2010
CLIMATE RECORD PERIOD 1887 TO 2015


WEATHER ITEM   OBSERVED TIME   RECORD YEAR NORMAL DEPARTURE LAST
                VALUE   (LST)  VALUE       VALUE  FROM      YEAR
                                                  NORMAL
..................................................................
TEMPERATURE (F)
 YESTERDAY
  MAXIMUM         94    411 PM 103    2011  92      2       86
  MINIMUM         74    632 AM  61    1985  72      2       71
  AVERAGE         84                        82      2       79

PRECIPITATION (IN)
  YESTERDAY        0.00          3.15 1961   0.19  -0.19     0.00
  MONTH TO DATE    T                         0.58  -0.58     0.48
  SINCE JUN 1     10.32                     10.73  -0.41     4.72
  SINCE JAN 1     26.20                     27.24  -1.04    23.68

SNOWFALL (IN)
  YESTERDAY        0.0          MM      MM   0.0             0.0
  MONTH TO DATE    0.0                       0.0             0.0
  SINCE JUN 1      0.0                       0.0             0.0
  SINCE JUL 1      0.0                       0.0             0.0

DEGREE DAYS
 HEATING
  YESTERDAY        0                         0      0        0
  MONTH TO DATE    0                         0      0        0
  SINCE JUN 1      0                         1     -1        0
  SINCE JUL 1      0                         0      0        0

 COOLING
  YESTERDAY       19                        17      2       14
  MONTH TO DATE   63                        51     12       35
  SINCE JUN 1   1239                      1007    232     1122
  SINCE JAN 1   1660                      1328    332     1536
..................................................................


WIND (MPH)
  HIGHEST WIND SPEED    20   HIGHEST WIND DIRECTION    SE (120)
  HIGHEST GUST SPEED    25   HIGHEST GUST DIRECTION    SE (130)
  AVERAGE WIND SPEED     5.9


SKY COVER
  AVERAGE SKY COVER 0.5


WEATHER CONDITIONS
 THE FOLLOWING WEATHER WAS RECORDED YESTERDAY.
  FOG
  HAZE


RELATIVE HUMIDITY (PERCENT)
 HIGHEST    87           300 AM
 LOWEST     39           400 PM
 AVERAGE    63

..........................................................


THE COLUMBIA METRO AIRPORT SC CLIMATE NORMALS FOR TODAY
                         NORMAL    RECORD    YEAR
 MAXIMUM TEMPERATURE (F)   92       101      1954
                                             1935
 MINIMUM TEMPERATURE (F)   72        57      1985


SUNRISE AND SUNSET
AUGUST  4 2015........SUNRISE   638 AM EDT   SUNSET   823 PM EDT
AUGUST  5 2015........SUNRISE   639 AM EDT   SUNSET   822 PM EDT


-  INDICATES NEGATIVE NUMBERS.
R  INDICATES RECORD WAS SET OR TIED.
MM INDICATES DATA IS MISSING.
T  INDICATES TRACE AMOUNT.




$$
