000
CDUS42 KCAE 010637
CLICAE


CLIMATE REPORT
NATIONAL WEATHER SERVICE COLUMBIA SC
236 AM EDT WED JUL 1 2015


...................................

...THE COLUMBIA METRO AIRPORT SC CLIMATE SUMMARY FOR JUNE 30 2015...

CLIMATE NORMAL PERIOD 1981 TO 2010
CLIMATE RECORD PERIOD 1887 TO 2015


WEATHER ITEM   OBSERVED TIME   RECORD YEAR NORMAL DEPARTURE LAST
                VALUE   (LST)  VALUE       VALUE  FROM      YEAR
                                                  NORMAL
..................................................................
TEMPERATURE (F)
 YESTERDAY
  MAXIMUM         94    231 PM 109    2012  92      2       93
  MINIMUM         70    356 PM  55    1962  71     -1       72
  AVERAGE         82                        81      1       83

PRECIPITATION (IN)
  YESTERDAY        0.85          1.59 1891   0.16   0.69     0.30
  MONTH TO DATE    8.79                      4.69   4.10     1.41
  SINCE JUN 1      8.79                      4.69   4.10     1.41
  SINCE JAN 1     24.67                     21.20   3.47    20.37

SNOWFALL (IN)
  YESTERDAY        0.0          MM      MM   0.0             0.0
  MONTH TO DATE    0.0                       0.0             0.0
  SINCE JUN 1      0.0                       0.0             0.0
  SINCE JUL 1      T                         1.5             4.2

DEGREE DAYS
 HEATING
  YESTERDAY        0                         0      0        0
  MONTH TO DATE    0                         0      0        0
  SINCE JUN 1      0                         1     -1        0
  SINCE JUL 1   2463                      2552    -89     2560

 COOLING
  YESTERDAY       17                        16      1       18
  MONTH TO DATE  537                       424    113      520
  SINCE JUN 1    537                       424    113      520
  SINCE JAN 1    958                       745    213      934
..................................................................


WIND (MPH)
  HIGHEST WIND SPEED    46   HIGHEST WIND DIRECTION     W (260)
  HIGHEST GUST SPEED    55   HIGHEST GUST DIRECTION     W (260)
  AVERAGE WIND SPEED     6.6


SKY COVER
  AVERAGE SKY COVER 0.4


WEATHER CONDITIONS
 THE FOLLOWING WEATHER WAS RECORDED YESTERDAY.
  THUNDERSTORM
  HEAVY RAIN
  RAIN
  LIGHT RAIN
  FOG


RELATIVE HUMIDITY (PERCENT)
 HIGHEST    93          1100 PM
 LOWEST     39           200 PM
 AVERAGE    66

..........................................................


THE COLUMBIA METRO AIRPORT SC CLIMATE NORMALS FOR TODAY
                         NORMAL    RECORD    YEAR
 MAXIMUM TEMPERATURE (F)   92       106      2012
 MINIMUM TEMPERATURE (F)   71        58      1955


SUNRISE AND SUNSET
JULY  1 2015..........SUNRISE   617 AM EDT   SUNSET   840 PM EDT
JULY  2 2015..........SUNRISE   617 AM EDT   SUNSET   840 PM EDT


-  INDICATES NEGATIVE NUMBERS.
R  INDICATES RECORD WAS SET OR TIED.
MM INDICATES DATA IS MISSING.
T  INDICATES TRACE AMOUNT.




$$
