000
CDUS45 KGJT 290735
CLICAG


CLIMATE REPORT
NATIONAL WEATHER SERVICE GRAND JUNCTION CO
132 AM MDT FRI AUG 29 2014


...................................

...THE CRAIG CO CLIMATE SUMMARY FOR AUGUST 28 2014...

CLIMATE NORMAL PERIOD 1981 TO 2010
CLIMATE RECORD PERIOD 9999 TO 9999


WEATHER ITEM   OBSERVED TIME   RECORD YEAR NORMAL DEPARTURE LAST
                VALUE   (LST)  VALUE       VALUE  FROM      YEAR
                                                  NORMAL
..................................................................
TEMPERATURE (F)
 YESTERDAY
  MAXIMUM         73    504 PM  MM      MM  81     -8       90
  MINIMUM         50   1159 PM  MM      MM  43      7       50
  AVERAGE         62                        62      0       70

PRECIPITATION (IN)
  YESTERDAY        0.10         MM      MM   0.06   0.04     0.00
  MONTH TO DATE    3.69                      1.24   2.45     0.39
  SINCE JUN 1      5.56                      3.72   1.84     0.86
  SINCE JAN 1      9.88                      9.91  -0.03     6.11

SNOWFALL (IN)
  YESTERDAY       MM            MM      MM  MM     MM       MM
  MONTH TO DATE   MM                        MM     MM       MM
  SINCE JUN 1     MM                        MM     MM       MM
  SINCE JUL 1     MM                        MM     MM       MM
  SNOW DEPTH      MM

DEGREE DAYS
 HEATING
  YESTERDAY        3                         3      0        0
  MONTH TO DATE   48                        41      7        5
  SINCE JUN 1    278                       241     37       93
  SINCE JUL 1     92                        66     26        5

 COOLING
  YESTERDAY        0                         0      0        5
  MONTH TO DATE   29                        51    -22       83
  SINCE JUN 1     70                       140    -70      315
  SINCE JAN 1     70                       140    -70      315
..................................................................


WIND (MPH)
  HIGHEST WIND SPEED    14   HIGHEST WIND DIRECTION     W (270)
  HIGHEST GUST SPEED    19   HIGHEST GUST DIRECTION     W (270)
  AVERAGE WIND SPEED     5.1


SKY COVER
  POSSIBLE SUNSHINE  MM
  AVERAGE SKY COVER 0.5


WEATHER CONDITIONS
 THE FOLLOWING WEATHER WAS RECORDED YESTERDAY.
  RAIN
  LIGHT RAIN
  FOG


RELATIVE HUMIDITY (PERCENT)
 HIGHEST    96           400 AM
 LOWEST     41           400 PM
 AVERAGE    69

..........................................................


THE CRAIG CO CLIMATE NORMALS FOR TODAY
                         NORMAL    RECORD    YEAR
 MAXIMUM TEMPERATURE (F)   80        MM        MM
 MINIMUM TEMPERATURE (F)   43        MM        MM


SUNRISE AND SUNSET
AUGUST 29 2014........SUNRISE   635 AM MDT   SUNSET   747 PM MDT
AUGUST 30 2014........SUNRISE   635 AM MDT   SUNSET   745 PM MDT


-  INDICATES NEGATIVE NUMBERS.
R  INDICATES RECORD WAS SET OR TIED.
MM INDICATES DATA IS MISSING.
T  INDICATES TRACE AMOUNT.




$$
