000
CDUS45 KGJT 010825
CLICAG


CLIMATE REPORT
NATIONAL WEATHER SERVICE GRAND JUNCTION CO
130 AM MDT TUE SEP 1 2015


...................................

...THE CRAIG CO CLIMATE SUMMARY FOR AUGUST 31 2015...

CLIMATE NORMAL PERIOD 1981 TO 2010
CLIMATE RECORD PERIOD 9999 TO 9999


WEATHER ITEM   OBSERVED TIME   RECORD YEAR NORMAL DEPARTURE LAST
                VALUE   (LST)  VALUE       VALUE  FROM      YEAR
                                                  NORMAL
..................................................................
TEMPERATURE (F)
 YESTERDAY
  MAXIMUM         80    100 PM  MM      MM  80      0       71
  MINIMUM         50   1155 PM  MM      MM  43      7       46
  AVERAGE         65                        61      4       59

PRECIPITATION (IN)
  YESTERDAY        0.07         MM      MM   0.05   0.02     0.12
  MONTH TO DATE    1.45                      1.39   0.06     3.83
  SINCE JUN 1      3.60                      3.87  -0.27     5.70
  SINCE JAN 1     10.82                     10.06   0.76    10.02

SNOWFALL (IN)
  YESTERDAY       MM            MM      MM  MM     MM       MM
  MONTH TO DATE   MM                        MM     MM       MM
  SINCE JUN 1     MM                        MM     MM       MM
  SINCE JUL 1     MM                        MM     MM       MM
  SNOW DEPTH      MM

DEGREE DAYS
 HEATING
  YESTERDAY        0                         4     -4        6
  MONTH TO DATE   27                        53    -26       59
  SINCE JUN 1    125                       252   -127      289
  SINCE JUL 1     52                        77    -25      103

 COOLING
  YESTERDAY        0                         0      0        0
  MONTH TO DATE   66                        51     15       29
  SINCE JUN 1    183                       140     43       70
  SINCE JAN 1    183                       140     43       70
..................................................................


WIND (MPH)
  HIGHEST WIND SPEED    21   HIGHEST WIND DIRECTION     N (10)
  HIGHEST GUST SPEED    26   HIGHEST GUST DIRECTION     N (20)
  AVERAGE WIND SPEED     6.6


SKY COVER
  POSSIBLE SUNSHINE  MM
  AVERAGE SKY COVER 0.5


WEATHER CONDITIONS
 THE FOLLOWING WEATHER WAS RECORDED YESTERDAY.
  THUNDERSTORM
  RAIN
  LIGHT RAIN


RELATIVE HUMIDITY (PERCENT)
 HIGHEST    83           600 AM
 LOWEST     35           100 PM
 AVERAGE    59

..........................................................


THE CRAIG CO CLIMATE NORMALS FOR TODAY
                         NORMAL    RECORD    YEAR
 MAXIMUM TEMPERATURE (F)   79        MM        MM
 MINIMUM TEMPERATURE (F)   42        MM        MM


SUNRISE AND SUNSET
SEPTEMBER  1 2015.....SUNRISE   637 AM MDT   SUNSET   742 PM MDT
SEPTEMBER  2 2015.....SUNRISE   638 AM MDT   SUNSET   741 PM MDT


-  INDICATES NEGATIVE NUMBERS.
R  INDICATES RECORD WAS SET OR TIED.
MM INDICATES DATA IS MISSING.
T  INDICATES TRACE AMOUNT.




$$
