000
CDUS45 KGJT 242351
CLICAG


CLIMATE REPORT
NATIONAL WEATHER SERVICE GRAND JUNCTION CO
530 PM MDT THU JUL 24 2014


...................................

...THE CRAIG CO CLIMATE SUMMARY FOR JULY 24 2014...
VALID TODAY AS OF 0500 PM LOCAL TIME.

CLIMATE NORMAL PERIOD 1981 TO 2010
CLIMATE RECORD PERIOD 9999 TO 9999


WEATHER ITEM   OBSERVED TIME   RECORD YEAR NORMAL DEPARTURE LAST
                VALUE   (LST)  VALUE       VALUE  FROM      YEAR
                                                  NORMAL
..................................................................
TEMPERATURE (F)
 TODAY
  MAXIMUM         80    248 PM  MM      MM  89     -9       92
  MINIMUM         49    446 AM  MM      MM  47      2       45
  AVERAGE         65                        68     -3       69

PRECIPITATION (IN)
  TODAY            0.11         MM      MM   0.04   0.07      T
  MONTH TO DATE    0.59                      0.82  -0.23     0.05
  SINCE JUN 1      0.79                      2.14  -1.35     0.05
  SINCE JAN 1      5.11                      8.33  -3.22     5.30

SNOWFALL (IN)
  TODAY           MM            MM      MM  MM     MM       MM
  MONTH TO DATE   MM                        MM     MM       MM
  SINCE JUN 1     MM                        MM     MM       MM
  SINCE JUL 1     MM                        MM     MM       MM
  SNOW DEPTH      MM

DEGREE DAYS
 HEATING
  TODAY            0                         0      0        0
  MONTH TO DATE   24                        20      4        0
  SINCE JUN 1    210                       195     15       88
  SINCE JUL 1     24                        20      4        0

 COOLING
  TODAY            0                         3     -3        4
  MONTH TO DATE   27                        55    -28      162
  SINCE JUN 1     32                        65    -33      206
  SINCE JAN 1     32                        65    -33      206
..................................................................


WIND (MPH)
  HIGHEST WIND SPEED    35   HIGHEST WIND DIRECTION    SW (230)
  HIGHEST GUST SPEED    49   HIGHEST GUST DIRECTION    SW (220)
  AVERAGE WIND SPEED     9.4


SKY COVER
  POSSIBLE SUNSHINE  MM
  AVERAGE SKY COVER 0.2


WEATHER CONDITIONS
 THE FOLLOWING WEATHER WAS RECORDED TODAY.
  THUNDERSTORM
  HEAVY RAIN
  RAIN
  LIGHT RAIN


RELATIVE HUMIDITY (PERCENT)
 HIGHEST    96           500 AM
 LOWEST     37           400 PM
 AVERAGE    67

..........................................................


THE CRAIG CO CLIMATE NORMALS FOR TOMORROW
                         NORMAL    RECORD    YEAR
 MAXIMUM TEMPERATURE (F)   89        MM        MM
 MINIMUM TEMPERATURE (F)   47        MM        MM


SUNRISE AND SUNSET
JULY 24 2014..........SUNRISE   600 AM MDT   SUNSET   833 PM MDT
JULY 25 2014..........SUNRISE   601 AM MDT   SUNSET   832 PM MDT


-  INDICATES NEGATIVE NUMBERS.
R  INDICATES RECORD WAS SET OR TIED.
MM INDICATES DATA IS MISSING.
T  INDICATES TRACE AMOUNT.




$$
