000
CDUS45 KGJT 200735
CLICAG


CLIMATE REPORT
NATIONAL WEATHER SERVICE GRAND JUNCTION CO
130 AM MDT WED SEP 20 2017


...................................

...THE CRAIG CO CLIMATE SUMMARY FOR SEPTEMBER 19 2017...

CLIMATE NORMAL PERIOD 1981 TO 2010
CLIMATE RECORD PERIOD 9999 TO 9999


WEATHER ITEM   OBSERVED TIME   RECORD YEAR NORMAL DEPARTURE LAST
                VALUE   (LST)  VALUE       VALUE  FROM      YEAR
                                                  NORMAL
..................................................................
TEMPERATURE (F)
 YESTERDAY
  MAXIMUM         74   1157 AM  MM      MM  73      1       87
  MINIMUM         38    323 AM  MM      MM  36      2       33
  AVERAGE         56                        54      2       60

PRECIPITATION (IN)
  YESTERDAY        0.20         MM      MM   0.07   0.13     0.00
  MONTH TO DATE    0.41                      1.19  -0.78     0.92
  SINCE SEP 1      0.41                      1.19  -0.78     0.92
  SINCE JAN 1     10.29                     11.25  -0.96     8.90

SNOWFALL (IN)
  YESTERDAY       MM            MM      MM  MM     MM       MM
  MONTH TO DATE   MM                        MM     MM       MM
  SINCE SEP 1     MM                        MM     MM       MM
  SINCE JUL 1     MM                        MM     MM       MM
  SNOW DEPTH      MM

DEGREE DAYS
 HEATING
  YESTERDAY        9                        11     -2        5
  MONTH TO DATE   72                       141    -69      124
  SINCE SEP 1     72                       141    -69      124
  SINCE JUL 1     88                       218   -130      187

 COOLING
  YESTERDAY        0                         0      0        0
  MONTH TO DATE   17                         0     17        6
  SINCE SEP 1     17                         0     17        6
  SINCE JAN 1    285                       140    145      200
..................................................................


WIND (MPH)
  HIGHEST WIND SPEED    39   HIGHEST WIND DIRECTION    SW (240)
  HIGHEST GUST SPEED    46   HIGHEST GUST DIRECTION    SW (240)
  AVERAGE WIND SPEED    13.6


SKY COVER
  POSSIBLE SUNSHINE  MM
  AVERAGE SKY COVER 0.5


WEATHER CONDITIONS
 THE FOLLOWING WEATHER WAS RECORDED YESTERDAY.
  RAIN
  LIGHT RAIN
  FOG


RELATIVE HUMIDITY (PERCENT)
 HIGHEST    86           800 PM
 LOWEST     14          1100 AM
 AVERAGE    50

..........................................................


THE CRAIG CO CLIMATE NORMALS FOR TODAY
                         NORMAL    RECORD    YEAR
 MAXIMUM TEMPERATURE (F)   73        MM        MM
 MINIMUM TEMPERATURE (F)   35        MM        MM


SUNRISE AND SUNSET
SEPTEMBER 20 2017.....SUNRISE   656 AM MDT   SUNSET   710 PM MDT
SEPTEMBER 21 2017.....SUNRISE   657 AM MDT   SUNSET   708 PM MDT


-  INDICATES NEGATIVE NUMBERS.
R  INDICATES RECORD WAS SET OR TIED.
MM INDICATES DATA IS MISSING.
T  INDICATES TRACE AMOUNT.




$$
