568
CDUS41 KCLE 300545
CLICAK


CLIMATE REPORT
NATIONAL WEATHER SERVICE CLEVELAND OH
145 AM EDT MON MAY 30 2016


...................................

...THE AKRON CANTON OH CLIMATE SUMMARY FOR MAY 29 2016...

CLIMATE NORMAL PERIOD 1981 TO 2010
CLIMATE RECORD PERIOD 1887 TO 2016


WEATHER ITEM   OBSERVED TIME   RECORD YEAR NORMAL DEPARTURE LAST
                VALUE   (LST)  VALUE       VALUE  FROM      YEAR
                                                  NORMAL
..................................................................
TEMPERATURE (F)
 YESTERDAY
  MAXIMUM         81    138 PM  93    1991  73      8       85
  MINIMUM         66   1159 PM  37    1949  53     13       63
  AVERAGE         74                        63     11       74

PRECIPITATION (IN)
  YESTERDAY        0.03                      0.14  -0.11     0.00
  MONTH TO DATE    2.00                      3.99  -1.99     3.13
  SINCE MAR 1     10.08                     10.52  -0.44     9.73
  SINCE JAN 1     14.67                     15.44  -0.77    15.21

SNOWFALL (IN)
  YESTERDAY        0.0                       0.0    0.0      0.0
  MONTH TO DATE    T                         0.1   -0.1      0.0
  SINCE MAR 1      7.5                      11.0   -3.5      6.9
  SINCE JUL 1     30.2                      47.5  -17.3     59.8
  SNOW DEPTH       0

DEGREE DAYS
 HEATING
  YESTERDAY        0                         4     -4        0
  MONTH TO DATE  221                       218      3      101
  SINCE MAR 1   1334                      1550   -216     1431
  SINCE JUL 1   4981                      6094  -1113     6274

 COOLING
  YESTERDAY        9                         2      7        9
  MONTH TO DATE   46                        31     15      131
  SINCE MAR 1     46                        37      9      133
  SINCE JAN 1     46                        37      9      133
..................................................................


WIND (MPH)
  HIGHEST WIND SPEED    23   HIGHEST WIND DIRECTION     S (190)
  HIGHEST GUST SPEED    29   HIGHEST GUST DIRECTION     S (190)
  AVERAGE WIND SPEED     6.9


SKY COVER
  POSSIBLE SUNSHINE  MM
  AVERAGE SKY COVER 0.8


WEATHER CONDITIONS
 THE FOLLOWING WEATHER WAS RECORDED YESTERDAY.
  LIGHT RAIN
  FOG
  HAZE


RELATIVE HUMIDITY (PERCENT)
 HIGHEST    87           200 AM
 LOWEST     51           100 PM
 AVERAGE    69

..........................................................


THE AKRON CANTON OH CLIMATE NORMALS FOR TODAY
                         NORMAL    RECORD    YEAR
 MAXIMUM TEMPERATURE (F)   73        92      1895
 MINIMUM TEMPERATURE (F)   53        33      1964


SUNRISE AND SUNSET
MAY 30 2016...........SUNRISE   557 AM EDT   SUNSET   850 PM EDT
MAY 31 2016...........SUNRISE   556 AM EDT   SUNSET   851 PM EDT


-  INDICATES NEGATIVE NUMBERS.
R  INDICATES RECORD WAS SET OR TIED.
MM INDICATES DATA IS MISSING.
T  INDICATES TRACE AMOUNT.




$$
