000
CDUS41 KCLE 300527
CLICAK


CLIMATE REPORT
NATIONAL WEATHER SERVICE CLEVELAND OH
126 AM EDT SAT APR 30 2016


...................................

...THE AKRON CANTON OH CLIMATE SUMMARY FOR APRIL 29 2016...

CLIMATE NORMAL PERIOD 1981 TO 2010
CLIMATE RECORD PERIOD 1887 TO 2016


WEATHER ITEM   OBSERVED TIME   RECORD YEAR NORMAL DEPARTURE LAST
                VALUE   (LST)  VALUE       VALUE  FROM      YEAR
                                                  NORMAL
..................................................................
TEMPERATURE (F)
 YESTERDAY
  MAXIMUM         52    129 PM  84    1888  65    -13       67
  MINIMUM         38   1159 PM  29    2012  43     -5       36
                                      1944
  AVERAGE         45                        54     -9       52

PRECIPITATION (IN)
  YESTERDAY        0.03                      0.12  -0.09     0.00
  MONTH TO DATE    3.06                      3.44  -0.38     3.82
  SINCE MAR 1      7.64                      6.42   1.22     6.58
  SINCE JAN 1     12.23                     11.34   0.89    12.06

SNOWFALL (IN)
  YESTERDAY        0.0                       0.0    0.0      0.0
  MONTH TO DATE    5.1                       2.7    2.4       T
  SINCE MAR 1      7.5                      10.9   -3.4      6.9
  SINCE JUL 1     30.2                      47.4  -17.2     59.8
  SNOW DEPTH       0

DEGREE DAYS
 HEATING
  YESTERDAY       20                        11      9       13
  MONTH TO DATE  493                       468     25      387
  SINCE MAR 1   1095                      1319   -224     1315
  SINCE JUL 1   4742                      5863  -1121     6158

 COOLING
  YESTERDAY        0                         0      0        0
  MONTH TO DATE    0                         0      0        2
  SINCE MAR 1      0                         0      0        2
  SINCE JAN 1      0                         0      0        2
..................................................................


WIND (MPH)
  HIGHEST WIND SPEED    15   HIGHEST WIND DIRECTION    NW (320)
  HIGHEST GUST SPEED    28   HIGHEST GUST DIRECTION    SW (240)
  AVERAGE WIND SPEED     6.2


SKY COVER
  POSSIBLE SUNSHINE  MM
  AVERAGE SKY COVER 1.0


WEATHER CONDITIONS
 THE FOLLOWING WEATHER WAS RECORDED YESTERDAY.
  LIGHT RAIN
  FOG


RELATIVE HUMIDITY (PERCENT)
 HIGHEST    93           700 AM
 LOWEST     80           400 PM
 AVERAGE    87

..........................................................


THE AKRON CANTON OH CLIMATE NORMALS FOR TODAY
                         NORMAL    RECORD    YEAR
 MAXIMUM TEMPERATURE (F)   65        87      1942
                                             1899
 MINIMUM TEMPERATURE (F)   44        29      1958


SUNRISE AND SUNSET
APRIL 30 2016.........SUNRISE   625 AM EDT   SUNSET   822 PM EDT
MAY  1 2016...........SUNRISE   623 AM EDT   SUNSET   823 PM EDT


-  INDICATES NEGATIVE NUMBERS.
R  INDICATES RECORD WAS SET OR TIED.
MM INDICATES DATA IS MISSING.
T  INDICATES TRACE AMOUNT.




$$
